3.89.44.170 - - [23/Feb/2025:07:27:26 -0500] "GET /m057016628?rmfolder=%2Fhome%2Fguitarlisty%2F HTTP/1.1" 200 43279 "-" "Mozilla/5.0 AppleWebKit/537.36 (KHTML, like Gecko; compatible; ClaudeBot/1.0; +claudebot@anthropic.com) X-Middleton/1"
3.94.247.247 - - [23/Feb/2025:07:27:26 -0500] "GET /care/r20?pid=17320/help/help_04_2.html/help/help_04_2.html HTTP/1.1" 200 150137 "-" "Mozilla/5.0 (Linux; Android 6.0.1; Nexus 5X Build/MMB29P) AppleWebKit/537.36 (KHTML, like Gecko) Chrome/133.0.6943.53 Mobile Safari/537.36 (compatible; GoogleOther) X-Middleton/1"
54.196.44.86 - - [23/Feb/2025:07:27:26 -0500] "GET /quick/z222?pid=26788 HTTP/1.1" 200 43280 "-" "Mozilla/5.0 AppleWebKit/537.36 (KHTML, like Gecko; compatible; ClaudeBot/1.0; +claudebot@anthropic.com) X-Middleton/1"
18.232.117.100 - - [23/Feb/2025:07:27:27 -0500] "GET /Islamic/f81?pid=29307 HTTP/1.1" 200 43282 "-" "Mozilla/5.0 AppleWebKit/537.36 (KHTML, like Gecko; compatible; ClaudeBot/1.0; +claudebot@anthropic.com) X-Middleton/1"
34.229.105.159 - - [23/Feb/2025:07:27:27 -0500] "GET /m249046694?srsltid=AfmBOoXyzPmizqdxX7YeuY_drGsr30tF7_Wd6WEgm5-Y-NKk5rUw8G HTTP/1.1" 200 43286 "-" "Mozilla/5.0 (Linux; Android 8.0; Pixel 2 Build/OPD3.170816.012) AppleWebKit/537.36 (KHTML, like Gecko) Chrome/72.0.3626.121 Mobile Safari/537.36 (compatible; EzoicBot-Nicheiq; +http://www.ezoic.com/bot) X-Middleton/1"
3.87.139.20 - - [23/Feb/2025:07:27:27 -0500] "GET /angry/d214?ynzmini=%2Fhome%2Fguitarlisty%2Fpublic_html%2Fsym404%2Foperator-MyBB.txt404 HTTP/1.1" 200 7021 "-" "Mozilla/5.0 AppleWebKit/537.36 (KHTML, like Gecko; compatible; ClaudeBot/1.0; +claudebot@anthropic.com) X-Middleton/1"
54.162.136.253 - - [23/Feb/2025:07:27:27 -0500] "GET /yamaha-f310-acoustic-guitar-review-2020/?file=/proc/33/mem HTTP/1.1" 200 6291 "-" "Mozilla/5.0 AppleWebKit/537.36 (KHTML, like Gecko; compatible; Amazonbot/0.1; +https://developer.amazon.com/support/amazonbot) Chrome/119.0.6045.214 Safari/537.36 X-Middleton/1"
98.83.220.235 - - [23/Feb/2025:07:27:28 -0500] "GET /inner/c201?file=%2Fhome%2Fguitarlisty%2Fpublic_html%2F.%2Fwp-load.php HTTP/1.1" 200 10494 "-" "Mozilla/5.0 AppleWebKit/537.36 (KHTML, like Gecko; compatible; ClaudeBot/1.0; +claudebot@anthropic.com) X-Middleton/1"
23.22.111.12 - - [23/Feb/2025:07:27:29 -0500] "GET /sophisticated/r20?pid=17320/shop/detail?shop_id=1 HTTP/1.1" 200 147704 "-" "Mozilla/5.0 (Linux; Android 6.0.1; Nexus 5X Build/MMB29P) AppleWebKit/537.36 (KHTML, like Gecko) Chrome/133.0.6943.53 Mobile Safari/537.36 (compatible; GoogleOther) X-Middleton/1"
35.171.189.120 - - [23/Feb/2025:07:27:31 -0500] "GET /m027002712?file=%2Fhome%2Fguitarlisty%2Fpublic_html%2F123%2Fb1704cd HTTP/1.1" 200 14226 "-" "Mozilla/5.0 AppleWebKit/537.36 (KHTML, like Gecko; compatible; ClaudeBot/1.0; +claudebot@anthropic.com) X-Middleton/1"
34.229.105.159 - - [23/Feb/2025:07:27:31 -0500] "GET /m/soda81759695.html HTTP/1.1" 200 43282 "-" "Mozilla/5.0 AppleWebKit/537.36 (KHTML, like Gecko; compatible; ClaudeBot/1.0; +claudebot@anthropic.com) X-Middleton/1"
3.90.39.225 - - [23/Feb/2025:07:27:31 -0500] "GET /yamaha-f310-acoustic-guitar-review-2020/?rmfolder=/proc/33 HTTP/1.1" 200 43283 "-" "Mozilla/5.0 AppleWebKit/537.36 (KHTML, like Gecko; compatible; Amazonbot/0.1; +https://developer.amazon.com/support/amazonbot) Chrome/119.0.6045.214 Safari/537.36 X-Middleton/1"
3.81.133.169 - - [23/Feb/2025:07:27:31 -0500] "GET /concern/p12?pid=44566 HTTP/1.1" 200 43280 "-" "Mozilla/5.0 AppleWebKit/537.36 (KHTML, like Gecko; compatible; ClaudeBot/1.0; +claudebot@anthropic.com) X-Middleton/1"
54.158.139.140 - - [23/Feb/2025:07:27:32 -0500] "GET /forward/f111?pid=42071 HTTP/1.1" 200 43282 "-" "Mozilla/5.0 AppleWebKit/537.36 (KHTML, like Gecko; compatible; ClaudeBot/1.0; +claudebot@anthropic.com) X-Middleton/1"
23.22.111.12 - - [23/Feb/2025:07:27:32 -0500] "GET /pages.php?70ept20679.html HTTP/1.1" 200 43284 "-" "Mozilla/5.0 AppleWebKit/537.36 (KHTML, like Gecko; compatible; GPTBot/1.2; +https://openai.com/gptbot) X-Middleton/1"
3.89.44.170 - - [23/Feb/2025:07:27:32 -0500] "GET /angry/d214?ynzmini=%2Fhome%2Fguitarlisty%2Fpublic_html%2Fsym404%2Fnscd-Lokomedia.txt404 HTTP/1.1" 200 7027 "-" "Mozilla/5.0 AppleWebKit/537.36 (KHTML, like Gecko; compatible; ClaudeBot/1.0; +claudebot@anthropic.com) X-Middleton/1"
3.90.112.236 - - [23/Feb/2025:07:27:33 -0500] "GET /phenomenon/r20?pid=17320 HTTP/1.1" 200 159394 "-" "Mozilla/5.0 (Linux; Android 6.0.1; Nexus 5X Build/MMB29P) AppleWebKit/537.36 (KHTML, like Gecko) Chrome/133.0.6943.53 Mobile Safari/537.36 (compatible; GoogleOther) X-Middleton/1"
23.22.111.12 - - [23/Feb/2025:07:27:33 -0500] "GET /m/minim82090495.html?file=%2Fhome%2Fguitarlisty%2Fpublic_html%2Fwp-signup.php HTTP/1.1" 200 44271 "-" "Mozilla/5.0 AppleWebKit/537.36 (KHTML, like Gecko; compatible; ClaudeBot/1.0; +claudebot@anthropic.com) X-Middleton/1"
54.157.220.176 - - [23/Feb/2025:07:27:34 -0500] "GET /hang/w237?pid=28183 HTTP/1.1" 200 43282 "-" "Mozilla/5.0 AppleWebKit/537.36 (KHTML, like Gecko; compatible; ClaudeBot/1.0; +claudebot@anthropic.com) X-Middleton/1"
50.17.142.168 - - [23/Feb/2025:07:27:35 -0500] "GET /m034025879?srsltid=AfmBOoveNrPkyTabI0CeVK_rYj7ZzsCBC_mL94KhIW-O-G06SzLz82 HTTP/1.1" 200 43285 "-" "Mozilla/5.0 (Linux; Android 8.0; Pixel 2 Build/OPD3.170816.012) AppleWebKit/537.36 (KHTML, like Gecko) Chrome/72.0.3626.121 Mobile Safari/537.36 (compatible; EzoicBot-Nicheiq; +http://www.ezoic.com/bot) X-Middleton/1"
54.158.139.140 - - [23/Feb/2025:07:27:35 -0500] "GET /yamaha-f310-acoustic-guitar-review-2020/?ynzmini=/proc/33/ HTTP/1.1" 200 13841 "-" "Mozilla/5.0 AppleWebKit/537.36 (KHTML, like Gecko; compatible; Amazonbot/0.1; +https://developer.amazon.com/support/amazonbot) Chrome/119.0.6045.214 Safari/537.36 X-Middleton/1"
3.90.112.236 - - [23/Feb/2025:07:27:36 -0500] "GET /m249036404?file=%2Fhome%2Fguitarlisty%2Fpublic_html%2F%2Fdefaults.php HTTP/1.1" 200 8740 "-" "Mozilla/5.0 AppleWebKit/537.36 (KHTML, like Gecko; compatible; ClaudeBot/1.0; +claudebot@anthropic.com) X-Middleton/1"
52.71.251.0 - - [23/Feb/2025:07:27:36 -0500] "GET /m/heir72123254.html HTTP/1.1" 200 43279 "-" "Mozilla/5.0 AppleWebKit/537.36 (KHTML, like Gecko; compatible; ClaudeBot/1.0; +claudebot@anthropic.com) X-Middleton/1"
3.81.58.205 - - [23/Feb/2025:07:27:36 -0500] "GET /kingdom/o13?pid=14529 HTTP/1.1" 200 43279 "-" "Mozilla/5.0 AppleWebKit/537.36 (KHTML, like Gecko; compatible; ClaudeBot/1.0; +claudebot@anthropic.com) X-Middleton/1"
3.81.133.169 - - [23/Feb/2025:07:27:36 -0500] "GET /sharp/k149?pid=10191/shop/detail?shop_id=1/86699help/help_04_2.html HTTP/1.1" 200 146858 "-" "Mozilla/5.0 (Linux; Android 6.0.1; Nexus 5X Build/MMB29P) AppleWebKit/537.36 (KHTML, like Gecko) Chrome/133.0.6943.53 Mobile Safari/537.36 (compatible; GoogleOther) X-Middleton/1"
107.20.82.18 - - [23/Feb/2025:07:27:37 -0500] "GET /frankly/c256?pid=37200 HTTP/1.1" 200 43280 "-" "Mozilla/5.0 AppleWebKit/537.36 (KHTML, like Gecko; compatible; ClaudeBot/1.0; +claudebot@anthropic.com) X-Middleton/1"
98.83.220.235 - - [23/Feb/2025:07:27:38 -0500] "GET /m/very11992008.html?file=/etc/resolv.conf HTTP/1.1" 200 6367 "-" "Mozilla/5.0 (Windows; U; Windows NT 5.2; en-US) AppleWebKit/532.2 (KHTML, like Gecko) Chrome/4.0.222.6 Safari/532.2 X-Middleton/1"
34.226.215.117 - - [23/Feb/2025:07:27:38 -0500] "GET /script/v184?ynzmini=%2Fhome%2Fguitarlisty%2Fpublic_html%2Fsym404%2Fsssd-MyBB.txt404 HTTP/1.1" 200 6997 "-" "Mozilla/5.0 AppleWebKit/537.36 (KHTML, like Gecko; compatible; ClaudeBot/1.0; +claudebot@anthropic.com) X-Middleton/1"
107.20.82.18 - - [23/Feb/2025:07:27:39 -0500] "GET /yamaha-f310-acoustic-guitar-review-2020/?file=/proc/33//io HTTP/1.1" 200 6291 "-" "Mozilla/5.0 AppleWebKit/537.36 (KHTML, like Gecko; compatible; Amazonbot/0.1; +https://developer.amazon.com/support/amazonbot) Chrome/119.0.6045.214 Safari/537.36 X-Middleton/1"
54.156.59.106 - - [23/Feb/2025:07:27:39 -0500] "GET /monster/j298?pid=20240 HTTP/1.1" 200 43281 "-" "Mozilla/5.0 AppleWebKit/537.36 (KHTML, like Gecko; compatible; ClaudeBot/1.0; +claudebot@anthropic.com) X-Middleton/1"
54.157.220.176 - - [23/Feb/2025:07:27:40 -0500] "GET /ash/r20?pid=17320/shop/detail?shop_id=1 HTTP/1.1" 200 143151 "-" "Mozilla/5.0 (Linux; Android 6.0.1; Nexus 5X Build/MMB29P) AppleWebKit/537.36 (KHTML, like Gecko) Chrome/133.0.6943.53 Mobile Safari/537.36 (compatible; GoogleOther) X-Middleton/1"
34.226.215.117 - - [23/Feb/2025:07:27:41 -0500] "GET /m112020991?file=%2Fhome%2Fguitarlisty%2Fpublic_html%2Fwp-content%2F9c1ca3c HTTP/1.1" 200 14247 "-" "Mozilla/5.0 AppleWebKit/537.36 (KHTML, like Gecko; compatible; ClaudeBot/1.0; +claudebot@anthropic.com) X-Middleton/1"
54.162.136.253 - - [23/Feb/2025:07:27:41 -0500] "GET /m/concl10394432.html HTTP/1.1" 200 43282 "-" "Mozilla/5.0 AppleWebKit/537.36 (KHTML, like Gecko; compatible; ClaudeBot/1.0; +claudebot@anthropic.com) X-Middleton/1"
35.173.219.106 - - [23/Feb/2025:07:27:41 -0500] "GET /textbook/q295?pid=23059 HTTP/1.1" 200 43282 "-" "Mozilla/5.0 AppleWebKit/537.36 (KHTML, like Gecko; compatible; ClaudeBot/1.0; +claudebot@anthropic.com) X-Middleton/1"
54.198.85.7 - - [23/Feb/2025:07:27:42 -0500] "GET /dramatic/v190?pid=19092 HTTP/1.1" 200 43279 "-" "Mozilla/5.0 AppleWebKit/537.36 (KHTML, like Gecko; compatible; ClaudeBot/1.0; +claudebot@anthropic.com) X-Middleton/1"
54.196.44.86 - - [23/Feb/2025:07:27:43 -0500] "GET /m129007104?srsltid=AfmBOoQSDoDTAgDggm0zm1_I84Io0QuTd_W5xtfqTQ-W-KNsZV2aOz HTTP/1.1" 200 43284 "-" "Mozilla/5.0 (Linux; Android 8.0; Pixel 2 Build/OPD3.170816.012) AppleWebKit/537.36 (KHTML, like Gecko) Chrome/72.0.3626.121 Mobile Safari/537.36 (compatible; EzoicBot-Nicheiq; +http://www.ezoic.com/bot) X-Middleton/1"
54.198.124.77 - - [23/Feb/2025:07:27:43 -0500] "GET /gut/x25?ynzmini=%2Fhome%2F%2F. HTTP/1.1" 200 9553 "-" "Mozilla/5.0 AppleWebKit/537.36 (KHTML, like Gecko; compatible; ClaudeBot/1.0; +claudebot@anthropic.com) X-Middleton/1"
107.20.115.131 - - [23/Feb/2025:07:27:44 -0500] "GET /fix/r20?pid=17320/shop/detail?shop_id=1 HTTP/1.1" 200 143747 "-" "Mozilla/5.0 (Linux; Android 6.0.1; Nexus 5X Build/MMB29P) AppleWebKit/537.36 (KHTML, like Gecko) Chrome/133.0.6943.53 Mobile Safari/537.36 (compatible; GoogleOther) X-Middleton/1"
3.94.247.247 - - [23/Feb/2025:07:27:44 -0500] "GET /high-tech/m205?pid=15365 HTTP/1.1" 200 43280 "-" "Mozilla/5.0 AppleWebKit/537.36 (KHTML, like Gecko; compatible; ClaudeBot/1.0; +claudebot@anthropic.com) X-Middleton/1"
54.158.15.14 - - [23/Feb/2025:07:27:45 -0500] "GET /yamaha-f310-acoustic-guitar-review-2020/?ynzmini=/proc/378 HTTP/1.1" 200 13844 "-" "Mozilla/5.0 AppleWebKit/537.36 (KHTML, like Gecko; compatible; Amazonbot/0.1; +https://developer.amazon.com/support/amazonbot) Chrome/119.0.6045.214 Safari/537.36 X-Middleton/1"
54.158.15.14 - - [23/Feb/2025:07:27:46 -0500] "GET /m/cheer81041095.html HTTP/1.1" 200 43280 "-" "Mozilla/5.0 AppleWebKit/537.36 (KHTML, like Gecko; compatible; ClaudeBot/1.0; +claudebot@anthropic.com) X-Middleton/1"
35.173.219.106 - - [23/Feb/2025:07:27:46 -0500] "GET /entirely/p115?pid=28233 HTTP/1.1" 200 43282 "-" "Mozilla/5.0 AppleWebKit/537.36 (KHTML, like Gecko; compatible; ClaudeBot/1.0; +claudebot@anthropic.com) X-Middleton/1"
54.198.124.77 - - [23/Feb/2025:07:27:47 -0500] "GET /northeast/n85?pid=42135 HTTP/1.1" 200 43281 "-" "Mozilla/5.0 AppleWebKit/537.36 (KHTML, like Gecko; compatible; ClaudeBot/1.0; +claudebot@anthropic.com) X-Middleton/1"
98.83.149.163 - - [23/Feb/2025:07:27:47 -0500] "GET /yamaha-f310-acoustic-guitar-review-2020/?file=/proc/378/io HTTP/1.1" 200 6291 "-" "Mozilla/5.0 AppleWebKit/537.36 (KHTML, like Gecko; compatible; Amazonbot/0.1; +https://developer.amazon.com/support/amazonbot) Chrome/119.0.6045.214 Safari/537.36 X-Middleton/1"
18.212.120.70 - - [23/Feb/2025:07:27:47 -0500] "GET /disagree/r20?pid=17320 HTTP/1.1" 200 150247 "-" "Mozilla/5.0 (Linux; Android 6.0.1; Nexus 5X Build/MMB29P) AppleWebKit/537.36 (KHTML, like Gecko) Chrome/133.0.6943.53 Mobile Safari/537.36 (compatible; GoogleOther) X-Middleton/1"
3.82.56.176 - - [23/Feb/2025:07:27:48 -0500] "GET /m/parli21867601.html?page=about HTTP/1.1" 200 6253 "-" "Mozilla/5.0 AppleWebKit/537.36 (KHTML, like Gecko; compatible; ClaudeBot/1.0; +claudebot@anthropic.com) X-Middleton/1"
54.209.250.19 - - [23/Feb/2025:07:27:49 -0500] "GET /m/ninth60824429.html?ynzmini=%2Fhome%2Fguitarlisty%2Fpublic_html%2Fplugins HTTP/1.1" 200 6989 "-" "Mozilla/5.0 AppleWebKit/537.36 (KHTML, like Gecko; compatible; ClaudeBot/1.0; +claudebot@anthropic.com) X-Middleton/1"
184.72.213.252 - - [23/Feb/2025:07:27:50 -0500] "GET /toss/k149?pid=10191/help/help_04_2.html/shop/detail?shop_id=1 HTTP/1.1" 200 151643 "-" "Mozilla/5.0 (Linux; Android 6.0.1; Nexus 5X Build/MMB29P) AppleWebKit/537.36 (KHTML, like Gecko) Chrome/133.0.6943.53 Mobile Safari/537.36 (compatible; GoogleOther) X-Middleton/1"
107.20.115.131 - - [23/Feb/2025:07:27:51 -0500] "GET /m178017239?srsltid=AfmBOoiUNDrCVYJo0Sncw5_omWeTn2f2d_24avp6z6-N-I7nHqHmyM HTTP/1.1" 200 43286 "-" "Mozilla/5.0 (Linux; Android 8.0; Pixel 2 Build/OPD3.170816.012) AppleWebKit/537.36 (KHTML, like Gecko) Chrome/72.0.3626.121 Mobile Safari/537.36 (compatible; EzoicBot-Nicheiq; +http://www.ezoic.com/bot) X-Middleton/1"
54.144.101.254 - - [23/Feb/2025:07:27:51 -0500] "GET /m/cours22273025.html HTTP/1.1" 200 43282 "-" "Mozilla/5.0 AppleWebKit/537.36 (KHTML, like Gecko; compatible; ClaudeBot/1.0; +claudebot@anthropic.com) X-Middleton/1"
52.71.251.0 - - [23/Feb/2025:07:27:51 -0500] "GET /yamaha-f310-acoustic-guitar-review-2020/?ynzmini=/proc/379 HTTP/1.1" 200 13844 "-" "Mozilla/5.0 AppleWebKit/537.36 (KHTML, like Gecko; compatible; Amazonbot/0.1; +https://developer.amazon.com/support/amazonbot) Chrome/119.0.6045.214 Safari/537.36 X-Middleton/1"
54.164.180.114 - - [23/Feb/2025:07:27:51 -0500] "GET /m025005132?srsltid=AfmBOorJvyixPpbBgtn9it_VItYVrnhZd_oIwhN6AS-P-Yrepf156b HTTP/1.1" 200 43282 "-" "Mozilla/5.0 AppleWebKit/537.36 (KHTML, like Gecko; compatible; ClaudeBot/1.0; +claudebot@anthropic.com) X-Middleton/1"
98.83.220.235 - - [23/Feb/2025:07:27:51 -0500] "GET /pages.php?53rpa7562.html HTTP/1.1" 200 43281 "-" "Mozilla/5.0 AppleWebKit/537.36 (KHTML, like Gecko; compatible; GPTBot/1.2; +https://openai.com/gptbot) X-Middleton/1"
184.72.213.252 - - [23/Feb/2025:07:27:53 -0500] "GET /m198046941?file=%2Ftmp%2FphpyTXbSu HTTP/1.1" 200 177661 "-" "Mozilla/5.0 AppleWebKit/537.36 (KHTML, like Gecko; compatible; ClaudeBot/1.0; +claudebot@anthropic.com) X-Middleton/1"
3.81.133.169 - - [23/Feb/2025:07:27:54 -0500] "GET /night/b251?ynzmini=%2Fhome%2Fguitarlisty%2Fpublic_html%2Fwp-content%2Fplugins HTTP/1.1" 200 15190 "-" "Mozilla/5.0 AppleWebKit/537.36 (KHTML, like Gecko; compatible; ClaudeBot/1.0; +claudebot@anthropic.com) X-Middleton/1"
18.209.166.209 - - [23/Feb/2025:07:27:54 -0500] "GET /encourage/r20?pid=17320/shop/detail?shop_id=1 HTTP/1.1" 200 151616 "-" "Mozilla/5.0 (Linux; Android 6.0.1; Nexus 5X Build/MMB29P) AppleWebKit/537.36 (KHTML, like Gecko) Chrome/133.0.6943.53 Mobile Safari/537.36 (compatible; GoogleOther) X-Middleton/1"
18.209.166.209 - - [23/Feb/2025:07:27:55 -0500] "GET /yamaha-f310-acoustic-guitar-review-2020/?file=/proc/379/io HTTP/1.1" 200 6291 "-" "Mozilla/5.0 AppleWebKit/537.36 (KHTML, like Gecko; compatible; Amazonbot/0.1; +https://developer.amazon.com/support/amazonbot) Chrome/119.0.6045.214 Safari/537.36 X-Middleton/1"
3.81.133.169 - - [23/Feb/2025:07:27:55 -0500] "GET /parade/j208?file=%2Fhome%2Fguitarlisty%2Fpublic_html%2F%2Fcookie.txt HTTP/1.1" 200 6582 "-" "Mozilla/5.0 AppleWebKit/537.36 (KHTML, like Gecko; compatible; ClaudeBot/1.0; +claudebot@anthropic.com) X-Middleton/1"
3.81.58.205 - - [23/Feb/2025:07:27:55 -0500] "GET /m/very11992008.html?file=/home/guitarlisty/public_html/.htaccess HTTP/1.1" 200 7125 "-" "Mozilla/5.0 (Macintosh; Intel Mac OS X 10_7_3) AppleWebKit/535.22 (KHTML, like Gecko) Chrome/19.0.1047.0 Safari/535.22 X-Middleton/1"
54.198.124.77 - - [23/Feb/2025:07:27:56 -0500] "GET /m/graph10247424.html HTTP/1.1" 200 43281 "-" "Mozilla/5.0 AppleWebKit/537.36 (KHTML, like Gecko; compatible; ClaudeBot/1.0; +claudebot@anthropic.com) X-Middleton/1"
3.87.139.20 - - [23/Feb/2025:07:27:57 -0500] "GET /grin/r20?pid=17320/shop/detail?shop_id=1 HTTP/1.1" 200 - "-" "Mozilla/5.0 (Linux; Android 6.0.1; Nexus 5X Build/MMB29P) AppleWebKit/537.36 (KHTML, like Gecko) Chrome/133.0.6943.53 Mobile Safari/537.36 (compatible; GoogleOther) X-Middleton/1"
184.72.213.252 - - [23/Feb/2025:07:27:58 -0500] "GET /m087012098?ynzmini=%2Fhome%2F%2Fguitarlisty HTTP/1.1" 200 - "-" "Mozilla/5.0 AppleWebKit/537.36 (KHTML, like Gecko; compatible; ClaudeBot/1.0; +claudebot@anthropic.com) X-Middleton/1"
66.249.68.32 - - [23/Feb/2025:07:27:58 -0500] "GET /generate/y263?pid=42859/help/help_04_2.html HTTP/1.1" 200 1 "-" "Mozilla/5.0 (Linux; Android 6.0.1; Nexus 5X Build/MMB29P) AppleWebKit/537.36 (KHTML, like Gecko) Chrome/133.0.6943.53 Mobile Safari/537.36 (compatible; Googlebot/2.1; +http://www.google.com/bot.html)"
3.80.165.4 - - [23/Feb/2025:07:27:59 -0500] "GET /m065025968?srsltid=AfmBOokRzquFaAUb9QbGHQ_iFlki0SUKM_Wev2ECra-T-6CPng0t1T HTTP/1.1" 200 - "-" "Mozilla/5.0 (Linux; Android 8.0; Pixel 2 Build/OPD3.170816.012) AppleWebKit/537.36 (KHTML, like Gecko) Chrome/72.0.3626.121 Mobile Safari/537.36 (compatible; EzoicBot-Nicheiq; +http://www.ezoic.com/bot) X-Middleton/1"
3.92.71.7 - - [23/Feb/2025:07:27:59 -0500] "GET /yamaha-f310-acoustic-guitar-review-2020/?ynzmini=/proc/380 HTTP/1.1" 200 - "-" "Mozilla/5.0 AppleWebKit/537.36 (KHTML, like Gecko; compatible; Amazonbot/0.1; +https://developer.amazon.com/support/amazonbot) Chrome/119.0.6045.214 Safari/537.36 X-Middleton/1"
34.229.105.159 - - [23/Feb/2025:07:27:59 -0500] "GET /these/i173?file=%2Fhome%2Fguitarlisty%2Fpublic_html%2Fwp-admin%2Frevision.php HTTP/1.1" 200 - "-" "Mozilla/5.0 AppleWebKit/537.36 (KHTML, like Gecko; compatible; ClaudeBot/1.0; +claudebot@anthropic.com) X-Middleton/1"
3.90.39.225 - - [23/Feb/2025:07:28:00 -0500] "GET /loyal/d179?rmfolder=%2Fhome%2Fguitarlisty%2Fpublic_html%2F.well-known HTTP/1.1" 200 - "-" "Mozilla/5.0 AppleWebKit/537.36 (KHTML, like Gecko; compatible; ClaudeBot/1.0; +claudebot@anthropic.com) X-Middleton/1"
54.162.136.253 - - [23/Feb/2025:07:28:00 -0500] "GET /enforce/k149?pid=10191 HTTP/1.1" 200 - "-" "Mozilla/5.0 (Linux; Android 6.0.1; Nexus 5X Build/MMB29P) AppleWebKit/537.36 (KHTML, like Gecko) Chrome/133.0.6943.53 Mobile Safari/537.36 (compatible; GoogleOther) X-Middleton/1"
52.205.171.15 - - [23/Feb/2025:07:28:01 -0500] "GET /like/j53?pid=48313 HTTP/1.1" 200 - "-" "Mozilla/5.0 AppleWebKit/537.36 (KHTML, like Gecko; compatible; ClaudeBot/1.0; +claudebot@anthropic.com) X-Middleton/1"
3.87.139.20 - - [23/Feb/2025:07:28:02 -0500] "GET /pages.php?sensitive281038385.html HTTP/1.1" 200 - "-" "Mozilla/5.0 (Linux; Android 6.0.1; Nexus 5X Build/MMB29P) AppleWebKit/537.36 (KHTML, like Gecko) Chrome/133.0.6943.53 Mobile Safari/537.36 (compatible; Googlebot/2.1; +http://www.google.com/bot.html) X-Middleton/1"
52.71.251.0 - - [23/Feb/2025:07:28:03 -0500] "GET /yamaha-f310-acoustic-guitar-review-2020/?ynzmini=/proc/381 HTTP/1.1" 200 - "-" "Mozilla/5.0 AppleWebKit/537.36 (KHTML, like Gecko; compatible; Amazonbot/0.1; +https://developer.amazon.com/support/amazonbot) Chrome/119.0.6045.214 Safari/537.36 X-Middleton/1"
3.81.58.205 - - [23/Feb/2025:07:28:03 -0500] "GET /spring/v141?file=%2Fhome%2Fguitarlisty%2Fpublic_html%2Fwp-includes%2F68c HTTP/1.1" 200 - "-" "Mozilla/5.0 AppleWebKit/537.36 (KHTML, like Gecko; compatible; ClaudeBot/1.0; +claudebot@anthropic.com) X-Middleton/1"
34.226.215.117 - - [23/Feb/2025:07:28:03 -0500] "GET /neat/r20?pid=17320/help/help_04_2.html/shop/detail?shop_id=1 HTTP/1.1" 200 - "-" "Mozilla/5.0 (Linux; Android 6.0.1; Nexus 5X Build/MMB29P) AppleWebKit/537.36 (KHTML, like Gecko) Chrome/133.0.6943.53 Mobile Safari/537.36 (compatible; GoogleOther) X-Middleton/1"
3.81.110.12 - - [23/Feb/2025:07:28:03 -0500] "GET /opt/j150?ynzmini=%2Fhome%2Fguitarlisty%2Fpublic_html%2F123%2F HTTP/1.1" 200 - "-" "Mozilla/5.0 AppleWebKit/537.36 (KHTML, like Gecko; compatible; ClaudeBot/1.0; +claudebot@anthropic.com) X-Middleton/1"
34.226.215.117 - - [23/Feb/2025:07:28:04 -0500] "GET /knowledge/m38?ynzmini=%2Fhome%2Fguitarlisty%2Fpublic_html%2Fas%2F..%2F.well-known HTTP/1.1" 200 - "-" "Mozilla/5.0 AppleWebKit/537.36 (KHTML, like Gecko; compatible; ClaudeBot/1.0; +claudebot@anthropic.com) X-Middleton/1"
54.209.250.19 - - [23/Feb/2025:07:28:05 -0500] "GET /opposite/f35?file=%2Fhome%2Fguitarlisty%2Fpublic_html%2Fwp-includes%2Fdate.php HTTP/1.1" 200 - "-" "Mozilla/5.0 AppleWebKit/537.36 (KHTML, like Gecko; compatible; ClaudeBot/1.0; +claudebot@anthropic.com) X-Middleton/1"
107.20.82.18 - - [23/Feb/2025:07:28:06 -0500] "GET /brown/m230?pid=14740 HTTP/1.1" 200 - "-" "Mozilla/5.0 AppleWebKit/537.36 (KHTML, like Gecko; compatible; ClaudeBot/1.0; +claudebot@anthropic.com) X-Middleton/1"
54.158.139.140 - - [23/Feb/2025:07:28:06 -0500] "GET /signature/r20?pid=17320/help/help_04_2.html HTTP/1.1" 200 - "-" "Mozilla/5.0 (Linux; Android 6.0.1; Nexus 5X Build/MMB29P) AppleWebKit/537.36 (KHTML, like Gecko) Chrome/133.0.6943.53 Mobile Safari/537.36 (compatible; GoogleOther) X-Middleton/1"
52.71.251.0 - - [23/Feb/2025:07:28:07 -0500] "GET /yamaha-f310-acoustic-guitar-review-2020/?ynzmini=/proc/384 HTTP/1.1" 200 - "-" "Mozilla/5.0 AppleWebKit/537.36 (KHTML, like Gecko; compatible; Amazonbot/0.1; +https://developer.amazon.com/support/amazonbot) Chrome/119.0.6045.214 Safari/537.36 X-Middleton/1"
3.81.58.205 - - [23/Feb/2025:07:28:07 -0500] "GET /m235010594?srsltid=AfmBOoZEyMRmPrBXuVFCaY_SwVGK6FBlX_VcwNEURT-J-GHXzTcP11 HTTP/1.1" 200 - "-" "Mozilla/5.0 (Linux; Android 8.0; Pixel 2 Build/OPD3.170816.012) AppleWebKit/537.36 (KHTML, like Gecko) Chrome/72.0.3626.121 Mobile Safari/537.36 (compatible; EzoicBot-Nicheiq; +http://www.ezoic.com/bot) X-Middleton/1"
23.22.111.12 - - [23/Feb/2025:07:28:07 -0500] "GET /m078010787?rmfolder=%2Fhome%2Fguitarlisty%2Fpublic_html%2Fhome HTTP/1.1" 200 - "-" "Mozilla/5.0 AppleWebKit/537.36 (KHTML, like Gecko; compatible; ClaudeBot/1.0; +claudebot@anthropic.com) X-Middleton/1"
54.198.85.7 - - [23/Feb/2025:07:28:08 -0500] "GET /m263044794?file=%2Fhome%2Fguitarlisty%2Fpublic_html%2Fwp-admin%2Fplugins.php HTTP/1.1" 200 - "-" "Mozilla/5.0 AppleWebKit/537.36 (KHTML, like Gecko; compatible; ClaudeBot/1.0; +claudebot@anthropic.com) X-Middleton/1"
54.208.214.128 - - [23/Feb/2025:07:28:08 -0500] "GET /tradition/d116?file=%2Fhome%2Fguitarlisty%2Fpublic_html%2Fabout.php HTTP/1.1" 200 - "-" "Mozilla/5.0 AppleWebKit/537.36 (KHTML, like Gecko; compatible; ClaudeBot/1.0; +claudebot@anthropic.com) X-Middleton/1"
18.212.120.70 - - [23/Feb/2025:07:28:09 -0500] "GET /weather/r20?pid=17320/help/help_04_2.html/help/help_04_2.html HTTP/1.1" 200 - "-" "Mozilla/5.0 (Linux; Android 6.0.1; Nexus 5X Build/MMB29P) AppleWebKit/537.36 (KHTML, like Gecko) Chrome/133.0.6943.53 Mobile Safari/537.36 (compatible; GoogleOther) X-Middleton/1"
98.83.149.163 - - [23/Feb/2025:07:28:09 -0500] "GET /m061013146?ynzmini=%2Fhome%2Fguitarlisty%2Fpublic_html%2Fsym404%2Froot-WHMCS.txt404 HTTP/1.1" 200 - "-" "Mozilla/5.0 AppleWebKit/537.36 (KHTML, like Gecko; compatible; ClaudeBot/1.0; +claudebot@anthropic.com) X-Middleton/1"
3.81.110.12 - - [23/Feb/2025:07:28:10 -0500] "GET /cocaine/h90?ynzmini=%2Fhome%2Fguitarlisty%2Fpublic_html%2F%2Fas HTTP/1.1" 200 - "-" "Mozilla/5.0 AppleWebKit/537.36 (KHTML, like Gecko; compatible; ClaudeBot/1.0; +claudebot@anthropic.com) X-Middleton/1"
54.158.139.140 - - [23/Feb/2025:07:28:10 -0500] "GET /opposite/f35?file=%2Fhome%2Fguitarlisty%2Fpublic_html%2Fwp-includes%2F56758f8d HTTP/1.1" 200 - "-" "Mozilla/5.0 AppleWebKit/537.36 (KHTML, like Gecko; compatible; ClaudeBot/1.0; +claudebot@anthropic.com) X-Middleton/1"
98.83.220.235 - - [23/Feb/2025:07:28:11 -0500] "GET /m172031637?srsltid=AfmBOorecGXWTuyxARbb0l_UhhrQzYZel_zz3PFqkw-V-YP3AG8ZEJ HTTP/1.1" 200 - "-" "Mozilla/5.0 AppleWebKit/537.36 (KHTML, like Gecko; compatible; ClaudeBot/1.0; +claudebot@anthropic.com) X-Middleton/1"
54.156.59.106 - - [23/Feb/2025:07:28:11 -0500] "GET /yamaha-f310-acoustic-guitar-review-2020/?ynzmini=/proc/40 HTTP/1.1" 200 - "-" "Mozilla/5.0 AppleWebKit/537.36 (KHTML, like Gecko; compatible; Amazonbot/0.1; +https://developer.amazon.com/support/amazonbot) Chrome/119.0.6045.214 Safari/537.36 X-Middleton/1"
3.80.165.4 - - [23/Feb/2025:07:28:11 -0500] "GET /m/very11992008.html?file=/home/guitarlisty/public_html/error_log HTTP/1.1" 200 - "-" "Mozilla/5.0 (Windows NT 6.0) yi; AppleWebKit/345667.12221 (KHTML, like Gecko) Chrome/23.0.1271.26 Safari/453667.1221 X-Middleton/1"
54.242.51.163 - - [23/Feb/2025:07:28:11 -0500] "GET /paper/k149?pid=40707/shop/detail?shop_id=1/help/help_04_2.html/help/help_04_2.html HTTP/1.1" 200 - "-" "Mozilla/5.0 (Linux; Android 6.0.1; Nexus 5X Build/MMB29P) AppleWebKit/537.36 (KHTML, like Gecko) Chrome/133.0.6943.53 Mobile Safari/537.36 (compatible; GoogleOther) X-Middleton/1"
52.71.251.0 - - [23/Feb/2025:07:28:12 -0500] "GET /document/m110?file=%2Fhome%2Fguitarlisty%2Fpublic_html%2F%2Fre.php HTTP/1.1" 200 - "-" "Mozilla/5.0 AppleWebKit/537.36 (KHTML, like Gecko; compatible; ClaudeBot/1.0; +claudebot@anthropic.com) X-Middleton/1"
54.157.220.176 - - [23/Feb/2025:07:28:13 -0500] "GET /m039029380?ynzmini=%2F%2Fscripts HTTP/1.1" 200 - "-" "Mozilla/5.0 AppleWebKit/537.36 (KHTML, like Gecko; compatible; ClaudeBot/1.0; +claudebot@anthropic.com) X-Middleton/1"
54.242.51.163 - - [23/Feb/2025:07:28:13 -0500] "GET /summit/o27?file=%2Fhome%2Fguitarlisty%2Fpublic_html%2F.tmb%2F.htaccess HTTP/1.1" 200 - "-" "Mozilla/5.0 AppleWebKit/537.36 (KHTML, like Gecko; compatible; ClaudeBot/1.0; +claudebot@anthropic.com) X-Middleton/1"
3.90.112.236 - - [23/Feb/2025:07:28:14 -0500] "GET /solution/r20?pid=17320 HTTP/1.1" 200 - "-" "Mozilla/5.0 (Linux; Android 6.0.1; Nexus 5X Build/MMB29P) AppleWebKit/537.36 (KHTML, like Gecko) Chrome/133.0.6943.53 Mobile Safari/537.36 (compatible; GoogleOther) X-Middleton/1"
3.90.39.225 - - [23/Feb/2025:07:28:14 -0500] "GET /hour/t96?ynzmini=%2Fhome%2Fguitarlisty%2Fpublic_html%2Fsym404%2Fbin-Ellislab.txt404 HTTP/1.1" 200 - "-" "Mozilla/5.0 AppleWebKit/537.36 (KHTML, like Gecko; compatible; ClaudeBot/1.0; +claudebot@anthropic.com) X-Middleton/1"
35.173.180.132 - - [23/Feb/2025:07:28:15 -0500] "GET /sneak/c260?file=%2Fhome%2Fguitarlisty%2Fpublic_html%2F.%2Fproduct.php HTTP/1.1" 200 - "-" "Mozilla/5.0 AppleWebKit/537.36 (KHTML, like Gecko; compatible; ClaudeBot/1.0; +claudebot@anthropic.com) X-Middleton/1"
35.173.180.132 - - [23/Feb/2025:07:28:15 -0500] "GET /opposite/f35?file=%2Fhome%2Fguitarlisty%2Fpublic_html%2Fwp-includes%2Fms-blogs.php HTTP/1.1" 200 - "-" "Mozilla/5.0 AppleWebKit/537.36 (KHTML, like Gecko; compatible; ClaudeBot/1.0; +claudebot@anthropic.com) X-Middleton/1"
3.81.58.205 - - [23/Feb/2025:07:28:15 -0500] "GET /m063012504?srsltid=AfmBOoAkOyPMxQvaAHb7uG_9gQptY1xF1_zXDCuJnN-S-12uetSe1K HTTP/1.1" 200 - "-" "Mozilla/5.0 (Linux; Android 8.0; Pixel 2 Build/OPD3.170816.012) AppleWebKit/537.36 (KHTML, like Gecko) Chrome/72.0.3626.121 Mobile Safari/537.36 (compatible; EzoicBot-Nicheiq; +http://www.ezoic.com/bot) X-Middleton/1"
3.81.133.169 - - [23/Feb/2025:07:28:15 -0500] "GET /yamaha-f310-acoustic-guitar-review-2020/?ynzmini=/proc/.. HTTP/1.1" 200 - "-" "Mozilla/5.0 AppleWebKit/537.36 (KHTML, like Gecko; compatible; Amazonbot/0.1; +https://developer.amazon.com/support/amazonbot) Chrome/119.0.6045.214 Safari/537.36 X-Middleton/1"
3.90.112.236 - - [23/Feb/2025:07:28:16 -0500] "GET /m068025509?srsltid=AfmBOoiAwBAwlLMu5Za88c_t166OnqiI1_0bbsrH2F-K-OjQZm16lq HTTP/1.1" 200 - "-" "Mozilla/5.0 AppleWebKit/537.36 (KHTML, like Gecko; compatible; ClaudeBot/1.0; +claudebot@anthropic.com) X-Middleton/1"
54.209.250.19 - - [23/Feb/2025:07:28:17 -0500] "GET /acceptable/r20?pid=17320/help/help_04_2.html/help/help_04_2.html HTTP/1.1" 200 - "-" "Mozilla/5.0 (Linux; Android 6.0.1; Nexus 5X Build/MMB29P) AppleWebKit/537.36 (KHTML, like Gecko) Chrome/133.0.6943.53 Mobile Safari/537.36 (compatible; GoogleOther) X-Middleton/1"
18.232.117.100 - - [23/Feb/2025:07:28:17 -0500] "GET /derive/z246?file=%2Fhome%2Fguitarlisty%2Fpublic_html%2Fwp-includes%2Fmedia-template.php HTTP/1.1" 200 - "-" "Mozilla/5.0 AppleWebKit/537.36 (KHTML, like Gecko; compatible; ClaudeBot/1.0; +claudebot@anthropic.com) X-Middleton/1"
35.171.189.120 - - [23/Feb/2025:07:28:18 -0500] "GET /uniform/u117?ynzmini=%2Fhome%2Fguitarlisty%2F%2Fetc HTTP/1.1" 200 - "-" "Mozilla/5.0 AppleWebKit/537.36 (KHTML, like Gecko; compatible; ClaudeBot/1.0; +claudebot@anthropic.com) X-Middleton/1"
52.71.251.0 - - [23/Feb/2025:07:28:18 -0500] "GET /survive/z80?ynzmini=%2Fhome%2Fguitarlisty%2F%2F.subaccounts HTTP/1.1" 200 - "-" "Mozilla/5.0 AppleWebKit/537.36 (KHTML, like Gecko; compatible; ClaudeBot/1.0; +claudebot@anthropic.com) X-Middleton/1"
35.175.240.220 - - [23/Feb/2025:07:28:18 -0500] "GET /say/x14?file=%2Fhome%2Fguitarlisty%2Fpublic_html%2Fwp-admin%2Fmailer.php HTTP/1.1" 200 - "-" "Mozilla/5.0 AppleWebKit/537.36 (KHTML, like Gecko; compatible; ClaudeBot/1.0; +claudebot@anthropic.com) X-Middleton/1"
3.89.44.170 - - [23/Feb/2025:07:28:19 -0500] "GET /yamaha-f310-acoustic-guitar-review-2020/?ynzmini=/proc/10 HTTP/1.1" 200 - "-" "Mozilla/5.0 AppleWebKit/537.36 (KHTML, like Gecko; compatible; Amazonbot/0.1; +https://developer.amazon.com/support/amazonbot) Chrome/119.0.6045.214 Safari/537.36 X-Middleton/1"
54.198.85.7 - - [23/Feb/2025:07:28:20 -0500] "GET /format/r20?pid=17320/shop/detail?shop_id=1 HTTP/1.1" 200 - "-" "Mozilla/5.0 (Linux; Android 6.0.1; Nexus 5X Build/MMB29P) AppleWebKit/537.36 (KHTML, like Gecko) Chrome/133.0.6943.53 Mobile Safari/537.36 (compatible; GoogleOther) X-Middleton/1"
98.83.220.235 - - [23/Feb/2025:07:28:20 -0500] "GET /forward/b286?file=%2Fhome%2Fguitarlisty%2Fpublic_html%2F.%2Findex.php0 HTTP/1.1" 200 - "-" "Mozilla/5.0 AppleWebKit/537.36 (KHTML, like Gecko; compatible; ClaudeBot/1.0; +claudebot@anthropic.com) X-Middleton/1"
54.198.85.7 - - [23/Feb/2025:07:28:20 -0500] "GET /shock/q9?ynzmini=%2Fhome%2F%2Fguitarfuse HTTP/1.1" 200 - "-" "Mozilla/5.0 AppleWebKit/537.36 (KHTML, like Gecko; compatible; ClaudeBot/1.0; +claudebot@anthropic.com) X-Middleton/1"
35.171.189.120 - - [23/Feb/2025:07:28:21 -0500] "GET /m275020404?srsltid=AfmBOogSZYTEQBmovMQZUx_jZrTD6sIOt_qajuwFrb-K-ACBdofPVl HTTP/1.1" 200 - "-" "Mozilla/5.0 AppleWebKit/537.36 (KHTML, like Gecko; compatible; ClaudeBot/1.0; +claudebot@anthropic.com) X-Middleton/1"
54.242.51.163 - - [23/Feb/2025:07:28:22 -0500] "GET /hazard/r75?ynzmini=%2Fhome%2Fguitarlisty%2Fpublic_html%2Fsym404%2Fdbus-WHM-accesshash.txt404%2F. HTTP/1.1" 200 - "-" "Mozilla/5.0 AppleWebKit/537.36 (KHTML, like Gecko; compatible; ClaudeBot/1.0; +claudebot@anthropic.com) X-Middleton/1"
156.59.198.135 - - [23/Feb/2025:07:28:22 -0500] "GET /sites/default/files/styles/product_large/public/product_images/5685235%20TrektopNXPlus%202dr%20Detail%201.jpg HTTP/2.0" 200 - "-" "Mozilla/5.0 (Linux; Android 5.0) AppleWebKit/537.36 (KHTML, like Gecko) Mobile Safari/537.36 (compatible; Bytespider; spider-feedback@bytedance.com)"
54.156.59.106 - - [23/Feb/2025:07:28:22 -0500] "GET /newspaper/r20?pid=17320/help/help_04_2.html HTTP/1.1" 200 - "-" "Mozilla/5.0 (Linux; Android 6.0.1; Nexus 5X Build/MMB29P) AppleWebKit/537.36 (KHTML, like Gecko) Chrome/133.0.6943.53 Mobile Safari/537.36 (compatible; GoogleOther) X-Middleton/1"
35.175.240.220 - - [23/Feb/2025:07:28:23 -0500] "GET /yard/v246?ynzmini=%2Fhome%2Fguitarlisty%2Fpublic_html%2Fprivate%2Fprivate HTTP/1.1" 200 - "-" "Mozilla/5.0 AppleWebKit/537.36 (KHTML, like Gecko; compatible; ClaudeBot/1.0; +claudebot@anthropic.com) X-Middleton/1"
107.20.82.18 - - [23/Feb/2025:07:28:23 -0500] "GET /indicate/l236?pid=33380 HTTP/1.1" 200 - "-" "Mozilla/5.0 (Linux; Android 8.0; Pixel 2 Build/OPD3.170816.012) AppleWebKit/537.36 (KHTML, like Gecko) Chrome/72.0.3626.121 Mobile Safari/537.36 (compatible; EzoicBot-Nicheiq; +http://www.ezoic.com/bot) X-Middleton/1"
54.208.214.128 - - [23/Feb/2025:07:28:23 -0500] "GET /yamaha-f310-acoustic-guitar-review-2020/?ynzmini=/proc/11 HTTP/1.1" 200 - "-" "Mozilla/5.0 AppleWebKit/537.36 (KHTML, like Gecko; compatible; Amazonbot/0.1; +https://developer.amazon.com/support/amazonbot) Chrome/119.0.6045.214 Safari/537.36 X-Middleton/1"
54.157.220.176 - - [23/Feb/2025:07:28:23 -0500] "GET /curve/x66?file=%2Fhome%2Fguitarlisty%2Fpublic_html%2Fwp-admin%2Fabout.php HTTP/1.1" 200 - "-" "Mozilla/5.0 AppleWebKit/537.36 (KHTML, like Gecko; compatible; ClaudeBot/1.0; +claudebot@anthropic.com) X-Middleton/1"
54.157.220.176 - - [23/Feb/2025:07:28:23 -0500] "GET /folk/k299?file=%2Fhome%2Fguitarlisty%2Fpublic_html%2Fwp-includes%2Fms-site.php HTTP/1.1" 200 - "-" "Mozilla/5.0 AppleWebKit/537.36 (KHTML, like Gecko; compatible; ClaudeBot/1.0; +claudebot@anthropic.com) X-Middleton/1"
66.249.79.193 - - [23/Feb/2025:07:28:23 -0500] "GET /m022033479?srsltid=AfmBOoAswTzMIaxostBmer_lYBJw06I2F_1RutpgCx-O-au7Dq3ZEW HTTP/1.1" 200 1 "-" "Mozilla/5.0 (Linux; Android 6.0.1; Nexus 5X Build/MMB29P) AppleWebKit/537.36 (KHTML, like Gecko) Chrome/133.0.6943.126 Mobile Safari/537.36 (compatible; Googlebot/2.1; +http://www.google.com/bot.html)"
107.20.115.131 - - [23/Feb/2025:07:28:24 -0500] "GET /item/u19/10921/ HTTP/1.1" 200 - "-" "Mozilla/5.0 (Linux; Android 6.0.1; Nexus 5X Build/MMB29P) AppleWebKit/537.36 (KHTML, like Gecko) Chrome/133.0.6943.126 Mobile Safari/537.36 (compatible; Googlebot/2.1; +http://www.google.com/bot.html) X-Middleton/1"
66.249.79.100 - - [23/Feb/2025:07:28:25 -0500] "GET /m046027707?srsltid=AfmBOoEasEZfqfDEFFJv3Z_z9LpcQ9yBa_Rev1xRkf-Z-KDzf3T6uw HTTP/1.1" 200 1 "-" "Mozilla/5.0 (Linux; Android 6.0.1; Nexus 5X Build/MMB29P) AppleWebKit/537.36 (KHTML, like Gecko) Chrome/133.0.6943.126 Mobile Safari/537.36 (compatible; Googlebot/2.1; +http://www.google.com/bot.html)"
54.198.248.107 - - [23/Feb/2025:07:28:25 -0500] "GET /m205034510?file=%2Fhome%2Fguitarlisty%2Fpublic_html%2Fwp-content%2F6b712d HTTP/1.1" 200 - "-" "Mozilla/5.0 AppleWebKit/537.36 (KHTML, like Gecko; compatible; ClaudeBot/1.0; +claudebot@anthropic.com) X-Middleton/1"
35.175.240.220 - - [23/Feb/2025:07:28:25 -0500] "GET /m244027289?ynzmini=%2Fhome%2F%2Ftwoheads HTTP/1.1" 200 - "-" "Mozilla/5.0 AppleWebKit/537.36 (KHTML, like Gecko; compatible; ClaudeBot/1.0; +claudebot@anthropic.com) X-Middleton/1"
3.80.165.4 - - [23/Feb/2025:07:28:25 -0500] "GET /dilemma/k149?pid=10191/help/help_04_2.html/shop/detail?shop_id=1/86699help/help_04_2.html HTTP/1.1" 200 - "-" "Mozilla/5.0 (Linux; Android 6.0.1; Nexus 5X Build/MMB29P) AppleWebKit/537.36 (KHTML, like Gecko) Chrome/133.0.6943.53 Mobile Safari/537.36 (compatible; GoogleOther) X-Middleton/1"
107.20.115.131 - - [23/Feb/2025:07:28:26 -0500] "GET /m135042830?srsltid=AfmBOoZuGRfzwxBD62oHAM_qRFTmKZW0w_B3EkaPjo-H-uSImL8N7l HTTP/1.1" 200 - "-" "Mozilla/5.0 AppleWebKit/537.36 (KHTML, like Gecko; compatible; ClaudeBot/1.0; +claudebot@anthropic.com) X-Middleton/1"
35.173.219.106 - - [23/Feb/2025:07:28:26 -0500] "GET /m/very11992008.html?file=/home/guitarlisty/public_html/wp-signup.php HTTP/1.1" 200 - "-" "Mozilla/5.0 (Windows; U; Windows NT 5.1; en-US) AppleWebKit/532.2 (KHTML, like Gecko) Chrome/4.0.221.6 Safari/532.2 X-Middleton/1"
184.72.213.252 - - [23/Feb/2025:07:28:27 -0500] "GET /script/v184?ynzmini=%2Fhome%2Fguitarlisty%2Fpublic_html%2Fsym404%2Ftelegraf-WHM-accesshash.txt404 HTTP/1.1" 200 - "-" "Mozilla/5.0 AppleWebKit/537.36 (KHTML, like Gecko; compatible; ClaudeBot/1.0; +claudebot@anthropic.com) X-Middleton/1"
52.205.171.15 - - [23/Feb/2025:07:28:27 -0500] "GET /yamaha-f310-acoustic-guitar-review-2020/?ynzmini=/proc/12 HTTP/1.1" 200 - "-" "Mozilla/5.0 AppleWebKit/537.36 (KHTML, like Gecko; compatible; Amazonbot/0.1; +https://developer.amazon.com/support/amazonbot) Chrome/119.0.6045.214 Safari/537.36 X-Middleton/1"
54.198.248.107 - - [23/Feb/2025:07:28:28 -0500] "GET /bay/k149?pid=10191/help/help_04_2.html/86699help/help_04_2.html HTTP/1.1" 200 - "-" "Mozilla/5.0 (Linux; Android 6.0.1; Nexus 5X Build/MMB29P) AppleWebKit/537.36 (KHTML, like Gecko) Chrome/133.0.6943.53 Mobile Safari/537.36 (compatible; GoogleOther) X-Middleton/1"
3.89.44.170 - - [23/Feb/2025:07:28:28 -0500] "GET /ballot/s104?file=%2Fhome%2Fguitarlisty%2Fpublic_html%2Fwp-admin%2Fimport.php HTTP/1.1" 200 - "-" "Mozilla/5.0 AppleWebKit/537.36 (KHTML, like Gecko; compatible; ClaudeBot/1.0; +claudebot@anthropic.com) X-Middleton/1"
54.158.15.14 - - [23/Feb/2025:07:28:28 -0500] "GET /privacy/a218?pid=27334 HTTP/1.1" 200 - "-" "Mozilla/5.0 AppleWebKit/537.36 (KHTML, like Gecko; compatible; ClaudeBot/1.0; +claudebot@anthropic.com) X-Middleton/1"
54.164.180.114 - - [23/Feb/2025:07:28:28 -0500] "GET /m147034852?ynzmini=%2Fhome%2Fguitarlisty%2Fpublic_html%2F123%2Fcon7ext_sym404 HTTP/1.1" 200 - "-" "Mozilla/5.0 AppleWebKit/537.36 (KHTML, like Gecko; compatible; ClaudeBot/1.0; +claudebot@anthropic.com) X-Middleton/1"
18.209.166.209 - - [23/Feb/2025:07:28:28 -0500] "GET /save/y154?ynzmini=%2Fhome%2Fguitarlisty%2Fpublic_html%2Fsym404%2Fhalt-phpBB.txt404 HTTP/1.1" 200 - "-" "Mozilla/5.0 AppleWebKit/537.36 (KHTML, like Gecko; compatible; ClaudeBot/1.0; +claudebot@anthropic.com) X-Middleton/1"
3.90.42.123 - - [23/Feb/2025:07:28:29 -0500] "GET /pages.php?43bmt45464.html HTTP/1.1" 200 - "-" "Mozilla/5.0 AppleWebKit/537.36 (KHTML, like Gecko; compatible; GPTBot/1.2; +https://openai.com/gptbot) X-Middleton/1"
3.87.139.20 - - [23/Feb/2025:07:28:30 -0500] "GET /bend/r270?ynzmini=%2Fhome%2Fguitarlisty%2Fpublic_html%2Fwp-includes%2Fpomo HTTP/1.1" 200 - "-" "Mozilla/5.0 AppleWebKit/537.36 (KHTML, like Gecko; compatible; ClaudeBot/1.0; +claudebot@anthropic.com) X-Middleton/1"
3.90.112.236 - - [23/Feb/2025:07:28:30 -0500] "GET /without/b259?file=%2Fhome%2Fguitarlisty%2F%2F.bashrc HTTP/1.1" 200 - "-" "Mozilla/5.0 AppleWebKit/537.36 (KHTML, like Gecko; compatible; ClaudeBot/1.0; +claudebot@anthropic.com) X-Middleton/1"
34.226.215.117 - - [23/Feb/2025:07:28:30 -0500] "GET /underlying/r20?pid=17320/shop/detail?shop_id=1 HTTP/1.1" 200 - "-" "Mozilla/5.0 (Linux; Android 6.0.1; Nexus 5X Build/MMB29P) AppleWebKit/537.36 (KHTML, like Gecko) Chrome/133.0.6943.53 Mobile Safari/537.36 (compatible; GoogleOther) X-Middleton/1"
98.83.149.163 - - [23/Feb/2025:07:28:31 -0500] "GET /m013004614?srsltid=AfmBOofoaSSLgOsu9mAyn2_RXyqJYsJPY_GsN0WX0F-G-hjRHjuR5J HTTP/1.1" 200 - "-" "Mozilla/5.0 (Linux; Android 8.0; Pixel 2 Build/OPD3.170816.012) AppleWebKit/537.36 (KHTML, like Gecko) Chrome/72.0.3626.121 Mobile Safari/537.36 (compatible; EzoicBot-Nicheiq; +http://www.ezoic.com/bot) X-Middleton/1"
3.89.44.170 - - [23/Feb/2025:07:28:31 -0500] "GET /yamaha-f310-acoustic-guitar-review-2020/?ynzmini=/proc/13 HTTP/1.1" 200 - "-" "Mozilla/5.0 AppleWebKit/537.36 (KHTML, like Gecko; compatible; Amazonbot/0.1; +https://developer.amazon.com/support/amazonbot) Chrome/119.0.6045.214 Safari/537.36 X-Middleton/1"
50.17.142.168 - - [23/Feb/2025:07:28:32 -0500] "GET /m/sauce52485684.html?ynzmini=%2Fhome%2Fguitarlisty%2Fpublic_html%2F123 HTTP/1.1" 200 - "-" "Mozilla/5.0 AppleWebKit/537.36 (KHTML, like Gecko; compatible; ClaudeBot/1.0; +claudebot@anthropic.com) X-Middleton/1"
3.81.110.12 - - [23/Feb/2025:07:28:33 -0500] "GET /typically/z192?pid=34844 HTTP/1.1" 200 - "-" "Mozilla/5.0 AppleWebKit/537.36 (KHTML, like Gecko; compatible; ClaudeBot/1.0; +claudebot@anthropic.com) X-Middleton/1"
54.209.250.19 - - [23/Feb/2025:07:28:33 -0500] "GET /hey/l42?ynzmini=%2Fhome%2Fguitarlisty%2Fpublic_html%2Fsym404%2Fsalmonca-IPB.txt404 HTTP/1.1" 200 - "-" "Mozilla/5.0 AppleWebKit/537.36 (KHTML, like Gecko; compatible; ClaudeBot/1.0; +claudebot@anthropic.com) X-Middleton/1"
54.164.180.114 - - [23/Feb/2025:07:28:33 -0500] "GET /PC/g205?file=%2Fhome%2Fguitarlisty%2Fpublic_html%2Fwp-includes%2Fnetworks.php HTTP/1.1" 200 - "-" "Mozilla/5.0 AppleWebKit/537.36 (KHTML, like Gecko; compatible; ClaudeBot/1.0; +claudebot@anthropic.com) X-Middleton/1"
54.208.214.128 - - [23/Feb/2025:07:28:33 -0500] "GET /prompt/r20?pid=17320 HTTP/1.1" 200 - "-" "Mozilla/5.0 (Linux; Android 6.0.1; Nexus 5X Build/MMB29P) AppleWebKit/537.36 (KHTML, like Gecko) Chrome/133.0.6943.53 Mobile Safari/537.36 (compatible; GoogleOther) X-Middleton/1"
34.229.105.159 - - [23/Feb/2025:07:28:35 -0500] "GET /m/his82640319.html?ynzmini=%2Fhome%2Fguitarlisty%2Fpublic_html%2F.well-known HTTP/1.1" 200 - "-" "Mozilla/5.0 AppleWebKit/537.36 (KHTML, like Gecko; compatible; ClaudeBot/1.0; +claudebot@anthropic.com) X-Middleton/1"
3.89.44.170 - - [23/Feb/2025:07:28:35 -0500] "GET /silly/b50?ynzmini=%2Fhome%2Fguitarlisty%2Fpublic_html%2F%2F.tmb HTTP/1.1" 200 - "-" "Mozilla/5.0 AppleWebKit/537.36 (KHTML, like Gecko; compatible; ClaudeBot/1.0; +claudebot@anthropic.com) X-Middleton/1"
54.198.85.7 - - [23/Feb/2025:07:28:36 -0500] "GET /yamaha-f310-acoustic-guitar-review-2020/?ynzmini=/proc/14 HTTP/1.1" 200 - "-" "Mozilla/5.0 AppleWebKit/537.36 (KHTML, like Gecko; compatible; Amazonbot/0.1; +https://developer.amazon.com/support/amazonbot) Chrome/119.0.6045.214 Safari/537.36 X-Middleton/1"
184.72.213.252 - - [23/Feb/2025:07:28:36 -0500] "GET /icon/r20?pid=17320/shop/detail?shop_id=1 HTTP/1.1" 200 - "-" "Mozilla/5.0 (Linux; Android 6.0.1; Nexus 5X Build/MMB29P) AppleWebKit/537.36 (KHTML, like Gecko) Chrome/133.0.6943.53 Mobile Safari/537.36 (compatible; GoogleOther) X-Middleton/1"
66.249.79.161 - - [23/Feb/2025:07:28:37 -0500] "GET /product/acre21459457.htm?s=fnH_wOsI_ HTTP/1.1" 200 1 "-" "Mozilla/5.0 (Linux; Android 6.0.1; Nexus 5X Build/MMB29P) AppleWebKit/537.36 (KHTML, like Gecko) Chrome/133.0.6943.53 Mobile Safari/537.36 (compatible; Googlebot/2.1; +http://www.google.com/bot.html)"
54.242.51.163 - - [23/Feb/2025:07:28:37 -0500] "GET /m/ours40492947.html?file=%2Fhome%2Fguitarlisty%2Fpublic_html%2Frobots.txt HTTP/1.1" 200 - "-" "Mozilla/5.0 AppleWebKit/537.36 (KHTML, like Gecko; compatible; ClaudeBot/1.0; +claudebot@anthropic.com) X-Middleton/1"
34.226.215.117 - - [23/Feb/2025:07:28:38 -0500] "GET /earthquake/a196?pid=48944 HTTP/1.1" 200 - "-" "Mozilla/5.0 AppleWebKit/537.36 (KHTML, like Gecko; compatible; ClaudeBot/1.0; +claudebot@anthropic.com) X-Middleton/1"
54.144.101.254 - - [23/Feb/2025:07:28:38 -0500] "GET /bring/y282?ynzmini=%2Fhome%2Fguitarlisty%2Fpublic_html%2Fsym404%2Fnamed-MyBB.txt404 HTTP/1.1" 200 - "-" "Mozilla/5.0 AppleWebKit/537.36 (KHTML, like Gecko; compatible; ClaudeBot/1.0; +claudebot@anthropic.com) X-Middleton/1"
54.226.129.235 - - [23/Feb/2025:07:28:38 -0500] "GET /m273030794?file=%2Fhome%2Fguitarlisty%2Fpublic_html%2Fplugins.php&rename=true HTTP/1.1" 200 - "-" "Mozilla/5.0 AppleWebKit/537.36 (KHTML, like Gecko; compatible; ClaudeBot/1.0; +claudebot@anthropic.com) X-Middleton/1"
34.229.105.159 - - [23/Feb/2025:07:28:39 -0500] "GET /vessel/r20?pid=17320/help/help_04_2.html HTTP/1.1" 200 - "-" "Mozilla/5.0 (Linux; Android 6.0.1; Nexus 5X Build/MMB29P) AppleWebKit/537.36 (KHTML, like Gecko) Chrome/133.0.6943.53 Mobile Safari/537.36 (compatible; GoogleOther) X-Middleton/1"
3.81.133.169 - - [23/Feb/2025:07:28:39 -0500] "GET /scope/q280?pid=13524 HTTP/1.1" 200 - "-" "Mozilla/5.0 (Linux; Android 8.0; Pixel 2 Build/OPD3.170816.012) AppleWebKit/537.36 (KHTML, like Gecko) Chrome/72.0.3626.121 Mobile Safari/537.36 (compatible; EzoicBot-Nicheiq; +http://www.ezoic.com/bot) X-Middleton/1"
54.198.248.107 - - [23/Feb/2025:07:28:39 -0500] "GET /yamaha-f310-acoustic-guitar-review-2020/?ynzmini=/proc/143 HTTP/1.1" 200 - "-" "Mozilla/5.0 AppleWebKit/537.36 (KHTML, like Gecko; compatible; Amazonbot/0.1; +https://developer.amazon.com/support/amazonbot) Chrome/119.0.6045.214 Safari/537.36 X-Middleton/1"
54.156.59.106 - - [23/Feb/2025:07:28:40 -0500] "GET /m/multi52134724.html?ynzmini=%2Fhome%2Fguitarlisty%2Fpublic_html%2F. HTTP/1.1" 200 - "-" "Mozilla/5.0 AppleWebKit/537.36 (KHTML, like Gecko; compatible; ClaudeBot/1.0; +claudebot@anthropic.com) X-Middleton/1"
54.158.15.14 - - [23/Feb/2025:07:28:41 -0500] "GET /transformation/j257?ynzmini=%2F%2Fsys HTTP/1.1" 200 - "-" "Mozilla/5.0 AppleWebKit/537.36 (KHTML, like Gecko; compatible; ClaudeBot/1.0; +claudebot@anthropic.com) X-Middleton/1"
18.212.120.70 - - [23/Feb/2025:07:28:41 -0500] "GET /home/000~ROOT~000/sys/module/sysrq/parameters/?C=N%3BO=D HTTP/1.1" 200 1077 "-" "Mozilla/5.0 (Linux; Android 5.0) AppleWebKit/537.36 (KHTML, like Gecko) Mobile Safari/537.36 (compatible; Bytespider; spider-feedback@bytedance.com) X-Middleton/1"
3.81.214.139 - - [23/Feb/2025:07:28:41 -0500] "GET /dirt/r20?pid=17320/help/help_04_2.html/shop/detail?shop_id=1/help/help_04_2.html HTTP/1.1" 200 - "-" "Mozilla/5.0 (Linux; Android 6.0.1; Nexus 5X Build/MMB29P) AppleWebKit/537.36 (KHTML, like Gecko) Chrome/133.0.6943.53 Mobile Safari/537.36 (compatible; GoogleOther) X-Middleton/1"
98.83.220.235 - - [23/Feb/2025:07:28:42 -0500] "GET /m042016051?delete=true&file=%2Fhome%2Fguitarlisty%2Fpublic_html%2Fmah.php HTTP/1.1" 200 - "-" "Mozilla/5.0 AppleWebKit/537.36 (KHTML, like Gecko; compatible; ClaudeBot/1.0; +claudebot@anthropic.com) X-Middleton/1"
54.209.250.19 - - [23/Feb/2025:07:28:42 -0500] "GET /m/very11992008.html?ynzmini=/home/guitarlisty/public_html/images HTTP/1.1" 200 - "-" "Mozilla/5.0 (Macintosh; Intel Mac OS X 10_7_2) AppleWebKit/535.11 (KHTML, like Gecko) Chrome/17.0.963.66 Safari/535.11 X-Middleton/1"
3.81.110.12 - - [23/Feb/2025:07:28:43 -0500] "GET /else/f61?ynzmini=%2Fhome%2Fguitarlisty%2Fpublic_html%2Fas%2F HTTP/1.1" 200 - "-" "Mozilla/5.0 AppleWebKit/537.36 (KHTML, like Gecko; compatible; ClaudeBot/1.0; +claudebot@anthropic.com) X-Middleton/1"
18.212.120.70 - - [23/Feb/2025:07:28:43 -0500] "GET /peer/p132?ynzmini=%2Fhome%2Fguitarlisty%2Fpublic_html%2Fsym404%2Fhalt-MyBB.txt404 HTTP/1.1" 200 - "-" "Mozilla/5.0 AppleWebKit/537.36 (KHTML, like Gecko; compatible; ClaudeBot/1.0; +claudebot@anthropic.com) X-Middleton/1"
54.198.85.7 - - [23/Feb/2025:07:28:43 -0500] "GET /yamaha-f310-acoustic-guitar-review-2020/?ynzmini=/proc/144 HTTP/1.1" 200 - "-" "Mozilla/5.0 AppleWebKit/537.36 (KHTML, like Gecko; compatible; Amazonbot/0.1; +https://developer.amazon.com/support/amazonbot) Chrome/119.0.6045.214 Safari/537.36 X-Middleton/1"
54.209.250.19 - - [23/Feb/2025:07:28:44 -0500] "GET /model/r20?pid=17320/shop/detail?shop_id=1 HTTP/1.1" 200 - "-" "Mozilla/5.0 (Linux; Android 6.0.1; Nexus 5X Build/MMB29P) AppleWebKit/537.36 (KHTML, like Gecko) Chrome/133.0.6943.53 Mobile Safari/537.36 (compatible; GoogleOther) X-Middleton/1"
35.175.240.220 - - [23/Feb/2025:07:28:45 -0500] "GET /m/soul72843886.html?file=%2Fhome%2Fguitarlisty%2Fpublic_html%2Fre.php HTTP/1.1" 200 - "-" "Mozilla/5.0 AppleWebKit/537.36 (KHTML, like Gecko; compatible; ClaudeBot/1.0; +claudebot@anthropic.com) X-Middleton/1"
34.229.105.159 - - [23/Feb/2025:07:28:45 -0500] "GET /tropical/r115?ynzmini=%2Fhome%2Fguitarlisty%2F%2F.. HTTP/1.1" 200 - "-" "Mozilla/5.0 AppleWebKit/537.36 (KHTML, like Gecko; compatible; ClaudeBot/1.0; +claudebot@anthropic.com) X-Middleton/1"
54.158.139.140 - - [23/Feb/2025:07:28:47 -0500] "GET /m054029491?file=%2Fhome%2Fguitarlisty%2Fpublic_html%2Fwp-content%2Fitem.php HTTP/1.1" 200 8848 "-" "Mozilla/5.0 AppleWebKit/537.36 (KHTML, like Gecko; compatible; ClaudeBot/1.0; +claudebot@anthropic.com) X-Middleton/1"
34.229.105.159 - - [23/Feb/2025:07:28:47 -0500] "GET /yamaha-f310-acoustic-guitar-review-2020/?ynzmini=/proc/145 HTTP/1.1" 200 13844 "-" "Mozilla/5.0 AppleWebKit/537.36 (KHTML, like Gecko; compatible; Amazonbot/0.1; +https://developer.amazon.com/support/amazonbot) Chrome/119.0.6045.214 Safari/537.36 X-Middleton/1"
107.20.82.18 - - [23/Feb/2025:07:28:47 -0500] "GET /intend/w280?pid=34808 HTTP/1.1" 500 45918 "-" "Mozilla/5.0 (Linux; Android 8.0; Pixel 2 Build/OPD3.170816.012) AppleWebKit/537.36 (KHTML, like Gecko) Chrome/72.0.3626.121 Mobile Safari/537.36 (compatible; EzoicBot-Nicheiq; +http://www.ezoic.com/bot) X-Middleton/1"
35.175.240.220 - - [23/Feb/2025:07:28:47 -0500] "GET /flame/r20?pid=17320/shop/detail?shop_id=1 HTTP/1.1" 200 456828 "-" "Mozilla/5.0 (Linux; Android 6.0.1; Nexus 5X Build/MMB29P) AppleWebKit/537.36 (KHTML, like Gecko) Chrome/133.0.6943.53 Mobile Safari/537.36 (compatible; GoogleOther) X-Middleton/1"
3.81.58.205 - - [23/Feb/2025:07:28:48 -0500] "GET /m008026865?srsltid=AfmBOoJxkAFTkpVPZgTeMC_LCl4aFGU4C_FTGM1i8G-R-bIASebELb HTTP/1.1" 200 43279 "-" "Mozilla/5.0 AppleWebKit/537.36 (KHTML, like Gecko; compatible; ClaudeBot/1.0; +claudebot@anthropic.com) X-Middleton/1"
3.80.165.4 - - [23/Feb/2025:07:28:48 -0500] "GET /m292022237?srsltid=AfmBOoFVIdQuIDyA74NtM5_Jriu5vQ0b9_x0zukloa-V-7gocm0KcY HTTP/1.1" 200 43278 "-" "Mozilla/5.0 AppleWebKit/537.36 (KHTML, like Gecko; compatible; ClaudeBot/1.0; +claudebot@anthropic.com) X-Middleton/1"
18.209.166.209 - - [23/Feb/2025:07:28:49 -0500] "GET /pages.php?items/fvfzw35/153?key=priest HTTP/1.1" 200 156593 "-" "Mozilla/5.0 (Linux; Android 6.0.1; Nexus 5X Build/MMB29P) AppleWebKit/537.36 (KHTML, like Gecko) Chrome/133.0.6943.53 Mobile Safari/537.36 (compatible; Googlebot/2.1; +http://www.google.com/bot.html) X-Middleton/1"
54.196.44.86 - - [23/Feb/2025:07:28:49 -0500] "GET /m238023197?srsltid=AfmBOowctBFXdUedrhy47j_xVM0ZJhERB_maDHXSdt-E-Fb8ysnhcm HTTP/1.1" 200 43280 "-" "Mozilla/5.0 (X11; U; Linux x86_64; en-US; rv:1.9.2.12) Gecko/20101102 Gentoo Firefox/3.6.12 X-Middleton/1"
23.22.111.12 - - [23/Feb/2025:07:28:49 -0500] "GET /expense/k149?pid=10191/help/help_04_2.html/shop/detail?shop_id=1 HTTP/1.1" 200 146341 "-" "Mozilla/5.0 (Linux; Android 6.0.1; Nexus 5X Build/MMB29P) AppleWebKit/537.36 (KHTML, like Gecko) Chrome/133.0.6943.53 Mobile Safari/537.36 (compatible; GoogleOther) X-Middleton/1"
35.173.219.106 - - [23/Feb/2025:07:28:51 -0500] "GET /m100048837?srsltid=AfmBOoZWwgDiGXKjuArbVi_hjrRI9oIgK_mf7N4hNB-U-Qt4ftgHCi HTTP/1.1" 200 43282 "-" "Mozilla/5.0 AppleWebKit/537.36 (KHTML, like Gecko; compatible; ClaudeBot/1.0; +claudebot@anthropic.com) X-Middleton/1"
