34.229.105.159 - - [23/Feb/2025:07:40:39 -0500] "GET /m275025088?ynzmini=%2Fhome%2Fguitarlisty%2Fpublic_html%2Fsym404%2Fdovecot-phpBB.txt404 HTTP/1.1" 200 7021 "-" "Mozilla/5.0 AppleWebKit/537.36 (KHTML, like Gecko; compatible; ClaudeBot/1.0; +claudebot@anthropic.com) X-Middleton/1"
54.158.139.140 - - [23/Feb/2025:07:40:39 -0500] "GET /yamaha-f310-acoustic-guitar-review-2020/?ynzmini=/var//adm HTTP/1.1" 200 6468 "-" "Mozilla/5.0 AppleWebKit/537.36 (KHTML, like Gecko; compatible; Amazonbot/0.1; +https://developer.amazon.com/support/amazonbot) Chrome/119.0.6045.214 Safari/537.36 X-Middleton/1"
3.90.39.225 - - [23/Feb/2025:07:40:39 -0500] "GET /m190017673?ynzmini=%2Fhome%2Fguitarlisty%2Fpublic_html%2F%2Fwp-includes HTTP/1.1" 200 77918 "-" "Mozilla/5.0 AppleWebKit/537.36 (KHTML, like Gecko; compatible; ClaudeBot/1.0; +claudebot@anthropic.com) X-Middleton/1"
52.207.162.105 - - [23/Feb/2025:07:40:41 -0500] "GET /door/z65?ynzmini=%2Fhome%2Fguitarlisty%2Fpublic_html%2Fplugins%2F. HTTP/1.1" 200 7098 "-" "Mozilla/5.0 AppleWebKit/537.36 (KHTML, like Gecko; compatible; ClaudeBot/1.0; +claudebot@anthropic.com) X-Middleton/1"
54.158.15.14 - - [23/Feb/2025:07:40:40 -0500] "GET /rid/r20?pid=17320/86699help/help_04_2.html/help/help_04_2.html HTTP/1.1" 200 144485 "-" "Mozilla/5.0 (Linux; Android 6.0.1; Nexus 5X Build/MMB29P) AppleWebKit/537.36 (KHTML, like Gecko) Chrome/133.0.6943.53 Mobile Safari/537.36 (compatible; GoogleOther) X-Middleton/1"
54.158.139.140 - - [23/Feb/2025:07:40:41 -0500] "GET /alter/h72?file=%2Fhome%2Fguitarlisty%2F%2F.htaccess HTTP/1.1" 200 6478 "-" "Mozilla/5.0 AppleWebKit/537.36 (KHTML, like Gecko; compatible; ClaudeBot/1.0; +claudebot@anthropic.com) X-Middleton/1"
54.226.129.235 - - [23/Feb/2025:07:40:43 -0500] "GET /m014011935?ynzmini=/home/guitarlisty/public_html/about HTTP/1.1" 404 6975 "-" "Mozilla/5.0 (Windows; U; Windows NT 5.1; en-US) AppleWebKit/533.3 (KHTML, like Gecko) Chrome/5.0.357.0 Safari/533.3 X-Middleton/1"
54.162.136.253 - - [23/Feb/2025:07:40:43 -0500] "GET /yamaha-f310-acoustic-guitar-review-2020/?ynzmini=/var/adm HTTP/1.1" 200 6464 "-" "Mozilla/5.0 AppleWebKit/537.36 (KHTML, like Gecko; compatible; Amazonbot/0.1; +https://developer.amazon.com/support/amazonbot) Chrome/119.0.6045.214 Safari/537.36 X-Middleton/1"
54.198.124.77 - - [23/Feb/2025:07:40:43 -0500] "GET /lower/u183?ynzmini=%2Fhome%2Fguitarlisty%2Fpublic_html%2F%2Fsym404 HTTP/1.1" 200 265760 "-" "Mozilla/5.0 AppleWebKit/537.36 (KHTML, like Gecko; compatible; ClaudeBot/1.0; +claudebot@anthropic.com) X-Middleton/1"
54.234.205.77 - - [23/Feb/2025:07:40:43 -0500] "GET /raise/t219?ynzmini=%2Fhome%2F%2Fbainbrid HTTP/1.1" 200 6213 "-" "Mozilla/5.0 AppleWebKit/537.36 (KHTML, like Gecko; compatible; ClaudeBot/1.0; +claudebot@anthropic.com) X-Middleton/1"
107.20.82.18 - - [23/Feb/2025:07:40:43 -0500] "GET /starting/d55?file=%2Fhome%2Fguitarlisty%2F%2F.htaccess HTTP/1.1" 200 6478 "-" "Mozilla/5.0 AppleWebKit/537.36 (KHTML, like Gecko; compatible; ClaudeBot/1.0; +claudebot@anthropic.com) X-Middleton/1"
3.81.110.12 - - [23/Feb/2025:07:40:44 -0500] "GET /lens/c215?file=%2Fhome%2Fguitarlisty%2Fpublic_html%2F.%2Fwp-signup.php HTTP/1.1" 200 44277 "-" "Mozilla/5.0 AppleWebKit/537.36 (KHTML, like Gecko; compatible; ClaudeBot/1.0; +claudebot@anthropic.com) X-Middleton/1"
54.158.15.14 - - [23/Feb/2025:07:40:44 -0500] "GET /bacteria/r20?pid=17320/shop/detail?shop_id=1 HTTP/1.1" 200 146606 "-" "Mozilla/5.0 (Linux; Android 6.0.1; Nexus 5X Build/MMB29P) AppleWebKit/537.36 (KHTML, like Gecko) Chrome/133.0.6943.53 Mobile Safari/537.36 (compatible; GoogleOther) X-Middleton/1"
3.82.56.176 - - [23/Feb/2025:07:40:44 -0500] "GET /smart/z54?file=%2Fhome%2Fguitarlisty%2Fpublic_html%2Fwp-includes%2Ff2701 HTTP/1.1" 200 14244 "-" "Mozilla/5.0 AppleWebKit/537.36 (KHTML, like Gecko; compatible; ClaudeBot/1.0; +claudebot@anthropic.com) X-Middleton/1"
3.87.139.20 - - [23/Feb/2025:07:40:45 -0500] "GET /essence/y288?ynzmini=%2Fhome%2Fguitarlisty%2Fpublic_html%2Fwp-includes%2FText HTTP/1.1" 200 9092 "-" "Mozilla/5.0 AppleWebKit/537.36 (KHTML, like Gecko; compatible; ClaudeBot/1.0; +claudebot@anthropic.com) X-Middleton/1"
54.208.214.128 - - [23/Feb/2025:07:40:45 -0500] "GET /born/d295?pid=13339 HTTP/1.1" 200 43286 "-" "Mozilla/5.0 (Linux; Android 8.0; Pixel 2 Build/OPD3.170816.012) AppleWebKit/537.36 (KHTML, like Gecko) Chrome/72.0.3626.121 Mobile Safari/537.36 (compatible; EzoicBot-Nicheiq; +http://www.ezoic.com/bot) X-Middleton/1"
23.22.111.12 - - [23/Feb/2025:07:40:46 -0500] "GET /shout/f65?file=%2Fhome%2Fguitarlisty%2F%2F.htaccess HTTP/1.1" 200 6478 "-" "Mozilla/5.0 AppleWebKit/537.36 (KHTML, like Gecko; compatible; ClaudeBot/1.0; +claudebot@anthropic.com) X-Middleton/1"
107.20.115.131 - - [23/Feb/2025:07:40:47 -0500] "GET /m075012880?ynzmini=%2F%2Frun%2Frpcbind HTTP/1.1" 404 6222 "-" "Mozilla/5.0 AppleWebKit/537.36 (KHTML, like Gecko; compatible; ClaudeBot/1.0; +claudebot@anthropic.com) X-Middleton/1"
18.232.117.100 - - [23/Feb/2025:07:40:47 -0500] "GET /administer/r20?pid=17320/shop/detail?shop_id=1 HTTP/1.1" 200 156803 "-" "Mozilla/5.0 (Linux; Android 6.0.1; Nexus 5X Build/MMB29P) AppleWebKit/537.36 (KHTML, like Gecko) Chrome/133.0.6943.53 Mobile Safari/537.36 (compatible; GoogleOther) X-Middleton/1"
54.158.139.140 - - [23/Feb/2025:07:40:47 -0500] "GET /yamaha-f310-acoustic-guitar-review-2020/?rmfolder=/var/adm HTTP/1.1" 200 43286 "-" "Mozilla/5.0 AppleWebKit/537.36 (KHTML, like Gecko; compatible; Amazonbot/0.1; +https://developer.amazon.com/support/amazonbot) Chrome/119.0.6045.214 Safari/537.36 X-Middleton/1"
3.81.110.12 - - [23/Feb/2025:07:40:48 -0500] "GET /read/n151?ynzmini=%2Fhome%2Fguitarlisty%2Fpublic_html%2F%2F.tmb HTTP/1.1" 404 7318 "-" "Mozilla/5.0 AppleWebKit/537.36 (KHTML, like Gecko; compatible; ClaudeBot/1.0; +claudebot@anthropic.com) X-Middleton/1"
52.207.162.105 - - [23/Feb/2025:07:40:48 -0500] "GET /m005013240?file=%2Fhome%2Fguitarlisty%2Fpublic_html%2Fwp-content%2Ffddbb87b HTTP/1.1" 200 14250 "-" "Mozilla/5.0 AppleWebKit/537.36 (KHTML, like Gecko; compatible; ClaudeBot/1.0; +claudebot@anthropic.com) X-Middleton/1"
3.94.247.247 - - [23/Feb/2025:07:40:48 -0500] "GET /sink/i25?edit=true&file=%2Fhome%2Fguitarlisty%2Fpublic_html%2Findex.php0 HTTP/1.1" 200 16685 "-" "Mozilla/5.0 AppleWebKit/537.36 (KHTML, like Gecko; compatible; ClaudeBot/1.0; +claudebot@anthropic.com) X-Middleton/1"
54.157.220.176 - - [23/Feb/2025:07:40:49 -0500] "GET /m127028304?ynzmini=%2Fhome%2Fguitarlisty%2Fpublic_html%2F%2F.well-known.tmp HTTP/1.1" 200 7885 "-" "Mozilla/5.0 AppleWebKit/537.36 (KHTML, like Gecko; compatible; ClaudeBot/1.0; +claudebot@anthropic.com) X-Middleton/1"
3.94.247.247 - - [23/Feb/2025:07:40:50 -0500] "GET /shove/o285?ynzmini=%2Fhome%2Fguitarlisty%2Fpublic_html%2Fwp-includes%2Ftheme-compat HTTP/1.1" 200 10429 "-" "Mozilla/5.0 AppleWebKit/537.36 (KHTML, like Gecko; compatible; ClaudeBot/1.0; +claudebot@anthropic.com) X-Middleton/1"
35.173.180.132 - - [23/Feb/2025:07:40:51 -0500] "GET /nurse/k149?pid=10191/shop/detail?shop_id=1 HTTP/1.1" 200 146053 "-" "Mozilla/5.0 (Linux; Android 6.0.1; Nexus 5X Build/MMB29P) AppleWebKit/537.36 (KHTML, like Gecko) Chrome/133.0.6943.53 Mobile Safari/537.36 (compatible; GoogleOther) X-Middleton/1"
184.72.213.252 - - [23/Feb/2025:07:40:51 -0500] "GET /yamaha-f310-acoustic-guitar-review-2020/?ynzmini=/var/adm/ HTTP/1.1" 200 6467 "-" "Mozilla/5.0 AppleWebKit/537.36 (KHTML, like Gecko; compatible; Amazonbot/0.1; +https://developer.amazon.com/support/amazonbot) Chrome/119.0.6045.214 Safari/537.36 X-Middleton/1"
54.198.248.107 - - [23/Feb/2025:07:40:52 -0500] "GET /wood/r77?pid=9295 HTTP/1.1" 200 43282 "-" "Mozilla/5.0 AppleWebKit/537.36 (KHTML, like Gecko; compatible; ClaudeBot/1.0; +claudebot@anthropic.com) X-Middleton/1"
98.83.220.235 - - [23/Feb/2025:07:40:53 -0500] "GET /read/n151?file=%2Fhome%2Fguitarlisty%2Fpublic_html%2F%2Fwp-settings.php HTTP/1.1" 404 35337 "-" "Mozilla/5.0 AppleWebKit/537.36 (KHTML, like Gecko; compatible; ClaudeBot/1.0; +claudebot@anthropic.com) X-Middleton/1"
54.196.44.86 - - [23/Feb/2025:07:40:53 -0500] "GET /wood/l100?file=%2Fhome%2Fguitarlisty%2Fpublic_html%2Fwp-admin%2Fplugins.php HTTP/1.1" 200 8807 "-" "Mozilla/5.0 AppleWebKit/537.36 (KHTML, like Gecko; compatible; ClaudeBot/1.0; +claudebot@anthropic.com) X-Middleton/1"
3.90.112.236 - - [23/Feb/2025:07:40:53 -0500] "GET /pose/t213?file=%2Fhome%2Fguitarlisty%2Fpublic_html%2Fwp-includes%2Fdate.php HTTP/1.1" 200 6808 "-" "Mozilla/5.0 AppleWebKit/537.36 (KHTML, like Gecko; compatible; ClaudeBot/1.0; +claudebot@anthropic.com) X-Middleton/1"
35.171.189.120 - - [23/Feb/2025:07:40:53 -0500] "GET /wheel/t75?pid=4957 HTTP/1.1" 200 43286 "-" "Mozilla/5.0 (Linux; Android 8.0; Pixel 2 Build/OPD3.170816.012) AppleWebKit/537.36 (KHTML, like Gecko) Chrome/72.0.3626.121 Mobile Safari/537.36 (compatible; EzoicBot-Nicheiq; +http://www.ezoic.com/bot) X-Middleton/1"
54.198.85.7 - - [23/Feb/2025:07:40:54 -0500] "GET /m237037346?ynzmini=%2F%2F.. HTTP/1.1" 200 10184 "-" "Mozilla/5.0 AppleWebKit/537.36 (KHTML, like Gecko; compatible; ClaudeBot/1.0; +claudebot@anthropic.com) X-Middleton/1"
54.158.139.140 - - [23/Feb/2025:07:40:54 -0500] "GET /anyway/r20?pid=17320/help/help_04_2.html/shop/detail?shop_id=1 HTTP/1.1" 200 152035 "-" "Mozilla/5.0 (Linux; Android 6.0.1; Nexus 5X Build/MMB29P) AppleWebKit/537.36 (KHTML, like Gecko) Chrome/133.0.6943.53 Mobile Safari/537.36 (compatible; GoogleOther) X-Middleton/1"
54.196.44.86 - - [23/Feb/2025:07:40:55 -0500] "GET /yamaha-f310-acoustic-guitar-review-2020/?ynzmini=/var//db HTTP/1.1" 200 6750 "-" "Mozilla/5.0 AppleWebKit/537.36 (KHTML, like Gecko; compatible; Amazonbot/0.1; +https://developer.amazon.com/support/amazonbot) Chrome/119.0.6045.214 Safari/537.36 X-Middleton/1"
54.198.85.7 - - [23/Feb/2025:07:40:55 -0500] "GET /expose/s93?file=%2Fhome%2Fguitarlisty%2Fpublic_html%2Fwp-admin%2Fplugin-install.php HTTP/1.1" 200 14132 "-" "Mozilla/5.0 AppleWebKit/537.36 (KHTML, like Gecko; compatible; ClaudeBot/1.0; +claudebot@anthropic.com) X-Middleton/1"
34.229.105.159 - - [23/Feb/2025:07:40:57 -0500] "GET /dawn/j1?pid=40163 HTTP/1.1" 200 43282 "-" "Mozilla/5.0 AppleWebKit/537.36 (KHTML, like Gecko; compatible; ClaudeBot/1.0; +claudebot@anthropic.com) X-Middleton/1"
18.232.117.100 - - [23/Feb/2025:07:40:57 -0500] "GET /slot/r20?pid=17320/shop/detail?shop_id=1 HTTP/1.1" 200 150270 "-" "Mozilla/5.0 (Linux; Android 6.0.1; Nexus 5X Build/MMB29P) AppleWebKit/537.36 (KHTML, like Gecko) Chrome/133.0.6943.53 Mobile Safari/537.36 (compatible; GoogleOther) X-Middleton/1"
3.81.58.205 - - [23/Feb/2025:07:40:58 -0500] "GET /m219040854?file=%2Fhome%2Fguitarlisty%2Fpublic_html%2Fwp-admin%2Fitem.php HTTP/1.1" 404 8906 "-" "Mozilla/5.0 AppleWebKit/537.36 (KHTML, like Gecko; compatible; ClaudeBot/1.0; +claudebot@anthropic.com) X-Middleton/1"
54.208.214.128 - - [23/Feb/2025:07:40:58 -0500] "GET /m014015409?file=/home/guitarlisty/public_html/error_log HTTP/1.1" 200 144072 "-" "Mozilla/5.0 (Windows NT 6.2; WOW64) AppleWebKit/537.36 (KHTML, like Gecko) Chrome/27.0.1500.55 Safari/537.36 X-Middleton/1"
50.17.142.168 - - [23/Feb/2025:07:40:58 -0500] "GET /delay/z24?file=%2Fhome%2Fguitarlisty%2Fpublic_html%2Fdefaults.php&rename=true HTTP/1.1" 200 6572 "-" "Mozilla/5.0 AppleWebKit/537.36 (KHTML, like Gecko; compatible; ClaudeBot/1.0; +claudebot@anthropic.com) X-Middleton/1"
3.81.58.205 - - [23/Feb/2025:07:40:59 -0500] "GET /yamaha-f310-acoustic-guitar-review-2020/?ynzmini=/var/db HTTP/1.1" 200 6744 "-" "Mozilla/5.0 AppleWebKit/537.36 (KHTML, like Gecko; compatible; Amazonbot/0.1; +https://developer.amazon.com/support/amazonbot) Chrome/119.0.6045.214 Safari/537.36 X-Middleton/1"
54.242.51.163 - - [23/Feb/2025:07:40:59 -0500] "GET /highly/o73?file=%2Fhome%2Fguitarlisty%2Fpublic_html%2F%2Fplugins.php HTTP/1.1" 200 8697 "-" "Mozilla/5.0 AppleWebKit/537.36 (KHTML, like Gecko; compatible; ClaudeBot/1.0; +claudebot@anthropic.com) X-Middleton/1"
107.20.82.18 - - [23/Feb/2025:07:41:00 -0500] "GET /spring/p59?ynzmini=%2Fhome%2Fguitarlisty%2Fpublic_html%2Fsym404%2Fsaslauth-IPB.txt404 HTTP/1.1" 200 7015 "-" "Mozilla/5.0 AppleWebKit/537.36 (KHTML, like Gecko; compatible; ClaudeBot/1.0; +claudebot@anthropic.com) X-Middleton/1"
3.89.44.170 - - [23/Feb/2025:07:41:01 -0500] "GET /expedition/r20?pid=17320/shop/detail?shop_id=1/help/help_04_2.html/help/help_04_2.html HTTP/1.1" 200 156361 "-" "Mozilla/5.0 (Linux; Android 6.0.1; Nexus 5X Build/MMB29P) AppleWebKit/537.36 (KHTML, like Gecko) Chrome/133.0.6943.53 Mobile Safari/537.36 (compatible; GoogleOther) X-Middleton/1"
3.90.42.123 - - [23/Feb/2025:07:41:01 -0500] "GET /pages.php?78zwjk111.html HTTP/1.1" 500 45913 "-" "Mozilla/5.0 AppleWebKit/537.36 (KHTML, like Gecko; compatible; GPTBot/1.2; +https://openai.com/gptbot) X-Middleton/1"
3.82.56.176 - - [23/Feb/2025:07:41:01 -0500] "GET /wp-login.php HTTP/1.1" 200 43283 "-" "GRequests/0.10 X-Middleton/1"
50.17.142.168 - - [23/Feb/2025:07:41:01 -0500] "GET /m167026344?srsltid=AfmBOoGrPLhRpfHHqMgMO6_QlQcPdlhAn_krswPkvb-H-fNG5QCHXB HTTP/1.1" 200 43285 "-" "Mozilla/5.0 (Linux; Android 8.0; Pixel 2 Build/OPD3.170816.012) AppleWebKit/537.36 (KHTML, like Gecko) Chrome/72.0.3626.121 Mobile Safari/537.36 (compatible; EzoicBot-Nicheiq; +http://www.ezoic.com/bot) X-Middleton/1"
107.20.82.18 - - [23/Feb/2025:07:41:02 -0500] "POST /wp-login.php HTTP/1.1" 200 43288 "-" "GRequests/0.10 X-Middleton/1"
66.249.79.100 - - [23/Feb/2025:07:41:02 -0500] "GET /m046000563?srsltid=AfmBOopKLePZGzSZMt7Jd1_FLEX9DdNHJ_Ald1nJkS-W-3LaHW4TnV HTTP/1.1" 200 24669 "-" "Mozilla/5.0 (Linux; Android 6.0.1; Nexus 5X Build/MMB29P) AppleWebKit/537.36 (KHTML, like Gecko) Chrome/133.0.6943.126 Mobile Safari/537.36 (compatible; Googlebot/2.1; +http://www.google.com/bot.html)"
3.90.42.123 - - [23/Feb/2025:07:41:02 -0500] "GET /past/j180?pid=2550 HTTP/1.1" 200 43279 "-" "Mozilla/5.0 AppleWebKit/537.36 (KHTML, like Gecko; compatible; ClaudeBot/1.0; +claudebot@anthropic.com) X-Middleton/1"
3.81.133.169 - - [23/Feb/2025:07:41:02 -0500] "GET /wp-admin/ HTTP/1.1" 200 86689 "-" "GRequests/0.10 X-Middleton/1"
107.20.115.131 - - [23/Feb/2025:07:41:02 -0500] "GET /tag/y253?pid=2711 HTTP/1.1" 200 43282 "-" "Mozilla/5.0 AppleWebKit/537.36 (KHTML, like Gecko; compatible; ClaudeBot/1.0; +claudebot@anthropic.com) X-Middleton/1"
3.81.133.169 - - [23/Feb/2025:07:41:03 -0500] "GET /lawyer/z126?file=%2Fhome%2Fguitarlisty%2Fpublic_html%2F%2Fwp-trackback.php HTTP/1.1" 200 11554 "-" "Mozilla/5.0 AppleWebKit/537.36 (KHTML, like Gecko; compatible; ClaudeBot/1.0; +claudebot@anthropic.com) X-Middleton/1"
35.173.219.106 - - [23/Feb/2025:07:41:03 -0500] "GET /yamaha-f310-acoustic-guitar-review-2020/?rmfolder=/var/db HTTP/1.1" 200 43286 "-" "Mozilla/5.0 AppleWebKit/537.36 (KHTML, like Gecko; compatible; Amazonbot/0.1; +https://developer.amazon.com/support/amazonbot) Chrome/119.0.6045.214 Safari/537.36 X-Middleton/1"
52.207.162.105 - - [23/Feb/2025:07:41:03 -0500] "GET /m094043035?ynzmini=%2Fhome%2Fguitarlisty%2Fpublic_html%2Fsym404%2Fbin-MyBB.txt404 HTTP/1.1" 200 6991 "-" "Mozilla/5.0 AppleWebKit/537.36 (KHTML, like Gecko; compatible; ClaudeBot/1.0; +claudebot@anthropic.com) X-Middleton/1"
54.164.180.114 - - [23/Feb/2025:07:41:04 -0500] "GET /and/g216?ynzmini=%2Fhome%2Fguitarlisty%2Fpublic_html%2F%2F.well-known.tmp HTTP/1.1" 200 7885 "-" "Mozilla/5.0 AppleWebKit/537.36 (KHTML, like Gecko; compatible; ClaudeBot/1.0; +claudebot@anthropic.com) X-Middleton/1"
3.81.110.12 - - [23/Feb/2025:07:41:04 -0500] "GET /mud/r20?pid=17320/86699help/help_04_2.html HTTP/1.1" 200 154082 "-" "Mozilla/5.0 (Linux; Android 6.0.1; Nexus 5X Build/MMB29P) AppleWebKit/537.36 (KHTML, like Gecko) Chrome/133.0.6943.53 Mobile Safari/537.36 (compatible; GoogleOther) X-Middleton/1"
52.71.251.0 - - [23/Feb/2025:07:41:05 -0500] "GET /m278024611?ynzmini=%2Fhome%2Fguitarlisty%2Fpublic_html%2Fsym404%2Fchrony-Ellislab.txt404 HTTP/1.1" 200 7033 "-" "Mozilla/5.0 AppleWebKit/537.36 (KHTML, like Gecko; compatible; ClaudeBot/1.0; +claudebot@anthropic.com) X-Middleton/1"
3.81.133.169 - - [23/Feb/2025:07:41:06 -0500] "POST /xmlrpc.php HTTP/1.1" 403 199 "-" "Mozilla/5.0 (Windows NT 10.0; Win64; x64) AppleWebKit/537.36 (KHTML, like Gecko) Chrome/114.0.0.0 Safari/537.36 X-Middleton/1"
3.90.39.225 - - [23/Feb/2025:07:41:07 -0500] "POST /xmlrpc.php HTTP/1.1" 403 199 "-" "Mozilla/5.0 (Windows NT 10.0; Win64; x64) AppleWebKit/537.36 (KHTML, like Gecko) Chrome/114.0.0.0 Safari/537.36 X-Middleton/1"
18.212.120.70 - - [23/Feb/2025:07:41:07 -0500] "GET /consult/f250?pid=956 HTTP/1.1" 500 45915 "-" "Mozilla/5.0 AppleWebKit/537.36 (KHTML, like Gecko; compatible; ClaudeBot/1.0; +claudebot@anthropic.com) X-Middleton/1"
54.242.51.163 - - [23/Feb/2025:07:41:07 -0500] "GET /stack/u51?pid=25121 HTTP/1.1" 200 43281 "-" "Mozilla/5.0 AppleWebKit/537.36 (KHTML, like Gecko; compatible; ClaudeBot/1.0; +claudebot@anthropic.com) X-Middleton/1"
54.209.250.19 - - [23/Feb/2025:07:41:07 -0500] "GET /yamaha-f310-acoustic-guitar-review-2020/?ynzmini=/var/db/ HTTP/1.1" 200 6749 "-" "Mozilla/5.0 AppleWebKit/537.36 (KHTML, like Gecko; compatible; Amazonbot/0.1; +https://developer.amazon.com/support/amazonbot) Chrome/119.0.6045.214 Safari/537.36 X-Middleton/1"
35.173.180.132 - - [23/Feb/2025:07:41:07 -0500] "GET /somebody/r20?pid=17320/shop/detail?shop_id=1 HTTP/1.1" 200 151259 "-" "Mozilla/5.0 (Linux; Android 6.0.1; Nexus 5X Build/MMB29P) AppleWebKit/537.36 (KHTML, like Gecko) Chrome/133.0.6943.53 Mobile Safari/537.36 (compatible; GoogleOther) X-Middleton/1"
54.162.136.253 - - [23/Feb/2025:07:41:08 -0500] "GET /m219040854?file=%2Fhome%2Fguitarlisty%2Fpublic_html%2Fwp-admin%2Fmedia-new.php HTTP/1.1" 200 10142 "-" "Mozilla/5.0 AppleWebKit/537.36 (KHTML, like Gecko; compatible; ClaudeBot/1.0; +claudebot@anthropic.com) X-Middleton/1"
54.158.139.140 - - [23/Feb/2025:07:41:08 -0500] "GET /subtle/m182?ynzmini=%2Fhome%2Fguitarlisty%2Fpublic_html%2Fsym404%2Fnamed-IPB.txt404 HTTP/1.1" 200 6997 "-" "Mozilla/5.0 AppleWebKit/537.36 (KHTML, like Gecko; compatible; ClaudeBot/1.0; +claudebot@anthropic.com) X-Middleton/1"
54.198.85.7 - - [23/Feb/2025:07:41:09 -0500] "GET /m174018837?srsltid=AfmBOogKfjLtoulrZ2B7Ob_oiSrcDxK06_zOHMeNf2-C-BECHj9ODo HTTP/1.1" 200 43283 "-" "Mozilla/5.0 (Linux; Android 8.0; Pixel 2 Build/OPD3.170816.012) AppleWebKit/537.36 (KHTML, like Gecko) Chrome/72.0.3626.121 Mobile Safari/537.36 (compatible; EzoicBot-Nicheiq; +http://www.ezoic.com/bot) X-Middleton/1"
3.80.165.4 - - [23/Feb/2025:07:41:11 -0500] "GET /arena/r20?pid=17320/shop/detail?shop_id=1/help/help_04_2.html HTTP/1.1" 200 457311 "-" "Mozilla/5.0 (Linux; Android 6.0.1; Nexus 5X Build/MMB29P) AppleWebKit/537.36 (KHTML, like Gecko) Chrome/133.0.6943.53 Mobile Safari/537.36 (compatible; GoogleOther) X-Middleton/1"
3.94.247.247 - - [23/Feb/2025:07:41:11 -0500] "GET /yamaha-f310-acoustic-guitar-review-2020/?rmfolder=/var/db/ HTTP/1.1" 500 45918 "-" "Mozilla/5.0 AppleWebKit/537.36 (KHTML, like Gecko; compatible; Amazonbot/0.1; +https://developer.amazon.com/support/amazonbot) Chrome/119.0.6045.214 Safari/537.36 X-Middleton/1"
3.80.165.4 - - [23/Feb/2025:07:41:11 -0500] "GET /m/liber61117893.html?s=fRnNPFOdM HTTP/1.1" 200 155198 "-" "Mozilla/5.0 (Linux; Android 6.0.1; Nexus 5X Build/MMB29P) AppleWebKit/537.36 (KHTML, like Gecko) Chrome/133.0.6943.53 Mobile Safari/537.36 (compatible; Googlebot/2.1; +http://www.google.com/bot.html) X-Middleton/1"
3.82.56.176 - - [23/Feb/2025:07:41:12 -0500] "GET /working/f122?pid=44232 HTTP/1.1" 200 43279 "-" "Mozilla/5.0 AppleWebKit/537.36 (KHTML, like Gecko; compatible; ClaudeBot/1.0; +claudebot@anthropic.com) X-Middleton/1"
54.158.139.140 - - [23/Feb/2025:07:41:12 -0500] "GET /fine/y240?pid=25116 HTTP/1.1" 200 43282 "-" "Mozilla/5.0 AppleWebKit/537.36 (KHTML, like Gecko; compatible; ClaudeBot/1.0; +claudebot@anthropic.com) X-Middleton/1"
18.232.117.100 - - [23/Feb/2025:07:41:13 -0500] "GET /m112014609?file=%2Fhome%2Fguitarlisty%2Fpublic_html%2Fwp-admin%2Fedit-form-advanced.php HTTP/1.1" 200 39195 "-" "Mozilla/5.0 AppleWebKit/537.36 (KHTML, like Gecko; compatible; ClaudeBot/1.0; +claudebot@anthropic.com) X-Middleton/1"
52.71.251.0 - - [23/Feb/2025:07:41:14 -0500] "GET /reward/r20?pid=17320/shop/detail?shop_id=1 HTTP/1.1" 200 162145 "-" "Mozilla/5.0 (Linux; Android 6.0.1; Nexus 5X Build/MMB29P) AppleWebKit/537.36 (KHTML, like Gecko) Chrome/133.0.6943.53 Mobile Safari/537.36 (compatible; GoogleOther) X-Middleton/1"
3.80.165.4 - - [23/Feb/2025:07:41:15 -0500] "GET /m014015409?file=/home/guitarlisty/public_html/radio.php HTTP/1.1" 200 11243 "-" "Mozilla/5.0 (Windows; U; Windows NT 5.2; en-US) AppleWebKit/533.4 (KHTML, like Gecko) Chrome/5.0.375.126 Safari/533.4 X-Middleton/1"
3.94.247.247 - - [23/Feb/2025:07:41:15 -0500] "GET /yamaha-f310-acoustic-guitar-review-2020/?ynzmini=/var/db/. HTTP/1.1" 200 6825 "-" "Mozilla/5.0 AppleWebKit/537.36 (KHTML, like Gecko; compatible; Amazonbot/0.1; +https://developer.amazon.com/support/amazonbot) Chrome/119.0.6045.214 Safari/537.36 X-Middleton/1"
52.207.162.105 - - [23/Feb/2025:07:41:17 -0500] "GET /m167011476?srsltid=AfmBOoJRWeQHwrmItVdhQ6_N4QK9CLSYs_xaQVrC8e-M-GJe7H3V9V HTTP/1.1" 500 45916 "-" "Mozilla/5.0 AppleWebKit/537.36 (KHTML, like Gecko; compatible; ClaudeBot/1.0; +claudebot@anthropic.com) X-Middleton/1"
54.156.59.106 - - [23/Feb/2025:07:41:17 -0500] "GET /advice/w156?pid=9992 HTTP/1.1" 200 43281 "-" "Mozilla/5.0 AppleWebKit/537.36 (KHTML, like Gecko; compatible; ClaudeBot/1.0; +claudebot@anthropic.com) X-Middleton/1"
35.171.189.120 - - [23/Feb/2025:07:41:17 -0500] "GET /ribbon/q144?pid=15822 HTTP/1.1" 200 43286 "-" "Mozilla/5.0 (Linux; Android 8.0; Pixel 2 Build/OPD3.170816.012) AppleWebKit/537.36 (KHTML, like Gecko) Chrome/72.0.3626.121 Mobile Safari/537.36 (compatible; EzoicBot-Nicheiq; +http://www.ezoic.com/bot) X-Middleton/1"
98.83.149.163 - - [23/Feb/2025:07:41:18 -0500] "GET /comparable/r20?pid=17320 HTTP/1.1" 200 147306 "-" "Mozilla/5.0 (Linux; Android 6.0.1; Nexus 5X Build/MMB29P) AppleWebKit/537.36 (KHTML, like Gecko) Chrome/133.0.6943.53 Mobile Safari/537.36 (compatible; GoogleOther) X-Middleton/1"
3.90.112.236 - - [23/Feb/2025:07:41:19 -0500] "GET /m073032528?ynzmini=%2F%2Fetc HTTP/1.1" 200 60520 "-" "Mozilla/5.0 AppleWebKit/537.36 (KHTML, like Gecko; compatible; ClaudeBot/1.0; +claudebot@anthropic.com) X-Middleton/1"
54.162.136.253 - - [23/Feb/2025:07:41:19 -0500] "GET /yamaha-f310-acoustic-guitar-review-2020/?rmfolder=/var//db HTTP/1.1" 500 45920 "-" "Mozilla/5.0 AppleWebKit/537.36 (KHTML, like Gecko; compatible; Amazonbot/0.1; +https://developer.amazon.com/support/amazonbot) Chrome/119.0.6045.214 Safari/537.36 X-Middleton/1"
54.158.139.140 - - [23/Feb/2025:07:41:21 -0500] "GET /conventional/r20?pid=17320/shop/detail?shop_id=1/help/help_04_2.html/86699help/help_04_2.html HTTP/1.1" 200 155803 "-" "Mozilla/5.0 (Linux; Android 6.0.1; Nexus 5X Build/MMB29P) AppleWebKit/537.36 (KHTML, like Gecko) Chrome/133.0.6943.53 Mobile Safari/537.36 (compatible; GoogleOther) X-Middleton/1"
54.158.139.140 - - [23/Feb/2025:07:41:22 -0500] "GET /killing/l277?pid=6827 HTTP/1.1" 500 45916 "-" "Mozilla/5.0 AppleWebKit/537.36 (KHTML, like Gecko; compatible; ClaudeBot/1.0; +claudebot@anthropic.com) X-Middleton/1"
54.226.129.235 - - [23/Feb/2025:07:41:09 -0500] "GET /forever/p81?file=%2Fhome%2Fguitarlisty%2Fpublic_html%2Fwp-content%2Ferror_log HTTP/1.1" 200 38450554 "-" "Mozilla/5.0 AppleWebKit/537.36 (KHTML, like Gecko; compatible; ClaudeBot/1.0; +claudebot@anthropic.com) X-Middleton/1"
54.158.139.140 - - [23/Feb/2025:07:41:23 -0500] "GET /yamaha-f310-acoustic-guitar-review-2020/?ynzmini=/var//db/ HTTP/1.1" 200 6755 "-" "Mozilla/5.0 AppleWebKit/537.36 (KHTML, like Gecko; compatible; Amazonbot/0.1; +https://developer.amazon.com/support/amazonbot) Chrome/119.0.6045.214 Safari/537.36 X-Middleton/1"
23.22.111.12 - - [23/Feb/2025:07:41:24 -0500] "GET /plain/o212?ynzmini=%2F%2Froot HTTP/1.1" 200 6136 "-" "Mozilla/5.0 AppleWebKit/537.36 (KHTML, like Gecko; compatible; ClaudeBot/1.0; +claudebot@anthropic.com) X-Middleton/1"
54.156.59.106 - - [23/Feb/2025:07:41:24 -0500] "GET /lunch/k149?pid=10191/shop/detail?shop_id=1 HTTP/1.1" 200 141044 "-" "Mozilla/5.0 (Linux; Android 6.0.1; Nexus 5X Build/MMB29P) AppleWebKit/537.36 (KHTML, like Gecko) Chrome/133.0.6943.53 Mobile Safari/537.36 (compatible; GoogleOther) X-Middleton/1"
107.20.82.18 - - [23/Feb/2025:07:41:25 -0500] "GET /m072004509?srsltid=AfmBOoeRovIGdQNRWeOaXk_itQINK7Tc3_dVN3Bfw9-D-FalRVLxdD HTTP/1.1" 200 43284 "-" "Mozilla/5.0 (Linux; Android 8.0; Pixel 2 Build/OPD3.170816.012) AppleWebKit/537.36 (KHTML, like Gecko) Chrome/72.0.3626.121 Mobile Safari/537.36 (compatible; EzoicBot-Nicheiq; +http://www.ezoic.com/bot) X-Middleton/1"
54.234.205.77 - - [23/Feb/2025:07:41:26 -0500] "GET /guilty/v195?rmfolder=%2Fhome%2F HTTP/1.1" 200 43281 "-" "Mozilla/5.0 AppleWebKit/537.36 (KHTML, like Gecko; compatible; ClaudeBot/1.0; +claudebot@anthropic.com) X-Middleton/1"
98.83.220.235 - - [23/Feb/2025:07:41:27 -0500] "GET /yamaha-f310-acoustic-guitar-review-2020/?ynzmini=/var//ftp HTTP/1.1" 404 6468 "-" "Mozilla/5.0 AppleWebKit/537.36 (KHTML, like Gecko; compatible; Amazonbot/0.1; +https://developer.amazon.com/support/amazonbot) Chrome/119.0.6045.214 Safari/537.36 X-Middleton/1"
54.158.15.14 - - [23/Feb/2025:07:41:27 -0500] "GET /regulation/o60?pid=19808 HTTP/1.1" 200 43280 "-" "Mozilla/5.0 AppleWebKit/537.36 (KHTML, like Gecko; compatible; ClaudeBot/1.0; +claudebot@anthropic.com) X-Middleton/1"
35.173.180.132 - - [23/Feb/2025:07:41:27 -0500] "GET /?_g=10178124/86699help/help_04_2.html/86699help/help_04_2.html HTTP/1.1" 200 473276 "-" "Mozilla/5.0 (Linux; Android 6.0.1; Nexus 5X Build/MMB29P) AppleWebKit/537.36 (KHTML, like Gecko) Chrome/133.0.6943.126 Mobile Safari/537.36 (compatible; Googlebot/2.1; +http://www.google.com/bot.html) X-Middleton/1"
66.249.79.36 - - [23/Feb/2025:07:41:28 -0500] "GET /exercise/s211?pid=5945 HTTP/1.1" 200 26041 "-" "Mozilla/5.0 (Linux; Android 6.0.1; Nexus 5X Build/MMB29P) AppleWebKit/537.36 (KHTML, like Gecko) Chrome/133.0.6943.53 Mobile Safari/537.36 (compatible; Googlebot/2.1; +http://www.google.com/bot.html)"
98.83.149.163 - - [23/Feb/2025:07:41:29 -0500] "GET /m135033134?file=%2Fetc%2Fpasswd HTTP/1.1" 200 10247 "-" "Mozilla/5.0 AppleWebKit/537.36 (KHTML, like Gecko; compatible; ClaudeBot/1.0; +claudebot@anthropic.com) X-Middleton/1"
3.87.139.20 - - [23/Feb/2025:07:41:31 -0500] "GET /m014015409?ynzmini=/home/guitarlisty/public_html/.well-known HTTP/1.1" 404 7405 "-" "Mozilla/5.0 (Windows NT 5.1) AppleWebKit/535.1 (KHTML, like Gecko) Chrome/14.0.815.0 Safari/535.1 X-Middleton/1"
54.198.248.107 - - [23/Feb/2025:07:41:31 -0500] "GET /stance/g246?file=%2Fetc%2Fresolv.conf&rename=true HTTP/1.1" 200 6468 "-" "Mozilla/5.0 AppleWebKit/537.36 (KHTML, like Gecko; compatible; ClaudeBot/1.0; +claudebot@anthropic.com) X-Middleton/1"
52.207.162.105 - - [23/Feb/2025:07:41:31 -0500] "GET /yamaha-f310-acoustic-guitar-review-2020/?ynzmini=/var//lib HTTP/1.1" 200 13357 "-" "Mozilla/5.0 AppleWebKit/537.36 (KHTML, like Gecko; compatible; Amazonbot/0.1; +https://developer.amazon.com/support/amazonbot) Chrome/119.0.6045.214 Safari/537.36 X-Middleton/1"
34.226.215.117 - - [23/Feb/2025:07:41:31 -0500] "GET /leaf/r20?pid=17320/shop/detail?shop_id=1/help/help_04_2.html/86699help/help_04_2.html HTTP/1.1" 200 456496 "-" "Mozilla/5.0 (Linux; Android 6.0.1; Nexus 5X Build/MMB29P) AppleWebKit/537.36 (KHTML, like Gecko) Chrome/133.0.6943.53 Mobile Safari/537.36 (compatible; GoogleOther) X-Middleton/1"
66.249.79.163 - - [23/Feb/2025:07:41:30 -0500] "GET /product/am12773688.htm?s=fbDjZhDNz HTTP/1.1" 200 72494 "-" "Mozilla/5.0 (Linux; Android 6.0.1; Nexus 5X Build/MMB29P) AppleWebKit/537.36 (KHTML, like Gecko) Chrome/133.0.6943.53 Mobile Safari/537.36 (compatible; Googlebot/2.1; +http://www.google.com/bot.html)"
3.90.39.225 - - [23/Feb/2025:07:41:33 -0500] "GET /pages.php?77ach44978.html HTTP/1.1" 200 43283 "-" "Mozilla/5.0 AppleWebKit/537.36 (KHTML, like Gecko; compatible; GPTBot/1.2; +https://openai.com/gptbot) X-Middleton/1"
107.20.115.131 - - [23/Feb/2025:07:41:33 -0500] "GET /list/e16?pid=1188 HTTP/1.1" 500 45920 "-" "Mozilla/5.0 (Linux; Android 8.0; Pixel 2 Build/OPD3.170816.012) AppleWebKit/537.36 (KHTML, like Gecko) Chrome/72.0.3626.121 Mobile Safari/537.36 (compatible; EzoicBot-Nicheiq; +http://www.ezoic.com/bot) X-Middleton/1"
66.249.79.161 - - [23/Feb/2025:07:41:33 -0500] "GET /product/bang10754712.htm?s=fBok1qmBH HTTP/1.1" 200 73155 "-" "Mozilla/5.0 (Linux; Android 6.0.1; Nexus 5X Build/MMB29P) AppleWebKit/537.36 (KHTML, like Gecko) Chrome/133.0.6943.53 Mobile Safari/537.36 (compatible; Googlebot/2.1; +http://www.google.com/bot.html)"
107.20.115.131 - - [23/Feb/2025:07:41:34 -0500] "GET /priest/d249?ynzmini=%2Fhome%2F%2Fdanallen HTTP/1.1" 404 6213 "-" "Mozilla/5.0 AppleWebKit/537.36 (KHTML, like Gecko; compatible; ClaudeBot/1.0; +claudebot@anthropic.com) X-Middleton/1"
107.20.82.18 - - [23/Feb/2025:07:41:34 -0500] "GET /intense/k149?pid=10191/help/help_04_2.html/86699help/help_04_2.html HTTP/1.1" 200 148191 "-" "Mozilla/5.0 (Linux; Android 6.0.1; Nexus 5X Build/MMB29P) AppleWebKit/537.36 (KHTML, like Gecko) Chrome/133.0.6943.53 Mobile Safari/537.36 (compatible; GoogleOther) X-Middleton/1"
54.164.180.114 - - [23/Feb/2025:07:41:35 -0500] "GET /yamaha-f310-acoustic-guitar-review-2020/?ynzmini=/var//log HTTP/1.1" 200 22993 "-" "Mozilla/5.0 AppleWebKit/537.36 (KHTML, like Gecko; compatible; Amazonbot/0.1; +https://developer.amazon.com/support/amazonbot) Chrome/119.0.6045.214 Safari/537.36 X-Middleton/1"
18.212.120.70 - - [23/Feb/2025:07:41:36 -0500] "GET /concept/u186?ynzmini=%2F%2Fvar HTTP/1.1" 200 10228 "-" "Mozilla/5.0 AppleWebKit/537.36 (KHTML, like Gecko; compatible; ClaudeBot/1.0; +claudebot@anthropic.com) X-Middleton/1"
66.249.79.168 - - [23/Feb/2025:07:41:36 -0500] "GET /m031026046?srsltid=AfmBOoZUdAfsUkKPFoJBIV_FBOSRqxZI8_ljAFvBxE-N-WTtD6ZGVt HTTP/1.1" 200 25980 "-" "Mozilla/5.0 (Linux; Android 6.0.1; Nexus 5X Build/MMB29P) AppleWebKit/537.36 (KHTML, like Gecko) Chrome/133.0.6943.53 Mobile Safari/537.36 (compatible; Googlebot/2.1; +http://www.google.com/bot.html)"
107.20.82.18 - - [23/Feb/2025:07:41:38 -0500] "GET /strain/r20?pid=17320/help/help_04_2.html/help/help_04_2.html HTTP/1.1" 200 143745 "-" "Mozilla/5.0 (Linux; Android 6.0.1; Nexus 5X Build/MMB29P) AppleWebKit/537.36 (KHTML, like Gecko) Chrome/133.0.6943.53 Mobile Safari/537.36 (compatible; GoogleOther) X-Middleton/1"
98.83.220.235 - - [23/Feb/2025:07:41:39 -0500] "GET /yamaha-f310-acoustic-guitar-review-2020/?ynzmini=/var/log HTTP/1.1" 404 22886 "-" "Mozilla/5.0 AppleWebKit/537.36 (KHTML, like Gecko; compatible; Amazonbot/0.1; +https://developer.amazon.com/support/amazonbot) Chrome/119.0.6045.214 Safari/537.36 X-Middleton/1"
52.205.171.15 - - [23/Feb/2025:07:41:39 -0500] "GET /refer/z262?ynzmini=%2Fhome%2F%2Fguitarlisty HTTP/1.1" 200 10802 "-" "Mozilla/5.0 AppleWebKit/537.36 (KHTML, like Gecko; compatible; ClaudeBot/1.0; +claudebot@anthropic.com) X-Middleton/1"
66.249.79.100 - - [23/Feb/2025:07:41:40 -0500] "GET /?_gl=1*vh58hmr*_ga*EXToAlFJwRYpgVTeJsWplujaYQPc*_ga_WOFYXAAEN*cWLVfT2HeciVwNlziEl6SGfLs2OnGCvHxPtjfCNQnQHqA4vyq0oe840.*_gcl_au=1.1.194640782.172577845*_gcl_aw=THN.179752491.hnZMORCn00MjXvwovv36SeIPgFvoABtNbX9FlansOvRm3oQJbsSkj0zGJzOV1o0Om00exiQXfZlbJuvRNZgGHy86It..&_gz=2.190250077.195087644.175979387-868069975.165188223&_bdsid=e87uh2.n~WLYCM.179843946.179343862&_bd_prev_page=https://www.host.interactivevillages.com/cart.htm?item/u94/22666/ HTTP/1.1" 200 27268 "-" "Mozilla/5.0 (compatible; Googlebot/2.1; +http://www.google.com/bot.html)"
52.205.171.15 - - [23/Feb/2025:07:41:41 -0500] "GET /aid/e285?ynzmini=%2Fhome%2F%2Fmarkaust HTTP/1.1" 200 6213 "-" "Mozilla/5.0 AppleWebKit/537.36 (KHTML, like Gecko; compatible; ClaudeBot/1.0; +claudebot@anthropic.com) X-Middleton/1"
52.207.162.105 - - [23/Feb/2025:07:41:41 -0500] "GET /those/t241?pid=2155 HTTP/1.1" 200 43282 "-" "Mozilla/5.0 AppleWebKit/537.36 (KHTML, like Gecko; compatible; ClaudeBot/1.0; +claudebot@anthropic.com) X-Middleton/1"
54.158.15.14 - - [23/Feb/2025:07:41:41 -0500] "GET /reader/k149?pid=29619/shop/detail?shop_id=1/help/help_04_2.html/86699help/help_04_2.html HTTP/1.1" 200 149239 "-" "Mozilla/5.0 (Linux; Android 6.0.1; Nexus 5X Build/MMB29P) AppleWebKit/537.36 (KHTML, like Gecko) Chrome/133.0.6943.53 Mobile Safari/537.36 (compatible; GoogleOther) X-Middleton/1"
3.81.133.169 - - [23/Feb/2025:07:41:41 -0500] "GET /handsome/r107?pid=24495 HTTP/1.1" 200 43284 "-" "Mozilla/5.0 (Linux; Android 8.0; Pixel 2 Build/OPD3.170816.012) AppleWebKit/537.36 (KHTML, like Gecko) Chrome/72.0.3626.121 Mobile Safari/537.36 (compatible; EzoicBot-Nicheiq; +http://www.ezoic.com/bot) X-Middleton/1"
54.209.250.19 - - [23/Feb/2025:07:41:43 -0500] "GET /yamaha-f310-acoustic-guitar-review-2020/?ynzmini=/var//nis HTTP/1.1" 200 6468 "-" "Mozilla/5.0 AppleWebKit/537.36 (KHTML, like Gecko; compatible; Amazonbot/0.1; +https://developer.amazon.com/support/amazonbot) Chrome/119.0.6045.214 Safari/537.36 X-Middleton/1"
54.196.44.86 - - [23/Feb/2025:07:41:44 -0500] "GET /lake/j165?ynzmini=%2Fhome%2Fguitarlisty%2Fpublic_html%2F..%2Flogs HTTP/1.1" 404 7901 "-" "Mozilla/5.0 AppleWebKit/537.36 (KHTML, like Gecko; compatible; ClaudeBot/1.0; +claudebot@anthropic.com) X-Middleton/1"
54.198.248.107 - - [23/Feb/2025:07:41:45 -0500] "GET /sugar/r20?pid=17320/help/help_04_2.html/shop/detail?shop_id=1 HTTP/1.1" 200 152391 "-" "Mozilla/5.0 (Linux; Android 6.0.1; Nexus 5X Build/MMB29P) AppleWebKit/537.36 (KHTML, like Gecko) Chrome/133.0.6943.53 Mobile Safari/537.36 (compatible; GoogleOther) X-Middleton/1"
107.20.82.18 - - [23/Feb/2025:07:41:45 -0500] "GET /fair/u129?pid=24639 HTTP/1.1" 200 43280 "-" "Mozilla/5.0 AppleWebKit/537.36 (KHTML, like Gecko; compatible; ClaudeBot/1.0; +claudebot@anthropic.com) X-Middleton/1"
3.90.112.236 - - [23/Feb/2025:07:41:46 -0500] "GET /priest/d249?ynzmini=%2Fhome%2F%2Fwecanrec HTTP/1.1" 200 6213 "-" "Mozilla/5.0 AppleWebKit/537.36 (KHTML, like Gecko; compatible; ClaudeBot/1.0; +claudebot@anthropic.com) X-Middleton/1"
18.212.120.70 - - [23/Feb/2025:07:41:46 -0500] "GET /m014015409?ynzmini=/home/guitarlisty/public_html/sym404 HTTP/1.1" 200 264536 "-" "Mozilla/5.0 (Macintosh; Intel Mac OS X 10_7_0) AppleWebKit/534.24 (KHTML, like Gecko) Chrome/11.0.696.0 Safari/534.24 X-Middleton/1"
23.22.111.12 - - [23/Feb/2025:07:41:47 -0500] "GET /yamaha-f310-acoustic-guitar-review-2020/?ynzmini=/var/nis HTTP/1.1" 200 6464 "-" "Mozilla/5.0 AppleWebKit/537.36 (KHTML, like Gecko; compatible; Amazonbot/0.1; +https://developer.amazon.com/support/amazonbot) Chrome/119.0.6045.214 Safari/537.36 X-Middleton/1"
54.226.129.235 - - [23/Feb/2025:07:41:47 -0500] "GET /m062045963?ynzmini=%2F%2Ftmp HTTP/1.1" 200 6818 "-" "Mozilla/5.0 AppleWebKit/537.36 (KHTML, like Gecko; compatible; ClaudeBot/1.0; +claudebot@anthropic.com) X-Middleton/1"
54.234.205.77 - - [23/Feb/2025:07:41:48 -0500] "GET /rhythm/r20?pid=17320/help/help_04_2.html/86699help/help_04_2.html HTTP/1.1" 200 160491 "-" "Mozilla/5.0 (Linux; Android 6.0.1; Nexus 5X Build/MMB29P) AppleWebKit/537.36 (KHTML, like Gecko) Chrome/133.0.6943.53 Mobile Safari/537.36 (compatible; GoogleOther) X-Middleton/1"
184.72.213.252 - - [23/Feb/2025:07:41:49 -0500] "GET /dancer/z158?pid=14304 HTTP/1.1" 500 45920 "-" "Mozilla/5.0 (Linux; Android 8.0; Pixel 2 Build/OPD3.170816.012) AppleWebKit/537.36 (KHTML, like Gecko) Chrome/72.0.3626.121 Mobile Safari/537.36 (compatible; EzoicBot-Nicheiq; +http://www.ezoic.com/bot) X-Middleton/1"
50.17.142.168 - - [23/Feb/2025:07:41:50 -0500] "GET /blue/u52?file=%2Fhome%2Fguitarlisty%2Fpublic_html%2Fwp-includes%2F36e HTTP/1.1" 200 14238 "-" "Mozilla/5.0 AppleWebKit/537.36 (KHTML, like Gecko; compatible; ClaudeBot/1.0; +claudebot@anthropic.com) X-Middleton/1"
3.90.39.225 - - [23/Feb/2025:07:41:50 -0500] "GET /track/w75?pid=11099 HTTP/1.1" 200 43279 "-" "Mozilla/5.0 AppleWebKit/537.36 (KHTML, like Gecko; compatible; ClaudeBot/1.0; +claudebot@anthropic.com) X-Middleton/1"
54.242.51.163 - - [23/Feb/2025:07:41:51 -0500] "GET /elder/a247?ynzmini=%2Fhome%2Fguitarlisty%2Fpublic_html%2Fas%2F. HTTP/1.1" 200 7224 "-" "Mozilla/5.0 AppleWebKit/537.36 (KHTML, like Gecko; compatible; ClaudeBot/1.0; +claudebot@anthropic.com) X-Middleton/1"
3.94.247.247 - - [23/Feb/2025:07:41:51 -0500] "GET /yamaha-f310-acoustic-guitar-review-2020/?rmfolder=/var/nis HTTP/1.1" 200 43284 "-" "Mozilla/5.0 AppleWebKit/537.36 (KHTML, like Gecko; compatible; Amazonbot/0.1; +https://developer.amazon.com/support/amazonbot) Chrome/119.0.6045.214 Safari/537.36 X-Middleton/1"
54.198.124.77 - - [23/Feb/2025:07:41:52 -0500] "GET /cling/r20?pid=17320/shop/detail?shop_id=1/86699help/help_04_2.html/help/help_04_2.html HTTP/1.1" 200 152207 "-" "Mozilla/5.0 (Linux; Android 6.0.1; Nexus 5X Build/MMB29P) AppleWebKit/537.36 (KHTML, like Gecko) Chrome/133.0.6943.53 Mobile Safari/537.36 (compatible; GoogleOther) X-Middleton/1"
54.144.101.254 - - [23/Feb/2025:07:41:52 -0500] "GET /grow/q37?ynzmini=%2Fhome%2Fguitarlisty%2Fpublic_html%2Fsym404%2Fmpercy-Wordpress.txt404 HTTP/1.1" 200 7039 "-" "Mozilla/5.0 AppleWebKit/537.36 (KHTML, like Gecko; compatible; ClaudeBot/1.0; +claudebot@anthropic.com) X-Middleton/1"
35.173.219.106 - - [23/Feb/2025:07:41:55 -0500] "GET /yamaha-f310-acoustic-guitar-review-2020/?ynzmini=/var/nis/ HTTP/1.1" 404 6467 "-" "Mozilla/5.0 AppleWebKit/537.36 (KHTML, like Gecko; compatible; Amazonbot/0.1; +https://developer.amazon.com/support/amazonbot) Chrome/119.0.6045.214 Safari/537.36 X-Middleton/1"
54.158.15.14 - - [23/Feb/2025:07:41:55 -0500] "GET /m072017819?file=%2Fhome%2Fguitarlisty%2Fpublic_html%2Fwp-content%2Fe8fbdc HTTP/1.1" 404 14244 "-" "Mozilla/5.0 AppleWebKit/537.36 (KHTML, like Gecko; compatible; ClaudeBot/1.0; +claudebot@anthropic.com) X-Middleton/1"
54.162.136.253 - - [23/Feb/2025:07:41:55 -0500] "GET /sir/r20?pid=17320/help/help_04_2.html/86699help/help_04_2.html HTTP/1.1" 200 152251 "-" "Mozilla/5.0 (Linux; Android 6.0.1; Nexus 5X Build/MMB29P) AppleWebKit/537.36 (KHTML, like Gecko) Chrome/133.0.6943.53 Mobile Safari/537.36 (compatible; GoogleOther) X-Middleton/1"
18.209.166.209 - - [23/Feb/2025:07:41:55 -0500] "GET /pool/g164?pid=18320 HTTP/1.1" 200 43282 "-" "Mozilla/5.0 AppleWebKit/537.36 (KHTML, like Gecko; compatible; ClaudeBot/1.0; +claudebot@anthropic.com) X-Middleton/1"
184.72.213.252 - - [23/Feb/2025:07:41:56 -0500] "GET /him/e164?ynzmini=%2Fhome%2Fguitarlisty%2Fpublic_html%2F289f6%2F. HTTP/1.1" 200 7076 "-" "Mozilla/5.0 AppleWebKit/537.36 (KHTML, like Gecko; compatible; ClaudeBot/1.0; +claudebot@anthropic.com) X-Middleton/1"
34.229.105.159 - - [23/Feb/2025:07:41:57 -0500] "GET /m197007646?ynzmini=%2Fhome%2Fguitarlisty%2Fpublic_html%2Fsym404%2Fadm-BoxBilling.txt404 HTTP/1.1" 200 7027 "-" "Mozilla/5.0 AppleWebKit/537.36 (KHTML, like Gecko; compatible; ClaudeBot/1.0; +claudebot@anthropic.com) X-Middleton/1"
3.92.71.7 - - [23/Feb/2025:07:41:57 -0500] "GET /m145036494?srsltid=AfmBOoMiQYOGpYTweOflif_Q7uz7qQUoW_cOCcmB0r-O-Djazg1JXy HTTP/1.1" 200 43281 "-" "Mozilla/5.0 (Linux; Android 8.0; Pixel 2 Build/OPD3.170816.012) AppleWebKit/537.36 (KHTML, like Gecko) Chrome/72.0.3626.121 Mobile Safari/537.36 (compatible; EzoicBot-Nicheiq; +http://www.ezoic.com/bot) X-Middleton/1"
54.209.250.19 - - [23/Feb/2025:07:41:58 -0500] "GET /pages.php?1wvcvb6000.html HTTP/1.1" 200 43281 "-" "Mozilla/5.0 AppleWebKit/537.36 (KHTML, like Gecko; compatible; GPTBot/1.2; +https://openai.com/gptbot) X-Middleton/1"
54.198.7.139 - - [23/Feb/2025:07:41:58 -0500] "GET /home/000~ROOT~000/usr/sbin/?C=D%3BO=A HTTP/1.1" 200 85687 "-" "Mozilla/5.0 (Linux; Android 5.0) AppleWebKit/537.36 (KHTML, like Gecko) Mobile Safari/537.36 (compatible; Bytespider; spider-feedback@bytedance.com) X-Middleton/1"
52.207.162.105 - - [23/Feb/2025:07:41:58 -0500] "GET /rhythm/r20?pid=17320/shop/detail?shop_id=1/86699help/help_04_2.html/help/help_04_2.html HTTP/1.1" 200 151177 "-" "Mozilla/5.0 (Linux; Android 6.0.1; Nexus 5X Build/MMB29P) AppleWebKit/537.36 (KHTML, like Gecko) Chrome/133.0.6943.53 Mobile Safari/537.36 (compatible; GoogleOther) X-Middleton/1"
52.207.162.105 - - [23/Feb/2025:07:41:59 -0500] "GET /yamaha-f310-acoustic-guitar-review-2020/?ynzmini=/var//opt HTTP/1.1" 200 6468 "-" "Mozilla/5.0 AppleWebKit/537.36 (KHTML, like Gecko; compatible; Amazonbot/0.1; +https://developer.amazon.com/support/amazonbot) Chrome/119.0.6045.214 Safari/537.36 X-Middleton/1"
54.198.85.7 - - [23/Feb/2025:07:42:00 -0500] "GET /m063009436?file=%2Fhome%2Fguitarlisty%2Fpublic_html%2Fwp-includes%2Fclick.php HTTP/1.1" 500 - "-" "Mozilla/5.0 AppleWebKit/537.36 (KHTML, like Gecko; compatible; ClaudeBot/1.0; +claudebot@anthropic.com) X-Middleton/1"
50.17.142.168 - - [23/Feb/2025:07:42:00 -0500] "GET /biology/e285?ynzmini=%2F%2Flost+found HTTP/1.1" 404 6154 "-" "Mozilla/5.0 AppleWebKit/537.36 (KHTML, like Gecko; compatible; ClaudeBot/1.0; +claudebot@anthropic.com) X-Middleton/1"
54.198.248.107 - - [23/Feb/2025:07:42:00 -0500] "GET /fellow/y21?pid=4347 HTTP/1.1" 200 43282 "-" "Mozilla/5.0 AppleWebKit/537.36 (KHTML, like Gecko; compatible; ClaudeBot/1.0; +claudebot@anthropic.com) X-Middleton/1"
52.205.171.15 - - [23/Feb/2025:07:42:01 -0500] "GET /warrior/y102?file=%2Fhome%2Fguitarlisty%2Fpublic_html%2F.%2Fwp-mail.php HTTP/1.1" 200 15194 "-" "Mozilla/5.0 AppleWebKit/537.36 (KHTML, like Gecko; compatible; ClaudeBot/1.0; +claudebot@anthropic.com) X-Middleton/1"
18.232.117.100 - - [23/Feb/2025:07:42:02 -0500] "GET /country/r20?pid=17320 HTTP/1.1" 200 143804 "-" "Mozilla/5.0 (Linux; Android 6.0.1; Nexus 5X Build/MMB29P) AppleWebKit/537.36 (KHTML, like Gecko) Chrome/133.0.6943.53 Mobile Safari/537.36 (compatible; GoogleOther) X-Middleton/1"
54.209.250.19 - - [23/Feb/2025:07:42:02 -0500] "GET /m275025088?ynzmini=%2Fhome%2Fguitarlisty%2Fpublic_html%2Fsym404%2Fmpercy-Ellislab.txt404 HTTP/1.1" 200 7033 "-" "Mozilla/5.0 AppleWebKit/537.36 (KHTML, like Gecko; compatible; ClaudeBot/1.0; +claudebot@anthropic.com) X-Middleton/1"
54.242.51.163 - - [23/Feb/2025:07:42:02 -0500] "GET /m021048688?file=/home/guitarlisty/public_html/inisim.php HTTP/1.1" 200 159612 "-" "Mozilla/5.0 (Windows NT 5.1) AppleWebKit/534.24 (KHTML, like Gecko) Chrome/11.0.700.3 Safari/534.24 X-Middleton/1"
3.81.133.169 - - [23/Feb/2025:07:42:03 -0500] "GET /yamaha-f310-acoustic-guitar-review-2020/?ynzmini=/var/opt HTTP/1.1" 200 6464 "-" "Mozilla/5.0 AppleWebKit/537.36 (KHTML, like Gecko; compatible; Amazonbot/0.1; +https://developer.amazon.com/support/amazonbot) Chrome/119.0.6045.214 Safari/537.36 X-Middleton/1"
52.207.162.105 - - [23/Feb/2025:07:42:05 -0500] "GET /prepare/r60?file=%2Fhome%2Fguitarlisty%2Fpublic_html%2Fhome%2FivillagWHMCS.txt HTTP/1.1" 404 6408 "-" "Mozilla/5.0 AppleWebKit/537.36 (KHTML, like Gecko; compatible; ClaudeBot/1.0; +claudebot@anthropic.com) X-Middleton/1"
54.157.220.176 - - [23/Feb/2025:07:42:05 -0500] "GET /m058009107?ynzmini=%2Fhome%2Fguitarlisty%2F%2Flogs HTTP/1.1" 200 7579 "-" "Mozilla/5.0 AppleWebKit/537.36 (KHTML, like Gecko; compatible; ClaudeBot/1.0; +claudebot@anthropic.com) X-Middleton/1"
3.81.110.12 - - [23/Feb/2025:07:42:05 -0500] "GET /put/h289?pid=12069 HTTP/1.1" 200 43283 "-" "Mozilla/5.0 (Linux; Android 8.0; Pixel 2 Build/OPD3.170816.012) AppleWebKit/537.36 (KHTML, like Gecko) Chrome/72.0.3626.121 Mobile Safari/537.36 (compatible; EzoicBot-Nicheiq; +http://www.ezoic.com/bot) X-Middleton/1"
54.162.136.253 - - [23/Feb/2025:07:42:05 -0500] "GET /diplomat/z76?pid=22862 HTTP/1.1" 200 43282 "-" "Mozilla/5.0 AppleWebKit/537.36 (KHTML, like Gecko; compatible; ClaudeBot/1.0; +claudebot@anthropic.com) X-Middleton/1"
3.94.247.247 - - [23/Feb/2025:07:42:05 -0500] "GET /courage/t31?pid=6449/help/help_04_2.html/shop/detail?shop_id=1 HTTP/1.1" 200 468509 "-" "Mozilla/5.0 (Linux; Android 6.0.1; Nexus 5X Build/MMB29P) AppleWebKit/537.36 (KHTML, like Gecko) Chrome/133.0.6943.53 Mobile Safari/537.36 (compatible; GoogleOther) X-Middleton/1"
3.81.58.205 - - [23/Feb/2025:07:42:07 -0500] "GET /grow/q37?ynzmini=%2Fhome%2Fguitarlisty%2Fpublic_html%2Fsym404%2Fwp-toolkit-Magento.txt404 HTTP/1.1" 200 7051 "-" "Mozilla/5.0 AppleWebKit/537.36 (KHTML, like Gecko; compatible; ClaudeBot/1.0; +claudebot@anthropic.com) X-Middleton/1"
18.232.117.100 - - [23/Feb/2025:07:42:07 -0500] "GET /yamaha-f310-acoustic-guitar-review-2020/?rmfolder=/var/opt HTTP/1.1" 200 43286 "-" "Mozilla/5.0 AppleWebKit/537.36 (KHTML, like Gecko; compatible; Amazonbot/0.1; +https://developer.amazon.com/support/amazonbot) Chrome/119.0.6045.214 Safari/537.36 X-Middleton/1"
3.81.214.139 - - [23/Feb/2025:07:42:10 -0500] "GET /social/c178?ynzmini=%2Fhome%2Fguitarlisty%2Fpublic_html%2Fsym404%2Fcpanel-MyBB.txt404 HTTP/1.1" 404 7009 "-" "Mozilla/5.0 AppleWebKit/537.36 (KHTML, like Gecko; compatible; ClaudeBot/1.0; +claudebot@anthropic.com) X-Middleton/1"
54.156.59.106 - - [23/Feb/2025:07:42:10 -0500] "GET /wake/z23?ynzmini=%2Fhome%2Fguitarlisty%2Fpublic_html%2F.%2Fas HTTP/1.1" 200 7223 "-" "Mozilla/5.0 AppleWebKit/537.36 (KHTML, like Gecko; compatible; ClaudeBot/1.0; +claudebot@anthropic.com) X-Middleton/1"
54.209.250.19 - - [23/Feb/2025:07:42:10 -0500] "GET /cycle/r20?pid=17320/shop/detail?shop_id=1/help/help_04_2.html HTTP/1.1" 200 456665 "-" "Mozilla/5.0 (Linux; Android 6.0.1; Nexus 5X Build/MMB29P) AppleWebKit/537.36 (KHTML, like Gecko) Chrome/133.0.6943.53 Mobile Safari/537.36 (compatible; GoogleOther) X-Middleton/1"
3.94.247.247 - - [23/Feb/2025:07:42:11 -0500] "GET /yamaha-f310-acoustic-guitar-review-2020/?ynzmini=/var/opt/ HTTP/1.1" 200 6467 "-" "Mozilla/5.0 AppleWebKit/537.36 (KHTML, like Gecko; compatible; Amazonbot/0.1; +https://developer.amazon.com/support/amazonbot) Chrome/119.0.6045.214 Safari/537.36 X-Middleton/1"
3.90.112.236 - - [23/Feb/2025:07:42:12 -0500] "GET /trainer/n41?file=%2F%2Fquota.user HTTP/1.1" 200 6291 "-" "Mozilla/5.0 AppleWebKit/537.36 (KHTML, like Gecko; compatible; ClaudeBot/1.0; +claudebot@anthropic.com) X-Middleton/1"
3.80.165.4 - - [23/Feb/2025:07:42:12 -0500] "GET /m197007646?ynzmini=%2Fhome%2Fguitarlisty%2Fpublic_html%2Fsym404%2Fcpanel-BoxBilling.txt404 HTTP/1.1" 200 7045 "-" "Mozilla/5.0 AppleWebKit/537.36 (KHTML, like Gecko; compatible; ClaudeBot/1.0; +claudebot@anthropic.com) X-Middleton/1"
54.242.51.163 - - [23/Feb/2025:07:42:13 -0500] "GET /m162046223?srsltid=AfmBOonTRtZvePnoml71AH_MrLybV66uc_eQf8maa1-S-ixnpprfb2 HTTP/1.1" 200 43285 "-" "Mozilla/5.0 (Linux; Android 8.0; Pixel 2 Build/OPD3.170816.012) AppleWebKit/537.36 (KHTML, like Gecko) Chrome/72.0.3626.121 Mobile Safari/537.36 (compatible; EzoicBot-Nicheiq; +http://www.ezoic.com/bot) X-Middleton/1"
54.157.220.176 - - [23/Feb/2025:07:42:15 -0500] "GET /yamaha-f310-acoustic-guitar-review-2020/?ynzmini=/var//run HTTP/1.1" 404 25369 "-" "Mozilla/5.0 AppleWebKit/537.36 (KHTML, like Gecko; compatible; Amazonbot/0.1; +https://developer.amazon.com/support/amazonbot) Chrome/119.0.6045.214 Safari/537.36 X-Middleton/1"
3.89.44.170 - - [23/Feb/2025:07:42:15 -0500] "GET /m274037093?ynzmini=%2Fhome%2Fguitarlisty%2Fpublic_html%2Fsym404%2Fsssd-Lokomedia.txt404 HTTP/1.1" 200 7027 "-" "Mozilla/5.0 AppleWebKit/537.36 (KHTML, like Gecko; compatible; ClaudeBot/1.0; +claudebot@anthropic.com) X-Middleton/1"
54.198.7.139 - - [23/Feb/2025:07:42:15 -0500] "GET /particle/d268?ynzmini=%2Fhome%2Fguitarlisty%2Fpublic_html%2Fhome%2F. HTTP/1.1" 200 8239 "-" "Mozilla/5.0 AppleWebKit/537.36 (KHTML, like Gecko; compatible; ClaudeBot/1.0; +claudebot@anthropic.com) X-Middleton/1"
18.232.117.100 - - [23/Feb/2025:07:42:15 -0500] "GET /teen/r20?pid=17320/shop/detail?shop_id=1/help/help_04_2.html HTTP/1.1" 200 150417 "-" "Mozilla/5.0 (Linux; Android 6.0.1; Nexus 5X Build/MMB29P) AppleWebKit/537.36 (KHTML, like Gecko) Chrome/133.0.6943.53 Mobile Safari/537.36 (compatible; GoogleOther) X-Middleton/1"
107.20.115.131 - - [23/Feb/2025:07:42:17 -0500] "GET /overwhelm/t216?file=%2Ftmp%2FphpE8AqVg HTTP/1.1" 200 177661 "-" "Mozilla/5.0 AppleWebKit/537.36 (KHTML, like Gecko; compatible; ClaudeBot/1.0; +claudebot@anthropic.com) X-Middleton/1"
54.226.129.235 - - [23/Feb/2025:07:42:19 -0500] "GET /m021048688?file=/home/guitarlisty/public_html/wp-load.php HTTP/1.1" 404 10488 "-" "Mozilla/5.0 (X11; U; Linux x86_64; en-US; rv:1.9.2.8) Gecko/20100804 Gentoo Firefox/3.6.8 X-Middleton/1"
3.90.39.225 - - [23/Feb/2025:07:42:19 -0500] "GET /yamaha-f310-acoustic-guitar-review-2020/?ynzmini=/var//tmp HTTP/1.1" 200 6468 "-" "Mozilla/5.0 AppleWebKit/537.36 (KHTML, like Gecko; compatible; Amazonbot/0.1; +https://developer.amazon.com/support/amazonbot) Chrome/119.0.6045.214 Safari/537.36 X-Middleton/1"
107.20.82.18 - - [23/Feb/2025:07:42:20 -0500] "GET /toilet/r20?pid=17320/shop/detail?shop_id=1/help/help_04_2.html HTTP/1.1" 200 148383 "-" "Mozilla/5.0 (Linux; Android 6.0.1; Nexus 5X Build/MMB29P) AppleWebKit/537.36 (KHTML, like Gecko) Chrome/133.0.6943.53 Mobile Safari/537.36 (compatible; GoogleOther) X-Middleton/1"
107.20.115.131 - - [23/Feb/2025:07:42:20 -0500] "GET /m107003582?ynzmini=%2Fhome%2Fguitarlisty%2Fpublic_html%2Fwp-content%2F HTTP/1.1" 200 20163 "-" "Mozilla/5.0 AppleWebKit/537.36 (KHTML, like Gecko; compatible; ClaudeBot/1.0; +claudebot@anthropic.com) X-Middleton/1"
18.212.120.70 - - [23/Feb/2025:07:42:21 -0500] "GET /m193038698?srsltid=AfmBOonPCJzckUrAalzStG_IUxFhG3gQ0_TWI4LQzy-T-zsvLWKSgk HTTP/1.1" 200 43285 "-" "Mozilla/5.0 (Linux; Android 8.0; Pixel 2 Build/OPD3.170816.012) AppleWebKit/537.36 (KHTML, like Gecko) Chrome/72.0.3626.121 Mobile Safari/537.36 (compatible; EzoicBot-Nicheiq; +http://www.ezoic.com/bot) X-Middleton/1"
35.173.180.132 - - [23/Feb/2025:07:42:22 -0500] "GET /entirely/i266?file=%2Fetc%2Fshadow&rename=true HTTP/1.1" 200 6448 "-" "Mozilla/5.0 AppleWebKit/537.36 (KHTML, like Gecko; compatible; ClaudeBot/1.0; +claudebot@anthropic.com) X-Middleton/1"
54.144.101.254 - - [23/Feb/2025:07:42:22 -0500] "GET /m126047505?file=%2Fhome%2Fguitarlisty%2Fpublic_html%2Fsym404%2Famp.php HTTP/1.1" 200 7528 "-" "Mozilla/5.0 AppleWebKit/537.36 (KHTML, like Gecko; compatible; ClaudeBot/1.0; +claudebot@anthropic.com) X-Middleton/1"
