3.80.165.4 - - [23/Feb/2025:07:24:51 -0500] "GET /yamaha-f310-acoustic-guitar-review-2020/?file=/proc/25/mem HTTP/1.1" 200 6291 "-" "Mozilla/5.0 AppleWebKit/537.36 (KHTML, like Gecko; compatible; Amazonbot/0.1; +https://developer.amazon.com/support/amazonbot) Chrome/119.0.6045.214 Safari/537.36 X-Middleton/1"
54.209.250.19 - - [23/Feb/2025:07:24:51 -0500] "GET /m078041649?srsltid=AfmBOoWooRMMUsGXdNBsSf_Q4UMIh7pWS_Lkq1mXRJ-Z-iqnLuYUsf HTTP/1.1" 200 145450 "-" "Mozilla/5.0 (Linux; Android 6.0.1; Nexus 5X Build/MMB29P) AppleWebKit/537.36 (KHTML, like Gecko) Chrome/133.0.6943.53 Mobile Safari/537.36 (compatible; Googlebot/2.1; +http://www.google.com/bot.html) X-Middleton/1"
54.156.59.106 - - [23/Feb/2025:07:24:52 -0500] "GET /yamaha-f310-acoustic-guitar-review-2020/?file=/proc/25/io HTTP/1.1" 404 6288 "-" "Mozilla/5.0 AppleWebKit/537.36 (KHTML, like Gecko; compatible; Amazonbot/0.1; +https://developer.amazon.com/support/amazonbot) Chrome/119.0.6045.214 Safari/537.36 X-Middleton/1"
18.212.120.70 - - [23/Feb/2025:07:24:53 -0500] "GET /entity/m175?pid=41019 HTTP/1.1" 200 43281 "-" "Mozilla/5.0 AppleWebKit/537.36 (KHTML, like Gecko; compatible; ClaudeBot/1.0; +claudebot@anthropic.com) X-Middleton/1"
3.81.133.169 - - [23/Feb/2025:07:24:53 -0500] "GET /?_g=5386980 HTTP/1.1" 200 150465 "-" "Mozilla/5.0 (Linux; Android 6.0.1; Nexus 5X Build/MMB29P) AppleWebKit/537.36 (KHTML, like Gecko) Chrome/133.0.6943.53 Mobile Safari/537.36 (compatible; Googlebot/2.1; +http://www.google.com/bot.html) X-Middleton/1"
52.71.251.0 - - [23/Feb/2025:07:24:54 -0500] "GET /m/with82636367.html HTTP/1.1" 200 43279 "-" "Mozilla/5.0 AppleWebKit/537.36 (KHTML, like Gecko; compatible; ClaudeBot/1.0; +claudebot@anthropic.com) X-Middleton/1"
34.229.105.159 - - [23/Feb/2025:07:24:54 -0500] "GET /implement/u156?pid=8918 HTTP/1.1" 200 43282 "-" "Mozilla/5.0 AppleWebKit/537.36 (KHTML, like Gecko; compatible; ClaudeBot/1.0; +claudebot@anthropic.com) X-Middleton/1"
54.226.129.235 - - [23/Feb/2025:07:24:54 -0500] "GET /gallery/j42?pid=2688 HTTP/1.1" 200 43282 "-" "Mozilla/5.0 AppleWebKit/537.36 (KHTML, like Gecko; compatible; ClaudeBot/1.0; +claudebot@anthropic.com) X-Middleton/1"
54.164.180.114 - - [23/Feb/2025:07:24:54 -0500] "GET /personally/k149?pid=38717/help/help_04_2.html/86699help/help_04_2.html HTTP/1.1" 200 144774 "-" "Mozilla/5.0 (Linux; Android 6.0.1; Nexus 5X Build/MMB29P) AppleWebKit/537.36 (KHTML, like Gecko) Chrome/133.0.6943.53 Mobile Safari/537.36 (compatible; GoogleOther) X-Middleton/1"
107.20.82.18 - - [23/Feb/2025:07:24:54 -0500] "GET /m273025242?ynzmini=%2Fhome%2Fguitarlisty%2Fpublic_html%2Fsym404%2Fsshd-Zencart.txt404 HTTP/1.1" 200 7015 "-" "Mozilla/5.0 AppleWebKit/537.36 (KHTML, like Gecko; compatible; ClaudeBot/1.0; +claudebot@anthropic.com) X-Middleton/1"
54.196.44.86 - - [23/Feb/2025:07:24:55 -0500] "GET /m041049104?srsltid=AfmBOoPFqtLsfaABl1CHwd_9husn6tVuw_Xgfwh30g-U-KqSMInJrp HTTP/1.1" 200 43284 "-" "Mozilla/5.0 (Linux; Android 8.0; Pixel 2 Build/OPD3.170816.012) AppleWebKit/537.36 (KHTML, like Gecko) Chrome/72.0.3626.121 Mobile Safari/537.36 (compatible; EzoicBot-Nicheiq; +http://www.ezoic.com/bot) X-Middleton/1"
107.20.115.131 - - [23/Feb/2025:07:24:55 -0500] "GET /without/b259?ynzmini=%2Fhome%2Fguitarlisty%2Fpublic_html%2F%2F.tmb HTTP/1.1" 200 7318 "-" "Mozilla/5.0 AppleWebKit/537.36 (KHTML, like Gecko; compatible; ClaudeBot/1.0; +claudebot@anthropic.com) X-Middleton/1"
3.81.214.139 - - [23/Feb/2025:07:24:55 -0500] "GET /yamaha-f310-acoustic-guitar-review-2020/?rmfolder=/proc/25 HTTP/1.1" 200 43284 "-" "Mozilla/5.0 AppleWebKit/537.36 (KHTML, like Gecko; compatible; Amazonbot/0.1; +https://developer.amazon.com/support/amazonbot) Chrome/119.0.6045.214 Safari/537.36 X-Middleton/1"
3.90.112.236 - - [23/Feb/2025:07:24:55 -0500] "GET /m/nest71866486.html HTTP/1.1" 200 43280 "-" "Mozilla/5.0 AppleWebKit/537.36 (KHTML, like Gecko; compatible; ClaudeBot/1.0; +claudebot@anthropic.com) X-Middleton/1"
3.81.110.12 - - [23/Feb/2025:07:24:55 -0500] "GET /m153033150?srsltid=AfmBOovxRoTutGdmPCMUl0_U8oJgVeXNB_Fj4zRVEL-F-frbiaFdIb HTTP/1.1" 200 43279 "-" "Mozilla/5.0 AppleWebKit/537.36 (KHTML, like Gecko; compatible; ClaudeBot/1.0; +claudebot@anthropic.com) X-Middleton/1"
3.81.110.12 - - [23/Feb/2025:07:24:57 -0500] "GET /instant/r92?ynzmini=%2Fhome HTTP/1.1" 404 9414 "-" "Mozilla/5.0 AppleWebKit/537.36 (KHTML, like Gecko; compatible; ClaudeBot/1.0; +claudebot@anthropic.com) X-Middleton/1"
23.22.111.12 - - [23/Feb/2025:07:24:58 -0500] "GET /assure/c284?pid=36034 HTTP/1.1" 200 43280 "-" "Mozilla/5.0 AppleWebKit/537.36 (KHTML, like Gecko; compatible; ClaudeBot/1.0; +claudebot@anthropic.com) X-Middleton/1"
34.226.215.117 - - [23/Feb/2025:07:24:58 -0500] "GET /m/trust52888300.html?ynzmini=/home/guitarlisty/public_html/home HTTP/1.1" 200 8121 "-" "Mozilla/4.0 (compatible; MSIE 5.01; Windows NT 5.0; Wanadoo 5.6) X-Middleton/1"
23.22.111.12 - - [23/Feb/2025:07:24:58 -0500] "GET /known/k149?pid=10191/shop/detail?shop_id=1/help/help_04_2.html/86699help/help_04_2.html HTTP/1.1" 200 156210 "-" "Mozilla/5.0 (Linux; Android 6.0.1; Nexus 5X Build/MMB29P) AppleWebKit/537.36 (KHTML, like Gecko) Chrome/133.0.6943.53 Mobile Safari/537.36 (compatible; GoogleOther) X-Middleton/1"
3.87.139.20 - - [23/Feb/2025:07:24:58 -0500] "GET /m/fill42592427.html HTTP/1.1" 200 43279 "-" "Mozilla/5.0 AppleWebKit/537.36 (KHTML, like Gecko; compatible; ClaudeBot/1.0; +claudebot@anthropic.com) X-Middleton/1"
3.94.247.247 - - [23/Feb/2025:07:24:59 -0500] "GET /molecule/v36?pid=6626 HTTP/1.1" 200 43280 "-" "Mozilla/5.0 AppleWebKit/537.36 (KHTML, like Gecko; compatible; ClaudeBot/1.0; +claudebot@anthropic.com) X-Middleton/1"
3.87.139.20 - - [23/Feb/2025:07:24:59 -0500] "GET /yamaha-f310-acoustic-guitar-review-2020/?ynzmini=/proc/25/ HTTP/1.1" 200 13841 "-" "Mozilla/5.0 AppleWebKit/537.36 (KHTML, like Gecko; compatible; Amazonbot/0.1; +https://developer.amazon.com/support/amazonbot) Chrome/119.0.6045.214 Safari/537.36 X-Middleton/1"
54.209.250.19 - - [23/Feb/2025:07:24:59 -0500] "GET /m273025242?ynzmini=%2Fhome%2Fguitarlisty%2Fpublic_html%2Fsym404%2Fcpses-Magento.txt404 HTTP/1.1" 200 7021 "-" "Mozilla/5.0 AppleWebKit/537.36 (KHTML, like Gecko; compatible; ClaudeBot/1.0; +claudebot@anthropic.com) X-Middleton/1"
54.144.101.254 - - [23/Feb/2025:07:25:00 -0500] "GET /revelation/t83?file=%2Fhome%2Fguitarlisty%2Fpublic_html%2F%2Fwp-links-opml.php HTTP/1.1" 200 9202 "-" "Mozilla/5.0 AppleWebKit/537.36 (KHTML, like Gecko; compatible; ClaudeBot/1.0; +claudebot@anthropic.com) X-Middleton/1"
54.158.15.14 - - [23/Feb/2025:07:25:00 -0500] "GET /m/chart52702804.html HTTP/1.1" 200 43280 "-" "Mozilla/5.0 AppleWebKit/537.36 (KHTML, like Gecko; compatible; ClaudeBot/1.0; +claudebot@anthropic.com) X-Middleton/1"
184.72.213.252 - - [23/Feb/2025:07:25:00 -0500] "GET /m131012762?srsltid=AfmBOokQBoYEaZOnLkUMtI_DdBfR3GXUT_JpdWmYIQ-K-dImOVW084 HTTP/1.1" 200 43282 "-" "Mozilla/5.0 AppleWebKit/537.36 (KHTML, like Gecko; compatible; ClaudeBot/1.0; +claudebot@anthropic.com) X-Middleton/1"
35.173.219.106 - - [23/Feb/2025:07:25:01 -0500] "GET /flee/r20?pid=17320/help/help_04_2.html/86699help/help_04_2.html HTTP/1.1" 200 456563 "-" "Mozilla/5.0 (Linux; Android 6.0.1; Nexus 5X Build/MMB29P) AppleWebKit/537.36 (KHTML, like Gecko) Chrome/133.0.6943.53 Mobile Safari/537.36 (compatible; GoogleOther) X-Middleton/1"
3.81.58.205 - - [23/Feb/2025:07:25:02 -0500] "GET /m191020956?ynzmini=%2Ftmp%2F.. HTTP/1.1" 404 10345 "-" "Mozilla/5.0 AppleWebKit/537.36 (KHTML, like Gecko; compatible; ClaudeBot/1.0; +claudebot@anthropic.com) X-Middleton/1"
98.83.149.163 - - [23/Feb/2025:07:25:03 -0500] "GET /bankruptcy/c113?pid=24925 HTTP/1.1" 200 43281 "-" "Mozilla/5.0 AppleWebKit/537.36 (KHTML, like Gecko; compatible; ClaudeBot/1.0; +claudebot@anthropic.com) X-Middleton/1"
52.207.162.105 - - [23/Feb/2025:07:25:03 -0500] "GET /yamaha-f310-acoustic-guitar-review-2020/?file=/proc/25//io HTTP/1.1" 200 6291 "-" "Mozilla/5.0 AppleWebKit/537.36 (KHTML, like Gecko; compatible; Amazonbot/0.1; +https://developer.amazon.com/support/amazonbot) Chrome/119.0.6045.214 Safari/537.36 X-Middleton/1"
50.17.142.168 - - [23/Feb/2025:07:25:03 -0500] "GET /outlet/k85?pid=40611 HTTP/1.1" 200 43285 "-" "Mozilla/5.0 (Linux; Android 8.0; Pixel 2 Build/OPD3.170816.012) AppleWebKit/537.36 (KHTML, like Gecko) Chrome/72.0.3626.121 Mobile Safari/537.36 (compatible; EzoicBot-Nicheiq; +http://www.ezoic.com/bot) X-Middleton/1"
3.94.247.247 - - [23/Feb/2025:07:25:03 -0500] "GET /m/landl71223078.html HTTP/1.1" 200 43280 "-" "Mozilla/5.0 AppleWebKit/537.36 (KHTML, like Gecko; compatible; ClaudeBot/1.0; +claudebot@anthropic.com) X-Middleton/1"
54.208.214.128 - - [23/Feb/2025:07:25:05 -0500] "GET /m002034427?ynzmini=%2Fhome%2Fguitarlisty%2Fpublic_html%2Fsym404%2Fmysql-phpBB.txt404 HTTP/1.1" 200 7009 "-" "Mozilla/5.0 AppleWebKit/537.36 (KHTML, like Gecko; compatible; ClaudeBot/1.0; +claudebot@anthropic.com) X-Middleton/1"
54.226.129.235 - - [23/Feb/2025:07:25:05 -0500] "GET /m/visib42358331.html HTTP/1.1" 200 43282 "-" "Mozilla/5.0 AppleWebKit/537.36 (KHTML, like Gecko; compatible; ClaudeBot/1.0; +claudebot@anthropic.com) X-Middleton/1"
54.196.44.86 - - [23/Feb/2025:07:25:05 -0500] "GET /entity/r20?pid=17320/help/help_04_2.html/86699help/help_04_2.html HTTP/1.1" 200 146422 "-" "Mozilla/5.0 (Linux; Android 6.0.1; Nexus 5X Build/MMB29P) AppleWebKit/537.36 (KHTML, like Gecko) Chrome/133.0.6943.53 Mobile Safari/537.36 (compatible; GoogleOther) X-Middleton/1"
35.173.180.132 - - [23/Feb/2025:07:25:05 -0500] "GET /m127034554?srsltid=AfmBOoZryOCRyRQtXhnoL4_kUpPvjZkTg_5DQethxS-W-XRTvd5ccC HTTP/1.1" 200 43282 "-" "Mozilla/5.0 AppleWebKit/537.36 (KHTML, like Gecko; compatible; ClaudeBot/1.0; +claudebot@anthropic.com) X-Middleton/1"
98.83.220.235 - - [23/Feb/2025:07:25:07 -0500] "GET /top/o114?ynzmini=%2Fhome%2Fguitarlisty%2F%2Faccess-logs HTTP/1.1" 404 7061 "-" "Mozilla/5.0 AppleWebKit/537.36 (KHTML, like Gecko; compatible; ClaudeBot/1.0; +claudebot@anthropic.com) X-Middleton/1"
52.207.162.105 - - [23/Feb/2025:07:25:07 -0500] "GET /yamaha-f310-acoustic-guitar-review-2020/?ynzmini=/proc/26 HTTP/1.1" 200 13788 "-" "Mozilla/5.0 AppleWebKit/537.36 (KHTML, like Gecko; compatible; Amazonbot/0.1; +https://developer.amazon.com/support/amazonbot) Chrome/119.0.6045.214 Safari/537.36 X-Middleton/1"
3.81.58.205 - - [23/Feb/2025:07:25:08 -0500] "GET /friendship/i239?pid=28397 HTTP/1.1" 200 43279 "-" "Mozilla/5.0 AppleWebKit/537.36 (KHTML, like Gecko; compatible; ClaudeBot/1.0; +claudebot@anthropic.com) X-Middleton/1"
18.212.120.70 - - [23/Feb/2025:07:25:08 -0500] "GET /boat/h283?pid=16581 HTTP/1.1" 200 43281 "-" "Mozilla/5.0 AppleWebKit/537.36 (KHTML, like Gecko; compatible; ClaudeBot/1.0; +claudebot@anthropic.com) X-Middleton/1"
3.81.58.205 - - [23/Feb/2025:07:25:08 -0500] "GET /m/viola31853930.html HTTP/1.1" 200 43279 "-" "Mozilla/5.0 AppleWebKit/537.36 (KHTML, like Gecko; compatible; ClaudeBot/1.0; +claudebot@anthropic.com) X-Middleton/1"
107.20.115.131 - - [23/Feb/2025:07:25:08 -0500] "GET /bridge/r20?pid=17320/shop/detail?shop_id=1/help/help_04_2.html HTTP/1.1" 200 152739 "-" "Mozilla/5.0 (Linux; Android 6.0.1; Nexus 5X Build/MMB29P) AppleWebKit/537.36 (KHTML, like Gecko) Chrome/133.0.6943.53 Mobile Safari/537.36 (compatible; GoogleOther) X-Middleton/1"
66.249.79.37 - - [23/Feb/2025:07:25:09 -0500] "GET /m046029317?srsltid=AfmBOoKjjIrrWLgr8b8RXa_J49ukumVYu_1tlYlenL-L-gZgKCPgze HTTP/1.1" 200 24466 "-" "Mozilla/5.0 (Linux; Android 6.0.1; Nexus 5X Build/MMB29P) AppleWebKit/537.36 (KHTML, like Gecko) Chrome/133.0.6943.126 Mobile Safari/537.36 (compatible; Googlebot/2.1; +http://www.google.com/bot.html)"
3.82.56.176 - - [23/Feb/2025:07:25:10 -0500] "GET /m/disho42290379.html HTTP/1.1" 200 43279 "-" "Mozilla/5.0 AppleWebKit/537.36 (KHTML, like Gecko; compatible; ClaudeBot/1.0; +claudebot@anthropic.com) X-Middleton/1"
50.17.142.168 - - [23/Feb/2025:07:25:10 -0500] "GET /m124001895?srsltid=AfmBOotQIuGKRuzi9qjfPg_AjGlOmv2by_CIM9WhRF-N-UtLCx1BQc HTTP/1.1" 200 43281 "-" "Mozilla/5.0 AppleWebKit/537.36 (KHTML, like Gecko; compatible; ClaudeBot/1.0; +claudebot@anthropic.com) X-Middleton/1"
54.157.220.176 - - [23/Feb/2025:07:25:11 -0500] "GET /theory/n148?pid=15384 HTTP/1.1" 500 45920 "-" "Mozilla/5.0 (Linux; Android 8.0; Pixel 2 Build/OPD3.170816.012) AppleWebKit/537.36 (KHTML, like Gecko) Chrome/72.0.3626.121 Mobile Safari/537.36 (compatible; EzoicBot-Nicheiq; +http://www.ezoic.com/bot) X-Middleton/1"
54.209.250.19 - - [23/Feb/2025:07:25:11 -0500] "GET /yamaha-f310-acoustic-guitar-review-2020/?file=/proc/26/io HTTP/1.1" 200 6288 "-" "Mozilla/5.0 AppleWebKit/537.36 (KHTML, like Gecko; compatible; Amazonbot/0.1; +https://developer.amazon.com/support/amazonbot) Chrome/119.0.6045.214 Safari/537.36 X-Middleton/1"
54.158.15.14 - - [23/Feb/2025:07:25:11 -0500] "GET /ocean/k71?pid=7563 HTTP/1.1" 200 43280 "-" "Mozilla/5.0 AppleWebKit/537.36 (KHTML, like Gecko; compatible; ClaudeBot/1.0; +claudebot@anthropic.com) X-Middleton/1"
34.229.105.159 - - [23/Feb/2025:07:25:12 -0500] "GET /cross/r20?pid=17320/shop/detail?shop_id=1/help/help_04_2.html HTTP/1.1" 200 162115 "-" "Mozilla/5.0 (Linux; Android 6.0.1; Nexus 5X Build/MMB29P) AppleWebKit/537.36 (KHTML, like Gecko) Chrome/133.0.6943.53 Mobile Safari/537.36 (compatible; GoogleOther) X-Middleton/1"
54.162.136.253 - - [23/Feb/2025:07:25:12 -0500] "GET /m214013953?ynzmini=%2Fhome%2Fguitarlisty%2Fpublic_html%2F.%2Fprivate HTTP/1.1" 200 7459 "-" "Mozilla/5.0 AppleWebKit/537.36 (KHTML, like Gecko; compatible; ClaudeBot/1.0; +claudebot@anthropic.com) X-Middleton/1"
3.80.165.4 - - [23/Feb/2025:07:25:12 -0500] "GET /pages.php?203ssp3630.html HTTP/1.1" 200 43282 "-" "Mozilla/5.0 AppleWebKit/537.36 (KHTML, like Gecko; compatible; GPTBot/1.2; +https://openai.com/gptbot) X-Middleton/1"
54.144.101.254 - - [23/Feb/2025:07:25:13 -0500] "GET /m120023179?srsltid=AfmBOoxmdGJPCauBq3ZRy2_XAVOqA0piX_1Xby10dO-L-mjdFq2pPr HTTP/1.1" 200 43282 "-" "Mozilla/5.0 AppleWebKit/537.36 (KHTML, like Gecko; compatible; ClaudeBot/1.0; +claudebot@anthropic.com) X-Middleton/1"
34.226.215.117 - - [23/Feb/2025:07:25:13 -0500] "GET /analyze/k92?pid=15884 HTTP/1.1" 200 43282 "-" "Mozilla/5.0 AppleWebKit/537.36 (KHTML, like Gecko; compatible; ClaudeBot/1.0; +claudebot@anthropic.com) X-Middleton/1"
18.232.117.100 - - [23/Feb/2025:07:25:14 -0500] "GET /colony/b299?ynzmini=%2Fhome%2F%2Fdanallen HTTP/1.1" 200 6213 "-" "Mozilla/5.0 AppleWebKit/537.36 (KHTML, like Gecko; compatible; ClaudeBot/1.0; +claudebot@anthropic.com) X-Middleton/1"
18.232.117.100 - - [23/Feb/2025:07:25:15 -0500] "GET /yamaha-f310-acoustic-guitar-review-2020/?file=/proc/26/mem HTTP/1.1" 404 6291 "-" "Mozilla/5.0 AppleWebKit/537.36 (KHTML, like Gecko; compatible; Amazonbot/0.1; +https://developer.amazon.com/support/amazonbot) Chrome/119.0.6045.214 Safari/537.36 X-Middleton/1"
34.226.215.117 - - [23/Feb/2025:07:25:15 -0500] "GET /m/tutor22617361.html?file=/etc/resolv.conf HTTP/1.1" 200 6367 "-" "Mozilla/5.0 (Windows NT 6.1; WOW64) AppleWebKit/534.24 (KHTML, like Gecko) Chrome/12.0.702.0 Safari/534.24 X-Middleton/1"
184.72.213.252 - - [23/Feb/2025:07:25:15 -0500] "GET /m/compi71518830.html HTTP/1.1" 200 43282 "-" "Mozilla/5.0 AppleWebKit/537.36 (KHTML, like Gecko; compatible; ClaudeBot/1.0; +claudebot@anthropic.com) X-Middleton/1"
34.229.105.159 - - [23/Feb/2025:07:25:15 -0500] "GET /thirty/k149?pid=10191 HTTP/1.1" 200 156268 "-" "Mozilla/5.0 (Linux; Android 6.0.1; Nexus 5X Build/MMB29P) AppleWebKit/537.36 (KHTML, like Gecko) Chrome/133.0.6943.53 Mobile Safari/537.36 (compatible; GoogleOther) X-Middleton/1"
3.81.110.12 - - [23/Feb/2025:07:25:15 -0500] "GET /m202026347?srsltid=AfmBOohrvxMxDODO5gCoX2_kndlgfpDIu_qz3xioBH-B-2fIjBVnr1 HTTP/1.1" 200 43279 "-" "Mozilla/5.0 AppleWebKit/537.36 (KHTML, like Gecko; compatible; ClaudeBot/1.0; +claudebot@anthropic.com) X-Middleton/1"
3.87.139.20 - - [23/Feb/2025:07:25:16 -0500] "GET /gently/z95?pid=18127 HTTP/1.1" 200 43279 "-" "Mozilla/5.0 AppleWebKit/537.36 (KHTML, like Gecko; compatible; ClaudeBot/1.0; +claudebot@anthropic.com) X-Middleton/1"
54.162.136.253 - - [23/Feb/2025:07:25:16 -0500] "GET /odds/d231?pid=21317 HTTP/1.1" 200 43282 "-" "Mozilla/5.0 AppleWebKit/537.36 (KHTML, like Gecko; compatible; ClaudeBot/1.0; +claudebot@anthropic.com) X-Middleton/1"
35.173.219.106 - - [23/Feb/2025:07:25:17 -0500] "GET /branch/z17?ynzmini=%2Fhome%2Fguitarlisty%2Fpublic_html%2F..%2F.softaculous HTTP/1.1" 200 8237 "-" "Mozilla/5.0 AppleWebKit/537.36 (KHTML, like Gecko; compatible; ClaudeBot/1.0; +claudebot@anthropic.com) X-Middleton/1"
107.20.82.18 - - [23/Feb/2025:07:25:18 -0500] "GET /overnight/u7?pid=38373 HTTP/1.1" 200 43280 "-" "Mozilla/5.0 AppleWebKit/537.36 (KHTML, like Gecko; compatible; ClaudeBot/1.0; +claudebot@anthropic.com) X-Middleton/1"
107.20.115.131 - - [23/Feb/2025:07:25:18 -0500] "GET /?_gl=1%2Ak4hwph1%2A_ga%2AXbtaWdlkXcWXyqYHwaOMkrxhNoyX%2A_ga_XUEIPLSWA%2AZ4PrqnUi7jcGKahAeLywvECCuG6VQymYcdpF5aQEi46EFrZRcNGFSJt.%2A_gcl_au%3D1.1.199309670.171246508%2A_gcl_aw%3DHRA.172207154.T113vndvw5VGRUESwnCjcyTvzk3lBi7x1gHVcmamlA1MQ6v9cJ4xl8C6KQS1Yed91qEApoxMihzn18TJKDPw2hGaoW..&_gz=2.195859657.196897876.176586697-868404552.160047340&_bdsid=a6hjla.n~RQUDK.171599289.173208778&_bd_prev_page=https%3A%2F%2Fwww.guitarlisty.com%2Fget.aspx%3Fitem%2Fu157%2F21779%2F HTTP/1.1" 200 162724 "-" "Mozilla/5.0 (Linux; Android 6.0.1; Nexus 5X Build/MMB29P) AppleWebKit/537.36 (KHTML, like Gecko) Chrome/133.0.6943.126 Mobile Safari/537.36 (compatible; Googlebot/2.1; +http://www.google.com/bot.html) X-Middleton/1"
3.81.58.205 - - [23/Feb/2025:07:25:19 -0500] "GET /m080040921?file=%2Fhome%2Fguitarlisty%2Fpublic_html%2F%2Findex.php HTTP/1.1" 200 14272 "-" "Mozilla/5.0 AppleWebKit/537.36 (KHTML, like Gecko; compatible; ClaudeBot/1.0; +claudebot@anthropic.com) X-Middleton/1"
54.209.250.19 - - [23/Feb/2025:07:25:18 -0500] "GET /project/r20?pid=17320 HTTP/1.1" 200 142400 "-" "Mozilla/5.0 (Linux; Android 6.0.1; Nexus 5X Build/MMB29P) AppleWebKit/537.36 (KHTML, like Gecko) Chrome/133.0.6943.53 Mobile Safari/537.36 (compatible; GoogleOther) X-Middleton/1"
54.234.205.77 - - [23/Feb/2025:07:25:19 -0500] "GET /liver/e66?pid=31510 HTTP/1.1" 500 45919 "-" "Mozilla/5.0 (Linux; Android 8.0; Pixel 2 Build/OPD3.170816.012) AppleWebKit/537.36 (KHTML, like Gecko) Chrome/72.0.3626.121 Mobile Safari/537.36 (compatible; EzoicBot-Nicheiq; +http://www.ezoic.com/bot) X-Middleton/1"
35.173.219.106 - - [23/Feb/2025:07:25:19 -0500] "GET /yamaha-f310-acoustic-guitar-review-2020/?rmfolder=/proc/26 HTTP/1.1" 200 43286 "-" "Mozilla/5.0 AppleWebKit/537.36 (KHTML, like Gecko; compatible; Amazonbot/0.1; +https://developer.amazon.com/support/amazonbot) Chrome/119.0.6045.214 Safari/537.36 X-Middleton/1"
3.90.112.236 - - [23/Feb/2025:07:25:20 -0500] "GET /avoid/t260?ynzmini=%2Fhome%2Fguitarlisty%2Fpublic_html%2F289f6%2F. HTTP/1.1" 200 7076 "-" "Mozilla/5.0 AppleWebKit/537.36 (KHTML, like Gecko; compatible; ClaudeBot/1.0; +claudebot@anthropic.com) X-Middleton/1"
54.226.129.235 - - [23/Feb/2025:07:25:20 -0500] "GET /focus/a216?pid=7676 HTTP/1.1" 500 45916 "-" "Mozilla/5.0 AppleWebKit/537.36 (KHTML, like Gecko; compatible; ClaudeBot/1.0; +claudebot@anthropic.com) X-Middleton/1"
3.81.58.205 - - [23/Feb/2025:07:25:20 -0500] "GET /pages.php?46puk4631.html HTTP/1.1" 200 43279 "-" "Mozilla/5.0 AppleWebKit/537.36 (KHTML, like Gecko; compatible; GPTBot/1.2; +https://openai.com/gptbot) X-Middleton/1"
52.207.162.105 - - [23/Feb/2025:07:25:21 -0500] "GET /piano/a155?pid=45749 HTTP/1.1" 500 45916 "-" "Mozilla/5.0 AppleWebKit/537.36 (KHTML, like Gecko; compatible; ClaudeBot/1.0; +claudebot@anthropic.com) X-Middleton/1"
52.207.162.105 - - [23/Feb/2025:07:25:21 -0500] "GET /deal/w118?pid=33314 HTTP/1.1" 200 43282 "-" "Mozilla/5.0 AppleWebKit/537.36 (KHTML, like Gecko; compatible; ClaudeBot/1.0; +claudebot@anthropic.com) X-Middleton/1"
66.249.79.194 - - [23/Feb/2025:07:25:20 -0500] "GET /measurement/s174?pid=27806/86699help/help_04_2.html HTTP/1.1" 200 73697 "-" "Mozilla/5.0 (Linux; Android 6.0.1; Nexus 5X Build/MMB29P) AppleWebKit/537.36 (KHTML, like Gecko) Chrome/133.0.6943.53 Mobile Safari/537.36 (compatible; Googlebot/2.1; +http://www.google.com/bot.html)"
3.94.247.247 - - [23/Feb/2025:07:25:22 -0500] "GET /ill/k149?pid=10191 HTTP/1.1" 200 142425 "-" "Mozilla/5.0 (Linux; Android 6.0.1; Nexus 5X Build/MMB29P) AppleWebKit/537.36 (KHTML, like Gecko) Chrome/133.0.6943.53 Mobile Safari/537.36 (compatible; GoogleOther) X-Middleton/1"
54.144.101.254 - - [23/Feb/2025:07:25:22 -0500] "GET /blue/u52?file=%2Fhome%2Fguitarlisty%2Fpublic_html%2Fwp-includes%2F9b666c10 HTTP/1.1" 200 14253 "-" "Mozilla/5.0 AppleWebKit/537.36 (KHTML, like Gecko; compatible; ClaudeBot/1.0; +claudebot@anthropic.com) X-Middleton/1"
54.198.124.77 - - [23/Feb/2025:07:25:23 -0500] "GET /yamaha-f310-acoustic-guitar-review-2020/?ynzmini=/proc/26/ HTTP/1.1" 200 13841 "-" "Mozilla/5.0 AppleWebKit/537.36 (KHTML, like Gecko; compatible; Amazonbot/0.1; +https://developer.amazon.com/support/amazonbot) Chrome/119.0.6045.214 Safari/537.36 X-Middleton/1"
54.196.44.86 - - [23/Feb/2025:07:25:23 -0500] "GET /existence/b284?pid=7844 HTTP/1.1" 200 43280 "-" "Mozilla/5.0 AppleWebKit/537.36 (KHTML, like Gecko; compatible; ClaudeBot/1.0; +claudebot@anthropic.com) X-Middleton/1"
3.89.44.170 - - [23/Feb/2025:07:25:23 -0500] "GET /m116046853?file=%2Fhome%2Fguitarlisty%2Fpublic_html%2F%2Fadminer.php HTTP/1.1" 200 6381 "-" "Mozilla/5.0 AppleWebKit/537.36 (KHTML, like Gecko; compatible; ClaudeBot/1.0; +claudebot@anthropic.com) X-Middleton/1"
18.212.120.70 - - [23/Feb/2025:07:25:25 -0500] "GET /exclusively/r20?pid=17320/help/help_04_2.html/shop/detail?shop_id=1/help/help_04_2.html HTTP/1.1" 200 150459 "-" "Mozilla/5.0 (Linux; Android 6.0.1; Nexus 5X Build/MMB29P) AppleWebKit/537.36 (KHTML, like Gecko) Chrome/133.0.6943.53 Mobile Safari/537.36 (compatible; GoogleOther) X-Middleton/1"
3.90.112.236 - - [23/Feb/2025:07:25:25 -0500] "GET /result/s74?ynzmini=%2Fhome%2Fguitarlisty%2Fpublic_html%2F.tmb%2F.. HTTP/1.1" 200 16175 "-" "Mozilla/5.0 AppleWebKit/537.36 (KHTML, like Gecko; compatible; ClaudeBot/1.0; +claudebot@anthropic.com) X-Middleton/1"
3.81.110.12 - - [23/Feb/2025:07:25:25 -0500] "GET /journey/w212?pid=2260 HTTP/1.1" 200 43279 "-" "Mozilla/5.0 AppleWebKit/537.36 (KHTML, like Gecko; compatible; ClaudeBot/1.0; +claudebot@anthropic.com) X-Middleton/1"
18.232.117.100 - - [23/Feb/2025:07:25:26 -0500] "GET /pretty/z168?pid=46368 HTTP/1.1" 500 45916 "-" "Mozilla/5.0 AppleWebKit/537.36 (KHTML, like Gecko; compatible; ClaudeBot/1.0; +claudebot@anthropic.com) X-Middleton/1"
18.212.120.70 - - [23/Feb/2025:07:25:26 -0500] "GET /alone/q22?pid=27174 HTTP/1.1" 200 43281 "-" "Mozilla/5.0 AppleWebKit/537.36 (KHTML, like Gecko; compatible; ClaudeBot/1.0; +claudebot@anthropic.com) X-Middleton/1"
3.89.44.170 - - [23/Feb/2025:07:25:27 -0500] "GET /m105022796?srsltid=AfmBOoSmMmpDpraxk6CzjN_JfCP9iLBjf_VnWdHLyN-Q-mUKEeiHJ4 HTTP/1.1" 500 45917 "-" "Mozilla/5.0 (Linux; Android 8.0; Pixel 2 Build/OPD3.170816.012) AppleWebKit/537.36 (KHTML, like Gecko) Chrome/72.0.3626.121 Mobile Safari/537.36 (compatible; EzoicBot-Nicheiq; +http://www.ezoic.com/bot) X-Middleton/1"
54.157.220.176 - - [23/Feb/2025:07:25:27 -0500] "GET /yamaha-f310-acoustic-guitar-review-2020/?file=/proc/26//io HTTP/1.1" 200 6291 "-" "Mozilla/5.0 AppleWebKit/537.36 (KHTML, like Gecko; compatible; Amazonbot/0.1; +https://developer.amazon.com/support/amazonbot) Chrome/119.0.6045.214 Safari/537.36 X-Middleton/1"
107.20.82.18 - - [23/Feb/2025:07:25:28 -0500] "GET /m086005153?srsltid=AfmBOoSlDhxGjmfUe0w6h8_fPx76pOoUP_6i23wDSV-T-jODN5knxJ HTTP/1.1" 200 43280 "-" "Mozilla/5.0 AppleWebKit/537.36 (KHTML, like Gecko; compatible; ClaudeBot/1.0; +claudebot@anthropic.com) X-Middleton/1"
34.226.215.117 - - [23/Feb/2025:07:25:28 -0500] "GET /m116046853?file=%2Fhome%2Fguitarlisty%2Fpublic_html%2F%2Fwp-load.php HTTP/1.1" 200 10491 "-" "Mozilla/5.0 AppleWebKit/537.36 (KHTML, like Gecko; compatible; ClaudeBot/1.0; +claudebot@anthropic.com) X-Middleton/1"
3.89.44.170 - - [23/Feb/2025:07:25:28 -0500] "GET /execute/r20?pid=17320/shop/detail?shop_id=1/86699help/help_04_2.html HTTP/1.1" 200 158386 "-" "Mozilla/5.0 (Linux; Android 6.0.1; Nexus 5X Build/MMB29P) AppleWebKit/537.36 (KHTML, like Gecko) Chrome/133.0.6943.53 Mobile Safari/537.36 (compatible; GoogleOther) X-Middleton/1"
54.158.139.140 - - [23/Feb/2025:07:25:30 -0500] "GET /panic/v255?file=%2Fhome%2Fguitarlisty%2Fpublic_html%2Fwp-includes%2Fadmin.php HTTP/1.1" 200 8335 "-" "Mozilla/5.0 AppleWebKit/537.36 (KHTML, like Gecko; compatible; ClaudeBot/1.0; +claudebot@anthropic.com) X-Middleton/1"
3.80.165.4 - - [23/Feb/2025:07:25:30 -0500] "GET /biography/s125?pid=34659 HTTP/1.1" 200 43278 "-" "Mozilla/5.0 AppleWebKit/537.36 (KHTML, like Gecko; compatible; ClaudeBot/1.0; +claudebot@anthropic.com) X-Middleton/1"
3.90.39.225 - - [23/Feb/2025:07:25:31 -0500] "GET /m296016001?srsltid=AfmBOoLYbVZKIltU2U54V7_n2U09uNWdS_Yw4fKEuG-B-secmIKpmK HTTP/1.1" 200 43279 "-" "Mozilla/5.0 AppleWebKit/537.36 (KHTML, like Gecko; compatible; ClaudeBot/1.0; +claudebot@anthropic.com) X-Middleton/1"
54.162.136.253 - - [23/Feb/2025:07:25:31 -0500] "GET /bishop/m133?pid=6595 HTTP/1.1" 200 43282 "-" "Mozilla/5.0 AppleWebKit/537.36 (KHTML, like Gecko; compatible; ClaudeBot/1.0; +claudebot@anthropic.com) X-Middleton/1"
50.17.142.168 - - [23/Feb/2025:07:25:31 -0500] "GET /tall/z243?pid=20505 HTTP/1.1" 200 43281 "-" "Mozilla/5.0 AppleWebKit/537.36 (KHTML, like Gecko; compatible; ClaudeBot/1.0; +claudebot@anthropic.com) X-Middleton/1"
3.90.39.225 - - [23/Feb/2025:07:25:31 -0500] "GET /yamaha-f310-acoustic-guitar-review-2020/?ynzmini=/proc/27 HTTP/1.1" 200 13788 "-" "Mozilla/5.0 AppleWebKit/537.36 (KHTML, like Gecko; compatible; Amazonbot/0.1; +https://developer.amazon.com/support/amazonbot) Chrome/119.0.6045.214 Safari/537.36 X-Middleton/1"
54.226.129.235 - - [23/Feb/2025:07:25:32 -0500] "GET /indicate/r20?pid=17320/help/help_04_2.html/shop/detail?shop_id=1/86699help/help_04_2.html HTTP/1.1" 200 457065 "-" "Mozilla/5.0 (Linux; Android 6.0.1; Nexus 5X Build/MMB29P) AppleWebKit/537.36 (KHTML, like Gecko) Chrome/133.0.6943.53 Mobile Safari/537.36 (compatible; GoogleOther) X-Middleton/1"
54.162.136.253 - - [23/Feb/2025:07:25:33 -0500] "GET /m268010659?srsltid=AfmBOoJaEBFJrnDeC68UsO_dy7NelE9ad_5i73mPaB-Z-08fCLhwEM HTTP/1.1" 500 45916 "-" "Mozilla/5.0 AppleWebKit/537.36 (KHTML, like Gecko; compatible; ClaudeBot/1.0; +claudebot@anthropic.com) X-Middleton/1"
3.90.39.225 - - [23/Feb/2025:07:25:33 -0500] "GET /m080040921?file=%2Fhome%2Fguitarlisty%2Fpublic_html%2F%2Fwp-trackback.php HTTP/1.1" 200 11554 "-" "Mozilla/5.0 AppleWebKit/537.36 (KHTML, like Gecko; compatible; ClaudeBot/1.0; +claudebot@anthropic.com) X-Middleton/1"
52.207.162.105 - - [23/Feb/2025:07:25:35 -0500] "GET /m165040182?srsltid=AfmBOoYOBtlCcAxVeTAmD6_wzjSrnlz7Z_d85eEPdu-D-3UBl41Vpf HTTP/1.1" 200 43286 "-" "Mozilla/5.0 (Linux; Android 8.0; Pixel 2 Build/OPD3.170816.012) AppleWebKit/537.36 (KHTML, like Gecko) Chrome/72.0.3626.121 Mobile Safari/537.36 (compatible; EzoicBot-Nicheiq; +http://www.ezoic.com/bot) X-Middleton/1"
54.162.136.253 - - [23/Feb/2025:07:25:35 -0500] "GET /yamaha-f310-acoustic-guitar-review-2020/?file=/proc/27/io HTTP/1.1" 200 6288 "-" "Mozilla/5.0 AppleWebKit/537.36 (KHTML, like Gecko; compatible; Amazonbot/0.1; +https://developer.amazon.com/support/amazonbot) Chrome/119.0.6045.214 Safari/537.36 X-Middleton/1"
52.207.162.105 - - [23/Feb/2025:07:25:35 -0500] "GET /involve/s19?file=%2Fhome%2Fguitarlisty%2Fpublic_html%2Fwp-includes%2Fpaypal.gif HTTP/1.1" 200 6411 "-" "Mozilla/5.0 AppleWebKit/537.36 (KHTML, like Gecko; compatible; ClaudeBot/1.0; +claudebot@anthropic.com) X-Middleton/1"
54.198.124.77 - - [23/Feb/2025:07:25:35 -0500] "GET /wonderful/e231?pid=25341 HTTP/1.1" 200 43281 "-" "Mozilla/5.0 AppleWebKit/537.36 (KHTML, like Gecko; compatible; ClaudeBot/1.0; +claudebot@anthropic.com) X-Middleton/1"
184.72.213.252 - - [23/Feb/2025:07:25:35 -0500] "GET /horizon/r20?pid=17320/shop/detail?shop_id=1 HTTP/1.1" 200 144992 "-" "Mozilla/5.0 (Linux; Android 6.0.1; Nexus 5X Build/MMB29P) AppleWebKit/537.36 (KHTML, like Gecko) Chrome/133.0.6943.53 Mobile Safari/537.36 (compatible; GoogleOther) X-Middleton/1"
52.71.251.0 - - [23/Feb/2025:07:25:36 -0500] "GET /m/bicyc51537556.html?ynzmini=%2Ftmp HTTP/1.1" 200 6956 "-" "Mozilla/5.0 AppleWebKit/537.36 (KHTML, like Gecko; compatible; ClaudeBot/1.0; +claudebot@anthropic.com) X-Middleton/1"
107.20.82.18 - - [23/Feb/2025:07:25:36 -0500] "GET /m122045757?srsltid=AfmBOoBOGVmdyiWAPDf8J0_XvDz5bUauN_bsweYKL7-P-U8r1g0Glm HTTP/1.1" 200 43280 "-" "Mozilla/5.0 AppleWebKit/537.36 (KHTML, like Gecko; compatible; ClaudeBot/1.0; +claudebot@anthropic.com) X-Middleton/1"
35.171.189.120 - - [23/Feb/2025:07:25:36 -0500] "GET /cattle/t190?pid=11918 HTTP/1.1" 200 43282 "-" "Mozilla/5.0 AppleWebKit/537.36 (KHTML, like Gecko; compatible; ClaudeBot/1.0; +claudebot@anthropic.com) X-Middleton/1"
54.209.250.19 - - [23/Feb/2025:07:25:36 -0500] "GET /sort/z100?pid=35806 HTTP/1.1" 500 45915 "-" "Mozilla/5.0 AppleWebKit/537.36 (KHTML, like Gecko; compatible; ClaudeBot/1.0; +claudebot@anthropic.com) X-Middleton/1"
3.94.247.247 - - [23/Feb/2025:07:25:39 -0500] "GET /awareness/k149?pid=10191 HTTP/1.1" 200 145766 "-" "Mozilla/5.0 (Linux; Android 6.0.1; Nexus 5X Build/MMB29P) AppleWebKit/537.36 (KHTML, like Gecko) Chrome/133.0.6943.53 Mobile Safari/537.36 (compatible; GoogleOther) X-Middleton/1"
54.242.51.163 - - [23/Feb/2025:07:25:39 -0500] "GET /store/p77?pid=32935 HTTP/1.1" 500 45915 "-" "Mozilla/5.0 AppleWebKit/537.36 (KHTML, like Gecko; compatible; ClaudeBot/1.0; +claudebot@anthropic.com) X-Middleton/1"
3.87.139.20 - - [23/Feb/2025:07:25:39 -0500] "GET /yamaha-f310-acoustic-guitar-review-2020/?file=/proc/27/mem HTTP/1.1" 200 6291 "-" "Mozilla/5.0 AppleWebKit/537.36 (KHTML, like Gecko; compatible; Amazonbot/0.1; +https://developer.amazon.com/support/amazonbot) Chrome/119.0.6045.214 Safari/537.36 X-Middleton/1"
54.234.205.77 - - [23/Feb/2025:07:25:40 -0500] "GET /advertising/b150?file=%2Fhome%2Fguitarlisty%2Fpublic_html%2Fwp-content%2Fkworkerd HTTP/1.1" 200 14003 "-" "Mozilla/5.0 AppleWebKit/537.36 (KHTML, like Gecko; compatible; ClaudeBot/1.0; +claudebot@anthropic.com) X-Middleton/1"
54.198.248.107 - - [23/Feb/2025:07:25:40 -0500] "GET /m214016451?srsltid=AfmBOoCdFjhlIifasryNl6_QRD1SmYX0o_qg1hvB05-Z-VIFWo2aOY HTTP/1.1" 200 43282 "-" "Mozilla/5.0 AppleWebKit/537.36 (KHTML, like Gecko; compatible; ClaudeBot/1.0; +claudebot@anthropic.com) X-Middleton/1"
3.81.58.205 - - [23/Feb/2025:07:25:41 -0500] "GET /relax/f40?ynzmini=%2F%2Fscripts%2FCpanel HTTP/1.1" 200 6532 "-" "Mozilla/5.0 AppleWebKit/537.36 (KHTML, like Gecko; compatible; ClaudeBot/1.0; +claudebot@anthropic.com) X-Middleton/1"
184.72.213.252 - - [23/Feb/2025:07:25:41 -0500] "GET /alive/f222?pid=12334 HTTP/1.1" 200 43282 "-" "Mozilla/5.0 AppleWebKit/537.36 (KHTML, like Gecko; compatible; ClaudeBot/1.0; +claudebot@anthropic.com) X-Middleton/1"
54.198.85.7 - - [23/Feb/2025:07:25:41 -0500] "GET /join/i78?file=%2F%2Fbin%2Fbzcmp HTTP/1.1" 200 8742 "-" "Mozilla/5.0 AppleWebKit/537.36 (KHTML, like Gecko; compatible; ClaudeBot/1.0; +claudebot@anthropic.com) X-Middleton/1"
35.171.189.120 - - [23/Feb/2025:07:25:41 -0500] "GET /painter/r245?pid=26963 HTTP/1.1" 200 43282 "-" "Mozilla/5.0 AppleWebKit/537.36 (KHTML, like Gecko; compatible; ClaudeBot/1.0; +claudebot@anthropic.com) X-Middleton/1"
35.173.219.106 - - [23/Feb/2025:07:25:43 -0500] "GET /m151038374?srsltid=AfmBOoPfCEVctgGhlpmZl4_8TfU1XkYYZ_fMZWXnqq-A-yowSnnmIT HTTP/1.1" 500 45920 "-" "Mozilla/5.0 (Linux; Android 8.0; Pixel 2 Build/OPD3.170816.012) AppleWebKit/537.36 (KHTML, like Gecko) Chrome/72.0.3626.121 Mobile Safari/537.36 (compatible; EzoicBot-Nicheiq; +http://www.ezoic.com/bot) X-Middleton/1"
54.158.139.140 - - [23/Feb/2025:07:25:43 -0500] "GET /jet/r20?pid=17320/shop/detail?shop_id=1/help/help_04_2.html HTTP/1.1" 200 148099 "-" "Mozilla/5.0 (Linux; Android 6.0.1; Nexus 5X Build/MMB29P) AppleWebKit/537.36 (KHTML, like Gecko) Chrome/133.0.6943.53 Mobile Safari/537.36 (compatible; GoogleOther) X-Middleton/1"
3.81.214.139 - - [23/Feb/2025:07:25:43 -0500] "GET /yamaha-f310-acoustic-guitar-review-2020/?rmfolder=/proc/27 HTTP/1.1" 200 43284 "-" "Mozilla/5.0 AppleWebKit/537.36 (KHTML, like Gecko; compatible; Amazonbot/0.1; +https://developer.amazon.com/support/amazonbot) Chrome/119.0.6045.214 Safari/537.36 X-Middleton/1"
54.234.205.77 - - [23/Feb/2025:07:25:44 -0500] "GET /medium/s180?pid=49186 HTTP/1.1" 200 43281 "-" "Mozilla/5.0 AppleWebKit/537.36 (KHTML, like Gecko; compatible; ClaudeBot/1.0; +claudebot@anthropic.com) X-Middleton/1"
98.83.149.163 - - [23/Feb/2025:07:25:45 -0500] "GET /m033025548?file=%2Fhome%2Fguitarlisty%2Fpublic_html%2Fwp-includes%2Fms-network.php HTTP/1.1" 200 10251 "-" "Mozilla/5.0 AppleWebKit/537.36 (KHTML, like Gecko; compatible; ClaudeBot/1.0; +claudebot@anthropic.com) X-Middleton/1"
35.173.180.132 - - [23/Feb/2025:07:25:45 -0500] "GET /always/k44?pid=6306 HTTP/1.1" 200 43282 "-" "Mozilla/5.0 AppleWebKit/537.36 (KHTML, like Gecko; compatible; ClaudeBot/1.0; +claudebot@anthropic.com) X-Middleton/1"
98.83.149.163 - - [23/Feb/2025:07:25:46 -0500] "GET /relax/f40?file=%2F%2Fscripts%2Fsshcontrol HTTP/1.1" 200 21817 "-" "Mozilla/5.0 AppleWebKit/537.36 (KHTML, like Gecko; compatible; ClaudeBot/1.0; +claudebot@anthropic.com) X-Middleton/1"
3.90.39.225 - - [23/Feb/2025:07:25:46 -0500] "GET /assessment/r85?pid=26873 HTTP/1.1" 200 43279 "-" "Mozilla/5.0 AppleWebKit/537.36 (KHTML, like Gecko; compatible; ClaudeBot/1.0; +claudebot@anthropic.com) X-Middleton/1"
52.205.171.15 - - [23/Feb/2025:07:25:46 -0500] "GET /m270048761?ynzmini=%2F%2Fsbin HTTP/1.1" 200 77537 "-" "Mozilla/5.0 AppleWebKit/537.36 (KHTML, like Gecko; compatible; ClaudeBot/1.0; +claudebot@anthropic.com) X-Middleton/1"
3.94.247.247 - - [23/Feb/2025:07:25:46 -0500] "GET /map/k149?pid=38717/shop/detail?shop_id=1 HTTP/1.1" 200 148941 "-" "Mozilla/5.0 (Linux; Android 6.0.1; Nexus 5X Build/MMB29P) AppleWebKit/537.36 (KHTML, like Gecko) Chrome/133.0.6943.53 Mobile Safari/537.36 (compatible; GoogleOther) X-Middleton/1"
18.209.166.209 - - [23/Feb/2025:07:25:47 -0500] "GET /m/tutor22617361.html?ynzmini=/home/guitarlisty/public_html/c4485 HTTP/1.1" 200 6969 "-" "Mozilla/5.0 (Windows; U; Windows NT 6.1; en-US) AppleWebKit/534.17 (KHTML, like Gecko) Chrome/10.0.649.0 Safari/534.17 X-Middleton/1"
54.158.15.14 - - [23/Feb/2025:07:25:47 -0500] "GET /yamaha-f310-acoustic-guitar-review-2020/?ynzmini=/proc/27/ HTTP/1.1" 200 13841 "-" "Mozilla/5.0 AppleWebKit/537.36 (KHTML, like Gecko; compatible; Amazonbot/0.1; +https://developer.amazon.com/support/amazonbot) Chrome/119.0.6045.214 Safari/537.36 X-Middleton/1"
23.22.111.12 - - [23/Feb/2025:07:25:49 -0500] "GET /initiate/y290?pid=46334 HTTP/1.1" 500 45914 "-" "Mozilla/5.0 AppleWebKit/537.36 (KHTML, like Gecko; compatible; ClaudeBot/1.0; +claudebot@anthropic.com) X-Middleton/1"
66.249.79.36 - - [23/Feb/2025:07:25:49 -0500] "GET /?_gl=1*vh58hmr*_ga*EXToAlFJwRYpgVTeJsWplujaYQPc*_ga_WOFYXAAEN*cWLVfT2HeciVwNlziEl6SGfLs2OnGCvHxPtjfCNQnQHqA4vyq0oe840.*_gcl_au=1.1.194640782.172577845*_gcl_aw=THN.179752491.hnZMORCn00MjXvwovv36SeIPgFvoABtNbX9FlansOvRm3oQJbsSkj0zGJzOV1o0Om00exiQXfZlbJuvRNZgGHy86It..&_gz=2.190250077.195087644.175979387-868069975.165188223&_bdsid=e87uh2.n~WLYCM.179843946.179343862&_bd_prev_page=https://www.host.interactivevillages.com/cart.htm?item/u204/27568/ HTTP/1.1" 200 26998 "-" "Mozilla/5.0 (Linux; Android 6.0.1; Nexus 5X Build/MMB29P) AppleWebKit/537.36 (KHTML, like Gecko) Chrome/133.0.6943.53 Mobile Safari/537.36 (compatible; Googlebot/2.1; +http://www.google.com/bot.html)"
34.229.105.159 - - [23/Feb/2025:07:25:50 -0500] "GET /thirty/r20?pid=17320/shop/detail?shop_id=1/help/help_04_2.html HTTP/1.1" 200 151854 "-" "Mozilla/5.0 (Linux; Android 6.0.1; Nexus 5X Build/MMB29P) AppleWebKit/537.36 (KHTML, like Gecko) Chrome/133.0.6943.53 Mobile Safari/537.36 (compatible; GoogleOther) X-Middleton/1"
54.158.139.140 - - [23/Feb/2025:07:25:50 -0500] "GET /brother/o43?pid=9107 HTTP/1.1" 200 43282 "-" "Mozilla/5.0 AppleWebKit/537.36 (KHTML, like Gecko; compatible; ClaudeBot/1.0; +claudebot@anthropic.com) X-Middleton/1"
3.90.112.236 - - [23/Feb/2025:07:25:51 -0500] "GET /wall/d106?ynzmini=%2Fhome%2F%2Fmpercy HTTP/1.1" 200 6205 "-" "Mozilla/5.0 AppleWebKit/537.36 (KHTML, like Gecko; compatible; ClaudeBot/1.0; +claudebot@anthropic.com) X-Middleton/1"
54.158.15.14 - - [23/Feb/2025:07:25:51 -0500] "GET /m096016989?srsltid=AfmBOoCstcXdypMuDRsWz1_5uLGbFByev_DtRm0Nbs-N-sqn7vRpu6 HTTP/1.1" 200 43284 "-" "Mozilla/5.0 (Linux; Android 8.0; Pixel 2 Build/OPD3.170816.012) AppleWebKit/537.36 (KHTML, like Gecko) Chrome/72.0.3626.121 Mobile Safari/537.36 (compatible; EzoicBot-Nicheiq; +http://www.ezoic.com/bot) X-Middleton/1"
34.229.105.159 - - [23/Feb/2025:07:25:51 -0500] "GET /yamaha-f310-acoustic-guitar-review-2020/?file=/proc/27//io HTTP/1.1" 200 6291 "-" "Mozilla/5.0 AppleWebKit/537.36 (KHTML, like Gecko; compatible; Amazonbot/0.1; +https://developer.amazon.com/support/amazonbot) Chrome/119.0.6045.214 Safari/537.36 X-Middleton/1"
54.208.214.128 - - [23/Feb/2025:07:25:51 -0500] "GET /transport/l196?ynzmini=%2F%2Fetc%2Faudit HTTP/1.1" 200 6216 "-" "Mozilla/5.0 AppleWebKit/537.36 (KHTML, like Gecko; compatible; ClaudeBot/1.0; +claudebot@anthropic.com) X-Middleton/1"
52.207.162.105 - - [23/Feb/2025:07:25:51 -0500] "GET /m141031544?srsltid=AfmBOoOYvikONxVbmUhFrg_Hhpc5LCvUY_ROdAsCYj-Z-rEHW0xPGx HTTP/1.1" 200 43282 "-" "Mozilla/5.0 AppleWebKit/537.36 (KHTML, like Gecko; compatible; ClaudeBot/1.0; +claudebot@anthropic.com) X-Middleton/1"
35.173.219.106 - - [23/Feb/2025:07:25:53 -0500] "GET /pages.php?226ahh2839.html HTTP/1.1" 500 45920 "-" "Mozilla/5.0 AppleWebKit/537.36 (KHTML, like Gecko; compatible; GPTBot/1.2; +https://openai.com/gptbot) X-Middleton/1"
107.20.82.18 - - [23/Feb/2025:07:25:54 -0500] "GET /m218000403?srsltid=AfmBOoYIogULOuIq99oowZ_kmmBiXq95J_LLRfHVKe-N-1qVcOHeno HTTP/1.1" 200 43280 "-" "Mozilla/5.0 AppleWebKit/537.36 (KHTML, like Gecko; compatible; ClaudeBot/1.0; +claudebot@anthropic.com) X-Middleton/1"
34.226.215.117 - - [23/Feb/2025:07:25:54 -0500] "GET /single/k149?pid=10191/help/help_04_2.html/shop/detail?shop_id=1 HTTP/1.1" 200 152820 "-" "Mozilla/5.0 (Linux; Android 6.0.1; Nexus 5X Build/MMB29P) AppleWebKit/537.36 (KHTML, like Gecko) Chrome/133.0.6943.53 Mobile Safari/537.36 (compatible; GoogleOther) X-Middleton/1"
54.198.124.77 - - [23/Feb/2025:07:25:55 -0500] "GET /habitat/p38?pid=2480 HTTP/1.1" 200 43281 "-" "Mozilla/5.0 AppleWebKit/537.36 (KHTML, like Gecko; compatible; ClaudeBot/1.0; +claudebot@anthropic.com) X-Middleton/1"
54.196.44.86 - - [23/Feb/2025:07:25:55 -0500] "GET /yamaha-f310-acoustic-guitar-review-2020/?ynzmini=/proc/29 HTTP/1.1" 200 13788 "-" "Mozilla/5.0 AppleWebKit/537.36 (KHTML, like Gecko; compatible; Amazonbot/0.1; +https://developer.amazon.com/support/amazonbot) Chrome/119.0.6045.214 Safari/537.36 X-Middleton/1"
35.173.180.132 - - [23/Feb/2025:07:25:56 -0500] "GET /pole/x65?ynzmini=%2Fhome%2Fguitarlisty%2Fpublic_html%2F%2F123 HTTP/1.1" 200 8375 "-" "Mozilla/5.0 AppleWebKit/537.36 (KHTML, like Gecko; compatible; ClaudeBot/1.0; +claudebot@anthropic.com) X-Middleton/1"
3.89.44.170 - - [23/Feb/2025:07:25:56 -0500] "GET /inherit/z34?edit=true&file=%2Fetc%2Fresolv.conf HTTP/1.1" 404 6543 "-" "Mozilla/5.0 AppleWebKit/537.36 (KHTML, like Gecko; compatible; ClaudeBot/1.0; +claudebot@anthropic.com) X-Middleton/1"
54.226.129.235 - - [23/Feb/2025:07:25:56 -0500] "GET /m139011684?srsltid=AfmBOoMQGTYqjkcxMEikte_RCWudObfjU_gesm6ju7-H-q4as7HFEZ HTTP/1.1" 200 43282 "-" "Mozilla/5.0 AppleWebKit/537.36 (KHTML, like Gecko; compatible; ClaudeBot/1.0; +claudebot@anthropic.com) X-Middleton/1"
107.20.115.131 - - [23/Feb/2025:07:25:57 -0500] "GET /extension/r20?pid=17320/shop/detail?shop_id=1 HTTP/1.1" 200 146379 "-" "Mozilla/5.0 (Linux; Android 6.0.1; Nexus 5X Build/MMB29P) AppleWebKit/537.36 (KHTML, like Gecko) Chrome/133.0.6943.53 Mobile Safari/537.36 (compatible; GoogleOther) X-Middleton/1"
54.196.44.86 - - [23/Feb/2025:07:25:58 -0500] "GET /tide/j12?pid=13558 HTTP/1.1" 500 45914 "-" "Mozilla/5.0 AppleWebKit/537.36 (KHTML, like Gecko; compatible; ClaudeBot/1.0; +claudebot@anthropic.com) X-Middleton/1"
107.20.82.18 - - [23/Feb/2025:07:25:58 -0500] "GET /?_g=10178124/86699help/help_04_2.html/shop/detail?shop_id=1 HTTP/1.1" 200 151655 "-" "Mozilla/5.0 (Linux; Android 6.0.1; Nexus 5X Build/MMB29P) AppleWebKit/537.36 (KHTML, like Gecko) Chrome/133.0.6943.126 Mobile Safari/537.36 (compatible; Googlebot/2.1; +http://www.google.com/bot.html) X-Middleton/1"
3.92.71.7 - - [23/Feb/2025:07:25:59 -0500] "GET /m282039889?srsltid=AfmBOoVCvbmAOsKD91W5RF_hzQReo6tED_lMkp8oSb-O-DMmuPTLwc HTTP/1.1" 200 43277 "-" "Mozilla/5.0 AppleWebKit/537.36 (KHTML, like Gecko; compatible; ClaudeBot/1.0; +claudebot@anthropic.com) X-Middleton/1"
34.226.215.117 - - [23/Feb/2025:07:25:59 -0500] "GET /m041043182?srsltid=AfmBOoEvkZoILyYY0BYX5n_T8bQqI1RSg_NOsVSz5Z-S-zg0uk9GWt HTTP/1.1" 200 43286 "-" "Mozilla/5.0 (Linux; Android 8.0; Pixel 2 Build/OPD3.170816.012) AppleWebKit/537.36 (KHTML, like Gecko) Chrome/72.0.3626.121 Mobile Safari/537.36 (compatible; EzoicBot-Nicheiq; +http://www.ezoic.com/bot) X-Middleton/1"
54.198.124.77 - - [23/Feb/2025:07:26:00 -0500] "GET /yamaha-f310-acoustic-guitar-review-2020/?file=/proc/29/io HTTP/1.1" 200 6288 "-" "Mozilla/5.0 AppleWebKit/537.36 (KHTML, like Gecko; compatible; Amazonbot/0.1; +https://developer.amazon.com/support/amazonbot) Chrome/119.0.6045.214 Safari/537.36 X-Middleton/1"
98.83.220.235 - - [23/Feb/2025:07:26:00 -0500] "GET /freshman/r24?pid=29738 HTTP/1.1" 200 43281 "-" "Mozilla/5.0 AppleWebKit/537.36 (KHTML, like Gecko; compatible; ClaudeBot/1.0; +claudebot@anthropic.com) X-Middleton/1"
54.234.205.77 - - [23/Feb/2025:07:26:00 -0500] "GET /enough/k149?pid=10191 HTTP/1.1" 200 140578 "-" "Mozilla/5.0 (Linux; Android 6.0.1; Nexus 5X Build/MMB29P) AppleWebKit/537.36 (KHTML, like Gecko) Chrome/133.0.6943.53 Mobile Safari/537.36 (compatible; GoogleOther) X-Middleton/1"
54.198.124.77 - - [23/Feb/2025:07:26:01 -0500] "GET /m187028414?ynzmini=%2Fhome%2Fguitarlisty%2Fpublic_html%2Fas%2F.. HTTP/1.1" 200 16061 "-" "Mozilla/5.0 AppleWebKit/537.36 (KHTML, like Gecko; compatible; ClaudeBot/1.0; +claudebot@anthropic.com) X-Middleton/1"
34.226.215.117 - - [23/Feb/2025:07:26:01 -0500] "GET /m/ninth60824429.html?file=%2Fhome%2Fguitarlisty%2Fpublic_html%2Ferror_log HTTP/1.1" 200 144072 "-" "Mozilla/5.0 AppleWebKit/537.36 (KHTML, like Gecko; compatible; ClaudeBot/1.0; +claudebot@anthropic.com) X-Middleton/1"
54.164.180.114 - - [23/Feb/2025:07:26:01 -0500] "GET /home/000~ROOT~000/usr/share/mime/application/vnd.iccprofile.xml HTTP/1.1" 404 138949 "-" "Mozilla/5.0 (Linux; Android 5.0) AppleWebKit/537.36 (KHTML, like Gecko) Mobile Safari/537.36 (compatible; Bytespider; spider-feedback@bytedance.com) X-Middleton/1"
23.22.111.12 - - [23/Feb/2025:07:26:02 -0500] "GET /m/vary32210298.html?file=/home/guitarlisty/public_html/google0a881b34d3ea1dfb.html HTTP/1.1" 200 6479 "-" "Mozilla/5.0 (Windows; U; Windows NT 6.1; en-US) AppleWebKit/534.14 (KHTML, like Gecko) Chrome/10.0.601.0 Safari/534.14 X-Middleton/1"
3.89.44.170 - - [23/Feb/2025:07:26:03 -0500] "GET /together/g16?ynzmini=%2Fhome%2Fguitarlisty%2Fpublic_html%2F..%2Fpublic_html HTTP/1.1" 404 16565 "-" "Mozilla/5.0 AppleWebKit/537.36 (KHTML, like Gecko; compatible; ClaudeBot/1.0; +claudebot@anthropic.com) X-Middleton/1"
3.81.214.139 - - [23/Feb/2025:07:26:03 -0500] "GET /fork/o200?pid=26764 HTTP/1.1" 200 43280 "-" "Mozilla/5.0 AppleWebKit/537.36 (KHTML, like Gecko; compatible; ClaudeBot/1.0; +claudebot@anthropic.com) X-Middleton/1"
54.242.51.163 - - [23/Feb/2025:07:26:03 -0500] "GET /?s=Oracle%201Z0-1069-21%20Prep%20-%20test%20bundle,%201Z0-1069-21%20Exam%20Cram%20pdf,%20%F0%9F%91%AC%20Download%20%E2%8F%A9%201Z0-1069-21%20%E2%8F%AA%20for%20free%20by%20simply%20entering%20[%20www.pdfvce.com%20]%20website%20%F0%9F%8E%BANew%201Z0-1069-21%20Dumps%20Ppt HTTP/1.1" 200 43285 "-" "Mozilla/5.0 (compatible; MJ12bot/v1.4.8; http://mj12bot.com/) X-Middleton/1"
35.171.189.120 - - [23/Feb/2025:07:26:03 -0500] "GET /yamaha-f310-acoustic-guitar-review-2020/?file=/proc/29/mem HTTP/1.1" 200 6291 "-" "Mozilla/5.0 AppleWebKit/537.36 (KHTML, like Gecko; compatible; Amazonbot/0.1; +https://developer.amazon.com/support/amazonbot) Chrome/119.0.6045.214 Safari/537.36 X-Middleton/1"
52.205.171.15 - - [23/Feb/2025:07:26:04 -0500] "GET /m279032852?srsltid=AfmBOogehfolscMgsxvGMe_vS9Aks2Cou_eSi3X4Mq-C-e6FvPrnms HTTP/1.1" 200 43281 "-" "Mozilla/5.0 AppleWebKit/537.36 (KHTML, like Gecko; compatible; ClaudeBot/1.0; +claudebot@anthropic.com) X-Middleton/1"
3.90.39.225 - - [23/Feb/2025:07:26:04 -0500] "GET /fee/r20?pid=17320/help/help_04_2.html/shop/detail?shop_id=1 HTTP/1.1" 200 145137 "-" "Mozilla/5.0 (Linux; Android 6.0.1; Nexus 5X Build/MMB29P) AppleWebKit/537.36 (KHTML, like Gecko) Chrome/133.0.6943.53 Mobile Safari/537.36 (compatible; GoogleOther) X-Middleton/1"
54.209.250.19 - - [23/Feb/2025:07:26:05 -0500] "GET /electronics/i240?pid=48532 HTTP/1.1" 200 43281 "-" "Mozilla/5.0 AppleWebKit/537.36 (KHTML, like Gecko; compatible; ClaudeBot/1.0; +claudebot@anthropic.com) X-Middleton/1"
35.175.240.220 - - [23/Feb/2025:07:26:05 -0500] "GET /greatest-us-mobile-gambling-%D2%B1yymyny%D2%A3-ba%D2%93darlamalary-men-olimp-krm-oyyndary-2024/ HTTP/1.1" 200 43286 "-" "Mozilla/5.0 (compatible; MJ12bot/v1.4.8; http://mj12bot.com/) X-Middleton/1"
52.207.162.105 - - [23/Feb/2025:07:26:06 -0500] "GET /favorite/t129?ynzmini=%2Fhome%2Fguitarlisty%2Fpublic_html%2F%2Fplugins HTTP/1.1" 200 6994 "-" "Mozilla/5.0 AppleWebKit/537.36 (KHTML, like Gecko; compatible; ClaudeBot/1.0; +claudebot@anthropic.com) X-Middleton/1"
107.20.82.18 - - [23/Feb/2025:07:26:06 -0500] "GET /pet/a207?pid=6481 HTTP/1.1" 200 43280 "-" "Mozilla/5.0 AppleWebKit/537.36 (KHTML, like Gecko; compatible; ClaudeBot/1.0; +claudebot@anthropic.com) X-Middleton/1"
3.80.165.4 - - [23/Feb/2025:07:26:07 -0500] "GET /cooperation/r20?pid=17320 HTTP/1.1" 200 156126 "-" "Mozilla/5.0 (Linux; Android 6.0.1; Nexus 5X Build/MMB29P) AppleWebKit/537.36 (KHTML, like Gecko) Chrome/133.0.6943.53 Mobile Safari/537.36 (compatible; GoogleOther) X-Middleton/1"
3.81.58.205 - - [23/Feb/2025:07:26:07 -0500] "GET /heavily/k275?pid=3375 HTTP/1.1" 200 43283 "-" "Mozilla/5.0 (Linux; Android 8.0; Pixel 2 Build/OPD3.170816.012) AppleWebKit/537.36 (KHTML, like Gecko) Chrome/72.0.3626.121 Mobile Safari/537.36 (compatible; EzoicBot-Nicheiq; +http://www.ezoic.com/bot) X-Middleton/1"
3.87.139.20 - - [23/Feb/2025:07:26:07 -0500] "GET /insane-panda-trial-because-of-the-aristocrat-totally-free-enjoy-%E1%90%88/ HTTP/1.1" 200 43283 "-" "Mozilla/5.0 (compatible; MJ12bot/v1.4.8; http://mj12bot.com/) X-Middleton/1"
3.87.139.20 - - [23/Feb/2025:07:26:08 -0500] "GET /m181007268?delete=true&file=%2Fhome%2Fguitarlisty%2Fpublic_html%2Fabout.php HTTP/1.1" 404 6666 "-" "Mozilla/5.0 AppleWebKit/537.36 (KHTML, like Gecko; compatible; ClaudeBot/1.0; +claudebot@anthropic.com) X-Middleton/1"
54.144.101.254 - - [23/Feb/2025:07:26:08 -0500] "GET /doubt/z227?pid=23523 HTTP/1.1" 200 43282 "-" "Mozilla/5.0 AppleWebKit/537.36 (KHTML, like Gecko; compatible; ClaudeBot/1.0; +claudebot@anthropic.com) X-Middleton/1"
35.173.180.132 - - [23/Feb/2025:07:26:08 -0500] "GET /yamaha-f310-acoustic-guitar-review-2020/?rmfolder=/proc/29 HTTP/1.1" 200 43286 "-" "Mozilla/5.0 AppleWebKit/537.36 (KHTML, like Gecko; compatible; Amazonbot/0.1; +https://developer.amazon.com/support/amazonbot) Chrome/119.0.6045.214 Safari/537.36 X-Middleton/1"
3.80.165.4 - - [23/Feb/2025:07:26:08 -0500] "GET /one/u95?file=%2Fhome%2Fguitarlisty%2Fpublic_html%2F.%2Frobots.txt HTTP/1.1" 200 6714 "-" "Mozilla/5.0 AppleWebKit/537.36 (KHTML, like Gecko; compatible; ClaudeBot/1.0; +claudebot@anthropic.com) X-Middleton/1"
54.209.250.19 - - [23/Feb/2025:07:26:10 -0500] "GET /m251014220?srsltid=AfmBOoXIMyPkfeDx7k9CJ1_d4Tv90raUl_6OvX4TQJ-R-EkqVUT9n3 HTTP/1.1" 500 45915 "-" "Mozilla/5.0 AppleWebKit/537.36 (KHTML, like Gecko; compatible; ClaudeBot/1.0; +claudebot@anthropic.com) X-Middleton/1"
18.232.117.100 - - [23/Feb/2025:07:26:10 -0500] "GET /mythic-luck-casino-slot-games-%E1%97%8E-spin-on-the-web-now-enjoy-online-at-no-cost/ HTTP/1.1" 200 43286 "-" "Mozilla/5.0 (compatible; MJ12bot/v1.4.8; http://mj12bot.com/) X-Middleton/1"
3.90.42.123 - - [23/Feb/2025:07:26:11 -0500] "GET /m207013018?delete=true&file=%2Fhome%2Fguitarlisty%2Fpublic_html%2Ferror_log HTTP/1.1" 404 6455 "-" "Mozilla/5.0 AppleWebKit/537.36 (KHTML, like Gecko; compatible; ClaudeBot/1.0; +claudebot@anthropic.com) X-Middleton/1"
3.81.58.205 - - [23/Feb/2025:07:26:11 -0500] "GET /yamaha-f310-acoustic-guitar-review-2020/?ynzmini=/proc/29/ HTTP/1.1" 200 13841 "-" "Mozilla/5.0 AppleWebKit/537.36 (KHTML, like Gecko; compatible; Amazonbot/0.1; +https://developer.amazon.com/support/amazonbot) Chrome/119.0.6045.214 Safari/537.36 X-Middleton/1"
3.89.44.170 - - [23/Feb/2025:07:26:11 -0500] "GET /wolf/q278?pid=37494 HTTP/1.1" 200 43279 "-" "Mozilla/5.0 AppleWebKit/537.36 (KHTML, like Gecko; compatible; ClaudeBot/1.0; +claudebot@anthropic.com) X-Middleton/1"
3.94.247.247 - - [23/Feb/2025:07:26:11 -0500] "GET /ticket/r20?pid=17320/shop/detail?shop_id=1 HTTP/1.1" 200 147277 "-" "Mozilla/5.0 (Linux; Android 6.0.1; Nexus 5X Build/MMB29P) AppleWebKit/537.36 (KHTML, like Gecko) Chrome/133.0.6943.53 Mobile Safari/537.36 (compatible; GoogleOther) X-Middleton/1"
54.198.7.139 - - [23/Feb/2025:07:26:12 -0500] "GET /on-finest-2024-zhyly-oyynshylar%D2%93a-iel%D1%96k-vkhod-olimp-kom-etet%D1%96n-veb-neg%D1%96zdelgen-na%D2%9Bty-tabys-kazinolary/ HTTP/1.1" 200 43284 "-" "Mozilla/5.0 (compatible; MJ12bot/v1.4.8; http://mj12bot.com/) X-Middleton/1"
