54.162.136.253 - - [23/Feb/2025:07:38:14 -0500] "GET /scary/y64?ynzmini=%2F%2Fproc HTTP/1.1" 200 43976 "-" "Mozilla/5.0 AppleWebKit/537.36 (KHTML, like Gecko; compatible; ClaudeBot/1.0; +claudebot@anthropic.com) X-Middleton/1"
54.234.205.77 - - [23/Feb/2025:07:38:14 -0500] "GET /m/karen62851989.html?s=fg2Frwlgn HTTP/1.1" 200 43285 "-" "Turnitin (https://bit.ly/2UvnfoQ) X-Middleton/1"
54.209.250.19 - - [23/Feb/2025:07:38:14 -0500] "GET /m130041713?file=%2F%2Frazor-agent.log HTTP/1.1" 200 6415 "-" "Mozilla/5.0 AppleWebKit/537.36 (KHTML, like Gecko; compatible; ClaudeBot/1.0; +claudebot@anthropic.com) X-Middleton/1"
54.198.7.139 - - [23/Feb/2025:07:38:14 -0500] "GET /m/keen80537663.html?s=f6QY9uUmt HTTP/1.1" 200 43284 "-" "Turnitin (https://bit.ly/2UvnfoQ) X-Middleton/1"
98.83.220.235 - - [23/Feb/2025:07:38:15 -0500] "GET /yamaha-f310-acoustic-guitar-review-2020/?ynzmini=//lib//./ HTTP/1.1" 200 12346 "-" "Mozilla/5.0 AppleWebKit/537.36 (KHTML, like Gecko; compatible; Amazonbot/0.1; +https://developer.amazon.com/support/amazonbot) Chrome/119.0.6045.214 Safari/537.36 X-Middleton/1"
54.158.139.140 - - [23/Feb/2025:07:38:15 -0500] "GET /m/keen81165663.html?s=fxm-aOaLm HTTP/1.1" 200 43286 "-" "Turnitin (https://bit.ly/2UvnfoQ) X-Middleton/1"
54.158.139.140 - - [23/Feb/2025:07:38:15 -0500] "GET /business/r20?pid=17320/shop/detail?shop_id=1 HTTP/1.1" 200 153884 "-" "Mozilla/5.0 (Linux; Android 6.0.1; Nexus 5X Build/MMB29P) AppleWebKit/537.36 (KHTML, like Gecko) Chrome/133.0.6943.53 Mobile Safari/537.36 (compatible; GoogleOther) X-Middleton/1"
107.20.82.18 - - [23/Feb/2025:07:38:15 -0500] "GET /m/keen82209663.html?s=fs7AU3dHP HTTP/1.1" 200 43284 "-" "Turnitin (https://bit.ly/2UvnfoQ) X-Middleton/1"
52.71.251.0 - - [23/Feb/2025:07:38:16 -0500] "GET /m263012862?ynzmini=%2Fhome%2Fguitarlisty%2F%2Fwordpress-backups HTTP/1.1" 200 6885 "-" "Mozilla/5.0 AppleWebKit/537.36 (KHTML, like Gecko; compatible; ClaudeBot/1.0; +claudebot@anthropic.com) X-Middleton/1"
54.198.85.7 - - [23/Feb/2025:07:38:16 -0500] "GET /m/keen82845663.html?s=fWBwT3gIR HTTP/1.1" 200 43283 "-" "Turnitin (https://bit.ly/2UvnfoQ) X-Middleton/1"
52.207.162.105 - - [23/Feb/2025:07:38:16 -0500] "GET /m/keenl10350056.html?s=fprCukSSB HTTP/1.1" 200 43286 "-" "Turnitin (https://bit.ly/2UvnfoQ) X-Middleton/1"
54.196.44.86 - - [23/Feb/2025:07:38:17 -0500] "GET /m/keenl10802056.html?s=fITIEqsgD HTTP/1.1" 200 43284 "-" "Turnitin (https://bit.ly/2UvnfoQ) X-Middleton/1"
52.207.162.105 - - [23/Feb/2025:07:38:17 -0500] "GET /m193004612?file=%2Fhome%2Fguitarlisty%2Fpublic_html%2Fwp-admin%2Flink-add.php HTTP/1.1" 404 7349 "-" "Mozilla/5.0 AppleWebKit/537.36 (KHTML, like Gecko; compatible; ClaudeBot/1.0; +claudebot@anthropic.com) X-Middleton/1"
54.164.180.114 - - [23/Feb/2025:07:38:17 -0500] "GET /m/keenl10922056.html?s=f-Pgm1S6m HTTP/1.1" 500 45920 "-" "Turnitin (https://bit.ly/2UvnfoQ) X-Middleton/1"
35.171.189.120 - - [23/Feb/2025:07:38:18 -0500] "GET /curve/z77?ynzmini=%2F%2Fmnt HTTP/1.1" 200 6380 "-" "Mozilla/5.0 AppleWebKit/537.36 (KHTML, like Gecko; compatible; ClaudeBot/1.0; +claudebot@anthropic.com) X-Middleton/1"
18.209.166.209 - - [23/Feb/2025:07:38:18 -0500] "GET /m/keenl10934056.html?s=fCTn2jcQM HTTP/1.1" 200 43286 "-" "Turnitin (https://bit.ly/2UvnfoQ) X-Middleton/1"
54.209.250.19 - - [23/Feb/2025:07:38:18 -0500] "GET /m/keenl11138056.html?s=fhka0niJQ HTTP/1.1" 200 43285 "-" "Turnitin (https://bit.ly/2UvnfoQ) X-Middleton/1"
35.175.240.220 - - [23/Feb/2025:07:38:19 -0500] "GET /or/p40?delete=true&file=%2Fetc%2Fshadow HTTP/1.1" 404 6343 "-" "Mozilla/5.0 AppleWebKit/537.36 (KHTML, like Gecko; compatible; ClaudeBot/1.0; +claudebot@anthropic.com) X-Middleton/1"
23.22.111.12 - - [23/Feb/2025:07:38:19 -0500] "GET /yamaha-f310-acoustic-guitar-review-2020/?ynzmini=//lib//.. HTTP/1.1" 200 8215 "-" "Mozilla/5.0 AppleWebKit/537.36 (KHTML, like Gecko; compatible; Amazonbot/0.1; +https://developer.amazon.com/support/amazonbot) Chrome/119.0.6045.214 Safari/537.36 X-Middleton/1"
107.20.82.18 - - [23/Feb/2025:07:38:19 -0500] "GET /m/keenl11338056.html?s=fyJS8tThg HTTP/1.1" 200 43284 "-" "Turnitin (https://bit.ly/2UvnfoQ) X-Middleton/1"
54.198.248.107 - - [23/Feb/2025:07:38:19 -0500] "GET /credit/r20?pid=17320/help/help_04_2.html HTTP/1.1" 200 457053 "-" "Mozilla/5.0 (Linux; Android 6.0.1; Nexus 5X Build/MMB29P) AppleWebKit/537.36 (KHTML, like Gecko) Chrome/133.0.6943.53 Mobile Safari/537.36 (compatible; GoogleOther) X-Middleton/1"
54.198.248.107 - - [23/Feb/2025:07:38:19 -0500] "GET /say/y218?ynzmini=%2Fhome%2Fguitarlisty%2Fpublic_html%2F.%2F.well-known.tmp HTTP/1.1" 200 7987 "-" "Mozilla/5.0 AppleWebKit/537.36 (KHTML, like Gecko; compatible; ClaudeBot/1.0; +claudebot@anthropic.com) X-Middleton/1"
54.157.220.176 - - [23/Feb/2025:07:38:19 -0500] "GET /m007001654?page=newfile HTTP/1.1" 200 6318 "-" "Mozilla/5.0 (Windows NT 6.2) AppleWebKit/537.36 (KHTML, like Gecko) Chrome/28.0.1467.0 Safari/537.36 X-Middleton/1"
54.234.205.77 - - [23/Feb/2025:07:38:19 -0500] "GET /m/keenl11834056.html?s=f5UUUeXGn HTTP/1.1" 200 43287 "-" "Turnitin (https://bit.ly/2UvnfoQ) X-Middleton/1"
18.209.166.209 - - [23/Feb/2025:07:38:20 -0500] "GET /m/keenl11854056.html?s=fgOS5rSLN HTTP/1.1" 200 43288 "-" "Turnitin (https://bit.ly/2UvnfoQ) X-Middleton/1"
54.158.15.14 - - [23/Feb/2025:07:38:20 -0500] "GET /m/keenl12122056.html?s=fmJKsDK0Q HTTP/1.1" 200 43286 "-" "Turnitin (https://bit.ly/2UvnfoQ) X-Middleton/1"
54.198.7.139 - - [23/Feb/2025:07:38:21 -0500] "GET /natural-living/cabinet/ae/c/zcuddle_06.jpg HTTP/1.1" 200 43282 "-" "Mozilla/5.0 AppleWebKit/537.36 (KHTML, like Gecko; compatible; GPTBot/1.2; +https://openai.com/gptbot) X-Middleton/1"
107.20.115.131 - - [23/Feb/2025:07:38:21 -0500] "GET /m267045360?ynzmini=%2Fhome%2Fguitarlisty%2Fpublic_html%2F.tmb%2F HTTP/1.1" 200 7317 "-" "Mozilla/5.0 AppleWebKit/537.36 (KHTML, like Gecko; compatible; ClaudeBot/1.0; +claudebot@anthropic.com) X-Middleton/1"
3.90.42.123 - - [23/Feb/2025:07:38:21 -0500] "GET /m/keenl12510056.html?s=fNfim_58O HTTP/1.1" 200 43285 "-" "Turnitin (https://bit.ly/2UvnfoQ) X-Middleton/1"
54.157.220.176 - - [23/Feb/2025:07:38:21 -0500] "GET /tobacco/n29?pid=7219 HTTP/1.1" 200 43288 "-" "Mozilla/5.0 (Linux; Android 8.0; Pixel 2 Build/OPD3.170816.012) AppleWebKit/537.36 (KHTML, like Gecko) Chrome/72.0.3626.121 Mobile Safari/537.36 (compatible; EzoicBot-Nicheiq; +http://www.ezoic.com/bot) X-Middleton/1"
107.20.82.18 - - [23/Feb/2025:07:38:21 -0500] "GET /m/keenl12950056.html?s=fUYKNTafP HTTP/1.1" 500 45918 "-" "Turnitin (https://bit.ly/2UvnfoQ) X-Middleton/1"
3.92.71.7 - - [23/Feb/2025:07:38:22 -0500] "GET /m/keenl12990056.html?s=f0qaN7Qji HTTP/1.1" 500 45915 "-" "Turnitin (https://bit.ly/2UvnfoQ) X-Middleton/1"
54.157.220.176 - - [23/Feb/2025:07:38:22 -0500] "GET /folk/k299?ynzmini=%2Fhome%2Fguitarlisty%2Fpublic_html%2Fwp-includes%2Fstyle-engine HTTP/1.1" 404 10505 "-" "Mozilla/5.0 AppleWebKit/537.36 (KHTML, like Gecko; compatible; ClaudeBot/1.0; +claudebot@anthropic.com) X-Middleton/1"
107.20.82.18 - - [23/Feb/2025:07:38:22 -0500] "GET /m/keep20145665.html?s=fq-qcaAk9 HTTP/1.1" 500 45918 "-" "Turnitin (https://bit.ly/2UvnfoQ) X-Middleton/1"
3.90.42.123 - - [23/Feb/2025:07:38:23 -0500] "GET /plain/o212?ynzmini=%2F%2Flost+found HTTP/1.1" 404 6154 "-" "Mozilla/5.0 AppleWebKit/537.36 (KHTML, like Gecko; compatible; ClaudeBot/1.0; +claudebot@anthropic.com) X-Middleton/1"
18.212.120.70 - - [23/Feb/2025:07:38:23 -0500] "GET /yamaha-f310-acoustic-guitar-review-2020/?ynzmini=//opt//. HTTP/1.1" 404 7689 "-" "Mozilla/5.0 AppleWebKit/537.36 (KHTML, like Gecko; compatible; Amazonbot/0.1; +https://developer.amazon.com/support/amazonbot) Chrome/119.0.6045.214 Safari/537.36 X-Middleton/1"
54.226.129.235 - - [23/Feb/2025:07:38:23 -0500] "GET /m/keep22645665.html?s=fPEOdxjay HTTP/1.1" 500 45920 "-" "Turnitin (https://bit.ly/2UvnfoQ) X-Middleton/1"
52.205.171.15 - - [23/Feb/2025:07:38:23 -0500] "GET /entity/r20?pid=17320/86699help/help_04_2.html HTTP/1.1" 200 456436 "-" "Mozilla/5.0 (Linux; Android 6.0.1; Nexus 5X Build/MMB29P) AppleWebKit/537.36 (KHTML, like Gecko) Chrome/133.0.6943.53 Mobile Safari/537.36 (compatible; GoogleOther) X-Middleton/1"
54.226.129.235 - - [23/Feb/2025:07:38:23 -0500] "GET /m/keep22777665.html?s=fPKtA7x79 HTTP/1.1" 500 45920 "-" "Turnitin (https://bit.ly/2UvnfoQ) X-Middleton/1"
54.234.205.77 - - [23/Feb/2025:07:38:24 -0500] "GET /bend/r270?file=%2Fhome%2Fguitarlisty%2Fpublic_html%2Fwp-includes%2Fd86bbb07 HTTP/1.1" 404 14253 "-" "Mozilla/5.0 AppleWebKit/537.36 (KHTML, like Gecko; compatible; ClaudeBot/1.0; +claudebot@anthropic.com) X-Middleton/1"
54.208.214.128 - - [23/Feb/2025:07:38:24 -0500] "GET /m/keepe30411090.html?s=fZ1ZuPIM1 HTTP/1.1" 500 45920 "-" "Turnitin (https://bit.ly/2UvnfoQ) X-Middleton/1"
3.90.112.236 - - [23/Feb/2025:07:38:24 -0500] "GET /teammate/i196?file=%2Fhome%2Fguitarlisty%2Fpublic_html%2Fwp-content%2F1427904 HTTP/1.1" 404 14247 "-" "Mozilla/5.0 AppleWebKit/537.36 (KHTML, like Gecko; compatible; ClaudeBot/1.0; +claudebot@anthropic.com) X-Middleton/1"
54.198.7.139 - - [23/Feb/2025:07:38:24 -0500] "GET /m/keepe30475090.html?s=fZjpgbQjX HTTP/1.1" 200 43284 "-" "Turnitin (https://bit.ly/2UvnfoQ) X-Middleton/1"
54.208.214.128 - - [23/Feb/2025:07:38:25 -0500] "GET /m/keepe30503090.html?s=fGNmv_VXe HTTP/1.1" 500 45920 "-" "Turnitin (https://bit.ly/2UvnfoQ) X-Middleton/1"
54.158.15.14 - - [23/Feb/2025:07:38:25 -0500] "GET /m/keepe30679090.html?s=fSKgZOoX3 HTTP/1.1" 500 45918 "-" "Turnitin (https://bit.ly/2UvnfoQ) X-Middleton/1"
54.198.248.107 - - [23/Feb/2025:07:38:26 -0500] "GET /m088032559?file=%2Fhome%2Fguitarlisty%2Fpublic_html%2F.%2Fradio.php HTTP/1.1" 404 11249 "-" "Mozilla/5.0 AppleWebKit/537.36 (KHTML, like Gecko; compatible; ClaudeBot/1.0; +claudebot@anthropic.com) X-Middleton/1"
54.158.15.14 - - [23/Feb/2025:07:38:26 -0500] "GET /m/keepe31679090.html?s=fUBvf0gZY HTTP/1.1" 500 45918 "-" "Turnitin (https://bit.ly/2UvnfoQ) X-Middleton/1"
52.71.251.0 - - [23/Feb/2025:07:38:26 -0500] "GET /m267045360?ynzmini=%2Fhome%2Fguitarlisty%2Fpublic_html%2F.tmb%2F.. HTTP/1.1" 404 16175 "-" "Mozilla/5.0 AppleWebKit/537.36 (KHTML, like Gecko; compatible; ClaudeBot/1.0; +claudebot@anthropic.com) X-Middleton/1"
54.198.248.107 - - [23/Feb/2025:07:38:26 -0500] "GET /m/keepe31759090.html?s=fwywGWG9F HTTP/1.1" 500 45920 "-" "Turnitin (https://bit.ly/2UvnfoQ) X-Middleton/1"
54.242.51.163 - - [23/Feb/2025:07:38:27 -0500] "GET /m/keepe32095090.html?s=ffGb16v2l HTTP/1.1" 500 45919 "-" "Turnitin (https://bit.ly/2UvnfoQ) X-Middleton/1"
54.164.180.114 - - [23/Feb/2025:07:38:27 -0500] "GET /yamaha-f310-acoustic-guitar-review-2020/?ynzmini=//opt//.. HTTP/1.1" 404 10408 "-" "Mozilla/5.0 AppleWebKit/537.36 (KHTML, like Gecko; compatible; Amazonbot/0.1; +https://developer.amazon.com/support/amazonbot) Chrome/119.0.6045.214 Safari/537.36 X-Middleton/1"
3.81.58.205 - - [23/Feb/2025:07:38:27 -0500] "GET /skirt/k149?pid=10191/help/help_04_2.html/shop/detail?shop_id=1 HTTP/1.1" 200 468459 "-" "Mozilla/5.0 (Linux; Android 6.0.1; Nexus 5X Build/MMB29P) AppleWebKit/537.36 (KHTML, like Gecko) Chrome/133.0.6943.53 Mobile Safari/537.36 (compatible; GoogleOther) X-Middleton/1"
54.158.15.14 - - [23/Feb/2025:07:38:27 -0500] "GET /stick/k238?ynzmini=%2Fhome%2Fguitarlisty%2Fpublic_html%2Fsym404%2Fguitarfuse-Wordpress.txt404 HTTP/1.1" 404 7063 "-" "Mozilla/5.0 AppleWebKit/537.36 (KHTML, like Gecko; compatible; ClaudeBot/1.0; +claudebot@anthropic.com) X-Middleton/1"
23.22.111.12 - - [23/Feb/2025:07:38:27 -0500] "GET /m/keepe32199090.html?s=fn8u3SSEO HTTP/1.1" 500 45918 "-" "Turnitin (https://bit.ly/2UvnfoQ) X-Middleton/1"
34.226.215.117 - - [23/Feb/2025:07:38:28 -0500] "GET /m100040111?ynzmini=%2Fhome%2F%2Fguitarlisty HTTP/1.1" 404 10802 "-" "Mozilla/5.0 AppleWebKit/537.36 (KHTML, like Gecko; compatible; ClaudeBot/1.0; +claudebot@anthropic.com) X-Middleton/1"
50.17.142.168 - - [23/Feb/2025:07:38:28 -0500] "GET /m/keepe32719090.html?s=fyT5gB6xH HTTP/1.1" 500 45919 "-" "Turnitin (https://bit.ly/2UvnfoQ) X-Middleton/1"
54.144.101.254 - - [23/Feb/2025:07:38:28 -0500] "GET /m/kettl70166870.html?s=fsKi0MYFx HTTP/1.1" 500 45920 "-" "Turnitin (https://bit.ly/2UvnfoQ) X-Middleton/1"
18.209.166.209 - - [23/Feb/2025:07:38:29 -0500] "GET /writer/s267?ynzmini=%2Fhome%2Fguitarlisty%2Fpublic_html%2Fwp-includes%2Fl10n HTTP/1.1" 404 9835 "-" "Mozilla/5.0 AppleWebKit/537.36 (KHTML, like Gecko; compatible; ClaudeBot/1.0; +claudebot@anthropic.com) X-Middleton/1"
52.207.162.105 - - [23/Feb/2025:07:38:29 -0500] "GET /m/kettl71394870.html?s=fwWtJitZ6 HTTP/1.1" 500 45920 "-" "Turnitin (https://bit.ly/2UvnfoQ) X-Middleton/1"
98.83.149.163 - - [23/Feb/2025:07:38:29 -0500] "GET /viewer/d56?ynzmini=%2Fhome%2Fguitarlisty%2Fpublic_html%2Fsym404%2Fmail-WHMCS.txt404 HTTP/1.1" 404 7003 "-" "Mozilla/5.0 AppleWebKit/537.36 (KHTML, like Gecko; compatible; ClaudeBot/1.0; +claudebot@anthropic.com) X-Middleton/1"
52.205.171.15 - - [23/Feb/2025:07:38:29 -0500] "GET /check/l102?pid=17156 HTTP/1.1" 500 45919 "-" "Mozilla/5.0 (Linux; Android 8.0; Pixel 2 Build/OPD3.170816.012) AppleWebKit/537.36 (KHTML, like Gecko) Chrome/72.0.3626.121 Mobile Safari/537.36 (compatible; EzoicBot-Nicheiq; +http://www.ezoic.com/bot) X-Middleton/1"
52.207.162.105 - - [23/Feb/2025:07:38:29 -0500] "GET /m/kettl71478870.html?s=fiEjDQkVp HTTP/1.1" 200 43286 "-" "Turnitin (https://bit.ly/2UvnfoQ) X-Middleton/1"
3.90.42.123 - - [23/Feb/2025:07:38:30 -0500] "GET /m/kettl72310870.html?s=f43IJzc5E HTTP/1.1" 500 45917 "-" "Turnitin (https://bit.ly/2UvnfoQ) X-Middleton/1"
54.198.248.107 - - [23/Feb/2025:07:38:30 -0500] "GET /m/key60120261.html?s=fVS-xv1lH HTTP/1.1" 500 45920 "-" "Turnitin (https://bit.ly/2UvnfoQ) X-Middleton/1"
54.196.44.86 - - [23/Feb/2025:07:38:31 -0500] "GET /hole/h172?ynzmini=%2Fhome%2Fguitarlisty%2Fpublic_html%2F..%2Fpublic_ftp HTTP/1.1" 404 7474 "-" "Mozilla/5.0 AppleWebKit/537.36 (KHTML, like Gecko; compatible; ClaudeBot/1.0; +claudebot@anthropic.com) X-Middleton/1"
54.156.59.106 - - [23/Feb/2025:07:38:31 -0500] "GET /yamaha-f310-acoustic-guitar-review-2020/?ynzmini=//srv//. HTTP/1.1" 404 6459 "-" "Mozilla/5.0 AppleWebKit/537.36 (KHTML, like Gecko; compatible; Amazonbot/0.1; +https://developer.amazon.com/support/amazonbot) Chrome/119.0.6045.214 Safari/537.36 X-Middleton/1"
18.209.166.209 - - [23/Feb/2025:07:38:31 -0500] "GET /premise/i113?ynzmini=%2Fhome%2Fguitarlisty%2Fpublic_html%2Fprivate HTTP/1.1" 404 7352 "-" "Mozilla/5.0 AppleWebKit/537.36 (KHTML, like Gecko; compatible; ClaudeBot/1.0; +claudebot@anthropic.com) X-Middleton/1"
18.209.166.209 - - [23/Feb/2025:07:38:31 -0500] "GET /m/key60140261.html?s=fNbxwXT-z HTTP/1.1" 500 45920 "-" "Turnitin (https://bit.ly/2UvnfoQ) X-Middleton/1"
54.156.59.106 - - [23/Feb/2025:07:38:31 -0500] "GET /instructor/k149?pid=10191/86699help/help_04_2.html/help/help_04_2.html HTTP/1.1" 200 468476 "-" "Mozilla/5.0 (Linux; Android 6.0.1; Nexus 5X Build/MMB29P) AppleWebKit/537.36 (KHTML, like Gecko) Chrome/133.0.6943.53 Mobile Safari/537.36 (compatible; GoogleOther) X-Middleton/1"
3.89.44.170 - - [23/Feb/2025:07:38:31 -0500] "GET /m/key60436261.html?s=fUj9GDQjo HTTP/1.1" 500 45917 "-" "Turnitin (https://bit.ly/2UvnfoQ) X-Middleton/1"
23.22.111.12 - - [23/Feb/2025:07:38:32 -0500] "GET /m/key60916261.html?s=fBtiHIzJz HTTP/1.1" 500 45918 "-" "Turnitin (https://bit.ly/2UvnfoQ) X-Middleton/1"
35.171.189.120 - - [23/Feb/2025:07:38:32 -0500] "GET /lifetime/z75?ynzmini=%2Ftmp%2F. HTTP/1.1" 404 6891 "-" "Mozilla/5.0 AppleWebKit/537.36 (KHTML, like Gecko; compatible; ClaudeBot/1.0; +claudebot@anthropic.com) X-Middleton/1"
34.226.215.117 - - [23/Feb/2025:07:38:32 -0500] "GET /talk/z155?file=%2Fhome%2Fguitarlisty%2Fpublic_html%2Fwp-includes%2Fclass-walker-category-dropdown.php HTTP/1.1" 200 9062 "-" "Mozilla/5.0 AppleWebKit/537.36 (KHTML, like Gecko; compatible; ClaudeBot/1.0; +claudebot@anthropic.com) X-Middleton/1"
35.175.240.220 - - [23/Feb/2025:07:38:32 -0500] "GET /m/key61388261.html?s=fNOjGTlvq HTTP/1.1" 500 45920 "-" "Turnitin (https://bit.ly/2UvnfoQ) X-Middleton/1"
3.92.71.7 - - [23/Feb/2025:07:38:33 -0500] "GET /pages.php?59mhg43552.html HTTP/1.1" 500 45915 "-" "Mozilla/5.0 AppleWebKit/537.36 (KHTML, like Gecko; compatible; GPTBot/1.2; +https://openai.com/gptbot) X-Middleton/1"
54.196.44.86 - - [23/Feb/2025:07:38:33 -0500] "GET /resolution/k161?ynzmini=%2Fhome%2Fguitarlisty%2F%2Fssl HTTP/1.1" 404 7753 "-" "Mozilla/5.0 AppleWebKit/537.36 (KHTML, like Gecko; compatible; ClaudeBot/1.0; +claudebot@anthropic.com) X-Middleton/1"
54.158.15.14 - - [23/Feb/2025:07:38:33 -0500] "GET /m/keybo50028252.html?s=frgLowfWx HTTP/1.1" 500 45918 "-" "Turnitin (https://bit.ly/2UvnfoQ) X-Middleton/1"
52.71.251.0 - - [23/Feb/2025:07:38:33 -0500] "GET /m/keybo50828252.html?s=fxTndWhmg HTTP/1.1" 500 45917 "-" "Turnitin (https://bit.ly/2UvnfoQ) X-Middleton/1"
54.234.205.77 - - [23/Feb/2025:07:38:34 -0500] "GET /m026008419?file=%2Fhome%2Fguitarlisty%2Fpublic_html%2Fwp-includes%2F2dc4f17d HTTP/1.1" 404 14494 "-" "Mozilla/5.0 AppleWebKit/537.36 (KHTML, like Gecko; compatible; ClaudeBot/1.0; +claudebot@anthropic.com) X-Middleton/1"
3.89.44.170 - - [23/Feb/2025:07:38:34 -0500] "GET /m/keybo50948252.html?s=fHFK_shnp HTTP/1.1" 500 45917 "-" "Turnitin (https://bit.ly/2UvnfoQ) X-Middleton/1"
54.198.124.77 - - [23/Feb/2025:07:38:34 -0500] "GET /viewer/d56?ynzmini=%2Fhome%2Fguitarlisty%2Fpublic_html%2Fsym404%2Fmemcached-IPB.txt404 HTTP/1.1" 404 7021 "-" "Mozilla/5.0 AppleWebKit/537.36 (KHTML, like Gecko; compatible; ClaudeBot/1.0; +claudebot@anthropic.com) X-Middleton/1"
98.83.220.235 - - [23/Feb/2025:07:38:34 -0500] "GET /m/keybo52100252.html?s=fbjeXSLqQ HTTP/1.1" 200 43285 "-" "Turnitin (https://bit.ly/2UvnfoQ) X-Middleton/1"
52.205.171.15 - - [23/Feb/2025:07:38:35 -0500] "GET /yamaha-f310-acoustic-guitar-review-2020/?ynzmini=//srv//.. HTTP/1.1" 200 10408 "-" "Mozilla/5.0 AppleWebKit/537.36 (KHTML, like Gecko; compatible; Amazonbot/0.1; +https://developer.amazon.com/support/amazonbot) Chrome/119.0.6045.214 Safari/537.36 X-Middleton/1"
3.87.139.20 - - [23/Feb/2025:07:38:35 -0500] "GET /m/keybo52872252.html?s=fpsnPG5cd HTTP/1.1" 500 45917 "-" "Turnitin (https://bit.ly/2UvnfoQ) X-Middleton/1"
3.81.133.169 - - [23/Feb/2025:07:38:35 -0500] "GET /m007001654?ynzmini=/home/guitarlisty/public_html/123 HTTP/1.1" 404 8362 "-" "Mozilla/5.0 (X11; Linux i686; rv:21.0) Gecko/20100101 Firefox/21.0 X-Middleton/1"
35.171.189.120 - - [23/Feb/2025:07:38:35 -0500] "GET /do/k149?pid=10191/help/help_04_2.html/86699help/help_04_2.html HTTP/1.1" 200 467178 "-" "Mozilla/5.0 (Linux; Android 6.0.1; Nexus 5X Build/MMB29P) AppleWebKit/537.36 (KHTML, like Gecko) Chrome/133.0.6943.53 Mobile Safari/537.36 (compatible; GoogleOther) X-Middleton/1"
3.81.110.12 - - [23/Feb/2025:07:38:35 -0500] "GET /m/kick10168600.html?s=f64OrnzoN HTTP/1.1" 500 45917 "-" "Turnitin (https://bit.ly/2UvnfoQ) X-Middleton/1"
54.198.124.77 - - [23/Feb/2025:07:38:36 -0500] "GET /m156003919?file=%2Fhome%2Fguitarlisty%2Fpublic_html%2F.%2Fwp-settings.php HTTP/1.1" 404 35443 "-" "Mozilla/5.0 AppleWebKit/537.36 (KHTML, like Gecko; compatible; ClaudeBot/1.0; +claudebot@anthropic.com) X-Middleton/1"
54.198.85.7 - - [23/Feb/2025:07:38:36 -0500] "GET /bend/r46?file=%2Fhome%2Fguitarlisty%2Fpublic_html%2F%2Fwp-log1n.php HTTP/1.1" 404 8856 "-" "Mozilla/5.0 AppleWebKit/537.36 (KHTML, like Gecko; compatible; ClaudeBot/1.0; +claudebot@anthropic.com) X-Middleton/1"
3.81.110.12 - - [23/Feb/2025:07:38:36 -0500] "GET /m/kick10852600.html?s=fZAyrsMWv HTTP/1.1" 500 45917 "-" "Turnitin (https://bit.ly/2UvnfoQ) X-Middleton/1"
50.17.142.168 - - [23/Feb/2025:07:38:36 -0500] "GET /rice/i40?file=%2Fhome%2Fguitarlisty%2Fpublic_html%2Fwp-content%2Fkworkerd HTTP/1.1" 404 14003 "-" "Mozilla/5.0 AppleWebKit/537.36 (KHTML, like Gecko; compatible; ClaudeBot/1.0; +claudebot@anthropic.com) X-Middleton/1"
52.71.251.0 - - [23/Feb/2025:07:38:36 -0500] "GET /m/kick11720600.html?s=fLHGaZjbx HTTP/1.1" 500 45917 "-" "Turnitin (https://bit.ly/2UvnfoQ) X-Middleton/1"
54.144.101.254 - - [23/Feb/2025:07:38:37 -0500] "GET /fighting/x94?ynzmini=%2Fhome%2Fguitarlisty%2Fpublic_html%2F123%2F.. HTTP/1.1" 404 16118 "-" "Mozilla/5.0 AppleWebKit/537.36 (KHTML, like Gecko; compatible; ClaudeBot/1.0; +claudebot@anthropic.com) X-Middleton/1"
54.162.136.253 - - [23/Feb/2025:07:38:37 -0500] "GET /m/kick11768600.html?s=f6--jnjbG HTTP/1.1" 500 45920 "-" "Turnitin (https://bit.ly/2UvnfoQ) X-Middleton/1"
3.82.56.176 - - [23/Feb/2025:07:38:37 -0500] "GET /m278020223?srsltid=AfmBOoMtlxbUrPisHL2C6L_7uDa7XoyZX_nlOvFMux-P-UKgkQ9gr9 HTTP/1.1" 500 45917 "-" "Mozilla/5.0 (Linux; Android 8.0; Pixel 2 Build/OPD3.170816.012) AppleWebKit/537.36 (KHTML, like Gecko) Chrome/72.0.3626.121 Mobile Safari/537.36 (compatible; EzoicBot-Nicheiq; +http://www.ezoic.com/bot) X-Middleton/1"
54.209.250.19 - - [23/Feb/2025:07:38:38 -0500] "GET /read/n151?ynzmini=%2F%2Fproc HTTP/1.1" 404 45012 "-" "Mozilla/5.0 AppleWebKit/537.36 (KHTML, like Gecko; compatible; ClaudeBot/1.0; +claudebot@anthropic.com) X-Middleton/1"
50.17.142.168 - - [23/Feb/2025:07:38:37 -0500] "GET /m/kick12328600.html?s=fHXUVehce HTTP/1.1" 500 45919 "-" "Turnitin (https://bit.ly/2UvnfoQ) X-Middleton/1"
3.81.110.12 - - [23/Feb/2025:07:38:38 -0500] "GET /region/y84?file=%2Fhome%2Fguitarlisty%2F%2F.bash_profile HTTP/1.1" 404 6469 "-" "Mozilla/5.0 AppleWebKit/537.36 (KHTML, like Gecko; compatible; ClaudeBot/1.0; +claudebot@anthropic.com) X-Middleton/1"
3.81.110.12 - - [23/Feb/2025:07:38:38 -0500] "GET /m/kid70064134.html?s=fsKFpqavT HTTP/1.1" 500 45917 "-" "Turnitin (https://bit.ly/2UvnfoQ) X-Middleton/1"
3.82.56.176 - - [23/Feb/2025:07:38:38 -0500] "GET /m/kid70452134.html?s=fgxSVSogx HTTP/1.1" 500 45917 "-" "Turnitin (https://bit.ly/2UvnfoQ) X-Middleton/1"
54.157.220.176 - - [23/Feb/2025:07:38:39 -0500] "GET /transformation/j257?file=%2Fhome%2Fguitarlisty%2Fpublic_html%2F.%2Fproduct.php HTTP/1.1" 404 9117 "-" "Mozilla/5.0 AppleWebKit/537.36 (KHTML, like Gecko; compatible; ClaudeBot/1.0; +claudebot@anthropic.com) X-Middleton/1"
3.81.58.205 - - [23/Feb/2025:07:38:39 -0500] "GET /m/kid70732134.html?s=fPtbwsxlL HTTP/1.1" 500 45917 "-" "Turnitin (https://bit.ly/2UvnfoQ) X-Middleton/1"
3.90.39.225 - - [23/Feb/2025:07:38:39 -0500] "GET /yamaha-f310-acoustic-guitar-review-2020/?ynzmini=//sys//. HTTP/1.1" 404 8075 "-" "Mozilla/5.0 AppleWebKit/537.36 (KHTML, like Gecko; compatible; Amazonbot/0.1; +https://developer.amazon.com/support/amazonbot) Chrome/119.0.6045.214 Safari/537.36 X-Middleton/1"
3.80.165.4 - - [23/Feb/2025:07:38:40 -0500] "GET /m130009431?ynzmini=%2F%2Fbackup HTTP/1.1" 404 6120 "-" "Mozilla/5.0 AppleWebKit/537.36 (KHTML, like Gecko; compatible; ClaudeBot/1.0; +claudebot@anthropic.com) X-Middleton/1"
54.209.250.19 - - [23/Feb/2025:07:38:39 -0500] "GET /m/kid72648134.html?s=fs7ZxGh-x HTTP/1.1" 500 45919 "-" "Turnitin (https://bit.ly/2UvnfoQ) X-Middleton/1"
54.242.51.163 - - [23/Feb/2025:07:38:40 -0500] "GET /m/kid72980134.html?s=fnzwPNzVc HTTP/1.1" 500 45919 "-" "Turnitin (https://bit.ly/2UvnfoQ) X-Middleton/1"
54.198.248.107 - - [23/Feb/2025:07:38:40 -0500] "GET /icon/r20?pid=17320/help/help_04_2.html/shop/detail?shop_id=1 HTTP/1.1" 200 456343 "-" "Mozilla/5.0 (Linux; Android 6.0.1; Nexus 5X Build/MMB29P) AppleWebKit/537.36 (KHTML, like Gecko) Chrome/133.0.6943.53 Mobile Safari/537.36 (compatible; GoogleOther) X-Middleton/1"
107.20.82.18 - - [23/Feb/2025:07:38:41 -0500] "GET /m/kill30313034.html?s=fDE3xHpN4 HTTP/1.1" 500 45918 "-" "Turnitin (https://bit.ly/2UvnfoQ) X-Middleton/1"
3.94.247.247 - - [23/Feb/2025:07:38:41 -0500] "GET /m193004612?file=%2Fhome%2Fguitarlisty%2Fpublic_html%2Fwp-admin%2Fitem.php HTTP/1.1" 404 8914 "-" "Mozilla/5.0 AppleWebKit/537.36 (KHTML, like Gecko; compatible; ClaudeBot/1.0; +claudebot@anthropic.com) X-Middleton/1"
107.20.82.18 - - [23/Feb/2025:07:38:41 -0500] "GET /such/q143?ynzmini=%2Fhome%2Fguitarlisty%2Fpublic_html%2Fsym404%2Fsshd-Lokomedia.txt404 HTTP/1.1" 200 7027 "-" "Mozilla/5.0 AppleWebKit/537.36 (KHTML, like Gecko; compatible; ClaudeBot/1.0; +claudebot@anthropic.com) X-Middleton/1"
3.82.56.176 - - [23/Feb/2025:07:38:41 -0500] "GET /m/kill30557034.html?s=f2nnY7TgQ HTTP/1.1" 500 45917 "-" "Turnitin (https://bit.ly/2UvnfoQ) X-Middleton/1"
54.209.250.19 - - [23/Feb/2025:07:38:41 -0500] "GET /m/kill31129034.html?s=ftxt2k-_Q HTTP/1.1" 500 45919 "-" "Turnitin (https://bit.ly/2UvnfoQ) X-Middleton/1"
54.198.248.107 - - [23/Feb/2025:07:38:42 -0500] "GET /m/socie12192192.html?ynzmini=%2Fhome%2Fguitarlisty%2Fpublic_html%2F.well-known.tmp HTTP/1.1" 404 7876 "-" "Mozilla/5.0 AppleWebKit/537.36 (KHTML, like Gecko; compatible; ClaudeBot/1.0; +claudebot@anthropic.com) X-Middleton/1"
18.232.117.100 - - [23/Feb/2025:07:38:42 -0500] "GET /m/kill32353034.html?s=f91IWH6nv HTTP/1.1" 500 45920 "-" "Turnitin (https://bit.ly/2UvnfoQ) X-Middleton/1"
3.81.133.169 - - [23/Feb/2025:07:38:42 -0500] "GET /read/n151?ynzmini=%2F%2Fscripts HTTP/1.1" 200 81630 "-" "Mozilla/5.0 AppleWebKit/537.36 (KHTML, like Gecko; compatible; ClaudeBot/1.0; +claudebot@anthropic.com) X-Middleton/1"
184.72.213.252 - - [23/Feb/2025:07:38:42 -0500] "GET /m/kilo50344180.html?s=feIlTAICz HTTP/1.1" 500 45920 "-" "Turnitin (https://bit.ly/2UvnfoQ) X-Middleton/1"
3.82.56.176 - - [23/Feb/2025:07:38:43 -0500] "GET /yamaha-f310-acoustic-guitar-review-2020/?ynzmini=//sys//.. HTTP/1.1" 404 10408 "-" "Mozilla/5.0 AppleWebKit/537.36 (KHTML, like Gecko; compatible; Amazonbot/0.1; +https://developer.amazon.com/support/amazonbot) Chrome/119.0.6045.214 Safari/537.36 X-Middleton/1"
54.234.205.77 - - [23/Feb/2025:07:38:43 -0500] "GET /region/y84?file=%2Fhome%2Fguitarlisty%2F%2F.spamassassinboxenable HTTP/1.1" 404 6355 "-" "Mozilla/5.0 AppleWebKit/537.36 (KHTML, like Gecko; compatible; ClaudeBot/1.0; +claudebot@anthropic.com) X-Middleton/1"
54.144.101.254 - - [23/Feb/2025:07:38:43 -0500] "GET /m/kilo50364180.html?s=f5mUSyoak HTTP/1.1" 500 45920 "-" "Turnitin (https://bit.ly/2UvnfoQ) X-Middleton/1"
52.207.162.105 - - [23/Feb/2025:07:38:43 -0500] "GET /m/kilo52580180.html?s=fQchQeDaV HTTP/1.1" 500 45920 "-" "Turnitin (https://bit.ly/2UvnfoQ) X-Middleton/1"
34.229.105.159 - - [23/Feb/2025:07:38:44 -0500] "GET /bend/r270?file=%2Fhome%2Fguitarlisty%2Fpublic_html%2Fwp-includes%2Fsitemaps.php HTTP/1.1" 404 9943 "-" "Mozilla/5.0 AppleWebKit/537.36 (KHTML, like Gecko; compatible; ClaudeBot/1.0; +claudebot@anthropic.com) X-Middleton/1"
18.232.117.100 - - [23/Feb/2025:07:38:44 -0500] "GET /m/kilo52708180.html?s=frbxBDEbE HTTP/1.1" 500 45920 "-" "Turnitin (https://bit.ly/2UvnfoQ) X-Middleton/1"
54.158.139.140 - - [23/Feb/2025:07:38:45 -0500] "GET /m222029579?ynzmini=%2Fhome%2Fguitarlisty%2F%2Faccess-logs HTTP/1.1" 404 7061 "-" "Mozilla/5.0 AppleWebKit/537.36 (KHTML, like Gecko; compatible; ClaudeBot/1.0; +claudebot@anthropic.com) X-Middleton/1"
54.164.180.114 - - [23/Feb/2025:07:38:44 -0500] "GET /m/kilog80910527.html?s=fMWQio0Xb HTTP/1.1" 500 45920 "-" "Turnitin (https://bit.ly/2UvnfoQ) X-Middleton/1"
54.209.250.19 - - [23/Feb/2025:07:38:45 -0500] "GET /m222029579?file=%2Fhome%2Fguitarlisty%2Fpublic_html%2F%2Fwp-settings.php HTTP/1.1" 404 35232 "-" "Mozilla/5.0 AppleWebKit/537.36 (KHTML, like Gecko; compatible; ClaudeBot/1.0; +claudebot@anthropic.com) X-Middleton/1"
107.20.115.131 - - [23/Feb/2025:07:38:45 -0500] "GET /m293042098?ynzmini=%2Fhome%2Fguitarlisty%2Fpublic_html%2F.%2Fc4485 HTTP/1.1" 404 7072 "-" "Mozilla/5.0 AppleWebKit/537.36 (KHTML, like Gecko; compatible; ClaudeBot/1.0; +claudebot@anthropic.com) X-Middleton/1"
50.17.142.168 - - [23/Feb/2025:07:38:45 -0500] "GET /m/kilog81042527.html?s=fwCGh_CY3 HTTP/1.1" 500 45919 "-" "Turnitin (https://bit.ly/2UvnfoQ) X-Middleton/1"
3.90.112.236 - - [23/Feb/2025:07:38:45 -0500] "GET /m126028905?ynzmini=%2F%2Froot HTTP/1.1" 404 6136 "-" "Mozilla/5.0 AppleWebKit/537.36 (KHTML, like Gecko; compatible; ClaudeBot/1.0; +claudebot@anthropic.com) X-Middleton/1"
54.198.85.7 - - [23/Feb/2025:07:38:45 -0500] "GET /m271016352?srsltid=AfmBOotUhXYRWfJbXiHLPi_Pu2xPfnL5N_C1Zqxrg2-V-We5yGf0ew HTTP/1.1" 500 45917 "-" "Mozilla/5.0 (Linux; Android 8.0; Pixel 2 Build/OPD3.170816.012) AppleWebKit/537.36 (KHTML, like Gecko) Chrome/72.0.3626.121 Mobile Safari/537.36 (compatible; EzoicBot-Nicheiq; +http://www.ezoic.com/bot) X-Middleton/1"
54.209.250.19 - - [23/Feb/2025:07:38:45 -0500] "GET /m/kilog81766527.html?s=fCtFmswsl HTTP/1.1" 500 45919 "-" "Turnitin (https://bit.ly/2UvnfoQ) X-Middleton/1"
34.229.105.159 - - [23/Feb/2025:07:38:45 -0500] "GET /sponsor/r20?pid=17320/shop/detail?shop_id=1/help/help_04_2.html/help/help_04_2.html HTTP/1.1" 200 456149 "-" "Mozilla/5.0 (Linux; Android 6.0.1; Nexus 5X Build/MMB29P) AppleWebKit/537.36 (KHTML, like Gecko) Chrome/133.0.6943.53 Mobile Safari/537.36 (compatible; GoogleOther) X-Middleton/1"
34.226.215.117 - - [23/Feb/2025:07:38:46 -0500] "GET /motor/k274?file=%2Fhome%2Fguitarlisty%2Fpublic_html%2Fwp-content%2F70a77e HTTP/1.1" 404 14357 "-" "Mozilla/5.0 AppleWebKit/537.36 (KHTML, like Gecko; compatible; ClaudeBot/1.0; +claudebot@anthropic.com) X-Middleton/1"
23.22.111.12 - - [23/Feb/2025:07:38:46 -0500] "GET /m273025242?ynzmini=%2Fhome%2Fguitarlisty%2Fpublic_html%2Fsym404%2Fwecanrec-Zencart.txt404 HTTP/1.1" 200 7039 "-" "Mozilla/5.0 AppleWebKit/537.36 (KHTML, like Gecko; compatible; ClaudeBot/1.0; +claudebot@anthropic.com) X-Middleton/1"
54.226.129.235 - - [23/Feb/2025:07:38:46 -0500] "GET /m/kilog81930527.html?s=fmhnqBYYs HTTP/1.1" 500 45920 "-" "Turnitin (https://bit.ly/2UvnfoQ) X-Middleton/1"
98.83.149.163 - - [23/Feb/2025:07:38:46 -0500] "GET /m/kilog82246527.html?s=fZZSYH90K HTTP/1.1" 500 45919 "-" "Turnitin (https://bit.ly/2UvnfoQ) X-Middleton/1"
54.208.214.128 - - [23/Feb/2025:07:38:47 -0500] "GET /reason/u197?ynzmini=%2Fhome%2Fguitarlisty%2Fpublic_html%2Fsym404%2Fsshd-Hostbills.txt404 HTTP/1.1" 404 7027 "-" "Mozilla/5.0 AppleWebKit/537.36 (KHTML, like Gecko; compatible; ClaudeBot/1.0; +claudebot@anthropic.com) X-Middleton/1"
18.232.117.100 - - [23/Feb/2025:07:38:47 -0500] "GET /m/kilog82522527.html?s=f-6bOmL33 HTTP/1.1" 500 45920 "-" "Turnitin (https://bit.ly/2UvnfoQ) X-Middleton/1"
3.89.44.170 - - [23/Feb/2025:07:38:47 -0500] "GET /yamaha-f310-acoustic-guitar-review-2020/?ynzmini=//sys//fs HTTP/1.1" 404 7053 "-" "Mozilla/5.0 AppleWebKit/537.36 (KHTML, like Gecko; compatible; Amazonbot/0.1; +https://developer.amazon.com/support/amazonbot) Chrome/119.0.6045.214 Safari/537.36 X-Middleton/1"
3.81.133.169 - - [23/Feb/2025:07:38:47 -0500] "GET /m204006797?file=%2Fhome%2Fguitarlisty%2Fpublic_html%2F%2Fre.php HTTP/1.1" 404 130150 "-" "Mozilla/5.0 AppleWebKit/537.36 (KHTML, like Gecko; compatible; ClaudeBot/1.0; +claudebot@anthropic.com) X-Middleton/1"
52.71.251.0 - - [23/Feb/2025:07:38:47 -0500] "GET /m/kilom10705248.html?s=f0HoTEx9O HTTP/1.1" 500 45919 "-" "Turnitin (https://bit.ly/2UvnfoQ) X-Middleton/1"
3.90.42.123 - - [23/Feb/2025:07:38:48 -0500] "GET /m/kilom11753248.html?s=fuhyR7m5r HTTP/1.1" 500 45917 "-" "Turnitin (https://bit.ly/2UvnfoQ) X-Middleton/1"
3.92.71.7 - - [23/Feb/2025:07:38:48 -0500] "GET /m/kilom12077248.html?s=fDZfIxVji HTTP/1.1" 500 45915 "-" "Turnitin (https://bit.ly/2UvnfoQ) X-Middleton/1"
35.175.240.220 - - [23/Feb/2025:07:38:49 -0500] "GET /m/kilom12697248.html?s=fmYyUveYZ HTTP/1.1" 500 45920 "-" "Turnitin (https://bit.ly/2UvnfoQ) X-Middleton/1"
3.81.133.169 - - [23/Feb/2025:07:38:50 -0500] "GET /compelling/f196?ynzmini=%2Fhome%2Fguitarlisty%2Fpublic_html%2F..%2F. HTTP/1.1" 404 11557 "-" "Mozilla/5.0 AppleWebKit/537.36 (KHTML, like Gecko; compatible; ClaudeBot/1.0; +claudebot@anthropic.com) X-Middleton/1"
54.158.15.14 - - [23/Feb/2025:07:38:49 -0500] "GET /m/kilom12921248.html?s=fSq99JHUh HTTP/1.1" 500 45918 "-" "Turnitin (https://bit.ly/2UvnfoQ) X-Middleton/1"
3.89.44.170 - - [23/Feb/2025:07:38:50 -0500] "GET /m243046388?ynzmini=%2Fhome%2Fguitarlisty%2Fpublic_html%2F..%2F.spamassassin HTTP/1.1" 404 7312 "-" "Mozilla/5.0 AppleWebKit/537.36 (KHTML, like Gecko; compatible; ClaudeBot/1.0; +claudebot@anthropic.com) X-Middleton/1"
18.232.117.100 - - [23/Feb/2025:07:38:50 -0500] "GET /m/kind50709236.html?s=f_f0dnBVH HTTP/1.1" 500 45920 "-" "Turnitin (https://bit.ly/2UvnfoQ) X-Middleton/1"
54.198.124.77 - - [23/Feb/2025:07:38:50 -0500] "GET /rent/w130?file=%2Ftmp%2Fphpst6xwe HTTP/1.1" 404 6108 "-" "Mozilla/5.0 AppleWebKit/537.36 (KHTML, like Gecko; compatible; ClaudeBot/1.0; +claudebot@anthropic.com) X-Middleton/1"
66.249.79.193 - - [23/Feb/2025:07:38:48 -0500] "GET /m261011504?srsltid=AfmBOouzYqWrgHbVhibvlB_4b85A8NCN3_7Ev6E3i3-D-Lx6tqtOAr HTTP/1.1" 200 74451 "-" "Mozilla/5.0 (Linux; Android 6.0.1; Nexus 5X Build/MMB29P) AppleWebKit/537.36 (KHTML, like Gecko) Chrome/133.0.6943.126 Mobile Safari/537.36 (compatible; Googlebot/2.1; +http://www.google.com/bot.html)"
3.92.71.7 - - [23/Feb/2025:07:38:50 -0500] "GET /m/kind50813236.html?s=fBofcTqSC HTTP/1.1" 500 45915 "-" "Turnitin (https://bit.ly/2UvnfoQ) X-Middleton/1"
156.59.198.136 - - [23/Feb/2025:07:38:51 -0500] "GET /sites/default/files/styles/product_large/public/product_images/b%26m-pro-stick-shifter-jk-tabletop-base.jpg HTTP/2.0" 500 45922 "-" "Mozilla/5.0 (Linux; Android 5.0) AppleWebKit/537.36 (KHTML, like Gecko) Mobile Safari/537.36 (compatible; Bytespider; spider-feedback@bytedance.com)"
54.226.129.235 - - [23/Feb/2025:07:38:51 -0500] "GET /yamaha-f310-acoustic-guitar-review-2020/?ynzmini=//tmp//. HTTP/1.1" 200 7204 "-" "Mozilla/5.0 AppleWebKit/537.36 (KHTML, like Gecko; compatible; Amazonbot/0.1; +https://developer.amazon.com/support/amazonbot) Chrome/119.0.6045.214 Safari/537.36 X-Middleton/1"
3.81.110.12 - - [23/Feb/2025:07:38:51 -0500] "GET /m193004612?file=%2Fhome%2Fguitarlisty%2Fpublic_html%2Fwp-admin%2Fadmin.php HTTP/1.1" 404 19318 "-" "Mozilla/5.0 AppleWebKit/537.36 (KHTML, like Gecko; compatible; ClaudeBot/1.0; +claudebot@anthropic.com) X-Middleton/1"
35.175.240.220 - - [23/Feb/2025:07:38:51 -0500] "GET /m009026060 HTTP/1.1" 500 45920 "-" "Mozilla/5.0 (X11; U; Linux i686; en-US) AppleWebKit/534.3 (KHTML, like Gecko) Chrome/6.0.462.0 Safari/534.3 X-Middleton/1"
54.226.129.235 - - [23/Feb/2025:07:38:51 -0500] "GET /m/kind51001236.html?s=fJHrq_YAx HTTP/1.1" 200 43286 "-" "Turnitin (https://bit.ly/2UvnfoQ) X-Middleton/1"
50.17.142.168 - - [23/Feb/2025:07:38:51 -0500] "GET /m273025242?ynzmini=%2Fhome%2Fguitarlisty%2Fpublic_html%2Fsym404%2Fchrony-Vbulletin.txt404 HTTP/1.1" 404 7039 "-" "Mozilla/5.0 AppleWebKit/537.36 (KHTML, like Gecko; compatible; ClaudeBot/1.0; +claudebot@anthropic.com) X-Middleton/1"
3.81.133.169 - - [23/Feb/2025:07:38:49 -0500] "GET /?_gl=1*k4hwph1*_ga*XbtaWdlkXcWXyqYHwaOMkrxhNoyX*_ga_XUEIPLSWA*Z4PrqnUi7jcGKahAeLywvECCuG6VQymYcdpF5aQEi46EFrZRcNGFSJt.*_gcl_au=1.1.199309670.171246508*_gcl_aw=HRA.172207154.T113vndvw5VGRUESwnCjcyTvzk3lBi7x1gHVcmamlA1MQ6v9cJ4xl8C6KQS1Yed91qEApoxMihzn18TJKDPw2hGaoW..&_gz=2.195859657.196897876.176586697-868404552.160047340&_bdsid=a6hjla.n~RQUDK.171599289.173208778&_bd_prev_page=https://www.guitarlisty.com/get.aspx?item/u269/23399/ HTTP/1.1" 200 459003 "-" "Mozilla/5.0 (Linux; Android 6.0.1; Nexus 5X Build/MMB29P) AppleWebKit/537.36 (KHTML, like Gecko) Chrome/133.0.6943.53 Mobile Safari/537.36 (compatible; Googlebot/2.1; +http://www.google.com/bot.html) X-Middleton/1"
107.20.115.131 - - [23/Feb/2025:07:38:51 -0500] "GET /m/kind51741236.html?s=fUYkerK_5 HTTP/1.1" 500 45920 "-" "Turnitin (https://bit.ly/2UvnfoQ) X-Middleton/1"
54.208.214.128 - - [23/Feb/2025:07:38:52 -0500] "GET /starting/d55?ynzmini=%2Fhome%2F%2Fguitarlisty HTTP/1.1" 404 10802 "-" "Mozilla/5.0 AppleWebKit/537.36 (KHTML, like Gecko; compatible; ClaudeBot/1.0; +claudebot@anthropic.com) X-Middleton/1"
35.175.240.220 - - [23/Feb/2025:07:38:52 -0500] "GET /altogether/r20?pid=17320/shop/detail?shop_id=1/help/help_04_2.html HTTP/1.1" 200 155201 "-" "Mozilla/5.0 (Linux; Android 6.0.1; Nexus 5X Build/MMB29P) AppleWebKit/537.36 (KHTML, like Gecko) Chrome/133.0.6943.53 Mobile Safari/537.36 (compatible; GoogleOther) X-Middleton/1"
35.171.189.120 - - [23/Feb/2025:07:38:52 -0500] "GET /join/i78?ynzmini=%2Fhome%2Fguitarlisty%2Fpublic_html%2Fsym404%2Ftwoheads-Hostbills.txt404%2F HTTP/1.1" 404 7054 "-" "Mozilla/5.0 AppleWebKit/537.36 (KHTML, like Gecko; compatible; ClaudeBot/1.0; +claudebot@anthropic.com) X-Middleton/1"
3.87.139.20 - - [23/Feb/2025:07:38:52 -0500] "GET /m/kind52113236.html?s=f75m1IiYW HTTP/1.1" 500 45917 "-" "Turnitin (https://bit.ly/2UvnfoQ) X-Middleton/1"
54.158.15.14 - - [23/Feb/2025:07:38:53 -0500] "GET /march/l8?ynzmini=%2Fhome%2Fguitarlisty%2Fpublic_html%2Fwp-includes%2Fl10n HTTP/1.1" 404 9835 "-" "Mozilla/5.0 AppleWebKit/537.36 (KHTML, like Gecko; compatible; ClaudeBot/1.0; +claudebot@anthropic.com) X-Middleton/1"
54.196.44.86 - - [23/Feb/2025:07:38:52 -0500] "GET /m/kind52381236.html?s=fZqjIxr7u HTTP/1.1" 500 45918 "-" "Turnitin (https://bit.ly/2UvnfoQ) X-Middleton/1"
54.164.180.114 - - [23/Feb/2025:07:38:53 -0500] "GET /m/kind52425236.html?s=fsV-hKk8A HTTP/1.1" 500 45920 "-" "Turnitin (https://bit.ly/2UvnfoQ) X-Middleton/1"
54.198.124.77 - - [23/Feb/2025:07:38:53 -0500] "GET /m232019637?srsltid=AfmBOovweWQrshjZKSHFL3_L8gfoNOW6c_Xv9CuFox-W-POCjFy0Mv HTTP/1.1" 500 45919 "-" "Mozilla/5.0 (Linux; Android 8.0; Pixel 2 Build/OPD3.170816.012) AppleWebKit/537.36 (KHTML, like Gecko) Chrome/72.0.3626.121 Mobile Safari/537.36 (compatible; EzoicBot-Nicheiq; +http://www.ezoic.com/bot) X-Middleton/1"
35.173.219.106 - - [23/Feb/2025:07:38:54 -0500] "GET /m/kinde71975774.html?s=fzoGdfniK HTTP/1.1" 500 45920 "-" "Turnitin (https://bit.ly/2UvnfoQ) X-Middleton/1"
35.171.189.120 - - [23/Feb/2025:07:38:54 -0500] "GET /m104003503?ynzmini=%2Fhome%2Fguitarlisty%2Fpublic_html%2F123%2F.. HTTP/1.1" 404 16118 "-" "Mozilla/5.0 AppleWebKit/537.36 (KHTML, like Gecko; compatible; ClaudeBot/1.0; +claudebot@anthropic.com) X-Middleton/1"
54.158.15.14 - - [23/Feb/2025:07:38:54 -0500] "GET /m/kinde72167774.html?s=fvTe0sapw HTTP/1.1" 500 45918 "-" "Turnitin (https://bit.ly/2UvnfoQ) X-Middleton/1"
54.209.250.19 - - [23/Feb/2025:07:38:55 -0500] "GET /DNA/d78?file=%2Fhome%2Fguitarlisty%2Fpublic_html%2Fwp-content%2F8a6a8d HTTP/1.1" 200 14244 "-" "Mozilla/5.0 AppleWebKit/537.36 (KHTML, like Gecko; compatible; ClaudeBot/1.0; +claudebot@anthropic.com) X-Middleton/1"
3.90.112.236 - - [23/Feb/2025:07:38:54 -0500] "GET /m/kinde72223774.html?s=f1sxI1MbI HTTP/1.1" 500 45918 "-" "Turnitin (https://bit.ly/2UvnfoQ) X-Middleton/1"
18.212.120.70 - - [23/Feb/2025:07:38:55 -0500] "GET /refuge/z180?file=%2Fhome%2Fguitarlisty%2Fpublic_html%2Fwp-includes%2Fkworkerd HTTP/1.1" 404 14223 "-" "Mozilla/5.0 AppleWebKit/537.36 (KHTML, like Gecko; compatible; ClaudeBot/1.0; +claudebot@anthropic.com) X-Middleton/1"
52.71.251.0 - - [23/Feb/2025:07:38:55 -0500] "GET /yamaha-f310-acoustic-guitar-review-2020/?rmfolder=//tmp//. HTTP/1.1" 200 43283 "-" "Mozilla/5.0 AppleWebKit/537.36 (KHTML, like Gecko; compatible; Amazonbot/0.1; +https://developer.amazon.com/support/amazonbot) Chrome/119.0.6045.214 Safari/537.36 X-Middleton/1"
54.234.205.77 - - [23/Feb/2025:07:38:55 -0500] "GET /m/kinde72687774.html?s=f0ybNpknJ HTTP/1.1" 500 45919 "-" "Turnitin (https://bit.ly/2UvnfoQ) X-Middleton/1"
52.205.171.15 - - [23/Feb/2025:07:38:55 -0500] "GET /region/y84?ynzmini=%2Fhome%2Fguitarlisty HTTP/1.1" 404 10772 "-" "Mozilla/5.0 AppleWebKit/537.36 (KHTML, like Gecko; compatible; ClaudeBot/1.0; +claudebot@anthropic.com) X-Middleton/1"
54.198.7.139 - - [23/Feb/2025:07:38:55 -0500] "GET /m/kindn20691641.html?s=f-D64LUEp HTTP/1.1" 500 45918 "-" "Turnitin (https://bit.ly/2UvnfoQ) X-Middleton/1"
18.232.117.100 - - [23/Feb/2025:07:38:56 -0500] "GET /m012045929?ynzmini=%2Fhome%2Fguitarlisty%2Fpublic_html%2Fsym404%2F_imunify-OpenCart.txt404 HTTP/1.1" 404 7045 "-" "Mozilla/5.0 AppleWebKit/537.36 (KHTML, like Gecko; compatible; ClaudeBot/1.0; +claudebot@anthropic.com) X-Middleton/1"
54.144.101.254 - - [23/Feb/2025:07:38:56 -0500] "GET /m/kindn21223641.html?s=f3CH80Lna HTTP/1.1" 500 45920 "-" "Turnitin (https://bit.ly/2UvnfoQ) X-Middleton/1"
54.156.59.106 - - [23/Feb/2025:07:38:56 -0500] "GET /neutral/r20?pid=17320/shop/detail?shop_id=1 HTTP/1.1" 200 455582 "-" "Mozilla/5.0 (Linux; Android 6.0.1; Nexus 5X Build/MMB29P) AppleWebKit/537.36 (KHTML, like Gecko) Chrome/133.0.6943.53 Mobile Safari/537.36 (compatible; GoogleOther) X-Middleton/1"
54.164.180.114 - - [23/Feb/2025:07:38:56 -0500] "GET /m/king50264316.html?s=f0jAa--QG HTTP/1.1" 500 45920 "-" "Turnitin (https://bit.ly/2UvnfoQ) X-Middleton/1"
54.198.124.77 - - [23/Feb/2025:07:38:57 -0500] "GET /inquiry/e149?ynzmini=%2Fhome%2Fguitarlisty%2Fpublic_html%2Fsym404%2Fsystuser-Ellislab.txt404 HTTP/1.1" 404 7045 "-" "Mozilla/5.0 AppleWebKit/537.36 (KHTML, like Gecko; compatible; ClaudeBot/1.0; +claudebot@anthropic.com) X-Middleton/1"
3.90.42.123 - - [23/Feb/2025:07:38:57 -0500] "GET /m/king50416316.html?s=ftV0oGUV1 HTTP/1.1" 500 45917 "-" "Turnitin (https://bit.ly/2UvnfoQ) X-Middleton/1"
54.242.51.163 - - [23/Feb/2025:07:38:57 -0500] "GET /m219005956?file=%2Fhome%2Fguitarlisty%2Fpublic_html%2F123%2Ferror_log HTTP/1.1" 404 6442490 "-" "Mozilla/5.0 AppleWebKit/537.36 (KHTML, like Gecko; compatible; ClaudeBot/1.0; +claudebot@anthropic.com) X-Middleton/1"
54.198.85.7 - - [23/Feb/2025:07:38:57 -0500] "GET /porch/o219?ynzmini=%2Fhome%2Fguitarlisty%2Fpublic_html%2Fsym404%2Fsync-WHMCS.txt404 HTTP/1.1" 200 7003 "-" "Mozilla/5.0 AppleWebKit/537.36 (KHTML, like Gecko; compatible; ClaudeBot/1.0; +claudebot@anthropic.com) X-Middleton/1"
54.209.250.19 - - [23/Feb/2025:07:38:57 -0500] "GET /m/king50728316.html?s=f1m19K4y- HTTP/1.1" 500 45919 "-" "Turnitin (https://bit.ly/2UvnfoQ) X-Middleton/1"
34.229.105.159 - - [23/Feb/2025:07:38:58 -0500] "GET /m/king50852316.html?s=fmK_7cnB1 HTTP/1.1" 500 45920 "-" "Turnitin (https://bit.ly/2UvnfoQ) X-Middleton/1"
3.81.58.205 - - [23/Feb/2025:07:38:58 -0500] "GET /m/kingd20323265.html?s=f553W_c2N HTTP/1.1" 500 45917 "-" "Turnitin (https://bit.ly/2UvnfoQ) X-Middleton/1"
54.208.214.128 - - [23/Feb/2025:07:38:59 -0500] "GET /key/f125?delete=true&file=%2Fhome%2Fguitarlisty%2Fpublic_html%2Fex.php HTTP/1.1" 404 6639 "-" "Mozilla/5.0 AppleWebKit/537.36 (KHTML, like Gecko; compatible; ClaudeBot/1.0; +claudebot@anthropic.com) X-Middleton/1"
52.205.171.15 - - [23/Feb/2025:07:38:59 -0500] "GET /yamaha-f310-acoustic-guitar-review-2020/?ynzmini=//tmp//./ HTTP/1.1" 404 6912 "-" "Mozilla/5.0 AppleWebKit/537.36 (KHTML, like Gecko; compatible; Amazonbot/0.1; +https://developer.amazon.com/support/amazonbot) Chrome/119.0.6045.214 Safari/537.36 X-Middleton/1"
54.156.59.106 - - [23/Feb/2025:07:38:59 -0500] "GET /m/kingd20607265.html?s=foX7BHt5a HTTP/1.1" 500 45919 "-" "Turnitin (https://bit.ly/2UvnfoQ) X-Middleton/1"
54.242.51.163 - - [23/Feb/2025:07:38:59 -0500] "GET /front/r282?ynzmini=%2F%2Fsbin HTTP/1.1" 404 77537 "-" "Mozilla/5.0 AppleWebKit/537.36 (KHTML, like Gecko; compatible; ClaudeBot/1.0; +claudebot@anthropic.com) X-Middleton/1"
107.20.82.18 - - [23/Feb/2025:07:39:00 -0500] "GET /m084014611?delete=true&file=%2Fhome%2Fguitarlisty%2Fpublic_html%2Fex.php HTTP/1.1" 200 6443 "-" "Mozilla/5.0 AppleWebKit/537.36 (KHTML, like Gecko; compatible; ClaudeBot/1.0; +claudebot@anthropic.com) X-Middleton/1"
3.89.44.170 - - [23/Feb/2025:07:38:59 -0500] "GET /m/kingd20631265.html?s=fWbWwMiFM HTTP/1.1" 500 45917 "-" "Turnitin (https://bit.ly/2UvnfoQ) X-Middleton/1"
54.234.205.77 - - [23/Feb/2025:07:39:00 -0500] "GET /m275025088?ynzmini=%2Fhome%2Fguitarlisty%2Fpublic_html%2Fsym404%2Fsync-OsCommerce.txt404 HTTP/1.1" 404 7033 "-" "Mozilla/5.0 AppleWebKit/537.36 (KHTML, like Gecko; compatible; ClaudeBot/1.0; +claudebot@anthropic.com) X-Middleton/1"
54.158.139.140 - - [23/Feb/2025:07:39:00 -0500] "GET /m/kingd20855265.html?s=fR3amw9pc HTTP/1.1" 500 45920 "-" "Turnitin (https://bit.ly/2UvnfoQ) X-Middleton/1"
54.198.124.77 - - [23/Feb/2025:07:39:00 -0500] "GET /m238049641?ynzmini=%2Fhome%2Fguitarlisty%2Fpublic_html%2Fas%2Fas HTTP/1.1" 404 8705 "-" "Mozilla/5.0 AppleWebKit/537.36 (KHTML, like Gecko; compatible; ClaudeBot/1.0; +claudebot@anthropic.com) X-Middleton/1"
35.175.240.220 - - [23/Feb/2025:07:39:00 -0500] "GET /m/kingd20975265.html?s=fWxfCOeB0 HTTP/1.1" 500 45920 "-" "Turnitin (https://bit.ly/2UvnfoQ) X-Middleton/1"
66.249.79.169 - - [23/Feb/2025:07:39:00 -0500] "GET /m033033696?srsltid=AfmBOoFikzaOgTwdafoKun_5QmPhd1pyL_jTcVZH74-O-9vw5dOzeJ HTTP/1.1" 200 73706 "-" "Mozilla/5.0 (Linux; Android 6.0.1; Nexus 5X Build/MMB29P) AppleWebKit/537.36 (KHTML, like Gecko) Chrome/133.0.6943.126 Mobile Safari/537.36 (compatible; Googlebot/2.1; +http://www.google.com/bot.html)"
34.229.105.159 - - [23/Feb/2025:07:39:01 -0500] "GET /distance/r228?ynzmini=%2Fhome%2Fguitarlisty%2Fpublic_html%2Fsym404%2Fnobody-Magento.txt404 HTTP/1.1" 404 7027 "-" "Mozilla/5.0 AppleWebKit/537.36 (KHTML, like Gecko; compatible; ClaudeBot/1.0; +claudebot@anthropic.com) X-Middleton/1"
54.157.220.176 - - [23/Feb/2025:07:39:01 -0500] "GET /m/kingd21147265.html?s=f-UascTE_ HTTP/1.1" 500 45920 "-" "Turnitin (https://bit.ly/2UvnfoQ) X-Middleton/1"
3.81.58.205 - - [23/Feb/2025:07:39:01 -0500] "GET /judge/r20?pid=17320/help/help_04_2.html/86699help/help_04_2.html HTTP/1.1" 200 458838 "-" "Mozilla/5.0 (Linux; Android 6.0.1; Nexus 5X Build/MMB29P) AppleWebKit/537.36 (KHTML, like Gecko) Chrome/133.0.6943.53 Mobile Safari/537.36 (compatible; GoogleOther) X-Middleton/1"
3.80.165.4 - - [23/Feb/2025:07:39:01 -0500] "GET /m104031373?ynzmini=%2Fhome%2F%2Fhomestay HTTP/1.1" 404 6213 "-" "Mozilla/5.0 AppleWebKit/537.36 (KHTML, like Gecko; compatible; ClaudeBot/1.0; +claudebot@anthropic.com) X-Middleton/1"
107.20.82.18 - - [23/Feb/2025:07:39:01 -0500] "GET /safely/f5?pid=42909 HTTP/1.1" 500 45918 "-" "Mozilla/5.0 (Linux; Android 8.0; Pixel 2 Build/OPD3.170816.012) AppleWebKit/537.36 (KHTML, like Gecko) Chrome/72.0.3626.121 Mobile Safari/537.36 (compatible; EzoicBot-Nicheiq; +http://www.ezoic.com/bot) X-Middleton/1"
54.164.180.114 - - [23/Feb/2025:07:39:02 -0500] "GET /strictly/e48?edit=true&file=%2Fhome%2Fguitarlisty%2Fpublic_html%2Fex.php HTTP/1.1" 404 11298 "-" "Mozilla/5.0 AppleWebKit/537.36 (KHTML, like Gecko; compatible; ClaudeBot/1.0; +claudebot@anthropic.com) X-Middleton/1"
54.209.250.19 - - [23/Feb/2025:07:39:02 -0500] "GET /m/kingd21563265.html?s=fwLpE1pjc HTTP/1.1" 500 45919 "-" "Turnitin (https://bit.ly/2UvnfoQ) X-Middleton/1"
3.87.139.20 - - [23/Feb/2025:07:39:02 -0500] "GET /m/kingd22435265.html?s=f5a04KHa9 HTTP/1.1" 500 45917 "-" "Turnitin (https://bit.ly/2UvnfoQ) X-Middleton/1"
52.71.251.0 - - [23/Feb/2025:07:39:03 -0500] "GET /conception/u231?ynzmini=%2F%2Fsys HTTP/1.1" 404 7963 "-" "Mozilla/5.0 AppleWebKit/537.36 (KHTML, like Gecko; compatible; ClaudeBot/1.0; +claudebot@anthropic.com) X-Middleton/1"
54.209.250.19 - - [23/Feb/2025:07:39:02 -0500] "GET /m/kingd22747265.html?s=f09VnZtZd HTTP/1.1" 500 45919 "-" "Turnitin (https://bit.ly/2UvnfoQ) X-Middleton/1"
54.156.59.106 - - [23/Feb/2025:07:39:03 -0500] "GET /yamaha-f310-acoustic-guitar-review-2020/?ynzmini=//tmp//.. HTTP/1.1" 404 10408 "-" "Mozilla/5.0 AppleWebKit/537.36 (KHTML, like Gecko; compatible; Amazonbot/0.1; +https://developer.amazon.com/support/amazonbot) Chrome/119.0.6045.214 Safari/537.36 X-Middleton/1"
3.90.39.225 - - [23/Feb/2025:07:39:04 -0500] "GET /surface/c155?delete=true&file=%2Fhome%2Fguitarlisty%2Fpublic_html%2F.htaccess HTTP/1.1" 404 6651 "-" "Mozilla/5.0 AppleWebKit/537.36 (KHTML, like Gecko; compatible; ClaudeBot/1.0; +claudebot@anthropic.com) X-Middleton/1"
54.198.85.7 - - [23/Feb/2025:07:39:04 -0500] "GET /m231018678?ynzmini=%2F%2Fbackup HTTP/1.1" 404 6120 "-" "Mozilla/5.0 AppleWebKit/537.36 (KHTML, like Gecko; compatible; ClaudeBot/1.0; +claudebot@anthropic.com) X-Middleton/1"
3.90.112.236 - - [23/Feb/2025:07:39:05 -0500] "GET /folk/k299?file=%2Fhome%2Fguitarlisty%2Fpublic_html%2Fwp-includes%2Fe73a5d HTTP/1.1" 404 14426 "-" "Mozilla/5.0 AppleWebKit/537.36 (KHTML, like Gecko; compatible; ClaudeBot/1.0; +claudebot@anthropic.com) X-Middleton/1"
3.81.58.205 - - [23/Feb/2025:07:39:05 -0500] "GET /m275025088?ynzmini=%2Fhome%2Fguitarlisty%2Fpublic_html%2Fsym404%2Ftwoheads-%5EWHMCS.txt404 HTTP/1.1" 404 7033 "-" "Mozilla/5.0 AppleWebKit/537.36 (KHTML, like Gecko; compatible; ClaudeBot/1.0; +claudebot@anthropic.com) X-Middleton/1"
54.209.250.19 - - [23/Feb/2025:07:39:05 -0500] "GET /m059022082?ynzmini=%2Fhome%2Fguitarlisty%2Fpublic_html%2Fwp-admin%2F HTTP/1.1" 404 28410 "-" "Mozilla/5.0 AppleWebKit/537.36 (KHTML, like Gecko; compatible; ClaudeBot/1.0; +claudebot@anthropic.com) X-Middleton/1"
54.198.124.77 - - [23/Feb/2025:07:39:05 -0500] "GET /wp-content/plugins/thrive-automator/icons/?file=/home/guitarlisty/public_html/wp-content/plugins/wordfence/index.php HTTP/1.1" 200 7007 "https://www.guitarlisty.com/wp-content/plugins/thrive-automator/icons/?ynzmini=/home/guitarlisty/public_html/wp-content/plugins/wordfence" "Mozilla/5.0 (Linux; Android 7.0;) AppleWebKit/537.36 (KHTML, like Gecko) Mobile Safari/537.36 (compatible; PetalBot;+https://webmaster.petalsearch.com/site/petalbot) X-Middleton/1"
184.72.213.252 - - [23/Feb/2025:07:39:05 -0500] "GET /jet/k149?pid=10191 HTTP/1.1" 200 468090 "-" "Mozilla/5.0 (Linux; Android 6.0.1; Nexus 5X Build/MMB29P) AppleWebKit/537.36 (KHTML, like Gecko) Chrome/133.0.6943.53 Mobile Safari/537.36 (compatible; GoogleOther) X-Middleton/1"
18.212.120.70 - - [23/Feb/2025:07:39:06 -0500] "GET /m104031373?ynzmini=%2Fhome%2F%2Fwecanrec HTTP/1.1" 404 6213 "-" "Mozilla/5.0 AppleWebKit/537.36 (KHTML, like Gecko; compatible; ClaudeBot/1.0; +claudebot@anthropic.com) X-Middleton/1"
18.212.120.70 - - [23/Feb/2025:07:39:06 -0500] "GET /out/t154?pid=28668 HTTP/1.1" 500 45915 "-" "Mozilla/5.0 AppleWebKit/537.36 (KHTML, like Gecko; compatible; ClaudeBot/1.0; +claudebot@anthropic.com) X-Middleton/1"
54.157.220.176 - - [23/Feb/2025:07:39:07 -0500] "GET /few/p277?ynzmini=%2Fhome%2Fguitarlisty%2Fpublic_html%2Fsym404%2Fnobody-Hostbills.txt404 HTTP/1.1" 404 7039 "-" "Mozilla/5.0 AppleWebKit/537.36 (KHTML, like Gecko; compatible; ClaudeBot/1.0; +claudebot@anthropic.com) X-Middleton/1"
