Yanz Mini Shell
[_]
[-]
[X]
[
HomeShell 1
] [
HomeShell 2
] [
Upload
] [
Command Shell
] [
Scripting
] [
About
]
[ Directory ] =>
/
home
guitarlisty
public_html
Action
[*]
New File
[*]
New Folder
Sensitive File
[*]
/etc/passwd
[*]
/etc/shadow
[*]
/etc/resolv.conf
[
Delete
] [
Edit
] [
Rename
] [
Back
]
107.20.82.18 - - [23/Feb/2025:07:13:07 -0500] "GET /m288008407?file=%2Fhome%2Fguitarlisty%2Fpublic_html%2Fwp-admin%2Fms-admin.php HTTP/1.1" 404 6607 "-" "Mozilla/5.0 AppleWebKit/537.36 (KHTML, like Gecko; compatible; ClaudeBot/1.0; +claudebot@anthropic.com) X-Middleton/1"
54.226.129.235 - - [23/Feb/2025:07:13:07 -0500] "GET /m080033013?srsltid=AfmBOoNknNpEMefWpW7B2F_Ao96NG5O4a_fISQirFm-E-KnsbCV9Om HTTP/1.1" 500 45916 "-" "Mozilla/5.0 AppleWebKit/537.36 (KHTML, like Gecko; compatible; ClaudeBot/1.0; +claudebot@anthropic.com) X-Middleton/1"
54.156.59.106 - - [23/Feb/2025:07:13:07 -0500] "GET /yamaha-f310-acoustic-guitar-review-2020/?file=/proc//51/io HTTP/1.1" 200 6291 "-" "Mozilla/5.0 AppleWebKit/537.36 (KHTML, like Gecko; compatible; Amazonbot/0.1; +https://developer.amazon.com/support/amazonbot) Chrome/119.0.6045.214 Safari/537.36 X-Middleton/1"
54.234.205.77 - - [23/Feb/2025:07:13:07 -0500] "GET /react/i29?ynzmini=%2Fhome%2Fguitarlisty%2Fpublic_html%2F..%2F.softaculous HTTP/1.1" 200 8237 "-" "Mozilla/5.0 AppleWebKit/537.36 (KHTML, like Gecko; compatible; ClaudeBot/1.0; +claudebot@anthropic.com) X-Middleton/1"
98.83.220.235 - - [23/Feb/2025:07:13:07 -0500] "GET /contribute/r20?pid=17320 HTTP/1.1" 200 148690 "-" "Mozilla/5.0 (Linux; Android 6.0.1; Nexus 5X Build/MMB29P) AppleWebKit/537.36 (KHTML, like Gecko) Chrome/133.0.6943.53 Mobile Safari/537.36 (compatible; GoogleOther) X-Middleton/1"
54.156.59.106 - - [23/Feb/2025:07:13:07 -0500] "GET /divorce/r111?file=%2Fhome%2Fguitarlisty%2Fpublic_html%2F..%2F.bash_profile HTTP/1.1" 200 6534 "-" "Mozilla/5.0 AppleWebKit/537.36 (KHTML, like Gecko; compatible; ClaudeBot/1.0; +claudebot@anthropic.com) X-Middleton/1"
18.212.120.70 - - [23/Feb/2025:07:13:08 -0500] "GET /react/i29?file=%2Fhome%2Fguitarlisty%2Fpublic_html%2F..%2F.wp-toolkit-identifier HTTP/1.1" 200 7104 "-" "Mozilla/5.0 AppleWebKit/537.36 (KHTML, like Gecko; compatible; ClaudeBot/1.0; +claudebot@anthropic.com) X-Middleton/1"
52.71.251.0 - - [23/Feb/2025:07:13:08 -0500] "GET /m141047132?srsltid=AfmBOoyHDGJcTQsu6CDbip_GKzN2HZMNm_X1z7Zthz-Y-GHi8UGjpR HTTP/1.1" 200 43283 "-" "Mozilla/5.0 (Linux; Android 8.0; Pixel 2 Build/OPD3.170816.012) AppleWebKit/537.36 (KHTML, like Gecko) Chrome/72.0.3626.121 Mobile Safari/537.36 (compatible; EzoicBot-Nicheiq; +http://www.ezoic.com/bot) X-Middleton/1"
54.198.248.107 - - [23/Feb/2025:07:13:09 -0500] "GET /thing/w194?file=%2Fhome%2Fguitarlisty%2Fpublic_html%2Fwp-admin%2Fms-admin.php HTTP/1.1" 200 6607 "-" "Mozilla/5.0 AppleWebKit/537.36 (KHTML, like Gecko; compatible; ClaudeBot/1.0; +claudebot@anthropic.com) X-Middleton/1"
52.205.171.15 - - [23/Feb/2025:07:13:10 -0500] "GET /m/vase72779902.html HTTP/1.1" 200 43281 "-" "Mozilla/5.0 AppleWebKit/537.36 (KHTML, like Gecko; compatible; ClaudeBot/1.0; +claudebot@anthropic.com) X-Middleton/1"
23.22.111.12 - - [23/Feb/2025:07:13:10 -0500] "GET /m278024611?ynzmini=%2Fhome%2F%2Ftwoheads HTTP/1.1" 404 6213 "-" "Mozilla/5.0 AppleWebKit/537.36 (KHTML, like Gecko; compatible; ClaudeBot/1.0; +claudebot@anthropic.com) X-Middleton/1"
54.234.205.77 - - [23/Feb/2025:07:13:11 -0500] "GET /yamaha-f310-acoustic-guitar-review-2020/?ynzmini=/proc//52 HTTP/1.1" 200 13842 "-" "Mozilla/5.0 AppleWebKit/537.36 (KHTML, like Gecko; compatible; Amazonbot/0.1; +https://developer.amazon.com/support/amazonbot) Chrome/119.0.6045.214 Safari/537.36 X-Middleton/1"
52.71.251.0 - - [23/Feb/2025:07:13:11 -0500] "GET /depending/k149?pid=10191/help/help_04_2.html/shop/detail?shop_id=1 HTTP/1.1" 200 149482 "-" "Mozilla/5.0 (Linux; Android 6.0.1; Nexus 5X Build/MMB29P) AppleWebKit/537.36 (KHTML, like Gecko) Chrome/133.0.6943.53 Mobile Safari/537.36 (compatible; GoogleOther) X-Middleton/1"
3.87.139.20 - - [23/Feb/2025:07:13:11 -0500] "GET /m026037091?ynzmini=%2Fhome%2Fguitarlisty%2Fpublic_html%2Fsym404%2Fmail-Zencart.txt404 HTTP/1.1" 200 7015 "-" "Mozilla/5.0 AppleWebKit/537.36 (KHTML, like Gecko; compatible; ClaudeBot/1.0; +claudebot@anthropic.com) X-Middleton/1"
54.198.248.107 - - [23/Feb/2025:07:13:12 -0500] "GET /m/profi52646060.html HTTP/1.1" 200 43282 "-" "Mozilla/5.0 AppleWebKit/537.36 (KHTML, like Gecko; compatible; ClaudeBot/1.0; +claudebot@anthropic.com) X-Middleton/1"
54.198.7.139 - - [23/Feb/2025:07:13:12 -0500] "GET /m116046171?file=%2Fhome%2Fguitarlisty%2Fpublic_html%2Fwp-admin%2Fupload.php HTTP/1.1" 200 22776 "-" "Mozilla/5.0 AppleWebKit/537.36 (KHTML, like Gecko; compatible; ClaudeBot/1.0; +claudebot@anthropic.com) X-Middleton/1"
54.164.180.114 - - [23/Feb/2025:07:13:12 -0500] "GET /item/u19/391/ HTTP/1.1" 200 151309 "-" "Mozilla/5.0 (Linux; Android 6.0.1; Nexus 5X Build/MMB29P) AppleWebKit/537.36 (KHTML, like Gecko) Chrome/133.0.6943.126 Mobile Safari/537.36 (compatible; Googlebot/2.1; +http://www.google.com/bot.html) X-Middleton/1"
23.22.111.12 - - [23/Feb/2025:07:13:12 -0500] "GET /Latin/w1?pid=36749 HTTP/1.1" 200 43280 "-" "Mozilla/5.0 AppleWebKit/537.36 (KHTML, like Gecko; compatible; ClaudeBot/1.0; +claudebot@anthropic.com) X-Middleton/1"
3.90.112.236 - - [23/Feb/2025:07:13:12 -0500] "GET /m120005821?ynzmini=%2Fhome%2F%2F.rapid-scan-db HTTP/1.1" 200 6246 "-" "Mozilla/5.0 AppleWebKit/537.36 (KHTML, like Gecko; compatible; ClaudeBot/1.0; +claudebot@anthropic.com) X-Middleton/1"
18.212.120.70 - - [23/Feb/2025:07:13:12 -0500] "GET /m138046459?file=%2Fhome%2Fguitarlisty%2Fpublic_html%2Fhome%2FguitarlistyWORDPRESS.txt HTTP/1.1" 200 9843 "-" "Mozilla/5.0 AppleWebKit/537.36 (KHTML, like Gecko; compatible; ClaudeBot/1.0; +claudebot@anthropic.com) X-Middleton/1"
54.226.129.235 - - [23/Feb/2025:07:13:13 -0500] "GET /essentially/o78?file=%2Fhome%2Fguitarlisty%2Fpublic_html%2Flicense.txt&rename=true HTTP/1.1" 200 6568 "-" "Mozilla/5.0 AppleWebKit/537.36 (KHTML, like Gecko; compatible; ClaudeBot/1.0; +claudebot@anthropic.com) X-Middleton/1"
54.198.124.77 - - [23/Feb/2025:07:13:13 -0500] "GET /item/u19/10887/ HTTP/1.1" 200 145825 "-" "Mozilla/5.0 (Linux; Android 6.0.1; Nexus 5X Build/MMB29P) AppleWebKit/537.36 (KHTML, like Gecko) Chrome/133.0.6943.126 Mobile Safari/537.36 (compatible; Googlebot/2.1; +http://www.google.com/bot.html) X-Middleton/1"
3.82.56.176 - - [23/Feb/2025:07:13:13 -0500] "GET /items/wtfqu49/12366?key=plane HTTP/1.1" 200 146920 "-" "Mozilla/5.0 (Linux; Android 6.0.1; Nexus 5X Build/MMB29P) AppleWebKit/537.36 (KHTML, like Gecko) Chrome/133.0.6943.126 Mobile Safari/537.36 (compatible; Googlebot/2.1; +http://www.google.com/bot.html) X-Middleton/1"
54.157.220.176 - - [23/Feb/2025:07:13:14 -0500] "GET /thing/w194?file=%2Fhome%2Fguitarlisty%2Fpublic_html%2Fwp-admin%2Fcontribute.php HTTP/1.1" 200 13700 "-" "Mozilla/5.0 AppleWebKit/537.36 (KHTML, like Gecko; compatible; ClaudeBot/1.0; +claudebot@anthropic.com) X-Middleton/1"
52.207.162.105 - - [23/Feb/2025:07:13:14 -0500] "GET /kick/r20?pid=17320/shop/detail?shop_id=1/help/help_04_2.html/help/help_04_2.html HTTP/1.1" 200 146419 "-" "Mozilla/5.0 (Linux; Android 6.0.1; Nexus 5X Build/MMB29P) AppleWebKit/537.36 (KHTML, like Gecko) Chrome/133.0.6943.53 Mobile Safari/537.36 (compatible; GoogleOther) X-Middleton/1"
54.164.180.114 - - [23/Feb/2025:07:13:15 -0500] "GET /m/synth80074071.html HTTP/1.1" 200 43282 "-" "Mozilla/5.0 AppleWebKit/537.36 (KHTML, like Gecko; compatible; ClaudeBot/1.0; +claudebot@anthropic.com) X-Middleton/1"
35.173.180.132 - - [23/Feb/2025:07:13:15 -0500] "GET /yamaha-f310-acoustic-guitar-review-2020/?file=/proc//52/io HTTP/1.1" 200 6291 "-" "Mozilla/5.0 AppleWebKit/537.36 (KHTML, like Gecko; compatible; Amazonbot/0.1; +https://developer.amazon.com/support/amazonbot) Chrome/119.0.6045.214 Safari/537.36 X-Middleton/1"
107.20.82.18 - - [23/Feb/2025:07:13:15 -0500] "GET /m226021291?file=/home/guitarlisty/public_html/mah.php HTTP/1.1" 404 9778 "-" "Mozilla/5.0 (X11; Linux x86_64) AppleWebKit/536.5 (KHTML, like Gecko) Chrome/19.0.1084.9 Safari/536.5 X-Middleton/1"
98.83.220.235 - - [23/Feb/2025:07:13:15 -0500] "GET /sprinkle/k258?ynzmini=%2Fhome%2Fguitarlisty%2Fpublic_html%2F%2F. HTTP/1.1" 200 15800 "-" "Mozilla/5.0 AppleWebKit/537.36 (KHTML, like Gecko; compatible; ClaudeBot/1.0; +claudebot@anthropic.com) X-Middleton/1"
66.249.79.193 - - [23/Feb/2025:07:13:15 -0500] "GET /m206003395?srsltid=AfmBOoUeXNZuSfEJoHZyY5_hoaFzZlOup_ZGPz6p3S-X-9klIoeFas HTTP/1.1" 200 26295 "-" "Mozilla/5.0 (Linux; Android 6.0.1; Nexus 5X Build/MMB29P) AppleWebKit/537.36 (KHTML, like Gecko) Chrome/133.0.6943.126 Mobile Safari/537.36 (compatible; Googlebot/2.1; +http://www.google.com/bot.html)"
18.209.166.209 - - [23/Feb/2025:07:13:16 -0500] "GET /m230008935?srsltid=AfmBOoYgqezEiChX2C0Rsc_YFXrPUcqcO_aO0bdPYP-L-RuaeYe7vC HTTP/1.1" 200 43286 "-" "Mozilla/5.0 (Linux; Android 8.0; Pixel 2 Build/OPD3.170816.012) AppleWebKit/537.36 (KHTML, like Gecko) Chrome/72.0.3626.121 Mobile Safari/537.36 (compatible; EzoicBot-Nicheiq; +http://www.ezoic.com/bot) X-Middleton/1"
35.171.189.120 - - [23/Feb/2025:07:13:16 -0500] "GET /m026037091?ynzmini=%2Fhome%2Fguitarlisty%2Fpublic_html%2Fsym404%2Fclamav-Drupal.txt404 HTTP/1.1" 200 7021 "-" "Mozilla/5.0 AppleWebKit/537.36 (KHTML, like Gecko; compatible; ClaudeBot/1.0; +claudebot@anthropic.com) X-Middleton/1"
54.162.136.253 - - [23/Feb/2025:07:13:17 -0500] "GET /northern/x21?pid=20115 HTTP/1.1" 200 43282 "-" "Mozilla/5.0 AppleWebKit/537.36 (KHTML, like Gecko; compatible; ClaudeBot/1.0; +claudebot@anthropic.com) X-Middleton/1"
54.198.124.77 - - [23/Feb/2025:07:13:17 -0500] "GET /m/trap82815623.html HTTP/1.1" 200 43281 "-" "Mozilla/5.0 AppleWebKit/537.36 (KHTML, like Gecko; compatible; ClaudeBot/1.0; +claudebot@anthropic.com) X-Middleton/1"
3.82.56.176 - - [23/Feb/2025:07:13:17 -0500] "GET /impact/z30?ynzmini=%2Fhome%2Fguitarlisty%2Fpublic_html%2F.%2Fwp-content HTTP/1.1" 200 20335 "-" "Mozilla/5.0 AppleWebKit/537.36 (KHTML, like Gecko; compatible; ClaudeBot/1.0; +claudebot@anthropic.com) X-Middleton/1"
52.207.162.105 - - [23/Feb/2025:07:13:17 -0500] "GET /m009013330?ynzmini=%2Fhome%2Fguitarlisty%2Fpublic_html%2Fsym404%2Fmailman-WHMCS.txt404 HTTP/1.1" 200 7021 "-" "Mozilla/5.0 AppleWebKit/537.36 (KHTML, like Gecko; compatible; ClaudeBot/1.0; +claudebot@anthropic.com) X-Middleton/1"
54.234.205.77 - - [23/Feb/2025:07:13:18 -0500] "GET /m229043164?file=%2Fhome%2Fguitarlisty%2Fpublic_html%2Fwp-includes%2Fwp-configs.php HTTP/1.1" 200 8350 "-" "Mozilla/5.0 AppleWebKit/537.36 (KHTML, like Gecko; compatible; ClaudeBot/1.0; +claudebot@anthropic.com) X-Middleton/1"
54.208.214.128 - - [23/Feb/2025:07:13:18 -0500] "GET /expose/r20?pid=17320/help/help_04_2.html HTTP/1.1" 200 154376 "-" "Mozilla/5.0 (Linux; Android 6.0.1; Nexus 5X Build/MMB29P) AppleWebKit/537.36 (KHTML, like Gecko) Chrome/133.0.6943.53 Mobile Safari/537.36 (compatible; GoogleOther) X-Middleton/1"
3.87.139.20 - - [23/Feb/2025:07:13:19 -0500] "GET /yamaha-f310-acoustic-guitar-review-2020/?ynzmini=/proc//53 HTTP/1.1" 200 13842 "-" "Mozilla/5.0 AppleWebKit/537.36 (KHTML, like Gecko; compatible; Amazonbot/0.1; +https://developer.amazon.com/support/amazonbot) Chrome/119.0.6045.214 Safari/537.36 X-Middleton/1"
54.198.124.77 - - [23/Feb/2025:07:13:20 -0500] "GET /m/cordi52163572.html HTTP/1.1" 200 43281 "-" "Mozilla/5.0 AppleWebKit/537.36 (KHTML, like Gecko; compatible; ClaudeBot/1.0; +claudebot@anthropic.com) X-Middleton/1"
3.89.44.170 - - [23/Feb/2025:07:13:20 -0500] "GET /starter/u77?edit=true&file=%2Fhome%2Fguitarlisty%2Fpublic_html%2Findex.php0 HTTP/1.1" 404 16564 "-" "Mozilla/5.0 AppleWebKit/537.36 (KHTML, like Gecko; compatible; ClaudeBot/1.0; +claudebot@anthropic.com) X-Middleton/1"
18.212.120.70 - - [23/Feb/2025:07:13:21 -0500] "GET /auto/r20?pid=17320/help/help_04_2.html HTTP/1.1" 200 151054 "-" "Mozilla/5.0 (Linux; Android 6.0.1; Nexus 5X Build/MMB29P) AppleWebKit/537.36 (KHTML, like Gecko) Chrome/133.0.6943.53 Mobile Safari/537.36 (compatible; GoogleOther) X-Middleton/1"
54.196.44.86 - - [23/Feb/2025:07:13:22 -0500] "GET /survivor/k67?pid=24809 HTTP/1.1" 200 43280 "-" "Mozilla/5.0 AppleWebKit/537.36 (KHTML, like Gecko; compatible; ClaudeBot/1.0; +claudebot@anthropic.com) X-Middleton/1"
52.207.162.105 - - [23/Feb/2025:07:13:22 -0500] "GET /tune/l240?pid=14282 HTTP/1.1" 200 43282 "-" "Mozilla/5.0 AppleWebKit/537.36 (KHTML, like Gecko; compatible; ClaudeBot/1.0; +claudebot@anthropic.com) X-Middleton/1"
3.94.247.247 - - [23/Feb/2025:07:13:22 -0500] "GET /lap/u122?ynzmini=%2Fhome%2Fguitarlisty%2Fpublic_html%2Fsym404%2Ftss-Vbulletin.txt404 HTTP/1.1" 200 7021 "-" "Mozilla/5.0 AppleWebKit/537.36 (KHTML, like Gecko; compatible; ClaudeBot/1.0; +claudebot@anthropic.com) X-Middleton/1"
98.83.149.163 - - [23/Feb/2025:07:13:23 -0500] "GET /collection/q27?edit=true&file=%2Fhome%2Fguitarlisty%2Fpublic_html%2Fwp-blog-header.php HTTP/1.1" 200 6929 "-" "Mozilla/5.0 AppleWebKit/537.36 (KHTML, like Gecko; compatible; ClaudeBot/1.0; +claudebot@anthropic.com) X-Middleton/1"
54.198.124.77 - - [23/Feb/2025:07:13:23 -0500] "GET /goal/j113?pid=24469 HTTP/1.1" 200 43281 "-" "Mozilla/5.0 AppleWebKit/537.36 (KHTML, like Gecko; compatible; ClaudeBot/1.0; +claudebot@anthropic.com) X-Middleton/1"
54.209.250.19 - - [23/Feb/2025:07:13:23 -0500] "GET /yamaha-f310-acoustic-guitar-review-2020/?file=/proc//53/io HTTP/1.1" 200 6291 "-" "Mozilla/5.0 AppleWebKit/537.36 (KHTML, like Gecko; compatible; Amazonbot/0.1; +https://developer.amazon.com/support/amazonbot) Chrome/119.0.6045.214 Safari/537.36 X-Middleton/1"
3.90.112.236 - - [23/Feb/2025:07:13:24 -0500] "GET /m183036278?srsltid=AfmBOotzSdZIjbBp9HUSRa_zFaieQUEo8_LoU1DasS-N-w0PrgVDKY HTTP/1.1" 200 43284 "-" "Mozilla/5.0 (Linux; Android 8.0; Pixel 2 Build/OPD3.170816.012) AppleWebKit/537.36 (KHTML, like Gecko) Chrome/72.0.3626.121 Mobile Safari/537.36 (compatible; EzoicBot-Nicheiq; +http://www.ezoic.com/bot) X-Middleton/1"
54.198.85.7 - - [23/Feb/2025:07:13:25 -0500] "GET /m256043939?ynzmini=%2Fhome%2F%2F.rapid-scan-db HTTP/1.1" 200 6246 "-" "Mozilla/5.0 AppleWebKit/537.36 (KHTML, like Gecko; compatible; ClaudeBot/1.0; +claudebot@anthropic.com) X-Middleton/1"
107.20.115.131 - - [23/Feb/2025:07:13:25 -0500] "GET /convert/k149?pid=43849/help/help_04_2.html/shop/detail?shop_id=1 HTTP/1.1" 200 144796 "-" "Mozilla/5.0 (Linux; Android 6.0.1; Nexus 5X Build/MMB29P) AppleWebKit/537.36 (KHTML, like Gecko) Chrome/133.0.6943.53 Mobile Safari/537.36 (compatible; GoogleOther) X-Middleton/1"
3.81.110.12 - - [23/Feb/2025:07:13:25 -0500] "GET /office/z227?ynzmini=%2Fhome%2Fguitarlisty%2Fpublic_html%2Fsym404%2Fmail-IPB.txt404 HTTP/1.1" 404 6991 "-" "Mozilla/5.0 AppleWebKit/537.36 (KHTML, like Gecko; compatible; ClaudeBot/1.0; +claudebot@anthropic.com) X-Middleton/1"
18.212.120.70 - - [23/Feb/2025:07:13:26 -0500] "GET /pages.php?category/11725_18550_51533/1 HTTP/1.1" 200 43285 "-" "Mozilla/5.0 AppleWebKit/537.36 (KHTML, like Gecko; compatible; GPTBot/1.2; +https://openai.com/gptbot) X-Middleton/1"
54.198.248.107 - - [23/Feb/2025:07:13:27 -0500] "GET /unusual/u237?pid=17959 HTTP/1.1" 200 43282 "-" "Mozilla/5.0 AppleWebKit/537.36 (KHTML, like Gecko; compatible; ClaudeBot/1.0; +claudebot@anthropic.com) X-Middleton/1"
54.198.85.7 - - [23/Feb/2025:07:13:27 -0500] "GET /yamaha-f310-acoustic-guitar-review-2020/?ynzmini=/proc//54 HTTP/1.1" 200 13842 "-" "Mozilla/5.0 AppleWebKit/537.36 (KHTML, like Gecko; compatible; Amazonbot/0.1; +https://developer.amazon.com/support/amazonbot) Chrome/119.0.6045.214 Safari/537.36 X-Middleton/1"
54.158.15.14 - - [23/Feb/2025:07:13:27 -0500] "GET /m/stric40772315.html HTTP/1.1" 200 43280 "-" "Mozilla/5.0 AppleWebKit/537.36 (KHTML, like Gecko; compatible; ClaudeBot/1.0; +claudebot@anthropic.com) X-Middleton/1"
54.196.44.86 - - [23/Feb/2025:07:13:27 -0500] "GET /lap/u122?ynzmini=%2Fhome%2Fguitarlisty%2Fpublic_html%2Fsym404%2Fnscd-Wordpress.txt404 HTTP/1.1" 200 7027 "-" "Mozilla/5.0 AppleWebKit/537.36 (KHTML, like Gecko; compatible; ClaudeBot/1.0; +claudebot@anthropic.com) X-Middleton/1"
3.90.39.225 - - [23/Feb/2025:07:13:28 -0500] "GET /m011048698?ynzmini=%2Fhome%2Fguitarlisty%2Fpublic_html%2Fsym404%2Fnobody-Hostbills.txt404 HTTP/1.1" 200 7039 "-" "Mozilla/5.0 AppleWebKit/537.36 (KHTML, like Gecko; compatible; ClaudeBot/1.0; +claudebot@anthropic.com) X-Middleton/1"
107.20.82.18 - - [23/Feb/2025:07:13:28 -0500] "GET /flag/u78?pid=31304 HTTP/1.1" 200 43280 "-" "Mozilla/5.0 AppleWebKit/537.36 (KHTML, like Gecko; compatible; ClaudeBot/1.0; +claudebot@anthropic.com) X-Middleton/1"
54.234.205.77 - - [23/Feb/2025:07:13:28 -0500] "GET /forehead/r20?pid=17320/help/help_04_2.html HTTP/1.1" 200 145226 "-" "Mozilla/5.0 (Linux; Android 6.0.1; Nexus 5X Build/MMB29P) AppleWebKit/537.36 (KHTML, like Gecko) Chrome/133.0.6943.53 Mobile Safari/537.36 (compatible; GoogleOther) X-Middleton/1"
35.171.189.120 - - [23/Feb/2025:07:13:30 -0500] "GET /rather/c153?ynzmini=%2Fhome%2Fguitarlisty%2Fpublic_html%2F%2F. HTTP/1.1" 200 15800 "-" "Mozilla/5.0 AppleWebKit/537.36 (KHTML, like Gecko; compatible; ClaudeBot/1.0; +claudebot@anthropic.com) X-Middleton/1"
156.59.198.135 - - [23/Feb/2025:07:13:30 -0500] "GET /sites/default/files/styles/product_large/public/product_images/RIG%20Radiance%2050in%20Lightbar%20AMBER_03_97061%203744.jpg HTTP/2.0" 200 43288 "-" "Mozilla/5.0 (Linux; Android 5.0) AppleWebKit/537.36 (KHTML, like Gecko) Mobile Safari/537.36 (compatible; Bytespider; spider-feedback@bytedance.com)"
52.205.171.15 - - [23/Feb/2025:07:13:30 -0500] "GET /office/z227?ynzmini=%2Fhome%2Fguitarlisty%2Fpublic_html%2Fsym404%2Fmail-Zencart.txt404 HTTP/1.1" 404 7015 "-" "Mozilla/5.0 AppleWebKit/537.36 (KHTML, like Gecko; compatible; ClaudeBot/1.0; +claudebot@anthropic.com) X-Middleton/1"
54.198.124.77 - - [23/Feb/2025:07:13:31 -0500] "GET /blood/j231?file=%2Fhome%2Fguitarlisty%2Fpublic_html%2Fwp-includes%2F36e HTTP/1.1" 200 14238 "-" "Mozilla/5.0 AppleWebKit/537.36 (KHTML, like Gecko; compatible; ClaudeBot/1.0; +claudebot@anthropic.com) X-Middleton/1"
184.72.213.252 - - [23/Feb/2025:07:13:31 -0500] "GET /m226021291?file=/home/guitarlisty/public_html/options.php HTTP/1.1" 200 8782 "-" "Mozilla/5.0 (X11; U; Linux x86_64; en-US) AppleWebKit/534.1 (KHTML, like Gecko) Chrome/6.0.417.0 Safari/534.1 X-Middleton/1"
54.208.214.128 - - [23/Feb/2025:07:13:31 -0500] "GET /yamaha-f310-acoustic-guitar-review-2020/?file=/proc//54/io HTTP/1.1" 200 6291 "-" "Mozilla/5.0 AppleWebKit/537.36 (KHTML, like Gecko; compatible; Amazonbot/0.1; +https://developer.amazon.com/support/amazonbot) Chrome/119.0.6045.214 Safari/537.36 X-Middleton/1"
34.226.215.117 - - [23/Feb/2025:07:13:32 -0500] "GET /acquire/k149?pid=38717 HTTP/1.1" 200 145859 "-" "Mozilla/5.0 (Linux; Android 6.0.1; Nexus 5X Build/MMB29P) AppleWebKit/537.36 (KHTML, like Gecko) Chrome/133.0.6943.53 Mobile Safari/537.36 (compatible; GoogleOther) X-Middleton/1"
54.208.214.128 - - [23/Feb/2025:07:13:32 -0500] "GET /m244032307?srsltid=AfmBOovjNnKecWmK9Ov04o_A8Sr3eMEZ4_COQEytXm-P-9Tk32IhGp HTTP/1.1" 200 43286 "-" "Mozilla/5.0 (Linux; Android 8.0; Pixel 2 Build/OPD3.170816.012) AppleWebKit/537.36 (KHTML, like Gecko) Chrome/72.0.3626.121 Mobile Safari/537.36 (compatible; EzoicBot-Nicheiq; +http://www.ezoic.com/bot) X-Middleton/1"
3.90.42.123 - - [23/Feb/2025:07:13:32 -0500] "GET /m259024350?srsltid=AfmBOoZcuHhoUbCRLACADk_BaBvCCY3Gb_CUDbbzr7-J-h22BZeFZp HTTP/1.1" 200 43279 "-" "Mozilla/5.0 AppleWebKit/537.36 (KHTML, like Gecko; compatible; ClaudeBot/1.0; +claudebot@anthropic.com) X-Middleton/1"
3.81.133.169 - - [23/Feb/2025:07:13:32 -0500] "GET /m/inser62699101.html HTTP/1.1" 200 43280 "-" "Mozilla/5.0 AppleWebKit/537.36 (KHTML, like Gecko; compatible; ClaudeBot/1.0; +claudebot@anthropic.com) X-Middleton/1"
52.71.251.0 - - [23/Feb/2025:07:13:32 -0500] "GET /m271038880?ynzmini=%2Fhome%2Fguitarlisty%2Fpublic_html%2Fsym404%2Ftcpdump-Drupal.txt404 HTTP/1.1" 200 7027 "-" "Mozilla/5.0 AppleWebKit/537.36 (KHTML, like Gecko; compatible; ClaudeBot/1.0; +claudebot@anthropic.com) X-Middleton/1"
184.72.213.252 - - [23/Feb/2025:07:13:33 -0500] "GET /m011048698?ynzmini=%2Fhome%2Fguitarlisty%2Fpublic_html%2Fsym404%2Fwp-toolkit-Zencart.txt404 HTTP/1.1" 200 7051 "-" "Mozilla/5.0 AppleWebKit/537.36 (KHTML, like Gecko; compatible; ClaudeBot/1.0; +claudebot@anthropic.com) X-Middleton/1"
54.162.136.253 - - [23/Feb/2025:07:13:33 -0500] "GET /humor/y62?pid=23086 HTTP/1.1" 200 43282 "-" "Mozilla/5.0 AppleWebKit/537.36 (KHTML, like Gecko; compatible; ClaudeBot/1.0; +claudebot@anthropic.com) X-Middleton/1"
50.17.142.168 - - [23/Feb/2025:07:13:34 -0500] "GET /m021006214?file=%2Fhome%2Fguitarlisty%2Fpublic_html%2F..%2F.bash_logout HTTP/1.1" 200 6408 "-" "Mozilla/5.0 AppleWebKit/537.36 (KHTML, like Gecko; compatible; ClaudeBot/1.0; +claudebot@anthropic.com) X-Middleton/1"
3.87.139.20 - - [23/Feb/2025:07:13:35 -0500] "GET /m066026267?file=%2Fhome%2Fguitarlisty%2Fpublic_html%2F%2Finputs.php HTTP/1.1" 200 11249 "-" "Mozilla/5.0 AppleWebKit/537.36 (KHTML, like Gecko; compatible; ClaudeBot/1.0; +claudebot@anthropic.com) X-Middleton/1"
107.20.115.131 - - [23/Feb/2025:07:13:35 -0500] "GET /yamaha-f310-acoustic-guitar-review-2020/?ynzmini=/proc//55 HTTP/1.1" 200 13842 "-" "Mozilla/5.0 AppleWebKit/537.36 (KHTML, like Gecko; compatible; Amazonbot/0.1; +https://developer.amazon.com/support/amazonbot) Chrome/119.0.6045.214 Safari/537.36 X-Middleton/1"
3.92.71.7 - - [23/Feb/2025:07:13:35 -0500] "GET /office/z227?ynzmini=%2Fhome%2Fguitarlisty%2Fpublic_html%2Fsym404%2Fnscd-Hostbills.txt404 HTTP/1.1" 404 7027 "-" "Mozilla/5.0 AppleWebKit/537.36 (KHTML, like Gecko; compatible; ClaudeBot/1.0; +claudebot@anthropic.com) X-Middleton/1"
54.208.214.128 - - [23/Feb/2025:07:13:35 -0500] "GET /lovely/r124?file=%2Fhome%2Fguitarlisty%2Fpublic_html%2Fwp-includes%2F918 HTTP/1.1" 200 14238 "-" "Mozilla/5.0 AppleWebKit/537.36 (KHTML, like Gecko; compatible; ClaudeBot/1.0; +claudebot@anthropic.com) X-Middleton/1"
34.226.215.117 - - [23/Feb/2025:07:13:35 -0500] "GET /transform/r20?pid=17320 HTTP/1.1" 200 458179 "-" "Mozilla/5.0 (Linux; Android 6.0.1; Nexus 5X Build/MMB29P) AppleWebKit/537.36 (KHTML, like Gecko) Chrome/133.0.6943.53 Mobile Safari/537.36 (compatible; GoogleOther) X-Middleton/1"
3.90.42.123 - - [23/Feb/2025:07:13:36 -0500] "GET /m/sin40451787.html HTTP/1.1" 200 43279 "-" "Mozilla/5.0 AppleWebKit/537.36 (KHTML, like Gecko; compatible; ClaudeBot/1.0; +claudebot@anthropic.com) X-Middleton/1"
54.144.101.254 - - [23/Feb/2025:07:13:37 -0500] "GET /m144038667?srsltid=AfmBOoCOympQXUhhroeqdQ_3kUG8nyEOy_5lazvErV-A-2KLzXuzGn HTTP/1.1" 200 43282 "-" "Mozilla/5.0 AppleWebKit/537.36 (KHTML, like Gecko; compatible; ClaudeBot/1.0; +claudebot@anthropic.com) X-Middleton/1"
54.198.7.139 - - [23/Feb/2025:07:13:37 -0500] "GET /m/colli42861955.html HTTP/1.1" 200 43280 "-" "Mozilla/5.0 AppleWebKit/537.36 (KHTML, like Gecko; compatible; ClaudeBot/1.0; +claudebot@anthropic.com) X-Middleton/1"
18.209.166.209 - - [23/Feb/2025:07:13:37 -0500] "GET /lap/u122?ynzmini=%2Fhome%2Fguitarlisty%2Fpublic_html%2Fsym404%2Fdaemon-OsCommerce.txt404 HTTP/1.1" 200 7045 "-" "Mozilla/5.0 AppleWebKit/537.36 (KHTML, like Gecko; compatible; ClaudeBot/1.0; +claudebot@anthropic.com) X-Middleton/1"
52.71.251.0 - - [23/Feb/2025:07:13:38 -0500] "GET /publicly/g11?pid=31677 HTTP/1.1" 200 43279 "-" "Mozilla/5.0 AppleWebKit/537.36 (KHTML, like Gecko; compatible; ClaudeBot/1.0; +claudebot@anthropic.com) X-Middleton/1"
18.232.117.100 - - [23/Feb/2025:07:13:38 -0500] "GET /Hispanic/o187?ynzmini=%2Fhome%2F%2Fhomestay HTTP/1.1" 200 6213 "-" "Mozilla/5.0 AppleWebKit/537.36 (KHTML, like Gecko; compatible; ClaudeBot/1.0; +claudebot@anthropic.com) X-Middleton/1"
54.208.214.128 - - [23/Feb/2025:07:13:39 -0500] "GET /drink/r20?pid=17320/help/help_04_2.html/help/help_04_2.html HTTP/1.1" 200 148019 "-" "Mozilla/5.0 (Linux; Android 6.0.1; Nexus 5X Build/MMB29P) AppleWebKit/537.36 (KHTML, like Gecko) Chrome/133.0.6943.53 Mobile Safari/537.36 (compatible; GoogleOther) X-Middleton/1"
54.158.139.140 - - [23/Feb/2025:07:13:39 -0500] "GET /yamaha-f310-acoustic-guitar-review-2020/?file=/proc//55/io HTTP/1.1" 200 6291 "-" "Mozilla/5.0 AppleWebKit/537.36 (KHTML, like Gecko; compatible; Amazonbot/0.1; +https://developer.amazon.com/support/amazonbot) Chrome/119.0.6045.214 Safari/537.36 X-Middleton/1"
54.209.250.19 - - [23/Feb/2025:07:13:39 -0500] "GET /pages.php?3hpg16502.html HTTP/1.1" 200 43281 "-" "Mozilla/5.0 AppleWebKit/537.36 (KHTML, like Gecko; compatible; GPTBot/1.2; +https://openai.com/gptbot) X-Middleton/1"
156.59.198.135 - - [23/Feb/2025:07:13:39 -0500] "GET /sites/default/files/installation_instructions/5298%20INST.pdf HTTP/2.0" 200 43288 "-" "Mozilla/5.0 (Linux; Android 5.0) AppleWebKit/537.36 (KHTML, like Gecko) Mobile Safari/537.36 (compatible; Bytespider; spider-feedback@bytedance.com)"
66.249.79.36 - - [23/Feb/2025:07:13:39 -0500] "GET /break/g243?pid=45435 HTTP/1.1" 200 26789 "-" "Mozilla/5.0 (Linux; Android 6.0.1; Nexus 5X Build/MMB29P) AppleWebKit/537.36 (KHTML, like Gecko) Chrome/133.0.6943.53 Mobile Safari/537.36 (compatible; Googlebot/2.1; +http://www.google.com/bot.html)"
18.232.117.100 - - [23/Feb/2025:07:13:39 -0500] "GET /impulse/s29?file=%2Fhome%2Fguitarlisty%2Fpublic_html%2Fwp-includes%2Frss.php HTTP/1.1" 200 30681 "-" "Mozilla/5.0 AppleWebKit/537.36 (KHTML, like Gecko; compatible; ClaudeBot/1.0; +claudebot@anthropic.com) X-Middleton/1"
18.212.120.70 - - [23/Feb/2025:07:13:40 -0500] "GET /m/push20364697.html?file=%2Fhome%2Fguitarlisty%2Fpublic_html%2Fex.php HTTP/1.1" 200 11234 "-" "Mozilla/5.0 AppleWebKit/537.36 (KHTML, like Gecko; compatible; ClaudeBot/1.0; +claudebot@anthropic.com) X-Middleton/1"
3.90.42.123 - - [23/Feb/2025:07:13:40 -0500] "GET /strengthen/c33?pid=20471 HTTP/1.1" 200 43283 "-" "Mozilla/5.0 (Linux; Android 8.0; Pixel 2 Build/OPD3.170816.012) AppleWebKit/537.36 (KHTML, like Gecko) Chrome/72.0.3626.121 Mobile Safari/537.36 (compatible; EzoicBot-Nicheiq; +http://www.ezoic.com/bot) X-Middleton/1"
3.94.247.247 - - [23/Feb/2025:07:13:40 -0500] "GET /death/q110?file=%2Fhome%2Fguitarlisty%2Fpublic_html%2F..%2F.myimunify_id HTTP/1.1" 404 6495 "-" "Mozilla/5.0 AppleWebKit/537.36 (KHTML, like Gecko; compatible; ClaudeBot/1.0; +claudebot@anthropic.com) X-Middleton/1"
35.173.219.106 - - [23/Feb/2025:07:13:41 -0500] "GET /m/omen10391872.html HTTP/1.1" 200 43282 "-" "Mozilla/5.0 AppleWebKit/537.36 (KHTML, like Gecko; compatible; ClaudeBot/1.0; +claudebot@anthropic.com) X-Middleton/1"
66.249.68.1 - - [23/Feb/2025:07:13:41 -0500] "GET /rational/z225?pid=21521 HTTP/1.1" 200 30620 "-" "Mozilla/5.0 (Linux; Android 6.0.1; Nexus 5X Build/MMB29P) AppleWebKit/537.36 (KHTML, like Gecko) Chrome/133.0.6943.53 Mobile Safari/537.36 (compatible; Googlebot/2.1; +http://www.google.com/bot.html)"
54.198.248.107 - - [23/Feb/2025:07:13:41 -0500] "GET /?_g=7413368%2Fshop%2Fdetail%3Fshop_id%3D1%2Fhelp%2Fhelp_04_2.html%2F86699help%2Fhelp_04_2.html HTTP/1.1" 200 151583 "-" "Mozilla/5.0 (Linux; Android 6.0.1; Nexus 5X Build/MMB29P) AppleWebKit/537.36 (KHTML, like Gecko) Chrome/133.0.6943.53 Mobile Safari/537.36 (compatible; Googlebot/2.1; +http://www.google.com/bot.html) X-Middleton/1"
35.175.240.220 - - [23/Feb/2025:07:13:42 -0500] "GET /m049018602?srsltid=AfmBOoIgmaIOYCQWOKINxi_XqSvzn3Ewo_TjGZLbvk-Q-i3XHfmkXb HTTP/1.1" 200 43282 "-" "Mozilla/5.0 AppleWebKit/537.36 (KHTML, like Gecko; compatible; ClaudeBot/1.0; +claudebot@anthropic.com) X-Middleton/1"
35.173.219.106 - - [23/Feb/2025:07:13:42 -0500] "GET /cook/k149?pid=10191/shop/detail?shop_id=1/help/help_04_2.html/86699help/help_04_2.html HTTP/1.1" 200 146381 "-" "Mozilla/5.0 (Linux; Android 6.0.1; Nexus 5X Build/MMB29P) AppleWebKit/537.36 (KHTML, like Gecko) Chrome/133.0.6943.53 Mobile Safari/537.36 (compatible; GoogleOther) X-Middleton/1"
3.81.214.139 - - [23/Feb/2025:07:13:43 -0500] "GET /van/w72?file=%2Fhome%2Fguitarlisty%2Fpublic_html%2Fwp-includes%2F68c HTTP/1.1" 200 14238 "-" "Mozilla/5.0 AppleWebKit/537.36 (KHTML, like Gecko; compatible; ClaudeBot/1.0; +claudebot@anthropic.com) X-Middleton/1"
54.196.44.86 - - [23/Feb/2025:07:13:43 -0500] "GET /m186020571?file=%2Fhome%2Fguitarlisty%2F%2F.htaccess HTTP/1.1" 200 6478 "-" "Mozilla/5.0 AppleWebKit/537.36 (KHTML, like Gecko; compatible; ClaudeBot/1.0; +claudebot@anthropic.com) X-Middleton/1"
52.207.162.105 - - [23/Feb/2025:07:13:43 -0500] "GET /commonly/q125?pid=16537 HTTP/1.1" 200 43282 "-" "Mozilla/5.0 AppleWebKit/537.36 (KHTML, like Gecko; compatible; ClaudeBot/1.0; +claudebot@anthropic.com) X-Middleton/1"
54.158.15.14 - - [23/Feb/2025:07:13:43 -0500] "GET /yamaha-f310-acoustic-guitar-review-2020/?ynzmini=/proc//56 HTTP/1.1" 200 13842 "-" "Mozilla/5.0 AppleWebKit/537.36 (KHTML, like Gecko; compatible; Amazonbot/0.1; +https://developer.amazon.com/support/amazonbot) Chrome/119.0.6045.214 Safari/537.36 X-Middleton/1"
66.249.79.161 - - [23/Feb/2025:07:13:43 -0500] "GET /product/hatch61850485.htm?s=fwZPKv-Lf HTTP/1.1" 200 24982 "-" "Mozilla/5.0 (Linux; Android 6.0.1; Nexus 5X Build/MMB29P) AppleWebKit/537.36 (KHTML, like Gecko) Chrome/133.0.6943.53 Mobile Safari/537.36 (compatible; Googlebot/2.1; +http://www.google.com/bot.html)"
54.144.101.254 - - [23/Feb/2025:07:13:44 -0500] "GET /m104003503?file=%2F%2F.autorelabel HTTP/1.1" 200 6297 "-" "Mozilla/5.0 AppleWebKit/537.36 (KHTML, like Gecko; compatible; ClaudeBot/1.0; +claudebot@anthropic.com) X-Middleton/1"
52.205.171.15 - - [23/Feb/2025:07:13:45 -0500] "GET /m091005192?file=%2Fhome%2F%2Ffixperms.sh HTTP/1.1" 200 18553 "-" "Mozilla/5.0 AppleWebKit/537.36 (KHTML, like Gecko; compatible; ClaudeBot/1.0; +claudebot@anthropic.com) X-Middleton/1"
66.249.79.162 - - [23/Feb/2025:07:13:45 -0500] "GET /product/clog80631951.htm?s=fK_YTV8W2 HTTP/1.1" 200 28008 "-" "Mozilla/5.0 (Linux; Android 6.0.1; Nexus 5X Build/MMB29P) AppleWebKit/537.36 (KHTML, like Gecko) Chrome/133.0.6943.53 Mobile Safari/537.36 (compatible; Googlebot/2.1; +http://www.google.com/bot.html)"
54.156.59.106 - - [23/Feb/2025:07:13:45 -0500] "GET /injury/a52?edit=true&file=%2Fhome%2Fguitarlisty%2Fpublic_html%2Finisim.php HTTP/1.1" 404 159788 "-" "Mozilla/5.0 AppleWebKit/537.36 (KHTML, like Gecko; compatible; ClaudeBot/1.0; +claudebot@anthropic.com) X-Middleton/1"
3.81.110.12 - - [23/Feb/2025:07:13:46 -0500] "GET /rare/u129?ynzmini=%2Ftmp%2F HTTP/1.1" 404 6963 "-" "Mozilla/5.0 AppleWebKit/537.36 (KHTML, like Gecko; compatible; ClaudeBot/1.0; +claudebot@anthropic.com) X-Middleton/1"
54.198.7.139 - - [23/Feb/2025:07:13:46 -0500] "GET /m/singe41085587.html HTTP/1.1" 500 45914 "-" "Mozilla/5.0 AppleWebKit/537.36 (KHTML, like Gecko; compatible; ClaudeBot/1.0; +claudebot@anthropic.com) X-Middleton/1"
3.81.110.12 - - [23/Feb/2025:07:13:46 -0500] "GET /unity/r20?pid=17320/86699help/help_04_2.html/help/help_04_2.html HTTP/1.1" 200 457647 "-" "Mozilla/5.0 (Linux; Android 6.0.1; Nexus 5X Build/MMB29P) AppleWebKit/537.36 (KHTML, like Gecko) Chrome/133.0.6943.53 Mobile Safari/537.36 (compatible; GoogleOther) X-Middleton/1"
35.171.189.120 - - [23/Feb/2025:07:13:46 -0500] "GET /m226021291?file=/home/guitarlisty/public_html/wp-settings.php HTTP/1.1" 404 35229 "-" "Mozilla/5.0 (Windows; U; Windows NT 6.1; cs; rv:1.9.2.3) Gecko/20100401 Firefox/3.6.3 ( .NET CLR 3.5.30729) X-Middleton/1"
3.81.214.139 - - [23/Feb/2025:07:13:47 -0500] "GET /m021016164?ynzmini=%2Fhome%2Fguitarlisty%2Fpublic_html%2Fsym404%2Fpolkitd-WHMCS.txt404 HTTP/1.1" 200 7021 "-" "Mozilla/5.0 AppleWebKit/537.36 (KHTML, like Gecko; compatible; ClaudeBot/1.0; +claudebot@anthropic.com) X-Middleton/1"
3.80.165.4 - - [23/Feb/2025:07:13:48 -0500] "GET /projection/j150?pid=4654 HTTP/1.1" 200 43278 "-" "Mozilla/5.0 AppleWebKit/537.36 (KHTML, like Gecko; compatible; ClaudeBot/1.0; +claudebot@anthropic.com) X-Middleton/1"
107.20.82.18 - - [23/Feb/2025:07:13:48 -0500] "GET /fork/h90?pid=3208 HTTP/1.1" 200 43280 "-" "Mozilla/5.0 AppleWebKit/537.36 (KHTML, like Gecko; compatible; ClaudeBot/1.0; +claudebot@anthropic.com) X-Middleton/1"
54.164.180.114 - - [23/Feb/2025:07:13:48 -0500] "GET /m291035286?srsltid=AfmBOobnLIQNeEorzWHMkh_RDh7ECSYZG_STxtgM0u-W-bq5AMkBvs HTTP/1.1" 200 43286 "-" "Mozilla/5.0 (Linux; Android 8.0; Pixel 2 Build/OPD3.170816.012) AppleWebKit/537.36 (KHTML, like Gecko) Chrome/72.0.3626.121 Mobile Safari/537.36 (compatible; EzoicBot-Nicheiq; +http://www.ezoic.com/bot) X-Middleton/1"
54.157.220.176 - - [23/Feb/2025:07:13:49 -0500] "GET /m/obtai50789876.html?file=%2Fhome%2Fguitarlisty%2Fpublic_html%2Fex.php HTTP/1.1" 200 11234 "-" "Mozilla/5.0 AppleWebKit/537.36 (KHTML, like Gecko; compatible; ClaudeBot/1.0; +claudebot@anthropic.com) X-Middleton/1"
54.144.101.254 - - [23/Feb/2025:07:13:49 -0500] "GET /monument/r20?pid=17320/shop/detail?shop_id=1 HTTP/1.1" 200 144400 "-" "Mozilla/5.0 (Linux; Android 6.0.1; Nexus 5X Build/MMB29P) AppleWebKit/537.36 (KHTML, like Gecko) Chrome/133.0.6943.53 Mobile Safari/537.36 (compatible; GoogleOther) X-Middleton/1"
3.80.165.4 - - [23/Feb/2025:07:13:50 -0500] "GET /m256043939?ynzmini=%2Fhome%2Fguitarlisty%2Fpublic_html%2F..%2Fmail HTTP/1.1" 200 11016 "-" "Mozilla/5.0 AppleWebKit/537.36 (KHTML, like Gecko; compatible; ClaudeBot/1.0; +claudebot@anthropic.com) X-Middleton/1"
54.158.139.140 - - [23/Feb/2025:07:13:50 -0500] "GET /lovely/r124?file=%2Fhome%2Fguitarlisty%2Fpublic_html%2Fwp-includes%2F496bb99 HTTP/1.1" 200 14250 "-" "Mozilla/5.0 AppleWebKit/537.36 (KHTML, like Gecko; compatible; ClaudeBot/1.0; +claudebot@anthropic.com) X-Middleton/1"
54.234.205.77 - - [23/Feb/2025:07:13:51 -0500] "GET /yamaha-f310-acoustic-guitar-review-2020/?file=/proc//56/io HTTP/1.1" 200 6291 "-" "Mozilla/5.0 AppleWebKit/537.36 (KHTML, like Gecko; compatible; Amazonbot/0.1; +https://developer.amazon.com/support/amazonbot) Chrome/119.0.6045.214 Safari/537.36 X-Middleton/1"
54.242.51.163 - - [23/Feb/2025:07:13:51 -0500] "GET /m254012541?file=%2Fhome%2Fguitarlisty%2Fpublic_html%2F%2Fwp-load.php HTTP/1.1" 200 10491 "-" "Mozilla/5.0 AppleWebKit/537.36 (KHTML, like Gecko; compatible; ClaudeBot/1.0; +claudebot@anthropic.com) X-Middleton/1"
34.226.215.117 - - [23/Feb/2025:07:13:51 -0500] "GET /yamaha-f310-acoustic-guitar-review-2020/?ynzmini=/proc//57 HTTP/1.1" 200 13842 "-" "Mozilla/5.0 AppleWebKit/537.36 (KHTML, like Gecko; compatible; Amazonbot/0.1; +https://developer.amazon.com/support/amazonbot) Chrome/119.0.6045.214 Safari/537.36 X-Middleton/1"
54.162.136.253 - - [23/Feb/2025:07:13:51 -0500] "GET /m/platf42103651.html HTTP/1.1" 200 43282 "-" "Mozilla/5.0 AppleWebKit/537.36 (KHTML, like Gecko; compatible; ClaudeBot/1.0; +claudebot@anthropic.com) X-Middleton/1"
23.22.111.12 - - [23/Feb/2025:07:13:52 -0500] "GET /m021016164?ynzmini=%2Fhome%2Fguitarlisty%2Fpublic_html%2Fsym404%2Froot-Ellislab.txt404 HTTP/1.1" 404 7021 "-" "Mozilla/5.0 AppleWebKit/537.36 (KHTML, like Gecko; compatible; ClaudeBot/1.0; +claudebot@anthropic.com) X-Middleton/1"
35.173.219.106 - - [23/Feb/2025:07:13:53 -0500] "GET /signature/d292?pid=12896 HTTP/1.1" 200 43282 "-" "Mozilla/5.0 AppleWebKit/537.36 (KHTML, like Gecko; compatible; ClaudeBot/1.0; +claudebot@anthropic.com) X-Middleton/1"
54.198.7.139 - - [23/Feb/2025:07:13:53 -0500] "GET /bee/i78?pid=42258 HTTP/1.1" 200 43280 "-" "Mozilla/5.0 AppleWebKit/537.36 (KHTML, like Gecko; compatible; ClaudeBot/1.0; +claudebot@anthropic.com) X-Middleton/1"
34.229.105.159 - - [23/Feb/2025:07:13:53 -0500] "GET /desert/r20?pid=17320/help/help_04_2.html HTTP/1.1" 200 153819 "-" "Mozilla/5.0 (Linux; Android 6.0.1; Nexus 5X Build/MMB29P) AppleWebKit/537.36 (KHTML, like Gecko) Chrome/133.0.6943.53 Mobile Safari/537.36 (compatible; GoogleOther) X-Middleton/1"
54.158.139.140 - - [23/Feb/2025:07:13:54 -0500] "GET /until/z85?pid=28923 HTTP/1.1" 200 43282 "-" "Mozilla/5.0 AppleWebKit/537.36 (KHTML, like Gecko; compatible; ClaudeBot/1.0; +claudebot@anthropic.com) X-Middleton/1"
98.83.220.235 - - [23/Feb/2025:07:13:54 -0500] "GET /pair/f114?file=%2Fhome%2Fguitarlisty%2Fpublic_html%2Fwp-includes%2Fvars.php HTTP/1.1" 200 12954 "-" "Mozilla/5.0 AppleWebKit/537.36 (KHTML, like Gecko; compatible; ClaudeBot/1.0; +claudebot@anthropic.com) X-Middleton/1"
54.226.129.235 - - [23/Feb/2025:07:13:55 -0500] "GET /m234046095?file=%2Fhome%2Fguitarlisty%2Fpublic_html%2F%2Fwp-comments-post.php HTTP/1.1" 404 8802 "-" "Mozilla/5.0 AppleWebKit/537.36 (KHTML, like Gecko; compatible; ClaudeBot/1.0; +claudebot@anthropic.com) X-Middleton/1"
3.87.139.20 - - [23/Feb/2025:07:13:55 -0500] "GET /raise/j280?file=%2Fhome%2Fguitarlisty%2F%2F.wp-toolkit-identifier HTTP/1.1" 200 7062 "-" "Mozilla/5.0 AppleWebKit/537.36 (KHTML, like Gecko; compatible; ClaudeBot/1.0; +claudebot@anthropic.com) X-Middleton/1"
54.208.214.128 - - [23/Feb/2025:07:13:55 -0500] "GET /yamaha-f310-acoustic-guitar-review-2020/?file=/proc//57/io HTTP/1.1" 200 6291 "-" "Mozilla/5.0 AppleWebKit/537.36 (KHTML, like Gecko; compatible; Amazonbot/0.1; +https://developer.amazon.com/support/amazonbot) Chrome/119.0.6045.214 Safari/537.36 X-Middleton/1"
3.80.165.4 - - [23/Feb/2025:07:13:55 -0500] "GET /m127005672?file=%2Fhome%2Fguitarlisty%2Fpublic_html%2Fwp-links-opml.php&rename=true HTTP/1.1" 200 6592 "-" "Mozilla/5.0 AppleWebKit/537.36 (KHTML, like Gecko; compatible; ClaudeBot/1.0; +claudebot@anthropic.com) X-Middleton/1"
54.162.136.253 - - [23/Feb/2025:07:13:56 -0500] "GET /m045014310?ynzmini=%2Fhome%2Fguitarlisty%2Fpublic_html%2F.tmb%2F768483 HTTP/1.1" 200 7468 "-" "Mozilla/5.0 AppleWebKit/537.36 (KHTML, like Gecko; compatible; ClaudeBot/1.0; +claudebot@anthropic.com) X-Middleton/1"
3.90.42.123 - - [23/Feb/2025:07:13:56 -0500] "GET /theory/h17?file=%2Fhome%2Fguitarlisty%2Fpublic_html%2F..%2F.htaccess HTTP/1.1" 200 6520 "-" "Mozilla/5.0 AppleWebKit/537.36 (KHTML, like Gecko; compatible; ClaudeBot/1.0; +claudebot@anthropic.com) X-Middleton/1"
3.81.58.205 - - [23/Feb/2025:07:13:56 -0500] "GET /m236040943?srsltid=AfmBOoFeZorlAnuJ9zmUOc_LSF9qm9g2F_aTX7VXAP-X-nGWnykwnj HTTP/1.1" 200 43283 "-" "Mozilla/5.0 (Linux; Android 8.0; Pixel 2 Build/OPD3.170816.012) AppleWebKit/537.36 (KHTML, like Gecko) Chrome/72.0.3626.121 Mobile Safari/537.36 (compatible; EzoicBot-Nicheiq; +http://www.ezoic.com/bot) X-Middleton/1"
54.198.85.7 - - [23/Feb/2025:07:13:57 -0500] "GET /restrict/r20?pid=17320 HTTP/1.1" 200 153445 "-" "Mozilla/5.0 (Linux; Android 6.0.1; Nexus 5X Build/MMB29P) AppleWebKit/537.36 (KHTML, like Gecko) Chrome/133.0.6943.53 Mobile Safari/537.36 (compatible; GoogleOther) X-Middleton/1"
35.175.240.220 - - [23/Feb/2025:07:13:57 -0500] "GET /m208041125?ynzmini=%2Fhome%2Fguitarlisty%2Fpublic_html%2Fsym404%2Fmpercy-Joomla.txt404 HTTP/1.1" 200 7021 "-" "Mozilla/5.0 AppleWebKit/537.36 (KHTML, like Gecko; compatible; ClaudeBot/1.0; +claudebot@anthropic.com) X-Middleton/1"
54.156.59.106 - - [23/Feb/2025:07:13:58 -0500] "GET /lead/l47?pid=47241 HTTP/1.1" 200 43281 "-" "Mozilla/5.0 AppleWebKit/537.36 (KHTML, like Gecko; compatible; ClaudeBot/1.0; +claudebot@anthropic.com) X-Middleton/1"
54.234.205.77 - - [23/Feb/2025:07:13:59 -0500] "GET /coin/g106?pid=10820 HTTP/1.1" 200 43281 "-" "Mozilla/5.0 AppleWebKit/537.36 (KHTML, like Gecko; compatible; ClaudeBot/1.0; +claudebot@anthropic.com) X-Middleton/1"
54.242.51.163 - - [23/Feb/2025:07:13:59 -0500] "GET /document/m110?file=%2Fhome%2Fguitarlisty%2Fpublic_html%2Fwp-admin%2Fmenu.php HTTP/1.1" 200 23995 "-" "Mozilla/5.0 AppleWebKit/537.36 (KHTML, like Gecko; compatible; ClaudeBot/1.0; +claudebot@anthropic.com) X-Middleton/1"
54.162.136.253 - - [23/Feb/2025:07:13:59 -0500] "GET /yamaha-f310-acoustic-guitar-review-2020/?ynzmini=/proc//58 HTTP/1.1" 200 13842 "-" "Mozilla/5.0 AppleWebKit/537.36 (KHTML, like Gecko; compatible; Amazonbot/0.1; +https://developer.amazon.com/support/amazonbot) Chrome/119.0.6045.214 Safari/537.36 X-Middleton/1"
54.226.129.235 - - [23/Feb/2025:07:14:00 -0500] "GET /researcher/v49?ynzmini=%2Fhome%2Fguitarlisty%2Fpublic_html%2F.%2Fplugins HTTP/1.1" 200 7092 "-" "Mozilla/5.0 AppleWebKit/537.36 (KHTML, like Gecko; compatible; ClaudeBot/1.0; +claudebot@anthropic.com) X-Middleton/1"
52.205.171.15 - - [23/Feb/2025:07:14:00 -0500] "GET /sofa/z102?pid=48316 HTTP/1.1" 200 43281 "-" "Mozilla/5.0 AppleWebKit/537.36 (KHTML, like Gecko; compatible; ClaudeBot/1.0; +claudebot@anthropic.com) X-Middleton/1"
54.144.101.254 - - [23/Feb/2025:07:14:00 -0500] "GET /intense/k149?pid=10191/help/help_04_2.html/shop/detail?shop_id=1 HTTP/1.1" 200 142991 "-" "Mozilla/5.0 (Linux; Android 6.0.1; Nexus 5X Build/MMB29P) AppleWebKit/537.36 (KHTML, like Gecko) Chrome/133.0.6943.53 Mobile Safari/537.36 (compatible; GoogleOther) X-Middleton/1"
23.22.111.12 - - [23/Feb/2025:07:14:01 -0500] "GET /m238049641?file=%2Fhome%2Fguitarlisty%2Fpublic_html%2Fwp-includes%2Fmeta.php HTTP/1.1" 200 71336 "-" "Mozilla/5.0 AppleWebKit/537.36 (KHTML, like Gecko; compatible; ClaudeBot/1.0; +claudebot@anthropic.com) X-Middleton/1"
184.72.213.252 - - [23/Feb/2025:07:14:01 -0500] "GET /plant/l286?edit=true&file=%2Fhome%2Fguitarlisty%2Fpublic_html%2Fmah.php HTTP/1.1" 200 9954 "-" "Mozilla/5.0 AppleWebKit/537.36 (KHTML, like Gecko; compatible; ClaudeBot/1.0; +claudebot@anthropic.com) X-Middleton/1"
3.90.39.225 - - [23/Feb/2025:07:14:02 -0500] "GET /shade/m45?file=%2F%2F.mp HTTP/1.1" 404 6272 "-" "Mozilla/5.0 AppleWebKit/537.36 (KHTML, like Gecko; compatible; ClaudeBot/1.0; +claudebot@anthropic.com) X-Middleton/1"
35.173.219.106 - - [23/Feb/2025:07:14:02 -0500] "GET /m226021291?page=upload HTTP/1.1" 200 6252 "-" "Mozilla/5.0 (Windows NT 6.1; WOW64) AppleWebKit/537.36 (KHTML, like Gecko) Chrome/36.0.1985.67 Safari/537.36 X-Middleton/1"
98.83.149.163 - - [23/Feb/2025:07:14:02 -0500] "GET /m021016164?ynzmini=%2Fhome%2Fguitarlisty%2Fpublic_html%2Fsym404%2Fhalt-Hostbills.txt404 HTTP/1.1" 200 7027 "-" "Mozilla/5.0 AppleWebKit/537.36 (KHTML, like Gecko; compatible; ClaudeBot/1.0; +claudebot@anthropic.com) X-Middleton/1"
18.212.120.70 - - [23/Feb/2025:07:14:03 -0500] "GET /home/000~ROOT~000/var/softaculous/lime/php81/ HTTP/1.1" 200 1072 "-" "Mozilla/5.0 (Linux; Android 5.0) AppleWebKit/537.36 (KHTML, like Gecko) Mobile Safari/537.36 (compatible; Bytespider; spider-feedback@bytedance.com) X-Middleton/1"
35.175.240.220 - - [23/Feb/2025:07:14:03 -0500] "GET /cabinet/u274?pid=28000 HTTP/1.1" 200 43282 "-" "Mozilla/5.0 AppleWebKit/537.36 (KHTML, like Gecko; compatible; ClaudeBot/1.0; +claudebot@anthropic.com) X-Middleton/1"
184.72.213.252 - - [23/Feb/2025:07:14:03 -0500] "GET /yamaha-f310-acoustic-guitar-review-2020/?file=/proc//58/io HTTP/1.1" 200 6291 "-" "Mozilla/5.0 AppleWebKit/537.36 (KHTML, like Gecko; compatible; Amazonbot/0.1; +https://developer.amazon.com/support/amazonbot) Chrome/119.0.6045.214 Safari/537.36 X-Middleton/1"
54.234.205.77 - - [23/Feb/2025:07:14:03 -0500] "GET /depend/m138?pid=25750 HTTP/1.1" 200 43281 "-" "Mozilla/5.0 AppleWebKit/537.36 (KHTML, like Gecko; compatible; ClaudeBot/1.0; +claudebot@anthropic.com) X-Middleton/1"
35.171.189.120 - - [23/Feb/2025:07:14:04 -0500] "GET /traveler/e148?pid=14114 HTTP/1.1" 200 43282 "-" "Mozilla/5.0 AppleWebKit/537.36 (KHTML, like Gecko; compatible; ClaudeBot/1.0; +claudebot@anthropic.com) X-Middleton/1"
35.171.189.120 - - [23/Feb/2025:07:14:04 -0500] "GET /certain/y30?pid=36048/help/help_04_2.html/help/help_04_2.html HTTP/1.1" 200 151128 "-" "Mozilla/5.0 (Linux; Android 6.0.1; Nexus 5X Build/MMB29P) AppleWebKit/537.36 (KHTML, like Gecko) Chrome/133.0.6943.53 Mobile Safari/537.36 (compatible; GoogleOther) X-Middleton/1"
34.226.215.117 - - [23/Feb/2025:07:14:04 -0500] "GET /update/c37?pid=23803 HTTP/1.1" 200 43286 "-" "Mozilla/5.0 (Linux; Android 8.0; Pixel 2 Build/OPD3.170816.012) AppleWebKit/537.36 (KHTML, like Gecko) Chrome/72.0.3626.121 Mobile Safari/537.36 (compatible; EzoicBot-Nicheiq; +http://www.ezoic.com/bot) X-Middleton/1"
3.92.71.7 - - [23/Feb/2025:07:14:04 -0500] "GET /m195026666?file=%2Fhome%2Fguitarlisty%2Fpublic_html%2Foptions.php&rename=true HTTP/1.1" 200 6568 "-" "Mozilla/5.0 AppleWebKit/537.36 (KHTML, like Gecko; compatible; ClaudeBot/1.0; +claudebot@anthropic.com) X-Middleton/1"
54.208.214.128 - - [23/Feb/2025:07:14:05 -0500] "GET /gentle/r111?pid=29601 HTTP/1.1" 200 43282 "-" "Mozilla/5.0 AppleWebKit/537.36 (KHTML, like Gecko; compatible; ClaudeBot/1.0; +claudebot@anthropic.com) X-Middleton/1"
34.226.215.117 - - [23/Feb/2025:07:14:05 -0500] "GET /practice/r288?pid=45282 HTTP/1.1" 200 43282 "-" "Mozilla/5.0 AppleWebKit/537.36 (KHTML, like Gecko; compatible; ClaudeBot/1.0; +claudebot@anthropic.com) X-Middleton/1"
54.198.7.139 - - [23/Feb/2025:07:14:05 -0500] "GET /road/a227?file=%2Fhome%2Fguitarlisty%2Fpublic_html%2Fwp-includes%2Fblock-i18n.json HTTP/1.1" 200 6902 "-" "Mozilla/5.0 AppleWebKit/537.36 (KHTML, like Gecko; compatible; ClaudeBot/1.0; +claudebot@anthropic.com) X-Middleton/1"
54.196.44.86 - - [23/Feb/2025:07:14:06 -0500] "GET /theory/h17?ynzmini=%2Fhome%2Fguitarlisty%2Fpublic_html%2F..%2Fpublic_html HTTP/1.1" 200 16565 "-" "Mozilla/5.0 AppleWebKit/537.36 (KHTML, like Gecko; compatible; ClaudeBot/1.0; +claudebot@anthropic.com) X-Middleton/1"
3.90.112.236 - - [23/Feb/2025:07:14:06 -0500] "GET /interest/h94?pid=3908 HTTP/1.1" 200 43280 "-" "Mozilla/5.0 AppleWebKit/537.36 (KHTML, like Gecko; compatible; ClaudeBot/1.0; +claudebot@anthropic.com) X-Middleton/1"
98.83.220.235 - - [23/Feb/2025:07:14:07 -0500] "GET /else/f61?file=%2Fhome%2Fguitarlisty%2Fpublic_html%2F.%2Finisim.php HTTP/1.1" 404 159618 "-" "Mozilla/5.0 AppleWebKit/537.36 (KHTML, like Gecko; compatible; ClaudeBot/1.0; +claudebot@anthropic.com) X-Middleton/1"
107.20.82.18 - - [23/Feb/2025:07:14:07 -0500] "GET /m021016164?ynzmini=%2Fhome%2Fguitarlisty%2Fpublic_html%2Fsym404%2Fsync-Vbulletin.txt404 HTTP/1.1" 404 7027 "-" "Mozilla/5.0 AppleWebKit/537.36 (KHTML, like Gecko; compatible; ClaudeBot/1.0; +claudebot@anthropic.com) X-Middleton/1"
54.196.44.86 - - [23/Feb/2025:07:14:08 -0500] "GET /yamaha-f310-acoustic-guitar-review-2020/?ynzmini=/proc//80 HTTP/1.1" 200 13842 "-" "Mozilla/5.0 AppleWebKit/537.36 (KHTML, like Gecko; compatible; Amazonbot/0.1; +https://developer.amazon.com/support/amazonbot) Chrome/119.0.6045.214 Safari/537.36 X-Middleton/1"
52.71.251.0 - - [23/Feb/2025:07:14:07 -0500] "GET /pull/r20?pid=17320/help/help_04_2.html HTTP/1.1" 200 459006 "-" "Mozilla/5.0 (Linux; Android 6.0.1; Nexus 5X Build/MMB29P) AppleWebKit/537.36 (KHTML, like Gecko) Chrome/133.0.6943.53 Mobile Safari/537.36 (compatible; GoogleOther) X-Middleton/1"
3.90.39.225 - - [23/Feb/2025:07:14:08 -0500] "GET /assembly/w292?pid=39252 HTTP/1.1" 200 43279 "-" "Mozilla/5.0 AppleWebKit/537.36 (KHTML, like Gecko; compatible; ClaudeBot/1.0; +claudebot@anthropic.com) X-Middleton/1"
54.156.59.106 - - [23/Feb/2025:07:14:08 -0500] "GET /anxious/n193?pid=42839 HTTP/1.1" 200 43281 "-" "Mozilla/5.0 AppleWebKit/537.36 (KHTML, like Gecko; compatible; ClaudeBot/1.0; +claudebot@anthropic.com) X-Middleton/1"
54.198.124.77 - - [23/Feb/2025:07:14:08 -0500] "GET /m061002520?srsltid=AfmBOoiDramEcMJj09qfSq_5IxUItNxwB_fOcfWLOy-B-yBcnVHSHD HTTP/1.1" 200 43281 "-" "Mozilla/5.0 AppleWebKit/537.36 (KHTML, like Gecko; compatible; ClaudeBot/1.0; +claudebot@anthropic.com) X-Middleton/1"
54.198.85.7 - - [23/Feb/2025:07:14:09 -0500] "GET /chain/i82?pid=14756 HTTP/1.1" 200 43279 "-" "Mozilla/5.0 AppleWebKit/537.36 (KHTML, like Gecko; compatible; ClaudeBot/1.0; +claudebot@anthropic.com) X-Middleton/1"
54.226.129.235 - - [23/Feb/2025:07:14:09 -0500] "GET /m234013419?ynzmini=%2Fhome%2Fguitarlisty%2Fpublic_html%2Fsym404%2Fnscd-IPB.txt404 HTTP/1.1" 200 6991 "-" "Mozilla/5.0 AppleWebKit/537.36 (KHTML, like Gecko; compatible; ClaudeBot/1.0; +claudebot@anthropic.com) X-Middleton/1"
52.205.171.15 - - [23/Feb/2025:07:14:09 -0500] "GET /?_gl=1*k4hwph1*_ga*XbtaWdlkXcWXyqYHwaOMkrxhNoyX*_ga_XUEIPLSWA*Z4PrqnUi7jcGKahAeLywvECCuG6VQymYcdpF5aQEi46EFrZRcNGFSJt.*_gcl_au=1.1.199309670.171246508*_gcl_aw=HRA.172207154.T113vndvw5VGRUESwnCjcyTvzk3lBi7x1gHVcmamlA1MQ6v9cJ4xl8C6KQS1Yed91qEApoxMihzn18TJKDPw2hGaoW..&_gz=2.195859657.196897876.176586697-868404552.160047340&_bdsid=a6hjla.n~RQUDK.171599289.173208778&_bd_prev_page=https://www.guitarlisty.com/get.aspx?item/u141/44209/ HTTP/1.1" 200 162726 "-" "Mozilla/5.0 (Linux; Android 6.0.1; Nexus 5X Build/MMB29P) AppleWebKit/537.36 (KHTML, like Gecko) Chrome/133.0.6943.126 Mobile Safari/537.36 (compatible; Googlebot/2.1; +http://www.google.com/bot.html) X-Middleton/1"
54.209.250.19 - - [23/Feb/2025:07:14:10 -0500] "GET /industrial/q1?pid=25629 HTTP/1.1" 200 43281 "-" "Mozilla/5.0 AppleWebKit/537.36 (KHTML, like Gecko; compatible; ClaudeBot/1.0; +claudebot@anthropic.com) X-Middleton/1"
3.90.42.123 - - [23/Feb/2025:07:14:10 -0500] "GET /m143024318?srsltid=AfmBOoBpjxlFtbckqAMMjk_BPPltTdjhQ_kkD2lPch-G-kGyAOriSP HTTP/1.1" 200 43279 "-" "Mozilla/5.0 AppleWebKit/537.36 (KHTML, like Gecko; compatible; ClaudeBot/1.0; +claudebot@anthropic.com) X-Middleton/1"
35.171.189.120 - - [23/Feb/2025:07:14:10 -0500] "GET /rocket/e63?file=%2Fhome%2Fguitarlisty%2Fpublic_html%2Fwp-admin%2Fsite-health-info.php HTTP/1.1" 200 11229 "-" "Mozilla/5.0 AppleWebKit/537.36 (KHTML, like Gecko; compatible; ClaudeBot/1.0; +claudebot@anthropic.com) X-Middleton/1"
54.164.180.114 - - [23/Feb/2025:07:14:10 -0500] "GET /town/f197?pid=35583 HTTP/1.1" 200 43282 "-" "Mozilla/5.0 AppleWebKit/537.36 (KHTML, like Gecko; compatible; ClaudeBot/1.0; +claudebot@anthropic.com) X-Middleton/1"
3.92.71.7 - - [23/Feb/2025:07:14:11 -0500] "GET /childhood/i27?pid=9617 HTTP/1.1" 200 43277 "-" "Mozilla/5.0 AppleWebKit/537.36 (KHTML, like Gecko; compatible; ClaudeBot/1.0; +claudebot@anthropic.com) X-Middleton/1"
18.232.117.100 - - [23/Feb/2025:07:14:11 -0500] "GET /go/r20?pid=17320/help/help_04_2.html/shop/detail?shop_id=1/help/help_04_2.html HTTP/1.1" 200 156221 "-" "Mozilla/5.0 (Linux; Android 6.0.1; Nexus 5X Build/MMB29P) AppleWebKit/537.36 (KHTML, like Gecko) Chrome/133.0.6943.53 Mobile Safari/537.36 (compatible; GoogleOther) X-Middleton/1"
3.94.247.247 - - [23/Feb/2025:07:14:11 -0500] "GET /pin/f72?pid=35076 HTTP/1.1" 200 43280 "-" "Mozilla/5.0 AppleWebKit/537.36 (KHTML, like Gecko; compatible; ClaudeBot/1.0; +claudebot@anthropic.com) X-Middleton/1"
