3.81.58.205 - - [23/Feb/2025:07:17:31 -0500] "GET /m216016081?ynzmini=%2Fhome%2Fguitarlisty%2Fpublic_html%2Fsym404%2Fmail-Vbulletin.txt404 HTTP/1.1" 404 7027 "-" "Mozilla/5.0 AppleWebKit/537.36 (KHTML, like Gecko; compatible; ClaudeBot/1.0; +claudebot@anthropic.com) X-Middleton/1"
52.207.162.105 - - [23/Feb/2025:07:17:31 -0500] "GET /yamaha-f310-acoustic-guitar-review-2020/?ynzmini=/proc//3 HTTP/1.1" 404 13786 "-" "Mozilla/5.0 AppleWebKit/537.36 (KHTML, like Gecko; compatible; Amazonbot/0.1; +https://developer.amazon.com/support/amazonbot) Chrome/119.0.6045.214 Safari/537.36 X-Middleton/1"
52.71.251.0 - - [23/Feb/2025:07:17:32 -0500] "GET /tear/z120?file=%2Fhome%2Fguitarlisty%2Fpublic_html%2Fwp-includes%2Fms-network.php HTTP/1.1" 404 10251 "-" "Mozilla/5.0 AppleWebKit/537.36 (KHTML, like Gecko; compatible; ClaudeBot/1.0; +claudebot@anthropic.com) X-Middleton/1"
54.157.220.176 - - [23/Feb/2025:07:17:31 -0500] "GET /descend/k149?pid=10191/shop/detail?shop_id=1/help/help_04_2.html/help/help_04_2.html HTTP/1.1" 200 469171 "-" "Mozilla/5.0 (Linux; Android 6.0.1; Nexus 5X Build/MMB29P) AppleWebKit/537.36 (KHTML, like Gecko) Chrome/133.0.6943.53 Mobile Safari/537.36 (compatible; GoogleOther) X-Middleton/1"
3.89.44.170 - - [23/Feb/2025:07:17:32 -0500] "GET /black/x193?pid=16947 HTTP/1.1" 500 45917 "-" "Mozilla/5.0 (Linux; Android 8.0; Pixel 2 Build/OPD3.170816.012) AppleWebKit/537.36 (KHTML, like Gecko) Chrome/72.0.3626.121 Mobile Safari/537.36 (compatible; EzoicBot-Nicheiq; +http://www.ezoic.com/bot) X-Middleton/1"
52.207.162.105 - - [23/Feb/2025:07:17:33 -0500] "GET /m265013316?srsltid=AfmBOonrXkXxhXpUsPOgGn_EascvDexqD_LX9AedTQ-P-3rEC9pEHy HTTP/1.1" 500 45916 "-" "Mozilla/5.0 AppleWebKit/537.36 (KHTML, like Gecko; compatible; ClaudeBot/1.0; +claudebot@anthropic.com) X-Middleton/1"
18.209.166.209 - - [23/Feb/2025:07:17:33 -0500] "GET /leader/b107?pid=30489 HTTP/1.1" 200 43282 "-" "Mozilla/5.0 AppleWebKit/537.36 (KHTML, like Gecko; compatible; ClaudeBot/1.0; +claudebot@anthropic.com) X-Middleton/1"
54.242.51.163 - - [23/Feb/2025:07:17:33 -0500] "GET /heavily/q251?ynzmini=%2Fhome%2F%2Fmpercy HTTP/1.1" 404 6205 "-" "Mozilla/5.0 AppleWebKit/537.36 (KHTML, like Gecko; compatible; ClaudeBot/1.0; +claudebot@anthropic.com) X-Middleton/1"
23.22.111.12 - - [23/Feb/2025:07:17:33 -0500] "GET /blanket/d124?pid=16518 HTTP/1.1" 500 45914 "-" "Mozilla/5.0 AppleWebKit/537.36 (KHTML, like Gecko; compatible; ClaudeBot/1.0; +claudebot@anthropic.com) X-Middleton/1"
18.232.117.100 - - [23/Feb/2025:07:17:33 -0500] "GET /m242011267?srsltid=AfmBOoxgLMivBRZkp7FxVL_zhYX7Yvtey_kuDru89w-D-pXgKTIz9p HTTP/1.1" 500 45916 "-" "Mozilla/5.0 AppleWebKit/537.36 (KHTML, like Gecko; compatible; ClaudeBot/1.0; +claudebot@anthropic.com) X-Middleton/1"
3.81.110.12 - - [23/Feb/2025:07:17:34 -0500] "GET /m082027113?ynzmini=%2Fhome%2Fguitarlisty%2Fpublic_html%2Fsym404%2Fmpercy-IPB.txt404 HTTP/1.1" 404 7003 "-" "Mozilla/5.0 AppleWebKit/537.36 (KHTML, like Gecko; compatible; ClaudeBot/1.0; +claudebot@anthropic.com) X-Middleton/1"
98.83.220.235 - - [23/Feb/2025:07:17:35 -0500] "GET /interval/a244?pid=21450 HTTP/1.1" 500 45915 "-" "Mozilla/5.0 AppleWebKit/537.36 (KHTML, like Gecko; compatible; ClaudeBot/1.0; +claudebot@anthropic.com) X-Middleton/1"
35.175.240.220 - - [23/Feb/2025:07:17:35 -0500] "GET /yamaha-f310-acoustic-guitar-review-2020/?ynzmini=/proc//30 HTTP/1.1" 404 13842 "-" "Mozilla/5.0 AppleWebKit/537.36 (KHTML, like Gecko; compatible; Amazonbot/0.1; +https://developer.amazon.com/support/amazonbot) Chrome/119.0.6045.214 Safari/537.36 X-Middleton/1"
54.226.129.235 - - [23/Feb/2025:07:17:35 -0500] "GET /m273049278?edit=true&file=%2Fhome%2Fguitarlisty%2Fpublic_html%2Fradio.php HTTP/1.1" 404 11419 "-" "Mozilla/5.0 AppleWebKit/537.36 (KHTML, like Gecko; compatible; ClaudeBot/1.0; +claudebot@anthropic.com) X-Middleton/1"
54.198.85.7 - - [23/Feb/2025:07:17:37 -0500] "GET /forbid/k171?ynzmini=%2Fhome%2Fguitarlisty%2Fpublic_html%2Fsym404%2Frpc-Drupal.txt404 HTTP/1.1" 404 7003 "-" "Mozilla/5.0 AppleWebKit/537.36 (KHTML, like Gecko; compatible; ClaudeBot/1.0; +claudebot@anthropic.com) X-Middleton/1"
54.157.220.176 - - [23/Feb/2025:07:17:36 -0500] "GET /exact/k149?pid=10191 HTTP/1.1" 200 468933 "-" "Mozilla/5.0 (Linux; Android 6.0.1; Nexus 5X Build/MMB29P) AppleWebKit/537.36 (KHTML, like Gecko) Chrome/133.0.6943.53 Mobile Safari/537.36 (compatible; GoogleOther) X-Middleton/1"
35.173.219.106 - - [23/Feb/2025:07:17:38 -0500] "GET /ancestor/t147?pid=33315 HTTP/1.1" 500 45916 "-" "Mozilla/5.0 AppleWebKit/537.36 (KHTML, like Gecko; compatible; ClaudeBot/1.0; +claudebot@anthropic.com) X-Middleton/1"
3.81.214.139 - - [23/Feb/2025:07:17:38 -0500] "GET /m054039137?srsltid=AfmBOowvyufZaWutPWa1PK_3DIc4T6iuV_EKgqkp0l-Q-UxvuIgyon HTTP/1.1" 500 45914 "-" "Mozilla/5.0 AppleWebKit/537.36 (KHTML, like Gecko; compatible; ClaudeBot/1.0; +claudebot@anthropic.com) X-Middleton/1"
54.198.248.107 - - [23/Feb/2025:07:17:38 -0500] "GET /pages.php?3ade41416.html HTTP/1.1" 500 45916 "-" "Mozilla/5.0 AppleWebKit/537.36 (KHTML, like Gecko; compatible; GPTBot/1.2; +https://openai.com/gptbot) X-Middleton/1"
50.17.142.168 - - [23/Feb/2025:07:17:38 -0500] "GET /federal/o143?pid=49535 HTTP/1.1" 500 45915 "-" "Mozilla/5.0 AppleWebKit/537.36 (KHTML, like Gecko; compatible; ClaudeBot/1.0; +claudebot@anthropic.com) X-Middleton/1"
3.87.139.20 - - [23/Feb/2025:07:17:37 -0500] "GET /TV/q210?pid=32958 HTTP/1.1" 200 457522 "-" "Mozilla/5.0 (Linux; Android 6.0.1; Nexus 5X Build/MMB29P) AppleWebKit/537.36 (KHTML, like Gecko) Chrome/133.0.6943.53 Mobile Safari/537.36 (compatible; Googlebot/2.1; +http://www.google.com/bot.html) X-Middleton/1"
54.157.220.176 - - [23/Feb/2025:07:17:38 -0500] "GET /m201031292?srsltid=AfmBOoLUjdWpUCfubt8eAT_cd8DbSyhO5_VQ2PoYBz-K-82umqQzIj HTTP/1.1" 500 45916 "-" "Mozilla/5.0 AppleWebKit/537.36 (KHTML, like Gecko; compatible; ClaudeBot/1.0; +claudebot@anthropic.com) X-Middleton/1"
54.198.124.77 - - [23/Feb/2025:07:17:39 -0500] "GET /m/cerem82702119.html?s=fCKQkI3ey HTTP/1.1" 200 467895 "-" "Mozilla/5.0 (Linux; Android 6.0.1; Nexus 5X Build/MMB29P) AppleWebKit/537.36 (KHTML, like Gecko) Chrome/133.0.6943.53 Mobile Safari/537.36 (compatible; Googlebot/2.1; +http://www.google.com/bot.html) X-Middleton/1"
54.196.44.86 - - [23/Feb/2025:07:17:39 -0500] "GET /yamaha-f310-acoustic-guitar-review-2020/?ynzmini=/proc//31 HTTP/1.1" 404 13842 "-" "Mozilla/5.0 AppleWebKit/537.36 (KHTML, like Gecko; compatible; Amazonbot/0.1; +https://developer.amazon.com/support/amazonbot) Chrome/119.0.6045.214 Safari/537.36 X-Middleton/1"
35.173.180.132 - - [23/Feb/2025:07:17:40 -0500] "GET /changing/h270?pid=35486 HTTP/1.1" 500 45916 "-" "Mozilla/5.0 AppleWebKit/537.36 (KHTML, like Gecko; compatible; ClaudeBot/1.0; +claudebot@anthropic.com) X-Middleton/1"
54.156.59.106 - - [23/Feb/2025:07:17:40 -0500] "GET /thousand/e257?pid=47331 HTTP/1.1" 500 45919 "-" "Mozilla/5.0 (Linux; Android 8.0; Pixel 2 Build/OPD3.170816.012) AppleWebKit/537.36 (KHTML, like Gecko) Chrome/72.0.3626.121 Mobile Safari/537.36 (compatible; EzoicBot-Nicheiq; +http://www.ezoic.com/bot) X-Middleton/1"
3.94.247.247 - - [23/Feb/2025:07:17:40 -0500] "GET /m170039951?edit=true&file=%2Fhome%2Fguitarlisty%2Fpublic_html%2Fwp-trackback.php HTTP/1.1" 404 11727 "-" "Mozilla/5.0 AppleWebKit/537.36 (KHTML, like Gecko; compatible; ClaudeBot/1.0; +claudebot@anthropic.com) X-Middleton/1"
54.162.136.253 - - [23/Feb/2025:07:17:42 -0500] "GET /tear/z120?file=%2Fhome%2Fguitarlisty%2Fpublic_html%2Fwp-includes%2Ftheme-templates.php HTTP/1.1" 404 13035 "-" "Mozilla/5.0 AppleWebKit/537.36 (KHTML, like Gecko; compatible; ClaudeBot/1.0; +claudebot@anthropic.com) X-Middleton/1"
3.90.42.123 - - [23/Feb/2025:07:17:42 -0500] "GET /seat/k149?pid=10191/shop/detail?shop_id=1/help/help_04_2.html HTTP/1.1" 200 468478 "-" "Mozilla/5.0 (Linux; Android 6.0.1; Nexus 5X Build/MMB29P) AppleWebKit/537.36 (KHTML, like Gecko) Chrome/133.0.6943.53 Mobile Safari/537.36 (compatible; GoogleOther) X-Middleton/1"
52.205.171.15 - - [23/Feb/2025:07:17:43 -0500] "GET /excessive/y138?pid=9160 HTTP/1.1" 500 45915 "-" "Mozilla/5.0 AppleWebKit/537.36 (KHTML, like Gecko; compatible; ClaudeBot/1.0; +claudebot@anthropic.com) X-Middleton/1"
54.156.59.106 - - [23/Feb/2025:07:17:43 -0500] "GET /m275027478?srsltid=AfmBOoEasEZfqfDEFFJv3Z_z9LpcQ9yBa_Rev1xRkf-Z-KDzf3T6uw HTTP/1.1" 500 45915 "-" "Mozilla/5.0 AppleWebKit/537.36 (KHTML, like Gecko; compatible; ClaudeBot/1.0; +claudebot@anthropic.com) X-Middleton/1"
3.90.112.236 - - [23/Feb/2025:07:17:43 -0500] "GET /yamaha-f310-acoustic-guitar-review-2020/?ynzmini=/proc//32 HTTP/1.1" 404 13842 "-" "Mozilla/5.0 AppleWebKit/537.36 (KHTML, like Gecko; compatible; Amazonbot/0.1; +https://developer.amazon.com/support/amazonbot) Chrome/119.0.6045.214 Safari/537.36 X-Middleton/1"
54.144.101.254 - - [23/Feb/2025:07:17:43 -0500] "GET /vulnerable/z40?pid=2918 HTTP/1.1" 500 45916 "-" "Mozilla/5.0 AppleWebKit/537.36 (KHTML, like Gecko; compatible; ClaudeBot/1.0; +claudebot@anthropic.com) X-Middleton/1"
54.208.214.128 - - [23/Feb/2025:07:17:43 -0500] "GET /m247002736?srsltid=AfmBOorOraqbWCIsnXWk8h_V5JOxD4Ud1_JqCprUus-E-jhoHzbiCj HTTP/1.1" 500 45916 "-" "Mozilla/5.0 AppleWebKit/537.36 (KHTML, like Gecko; compatible; ClaudeBot/1.0; +claudebot@anthropic.com) X-Middleton/1"
18.232.117.100 - - [23/Feb/2025:07:17:45 -0500] "GET /demographic/z179?pid=15019 HTTP/1.1" 500 45916 "-" "Mozilla/5.0 AppleWebKit/537.36 (KHTML, like Gecko; compatible; ClaudeBot/1.0; +claudebot@anthropic.com) X-Middleton/1"
54.156.59.106 - - [23/Feb/2025:07:17:45 -0500] "GET /full/w241?ynzmini=%2Fhome%2Fguitarlisty%2Fpublic_html%2Fsym404%2Fmysql-MyBB.txt404 HTTP/1.1" 404 7003 "-" "Mozilla/5.0 AppleWebKit/537.36 (KHTML, like Gecko; compatible; ClaudeBot/1.0; +claudebot@anthropic.com) X-Middleton/1"
50.17.142.168 - - [23/Feb/2025:07:17:47 -0500] "GET /behavior/v177?page=shell HTTP/1.1" 404 6224 "-" "Mozilla/5.0 (Windows NT 6.1; U; ru; rv:5.0.1.6) Gecko/20110501 Firefox/5.0.1 Firefox/5.0.1 X-Middleton/1"
3.81.133.169 - - [23/Feb/2025:07:16:47 -0500] "GET /wp-includes/install.php HTTP/1.1" 500 45914 "https://guitarlisty.com/wp-includes/install.php" "Mozilla/5.0 (Windows NT 10.0; Win64; x64) AppleWebKit/537.36 (KHTML, like Gecko) Chrome/58.0.3029.110 Safari/537.3 X-Middleton/1"
98.83.220.235 - - [23/Feb/2025:07:17:47 -0500] "GET /yamaha-f310-acoustic-guitar-review-2020/?ynzmini=/proc//33 HTTP/1.1" 404 13842 "-" "Mozilla/5.0 AppleWebKit/537.36 (KHTML, like Gecko; compatible; Amazonbot/0.1; +https://developer.amazon.com/support/amazonbot) Chrome/119.0.6045.214 Safari/537.36 X-Middleton/1"
3.94.247.247 - - [23/Feb/2025:07:17:47 -0500] "GET /m271038880?ynzmini=%2Fhome%2Fguitarlisty%2Fpublic_html%2Fsym404%2Funbound-phpBB.txt404 HTTP/1.1" 404 7021 "-" "Mozilla/5.0 AppleWebKit/537.36 (KHTML, like Gecko; compatible; ClaudeBot/1.0; +claudebot@anthropic.com) X-Middleton/1"
54.198.85.7 - - [23/Feb/2025:07:17:48 -0500] "GET /m070038825?srsltid=AfmBOoJmNpkwRONvzsvLWK_pAW1gNtmOl_s1WrtFXw-X-tfkQArXNI HTTP/1.1" 500 45913 "-" "Mozilla/5.0 AppleWebKit/537.36 (KHTML, like Gecko; compatible; ClaudeBot/1.0; +claudebot@anthropic.com) X-Middleton/1"
107.20.115.131 - - [23/Feb/2025:07:17:48 -0500] "GET /extensive/e191?pid=37087 HTTP/1.1" 500 45916 "-" "Mozilla/5.0 AppleWebKit/537.36 (KHTML, like Gecko; compatible; ClaudeBot/1.0; +claudebot@anthropic.com) X-Middleton/1"
54.198.124.77 - - [23/Feb/2025:07:17:48 -0500] "GET /lifestyle/w172?pid=19016 HTTP/1.1" 500 45915 "-" "Mozilla/5.0 AppleWebKit/537.36 (KHTML, like Gecko; compatible; ClaudeBot/1.0; +claudebot@anthropic.com) X-Middleton/1"
35.173.219.106 - - [23/Feb/2025:07:17:48 -0500] "GET /inevitable/h34?pid=16020 HTTP/1.1" 500 45920 "-" "Mozilla/5.0 (Linux; Android 8.0; Pixel 2 Build/OPD3.170816.012) AppleWebKit/537.36 (KHTML, like Gecko) Chrome/72.0.3626.121 Mobile Safari/537.36 (compatible; EzoicBot-Nicheiq; +http://www.ezoic.com/bot) X-Middleton/1"
54.156.59.106 - - [23/Feb/2025:07:17:48 -0500] "GET /m002016509?srsltid=AfmBOoQaMLaxsQZffy9cGs_YZc1tLQmVp_qpS6CrPH-R-H1bIqkl0H HTTP/1.1" 500 45915 "-" "Mozilla/5.0 AppleWebKit/537.36 (KHTML, like Gecko; compatible; ClaudeBot/1.0; +claudebot@anthropic.com) X-Middleton/1"
54.144.101.254 - - [23/Feb/2025:07:17:48 -0500] "GET /pages.php?category/17916_18650_33077/1 HTTP/1.1" 500 45920 "-" "Mozilla/5.0 AppleWebKit/537.36 (KHTML, like Gecko; compatible; GPTBot/1.2; +https://openai.com/gptbot) X-Middleton/1"
52.71.251.0 - - [23/Feb/2025:07:17:49 -0500] "GET /guy/r20?pid=17320/shop/detail?shop_id=1/help/help_04_2.html/help/help_04_2.html HTTP/1.1" 200 456743 "-" "Mozilla/5.0 (Linux; Android 6.0.1; Nexus 5X Build/MMB29P) AppleWebKit/537.36 (KHTML, like Gecko) Chrome/133.0.6943.53 Mobile Safari/537.36 (compatible; GoogleOther) X-Middleton/1"
35.173.180.132 - - [23/Feb/2025:07:17:50 -0500] "GET /environmental/f36?pid=15178 HTTP/1.1" 500 45916 "-" "Mozilla/5.0 AppleWebKit/537.36 (KHTML, like Gecko; compatible; ClaudeBot/1.0; +claudebot@anthropic.com) X-Middleton/1"
18.212.120.70 - - [23/Feb/2025:07:17:50 -0500] "GET /vendor/phpunit/phpunit/src/Util/PHP/eval-stdin.php HTTP/1.1" 500 45915 "-" "Mozilla/5.0 (Windows NT 10.0; Win64; x64) AppleWebKit/537.36 (KHTML, like Gecko) Chrome/93.0.4577.82 Safari/537.36 X-Middleton/1"
50.17.142.168 - - [23/Feb/2025:07:17:51 -0500] "GET /yamaha-f310-acoustic-guitar-review-2020/?ynzmini=/proc//4 HTTP/1.1" 404 13786 "-" "Mozilla/5.0 AppleWebKit/537.36 (KHTML, like Gecko; compatible; Amazonbot/0.1; +https://developer.amazon.com/support/amazonbot) Chrome/119.0.6045.214 Safari/537.36 X-Middleton/1"
3.81.58.205 - - [23/Feb/2025:07:17:52 -0500] "GET /spit/q127?ynzmini=%2Fhome%2Fguitarlisty%2Fpublic_html%2Fsym404%2Ftwoheads-Drupal.txt404 HTTP/1.1" 404 7033 "-" "Mozilla/5.0 AppleWebKit/537.36 (KHTML, like Gecko; compatible; ClaudeBot/1.0; +claudebot@anthropic.com) X-Middleton/1"
18.209.166.209 - - [23/Feb/2025:07:17:53 -0500] "GET /m068002609?srsltid=AfmBOorKPyUXgiNRPlgH4j_6jeNq5OlpA_Fsi2LWH8-P-J8LpFBcYu HTTP/1.1" 500 45916 "-" "Mozilla/5.0 AppleWebKit/537.36 (KHTML, like Gecko; compatible; ClaudeBot/1.0; +claudebot@anthropic.com) X-Middleton/1"
54.208.214.128 - - [23/Feb/2025:07:17:53 -0500] "GET /characterize/l257?pid=6397 HTTP/1.1" 500 45916 "-" "Mozilla/5.0 AppleWebKit/537.36 (KHTML, like Gecko; compatible; ClaudeBot/1.0; +claudebot@anthropic.com) X-Middleton/1"
52.71.251.0 - - [23/Feb/2025:07:17:53 -0500] "GET /wagon/r80?ynzmini=%2Fhome%2F%2Fivillag HTTP/1.1" 404 6209 "-" "Mozilla/5.0 AppleWebKit/537.36 (KHTML, like Gecko; compatible; ClaudeBot/1.0; +claudebot@anthropic.com) X-Middleton/1"
54.144.101.254 - - [23/Feb/2025:07:17:54 -0500] "GET /blade/r20?pid=17320/help/help_04_2.html HTTP/1.1" 200 457500 "-" "Mozilla/5.0 (Linux; Android 6.0.1; Nexus 5X Build/MMB29P) AppleWebKit/537.36 (KHTML, like Gecko) Chrome/133.0.6943.53 Mobile Safari/537.36 (compatible; GoogleOther) X-Middleton/1"
35.173.219.106 - - [23/Feb/2025:07:17:55 -0500] "GET /yamaha-f310-acoustic-guitar-review-2020/?ynzmini=/proc//40 HTTP/1.1" 404 13842 "-" "Mozilla/5.0 AppleWebKit/537.36 (KHTML, like Gecko; compatible; Amazonbot/0.1; +https://developer.amazon.com/support/amazonbot) Chrome/119.0.6045.214 Safari/537.36 X-Middleton/1"
23.22.111.12 - - [23/Feb/2025:07:17:56 -0500] "GET /m145019592?srsltid=AfmBOolSWYtaEbWfPKBuZD_jahbFYZF0V_r0TOWKOL-I-ZYSRYa6GD HTTP/1.1" 500 45918 "-" "Mozilla/5.0 (Linux; Android 8.0; Pixel 2 Build/OPD3.170816.012) AppleWebKit/537.36 (KHTML, like Gecko) Chrome/72.0.3626.121 Mobile Safari/537.36 (compatible; EzoicBot-Nicheiq; +http://www.ezoic.com/bot) X-Middleton/1"
54.158.15.14 - - [23/Feb/2025:07:17:57 -0500] "GET /fast/u204?ynzmini=%2Fhome%2Fguitarlisty%2Fpublic_html%2F%2Fwp-content HTTP/1.1" 404 20164 "-" "Mozilla/5.0 AppleWebKit/537.36 (KHTML, like Gecko; compatible; ClaudeBot/1.0; +claudebot@anthropic.com) X-Middleton/1"
3.90.112.236 - - [23/Feb/2025:07:17:57 -0500] "GET /platform/l164?ynzmini=%2Fhome%2F%2F.rapid-scan-db HTTP/1.1" 404 6246 "-" "Mozilla/5.0 AppleWebKit/537.36 (KHTML, like Gecko; compatible; ClaudeBot/1.0; +claudebot@anthropic.com) X-Middleton/1"
54.242.51.163 - - [23/Feb/2025:07:17:58 -0500] "GET /sprinkle/k258?file=%2Fhome%2Fguitarlisty%2Fpublic_html%2F%2Fabout.php HTTP/1.1" 404 11122 "-" "Mozilla/5.0 AppleWebKit/537.36 (KHTML, like Gecko; compatible; ClaudeBot/1.0; +claudebot@anthropic.com) X-Middleton/1"
54.144.101.254 - - [23/Feb/2025:07:17:59 -0500] "GET /yamaha-f310-acoustic-guitar-review-2020/?file=/proc/crypto HTTP/1.1" 404 27050 "-" "Mozilla/5.0 AppleWebKit/537.36 (KHTML, like Gecko; compatible; Amazonbot/0.1; +https://developer.amazon.com/support/amazonbot) Chrome/119.0.6045.214 Safari/537.36 X-Middleton/1"
3.92.71.7 - - [23/Feb/2025:07:17:59 -0500] "GET /need/k149?pid=10191 HTTP/1.1" 200 468762 "-" "Mozilla/5.0 (Linux; Android 6.0.1; Nexus 5X Build/MMB29P) AppleWebKit/537.36 (KHTML, like Gecko) Chrome/133.0.6943.53 Mobile Safari/537.36 (compatible; GoogleOther) X-Middleton/1"
35.173.180.132 - - [23/Feb/2025:07:18:01 -0500] "GET /embrace/c161?file=%2Fhome%2Fguitarlisty%2Fpublic_html%2Fwp-content%2Fafa89e HTTP/1.1" 404 14367 "-" "Mozilla/5.0 AppleWebKit/537.36 (KHTML, like Gecko; compatible; ClaudeBot/1.0; +claudebot@anthropic.com) X-Middleton/1"
107.20.115.131 - - [23/Feb/2025:07:18:02 -0500] "GET /tape/i290?file=%2Fhome%2Fguitarlisty%2Fpublic_html%2Fwp-content%2Fff78c50 HTTP/1.1" 404 14153 "-" "Mozilla/5.0 AppleWebKit/537.36 (KHTML, like Gecko; compatible; ClaudeBot/1.0; +claudebot@anthropic.com) X-Middleton/1"
54.164.180.114 - - [23/Feb/2025:07:18:03 -0500] "GET /cheese/z59?pid=47 HTTP/1.1" 500 45916 "-" "Mozilla/5.0 AppleWebKit/537.36 (KHTML, like Gecko; compatible; ClaudeBot/1.0; +claudebot@anthropic.com) X-Middleton/1"
3.81.110.12 - - [23/Feb/2025:07:18:03 -0500] "GET /home/000~ROOT~000/usr/share/ruby/bigdecimal/util.rb HTTP/1.1" 500 45913 "-" "Mozilla/5.0 (Linux; Android 5.0) AppleWebKit/537.36 (KHTML, like Gecko) Mobile Safari/537.36 (compatible; Bytespider; spider-feedback@bytedance.com) X-Middleton/1"
3.81.133.169 - - [23/Feb/2025:07:18:03 -0500] "GET /yamaha-f310-acoustic-guitar-review-2020/?file=/proc/iomem HTTP/1.1" 404 7284 "-" "Mozilla/5.0 AppleWebKit/537.36 (KHTML, like Gecko; compatible; Amazonbot/0.1; +https://developer.amazon.com/support/amazonbot) Chrome/119.0.6045.214 Safari/537.36 X-Middleton/1"
3.90.112.236 - - [23/Feb/2025:07:18:03 -0500] "GET /cat/22?ynzmini=/home/guitarlisty/public_html HTTP/1.1" 404 15544 "-" "Mozilla/5.0 (Windows NT 6.0; WOW64) AppleWebKit/535.11 (KHTML, like Gecko) Chrome/17.0.963.56 Safari/535.11 X-Middleton/1"
3.81.214.139 - - [23/Feb/2025:07:18:03 -0500] "GET /road/a227?file=%2Fhome%2Fguitarlisty%2Fpublic_html%2Fwp-includes%2Fload.php HTTP/1.1" 404 62357 "-" "Mozilla/5.0 AppleWebKit/537.36 (KHTML, like Gecko; compatible; ClaudeBot/1.0; +claudebot@anthropic.com) X-Middleton/1"
54.158.15.14 - - [23/Feb/2025:07:18:04 -0500] "GET /m267042320?srsltid=AfmBOoBGniwdOOBBIR1vcR_OBXcOPoeJf_ID0h8Sa2-F-38ZbdPRe6 HTTP/1.1" 500 45918 "-" "Mozilla/5.0 (Linux; Android 8.0; Pixel 2 Build/OPD3.170816.012) AppleWebKit/537.36 (KHTML, like Gecko) Chrome/72.0.3626.121 Mobile Safari/537.36 (compatible; EzoicBot-Nicheiq; +http://www.ezoic.com/bot) X-Middleton/1"
18.212.120.70 - - [23/Feb/2025:07:18:04 -0500] "GET /prominent/k149?pid=10191/shop/detail?shop_id=1/help/help_04_2.html/86699help/help_04_2.html HTTP/1.1" 200 149620 "-" "Mozilla/5.0 (Linux; Android 6.0.1; Nexus 5X Build/MMB29P) AppleWebKit/537.36 (KHTML, like Gecko) Chrome/133.0.6943.53 Mobile Safari/537.36 (compatible; GoogleOther) X-Middleton/1"
23.22.111.12 - - [23/Feb/2025:07:18:07 -0500] "GET /pan/j157?ynzmini=%2Fhome%2Fguitarlisty%2Fpublic_html%2Fprivate%2F. HTTP/1.1" 404 7465 "-" "Mozilla/5.0 AppleWebKit/537.36 (KHTML, like Gecko; compatible; ClaudeBot/1.0; +claudebot@anthropic.com) X-Middleton/1"
54.226.129.235 - - [23/Feb/2025:07:18:07 -0500] "GET /yamaha-f310-acoustic-guitar-review-2020/?file=/proc/kcore HTTP/1.1" 404 6288 "-" "Mozilla/5.0 AppleWebKit/537.36 (KHTML, like Gecko; compatible; Amazonbot/0.1; +https://developer.amazon.com/support/amazonbot) Chrome/119.0.6045.214 Safari/537.36 X-Middleton/1"
3.82.56.176 - - [23/Feb/2025:07:18:07 -0500] "GET /tape/i290?file=%2Fhome%2Fguitarlisty%2Fpublic_html%2Fwp-content%2Fkworkerd HTTP/1.1" 404 13909 "-" "Mozilla/5.0 AppleWebKit/537.36 (KHTML, like Gecko; compatible; ClaudeBot/1.0; +claudebot@anthropic.com) X-Middleton/1"
52.205.171.15 - - [23/Feb/2025:07:18:07 -0500] "GET /tray/k274?pid=39952 HTTP/1.1" 500 45915 "-" "Mozilla/5.0 AppleWebKit/537.36 (KHTML, like Gecko; compatible; ClaudeBot/1.0; +claudebot@anthropic.com) X-Middleton/1"
3.90.39.225 - - [23/Feb/2025:07:18:08 -0500] "GET /rocket/e63?file=%2Fhome%2Fguitarlisty%2Fpublic_html%2Fwp-admin%2Foptions.php HTTP/1.1" 404 8349 "-" "Mozilla/5.0 AppleWebKit/537.36 (KHTML, like Gecko; compatible; ClaudeBot/1.0; +claudebot@anthropic.com) X-Middleton/1"
54.162.136.253 - - [23/Feb/2025:07:18:09 -0500] "GET /fair/r20?pid=17320/help/help_04_2.html/help/help_04_2.html HTTP/1.1" 200 457789 "-" "Mozilla/5.0 (Linux; Android 6.0.1; Nexus 5X Build/MMB29P) AppleWebKit/537.36 (KHTML, like Gecko) Chrome/133.0.6943.53 Mobile Safari/537.36 (compatible; GoogleOther) X-Middleton/1"
66.249.79.193 - - [23/Feb/2025:07:18:10 -0500] "GET /approach/f2?pid=134 HTTP/1.1" 200 73968 "-" "Mozilla/5.0 (Linux; Android 6.0.1; Nexus 5X Build/MMB29P) AppleWebKit/537.36 (KHTML, like Gecko) Chrome/133.0.6943.53 Mobile Safari/537.36 (compatible; Googlebot/2.1; +http://www.google.com/bot.html)"
54.198.85.7 - - [23/Feb/2025:07:18:11 -0500] "GET /yamaha-f310-acoustic-guitar-review-2020/?file=/proc/locks HTTP/1.1" 404 9882 "-" "Mozilla/5.0 AppleWebKit/537.36 (KHTML, like Gecko; compatible; Amazonbot/0.1; +https://developer.amazon.com/support/amazonbot) Chrome/119.0.6045.214 Safari/537.36 X-Middleton/1"
54.226.129.235 - - [23/Feb/2025:07:18:11 -0500] "GET /m179013856?ynzmini=%2F%2Flib HTTP/1.1" 404 12108 "-" "Mozilla/5.0 AppleWebKit/537.36 (KHTML, like Gecko; compatible; ClaudeBot/1.0; +claudebot@anthropic.com) X-Middleton/1"
3.81.214.139 - - [23/Feb/2025:07:18:11 -0500] "GET /m173039638?ynzmini=%2Fhome%2Fguitarlisty%2Fpublic_html%2F.well-known%2F.. HTTP/1.1" 404 16574 "-" "Mozilla/5.0 AppleWebKit/537.36 (KHTML, like Gecko; compatible; ClaudeBot/1.0; +claudebot@anthropic.com) X-Middleton/1"
66.249.79.36 - - [23/Feb/2025:07:18:11 -0500] "GET /m222014511?srsltid=AfmBOoJDDdXXzLmgMoOc5r_T4Vkc2Jepd_0as5BuCh-O-vJkBjeqgu HTTP/1.1" 200 72864 "-" "Mozilla/5.0 (Linux; Android 6.0.1; Nexus 5X Build/MMB29P) AppleWebKit/537.36 (KHTML, like Gecko) Chrome/133.0.6943.126 Mobile Safari/537.36 (compatible; Googlebot/2.1; +http://www.google.com/bot.html)"
54.234.205.77 - - [23/Feb/2025:07:18:12 -0500] "GET /m145030112?srsltid=AfmBOoPYcCpdhJFIgjWmDF_5z8GOx4pkl_9EzroLDC-V-qxAaJckQq HTTP/1.1" 500 45919 "-" "Mozilla/5.0 (Linux; Android 8.0; Pixel 2 Build/OPD3.170816.012) AppleWebKit/537.36 (KHTML, like Gecko) Chrome/72.0.3626.121 Mobile Safari/537.36 (compatible; EzoicBot-Nicheiq; +http://www.ezoic.com/bot) X-Middleton/1"
35.171.189.120 - - [23/Feb/2025:07:18:12 -0500] "GET /m181014624?file=%2Fhome%2Fguitarlisty%2Fpublic_html%2Fwp-includes%2Ffunctions.php HTTP/1.1" 404 293303 "-" "Mozilla/5.0 AppleWebKit/537.36 (KHTML, like Gecko; compatible; ClaudeBot/1.0; +claudebot@anthropic.com) X-Middleton/1"
54.158.15.14 - - [23/Feb/2025:07:18:12 -0500] "GET /incorporate/m122?pid=22706 HTTP/1.1" 500 45914 "-" "Mozilla/5.0 AppleWebKit/537.36 (KHTML, like Gecko; compatible; ClaudeBot/1.0; +claudebot@anthropic.com) X-Middleton/1"
3.90.112.236 - - [23/Feb/2025:07:18:13 -0500] "GET /road/a227?file=%2Fhome%2Fguitarlisty%2Fpublic_html%2Fwp-includes%2Ffunction.php HTTP/1.1" 404 13894 "-" "Mozilla/5.0 AppleWebKit/537.36 (KHTML, like Gecko; compatible; ClaudeBot/1.0; +claudebot@anthropic.com) X-Middleton/1"
50.17.142.168 - - [23/Feb/2025:07:18:14 -0500] "GET /rifle/k149?pid=10191/help/help_04_2.html/shop/detail?shop_id=1/help/help_04_2.html HTTP/1.1" 200 468414 "-" "Mozilla/5.0 (Linux; Android 6.0.1; Nexus 5X Build/MMB29P) AppleWebKit/537.36 (KHTML, like Gecko) Chrome/133.0.6943.53 Mobile Safari/537.36 (compatible; GoogleOther) X-Middleton/1"
54.242.51.163 - - [23/Feb/2025:07:18:15 -0500] "GET /novel/l242?ynzmini=%2Fhome%2Fguitarlisty%2Fpublic_html%2F..%2F.koality HTTP/1.1" 404 7088 "-" "Mozilla/5.0 AppleWebKit/537.36 (KHTML, like Gecko; compatible; ClaudeBot/1.0; +claudebot@anthropic.com) X-Middleton/1"
50.17.142.168 - - [23/Feb/2025:07:18:15 -0500] "GET /yamaha-f310-acoustic-guitar-review-2020/?file=/proc/mdstat HTTP/1.1" 200 6337 "-" "Mozilla/5.0 AppleWebKit/537.36 (KHTML, like Gecko; compatible; Amazonbot/0.1; +https://developer.amazon.com/support/amazonbot) Chrome/119.0.6045.214 Safari/537.36 X-Middleton/1"
23.22.111.12 - - [23/Feb/2025:07:18:15 -0500] "GET /tired/z125?pid=10033 HTTP/1.1" 200 43280 "-" "Mozilla/5.0 AppleWebKit/537.36 (KHTML, like Gecko; compatible; ClaudeBot/1.0; +claudebot@anthropic.com) X-Middleton/1"
35.171.189.120 - - [23/Feb/2025:07:18:16 -0500] "GET /bathroom/d74?ynzmini=%2Fhome%2F%2Fgvillages HTTP/1.1" 200 6217 "-" "Mozilla/5.0 AppleWebKit/537.36 (KHTML, like Gecko; compatible; ClaudeBot/1.0; +claudebot@anthropic.com) X-Middleton/1"
107.20.115.131 - - [23/Feb/2025:07:18:17 -0500] "GET /and/b36?pid=24592 HTTP/1.1" 200 43282 "-" "Mozilla/5.0 AppleWebKit/537.36 (KHTML, like Gecko; compatible; ClaudeBot/1.0; +claudebot@anthropic.com) X-Middleton/1"
98.83.149.163 - - [23/Feb/2025:07:18:17 -0500] "GET /m234013419?ynzmini=%2Fhome%2Fguitarlisty%2Fpublic_html%2Fsym404%2Fsync-IPB.txt404 HTTP/1.1" 200 6991 "-" "Mozilla/5.0 AppleWebKit/537.36 (KHTML, like Gecko; compatible; ClaudeBot/1.0; +claudebot@anthropic.com) X-Middleton/1"
54.158.15.14 - - [23/Feb/2025:07:18:17 -0500] "GET /encouraging/u270?pid=45728 HTTP/1.1" 200 43280 "-" "Mozilla/5.0 AppleWebKit/537.36 (KHTML, like Gecko; compatible; ClaudeBot/1.0; +claudebot@anthropic.com) X-Middleton/1"
54.144.101.254 - - [23/Feb/2025:07:18:18 -0500] "GET /road/a227?ynzmini=%2Fhome%2Fguitarlisty%2Fpublic_html%2Fwp-includes%2FPHPMailer HTTP/1.1" 404 9368 "-" "Mozilla/5.0 AppleWebKit/537.36 (KHTML, like Gecko; compatible; ClaudeBot/1.0; +claudebot@anthropic.com) X-Middleton/1"
54.158.139.140 - - [23/Feb/2025:07:18:18 -0500] "GET /cat/8?ynzmini=/home/guitarlisty/public_html HTTP/1.1" 404 15544 "-" "Mozilla/5.0 (Windows NT 6.1; Win64; x64; rv:2.0b11pre) Gecko/20110128 Firefox/4.0b11pre X-Middleton/1"
18.209.166.209 - - [23/Feb/2025:07:18:19 -0500] "GET /tap/r223?pid=18785 HTTP/1.1" 200 43282 "-" "Mozilla/5.0 AppleWebKit/537.36 (KHTML, like Gecko; compatible; ClaudeBot/1.0; +claudebot@anthropic.com) X-Middleton/1"
54.198.85.7 - - [23/Feb/2025:07:18:19 -0500] "GET /yamaha-f310-acoustic-guitar-review-2020/?file=/proc/mounts HTTP/1.1" 404 8789 "-" "Mozilla/5.0 AppleWebKit/537.36 (KHTML, like Gecko; compatible; Amazonbot/0.1; +https://developer.amazon.com/support/amazonbot) Chrome/119.0.6045.214 Safari/537.36 X-Middleton/1"
54.198.7.139 - - [23/Feb/2025:07:18:20 -0500] "GET /everyday/i150?file=%2Fhome%2Fguitarlisty%2Fpublic_html%2Fwp-includes%2Fa3d9228 HTTP/1.1" 404 14452 "-" "Mozilla/5.0 AppleWebKit/537.36 (KHTML, like Gecko; compatible; ClaudeBot/1.0; +claudebot@anthropic.com) X-Middleton/1"
54.156.59.106 - - [23/Feb/2025:07:18:19 -0500] "GET /portray/r20?pid=17320/shop/detail?shop_id=1/help/help_04_2.html/help/help_04_2.html HTTP/1.1" 200 455319 "-" "Mozilla/5.0 (Linux; Android 6.0.1; Nexus 5X Build/MMB29P) AppleWebKit/537.36 (KHTML, like Gecko) Chrome/133.0.6943.53 Mobile Safari/537.36 (compatible; GoogleOther) X-Middleton/1"
50.17.142.168 - - [23/Feb/2025:07:18:20 -0500] "GET /weather/a126?pid=13790 HTTP/1.1" 200 43285 "-" "Mozilla/5.0 (Linux; Android 8.0; Pixel 2 Build/OPD3.170816.012) AppleWebKit/537.36 (KHTML, like Gecko) Chrome/72.0.3626.121 Mobile Safari/537.36 (compatible; EzoicBot-Nicheiq; +http://www.ezoic.com/bot) X-Middleton/1"
35.173.219.106 - - [23/Feb/2025:07:18:20 -0500] "GET /single/v265?pid=16237 HTTP/1.1" 200 43282 "-" "Mozilla/5.0 AppleWebKit/537.36 (KHTML, like Gecko; compatible; ClaudeBot/1.0; +claudebot@anthropic.com) X-Middleton/1"
18.212.120.70 - - [23/Feb/2025:07:18:21 -0500] "GET /m/recei80421215.html?ynzmini=%2Fhome%2Fguitarlisty%2Fpublic_html HTTP/1.1" 200 15544 "-" "Mozilla/5.0 AppleWebKit/537.36 (KHTML, like Gecko; compatible; ClaudeBot/1.0; +claudebot@anthropic.com) X-Middleton/1"
3.81.58.205 - - [23/Feb/2025:07:18:21 -0500] "GET /retire/j226?pid=10176 HTTP/1.1" 200 43279 "-" "Mozilla/5.0 AppleWebKit/537.36 (KHTML, like Gecko; compatible; ClaudeBot/1.0; +claudebot@anthropic.com) X-Middleton/1"
54.198.124.77 - - [23/Feb/2025:07:18:22 -0500] "GET /m239014374?file=%2Fhome%2Fguitarlisty%2Fpublic_html%2F123%2Fpaypal.gif HTTP/1.1" 200 6387 "-" "Mozilla/5.0 AppleWebKit/537.36 (KHTML, like Gecko; compatible; ClaudeBot/1.0; +claudebot@anthropic.com) X-Middleton/1"
3.81.110.12 - - [23/Feb/2025:07:18:22 -0500] "GET /m026037091?ynzmini=%2Fhome%2Fguitarlisty%2Fpublic_html%2Fsym404%2Fdaemon-IPB.txt404 HTTP/1.1" 404 7003 "-" "Mozilla/5.0 AppleWebKit/537.36 (KHTML, like Gecko; compatible; ClaudeBot/1.0; +claudebot@anthropic.com) X-Middleton/1"
52.207.162.105 - - [23/Feb/2025:07:18:22 -0500] "GET /international/z118?pid=28494 HTTP/1.1" 200 43282 "-" "Mozilla/5.0 AppleWebKit/537.36 (KHTML, like Gecko; compatible; ClaudeBot/1.0; +claudebot@anthropic.com) X-Middleton/1"
34.226.215.117 - - [23/Feb/2025:07:18:23 -0500] "GET /log/z271?pid=35319 HTTP/1.1" 200 43282 "-" "Mozilla/5.0 AppleWebKit/537.36 (KHTML, like Gecko; compatible; ClaudeBot/1.0; +claudebot@anthropic.com) X-Middleton/1"
54.198.248.107 - - [23/Feb/2025:07:18:23 -0500] "GET /yamaha-f310-acoustic-guitar-review-2020/?file=/proc/swaps HTTP/1.1" 200 6398 "-" "Mozilla/5.0 AppleWebKit/537.36 (KHTML, like Gecko; compatible; Amazonbot/0.1; +https://developer.amazon.com/support/amazonbot) Chrome/119.0.6045.214 Safari/537.36 X-Middleton/1"
34.226.215.117 - - [23/Feb/2025:07:18:24 -0500] "GET /ugly/z148?ynzmini=%2F%2Fmnt HTTP/1.1" 200 6380 "-" "Mozilla/5.0 AppleWebKit/537.36 (KHTML, like Gecko; compatible; ClaudeBot/1.0; +claudebot@anthropic.com) X-Middleton/1"
52.205.171.15 - - [23/Feb/2025:07:18:23 -0500] "GET /game/h205?pid=49411 HTTP/1.1" 200 43281 "-" "Mozilla/5.0 AppleWebKit/537.36 (KHTML, like Gecko; compatible; ClaudeBot/1.0; +claudebot@anthropic.com) X-Middleton/1"
54.209.250.19 - - [23/Feb/2025:07:18:24 -0500] "GET /communicate/r20?pid=17320 HTTP/1.1" 200 154581 "-" "Mozilla/5.0 (Linux; Android 6.0.1; Nexus 5X Build/MMB29P) AppleWebKit/537.36 (KHTML, like Gecko) Chrome/133.0.6943.53 Mobile Safari/537.36 (compatible; GoogleOther) X-Middleton/1"
54.234.205.77 - - [23/Feb/2025:07:18:25 -0500] "GET /then/z5?pid=10803 HTTP/1.1" 200 43281 "-" "Mozilla/5.0 AppleWebKit/537.36 (KHTML, like Gecko; compatible; ClaudeBot/1.0; +claudebot@anthropic.com) X-Middleton/1"
3.81.214.139 - - [23/Feb/2025:07:18:25 -0500] "GET /particularly/j7?pid=25977 HTTP/1.1" 200 43280 "-" "Mozilla/5.0 AppleWebKit/537.36 (KHTML, like Gecko; compatible; ClaudeBot/1.0; +claudebot@anthropic.com) X-Middleton/1"
54.198.85.7 - - [23/Feb/2025:07:18:26 -0500] "GET /m066026267?ynzmini=%2Fhome%2Fguitarlisty%2Fpublic_html%2F%2F.well-known HTTP/1.1" 200 7412 "-" "Mozilla/5.0 AppleWebKit/537.36 (KHTML, like Gecko; compatible; ClaudeBot/1.0; +claudebot@anthropic.com) X-Middleton/1"
23.22.111.12 - - [23/Feb/2025:07:18:26 -0500] "GET /deeply/v202?pid=17406 HTTP/1.1" 200 43280 "-" "Mozilla/5.0 AppleWebKit/537.36 (KHTML, like Gecko; compatible; ClaudeBot/1.0; +claudebot@anthropic.com) X-Middleton/1"
54.156.59.106 - - [23/Feb/2025:07:18:27 -0500] "GET /sound/g6?file=%2Fhome%2Fguitarlisty%2Fpublic_html%2Fwp-admin%2Fupgrade-functions.php HTTP/1.1" 200 6779 "-" "Mozilla/5.0 AppleWebKit/537.36 (KHTML, like Gecko; compatible; ClaudeBot/1.0; +claudebot@anthropic.com) X-Middleton/1"
54.198.7.139 - - [23/Feb/2025:07:18:27 -0500] "GET /yamaha-f310-acoustic-guitar-review-2020/?file=/proc/uptime HTTP/1.1" 200 6314 "-" "Mozilla/5.0 AppleWebKit/537.36 (KHTML, like Gecko; compatible; Amazonbot/0.1; +https://developer.amazon.com/support/amazonbot) Chrome/119.0.6045.214 Safari/537.36 X-Middleton/1"
54.198.124.77 - - [23/Feb/2025:07:18:27 -0500] "GET /m226031543?srsltid=AfmBOoTKJIwVjANKrX0sQd_wRUNVVPPfZ_R5AEEOOw-N-4AA993MzO HTTP/1.1" 500 45915 "-" "Mozilla/5.0 AppleWebKit/537.36 (KHTML, like Gecko; compatible; ClaudeBot/1.0; +claudebot@anthropic.com) X-Middleton/1"
98.83.220.235 - - [23/Feb/2025:07:18:28 -0500] "GET /m237015226?srsltid=AfmBOoUXWJRkMlpjYFrpbV_NBO9e4Taf5_cuVaP8LT-L-L0TAYq2at HTTP/1.1" 200 43281 "-" "Mozilla/5.0 AppleWebKit/537.36 (KHTML, like Gecko; compatible; ClaudeBot/1.0; +claudebot@anthropic.com) X-Middleton/1"
3.80.165.4 - - [23/Feb/2025:07:18:28 -0500] "GET /pages.php?29uww3290.html HTTP/1.1" 200 43278 "-" "Mozilla/5.0 AppleWebKit/537.36 (KHTML, like Gecko; compatible; GPTBot/1.2; +https://openai.com/gptbot) X-Middleton/1"
54.234.205.77 - - [23/Feb/2025:07:18:28 -0500] "GET /form/q90?pid=15164 HTTP/1.1" 200 43285 "-" "Mozilla/5.0 (Linux; Android 8.0; Pixel 2 Build/OPD3.170816.012) AppleWebKit/537.36 (KHTML, like Gecko) Chrome/72.0.3626.121 Mobile Safari/537.36 (compatible; EzoicBot-Nicheiq; +http://www.ezoic.com/bot) X-Middleton/1"
3.90.39.225 - - [23/Feb/2025:07:18:28 -0500] "GET /m293036650?ynzmini=%2F%2Flib64 HTTP/1.1" 404 207687 "-" "Mozilla/5.0 AppleWebKit/537.36 (KHTML, like Gecko; compatible; ClaudeBot/1.0; +claudebot@anthropic.com) X-Middleton/1"
98.83.220.235 - - [23/Feb/2025:07:18:29 -0500] "GET /math/s294?pid=30036 HTTP/1.1" 200 43281 "-" "Mozilla/5.0 AppleWebKit/537.36 (KHTML, like Gecko; compatible; ClaudeBot/1.0; +claudebot@anthropic.com) X-Middleton/1"
52.71.251.0 - - [23/Feb/2025:07:18:29 -0500] "GET /how-to-play-acoustic-guitar-for-beginners/ HTTP/1.1" 200 43283 "-" "meta-externalagent/1.1 (+https://developers.facebook.com/docs/sharing/webmasters/crawler) X-Middleton/1"
3.89.44.170 - - [23/Feb/2025:07:18:29 -0500] "GET /questionnaire/r20?pid=17320/help/help_04_2.html/shop/detail?shop_id=1/help/help_04_2.html HTTP/1.1" 200 151990 "-" "Mozilla/5.0 (Linux; Android 6.0.1; Nexus 5X Build/MMB29P) AppleWebKit/537.36 (KHTML, like Gecko) Chrome/133.0.6943.53 Mobile Safari/537.36 (compatible; GoogleOther) X-Middleton/1"
54.158.15.14 - - [23/Feb/2025:07:18:30 -0500] "GET /she/i119?pid=43363 HTTP/1.1" 200 43280 "-" "Mozilla/5.0 AppleWebKit/537.36 (KHTML, like Gecko; compatible; ClaudeBot/1.0; +claudebot@anthropic.com) X-Middleton/1"
18.212.120.70 - - [23/Feb/2025:07:18:30 -0500] "GET /shore/k139?pid=21661 HTTP/1.1" 200 43281 "-" "Mozilla/5.0 AppleWebKit/537.36 (KHTML, like Gecko; compatible; ClaudeBot/1.0; +claudebot@anthropic.com) X-Middleton/1"
54.198.248.107 - - [23/Feb/2025:07:18:30 -0500] "GET /m205009998?srsltid=AfmBOoJVQSuSoCzNSbEvwc_w463KrbJlG_roMYIp9n-L-doW5fTMtz HTTP/1.1" 200 43282 "-" "Mozilla/5.0 AppleWebKit/537.36 (KHTML, like Gecko; compatible; ClaudeBot/1.0; +claudebot@anthropic.com) X-Middleton/1"
3.94.247.247 - - [23/Feb/2025:07:18:31 -0500] "GET /yamaha-f310-acoustic-guitar-review-2020/?file=/proc/vmstat HTTP/1.1" 404 9754 "-" "Mozilla/5.0 AppleWebKit/537.36 (KHTML, like Gecko; compatible; Amazonbot/0.1; +https://developer.amazon.com/support/amazonbot) Chrome/119.0.6045.214 Safari/537.36 X-Middleton/1"
54.164.180.114 - - [23/Feb/2025:07:18:31 -0500] "GET /collaboration/r76?file=%2Fhome%2Fguitarlisty%2Fpublic_html%2F%2Fmah.php HTTP/1.1" 200 9781 "-" "Mozilla/5.0 AppleWebKit/537.36 (KHTML, like Gecko; compatible; ClaudeBot/1.0; +claudebot@anthropic.com) X-Middleton/1"
23.22.111.12 - - [23/Feb/2025:07:18:31 -0500] "GET /continuing/y132?pid=15156 HTTP/1.1" 200 43280 "-" "Mozilla/5.0 AppleWebKit/537.36 (KHTML, like Gecko; compatible; ClaudeBot/1.0; +claudebot@anthropic.com) X-Middleton/1"
18.209.166.209 - - [23/Feb/2025:07:18:32 -0500] "GET /drug/o39?pid=7303 HTTP/1.1" 200 43282 "-" "Mozilla/5.0 AppleWebKit/537.36 (KHTML, like Gecko; compatible; ClaudeBot/1.0; +claudebot@anthropic.com) X-Middleton/1"
184.72.213.252 - - [23/Feb/2025:07:18:33 -0500] "GET /nail/z153?file=%2Fhome%2Fguitarlisty%2F%2F.myimunify_id HTTP/1.1" 200 6453 "-" "Mozilla/5.0 AppleWebKit/537.36 (KHTML, like Gecko; compatible; ClaudeBot/1.0; +claudebot@anthropic.com) X-Middleton/1"
3.81.214.139 - - [23/Feb/2025:07:18:33 -0500] "GET /yell/r83?ynzmini=%2Fhome%2Fguitarlisty%2Fpublic_html%2F%2Fhome HTTP/1.1" 200 8132 "-" "Mozilla/5.0 AppleWebKit/537.36 (KHTML, like Gecko; compatible; ClaudeBot/1.0; +claudebot@anthropic.com) X-Middleton/1"
23.22.111.12 - - [23/Feb/2025:07:18:33 -0500] "GET /ease/r20?pid=17320/shop/detail?shop_id=1 HTTP/1.1" 200 148894 "-" "Mozilla/5.0 (Linux; Android 6.0.1; Nexus 5X Build/MMB29P) AppleWebKit/537.36 (KHTML, like Gecko) Chrome/133.0.6943.53 Mobile Safari/537.36 (compatible; GoogleOther) X-Middleton/1"
3.89.44.170 - - [23/Feb/2025:07:18:34 -0500] "GET /heavily/x276?pid=8948 HTTP/1.1" 200 43279 "-" "Mozilla/5.0 AppleWebKit/537.36 (KHTML, like Gecko; compatible; ClaudeBot/1.0; +claudebot@anthropic.com) X-Middleton/1"
54.234.205.77 - - [23/Feb/2025:07:18:34 -0500] "GET /m/caref62300837.html?file=/home/guitarlisty/public_html/options.php HTTP/1.1" 200 8782 "-" "Mozilla/5.0 (X11; U; Linux i686; fa; rv:1.8.1.4) Gecko/20100527 Firefox/3.6.4 X-Middleton/1"
35.173.180.132 - - [23/Feb/2025:07:18:35 -0500] "GET /m/sympa32498098.html HTTP/1.1" 200 43282 "-" "Mozilla/5.0 AppleWebKit/537.36 (KHTML, like Gecko; compatible; ClaudeBot/1.0; +claudebot@anthropic.com) X-Middleton/1"
54.157.220.176 - - [23/Feb/2025:07:18:35 -0500] "GET /fiber/o271?pid=32995 HTTP/1.1" 200 43282 "-" "Mozilla/5.0 AppleWebKit/537.36 (KHTML, like Gecko; compatible; ClaudeBot/1.0; +claudebot@anthropic.com) X-Middleton/1"
3.90.42.123 - - [23/Feb/2025:07:18:35 -0500] "GET /conversation/t45?rmfolder=%2F HTTP/1.1" 200 43279 "-" "Mozilla/5.0 AppleWebKit/537.36 (KHTML, like Gecko; compatible; ClaudeBot/1.0; +claudebot@anthropic.com) X-Middleton/1"
54.144.101.254 - - [23/Feb/2025:07:18:35 -0500] "GET /m259031246?srsltid=AfmBOoiJUutIrOyxvC6biv_1UcNBiT1uH_Cza2HdpQ-P-9wBVWOXba HTTP/1.1" 200 43282 "-" "Mozilla/5.0 AppleWebKit/537.36 (KHTML, like Gecko; compatible; ClaudeBot/1.0; +claudebot@anthropic.com) X-Middleton/1"
54.209.250.19 - - [23/Feb/2025:07:18:36 -0500] "GET /yamaha-f310-acoustic-guitar-review-2020/?ynzmini=/proc/41 HTTP/1.1" 200 13788 "-" "Mozilla/5.0 AppleWebKit/537.36 (KHTML, like Gecko; compatible; Amazonbot/0.1; +https://developer.amazon.com/support/amazonbot) Chrome/119.0.6045.214 Safari/537.36 X-Middleton/1"
23.22.111.12 - - [23/Feb/2025:07:18:36 -0500] "GET /m140038283?file=%2Fhome%2Fguitarlisty%2Fpublic_html%2Fhome%2FivillagWHMCS.txt HTTP/1.1" 404 6196 "-" "Mozilla/5.0 AppleWebKit/537.36 (KHTML, like Gecko; compatible; ClaudeBot/1.0; +claudebot@anthropic.com) X-Middleton/1"
3.90.112.236 - - [23/Feb/2025:07:18:36 -0500] "GET /m294036023?srsltid=AfmBOosWhWhmhNdGxKBLlJ_1NvoIRv5Sf_DZgUWZSu-Q-Tb5xgQd0O HTTP/1.1" 200 43284 "-" "Mozilla/5.0 (Linux; Android 8.0; Pixel 2 Build/OPD3.170816.012) AppleWebKit/537.36 (KHTML, like Gecko) Chrome/72.0.3626.121 Mobile Safari/537.36 (compatible; EzoicBot-Nicheiq; +http://www.ezoic.com/bot) X-Middleton/1"
54.242.51.163 - - [23/Feb/2025:07:18:36 -0500] "GET /m079018772?srsltid=AfmBOotJMmaVoveeqAdX7R_5kgjbhW3B5_hyGcBo9p-E-XFunZik08 HTTP/1.1" 200 43281 "-" "Mozilla/5.0 AppleWebKit/537.36 (KHTML, like Gecko; compatible; ClaudeBot/1.0; +claudebot@anthropic.com) X-Middleton/1"
34.226.215.117 - - [23/Feb/2025:07:18:37 -0500] "GET /buck/s187?pid=7161 HTTP/1.1" 200 43282 "-" "Mozilla/5.0 AppleWebKit/537.36 (KHTML, like Gecko; compatible; ClaudeBot/1.0; +claudebot@anthropic.com) X-Middleton/1"
54.198.124.77 - - [23/Feb/2025:07:18:38 -0500] "GET /reading/b57?ynzmini=%2Fhome%2Fguitarlisty%2Fpublic_html%2Fas%2F.. HTTP/1.1" 200 16061 "-" "Mozilla/5.0 AppleWebKit/537.36 (KHTML, like Gecko; compatible; ClaudeBot/1.0; +claudebot@anthropic.com) X-Middleton/1"
23.22.111.12 - - [23/Feb/2025:07:18:38 -0500] "GET /organize/r20?pid=17320 HTTP/1.1" 200 153112 "-" "Mozilla/5.0 (Linux; Android 6.0.1; Nexus 5X Build/MMB29P) AppleWebKit/537.36 (KHTML, like Gecko) Chrome/133.0.6943.53 Mobile Safari/537.36 (compatible; GoogleOther) X-Middleton/1"
18.209.166.209 - - [23/Feb/2025:07:18:38 -0500] "GET /spit/q127?ynzmini=%2Fhome%2Fguitarlisty%2Fpublic_html%2Fsym404%2Fftp-Lokomedia.txt404 HTTP/1.1" 200 7021 "-" "Mozilla/5.0 AppleWebKit/537.36 (KHTML, like Gecko; compatible; ClaudeBot/1.0; +claudebot@anthropic.com) X-Middleton/1"
35.173.219.106 - - [23/Feb/2025:07:18:39 -0500] "GET /legislature/v43?pid=25069 HTTP/1.1" 200 43282 "-" "Mozilla/5.0 AppleWebKit/537.36 (KHTML, like Gecko; compatible; ClaudeBot/1.0; +claudebot@anthropic.com) X-Middleton/1"
3.81.58.205 - - [23/Feb/2025:07:18:39 -0500] "GET /yamaha-f310-acoustic-guitar-review-2020/?file=/proc/41/io HTTP/1.1" 200 6288 "-" "Mozilla/5.0 AppleWebKit/537.36 (KHTML, like Gecko; compatible; Amazonbot/0.1; +https://developer.amazon.com/support/amazonbot) Chrome/119.0.6045.214 Safari/537.36 X-Middleton/1"
23.22.111.12 - - [23/Feb/2025:07:18:39 -0500] "GET /plane/p68?ynzmini=%2Fhome%2Fguitarlisty%2Fpublic_html%2Fsym404%2Fmailnull-Drupal.txt404 HTTP/1.1" 200 7033 "-" "Mozilla/5.0 AppleWebKit/537.36 (KHTML, like Gecko; compatible; ClaudeBot/1.0; +claudebot@anthropic.com) X-Middleton/1"
35.175.240.220 - - [23/Feb/2025:07:18:40 -0500] "GET /m/maths61141693.html HTTP/1.1" 200 43282 "-" "Mozilla/5.0 AppleWebKit/537.36 (KHTML, like Gecko; compatible; ClaudeBot/1.0; +claudebot@anthropic.com) X-Middleton/1"
54.144.101.254 - - [23/Feb/2025:07:18:40 -0500] "GET /notion/m209?pid=43655 HTTP/1.1" 200 43282 "-" "Mozilla/5.0 AppleWebKit/537.36 (KHTML, like Gecko; compatible; ClaudeBot/1.0; +claudebot@anthropic.com) X-Middleton/1"
107.20.115.131 - - [23/Feb/2025:07:18:40 -0500] "GET /explode/f30?file=%2Fhome%2Fguitarlisty%2Fpublic_html%2F%2Fex.php HTTP/1.1" 200 11237 "-" "Mozilla/5.0 AppleWebKit/537.36 (KHTML, like Gecko; compatible; ClaudeBot/1.0; +claudebot@anthropic.com) X-Middleton/1"
98.83.149.163 - - [23/Feb/2025:07:18:40 -0500] "GET /m172036905?srsltid=AfmBOoXginNpfMlClSkEBi_A7ebqBiko7_38OTC6nk-F-7nvAsClRu HTTP/1.1" 200 43281 "-" "Mozilla/5.0 AppleWebKit/537.36 (KHTML, like Gecko; compatible; ClaudeBot/1.0; +claudebot@anthropic.com) X-Middleton/1"
184.72.213.252 - - [23/Feb/2025:07:18:41 -0500] "GET /punishment/e220?ynzmini=%2Fhome%2Fguitarlisty%2F%2Fmail HTTP/1.1" 404 10456 "-" "Mozilla/5.0 AppleWebKit/537.36 (KHTML, like Gecko; compatible; ClaudeBot/1.0; +claudebot@anthropic.com) X-Middleton/1"
3.80.165.4 - - [23/Feb/2025:07:18:42 -0500] "GET /m230031569?ynzmini=%2Fhome%2Fguitarlisty%2Fpublic_html%2Fas%2F. HTTP/1.1" 200 7224 "-" "Mozilla/5.0 AppleWebKit/537.36 (KHTML, like Gecko; compatible; ClaudeBot/1.0; +claudebot@anthropic.com) X-Middleton/1"
54.157.220.176 - - [23/Feb/2025:07:18:42 -0500] "GET /row/g135?pid=28495 HTTP/1.1" 200 43282 "-" "Mozilla/5.0 AppleWebKit/537.36 (KHTML, like Gecko; compatible; ClaudeBot/1.0; +claudebot@anthropic.com) X-Middleton/1"
3.92.71.7 - - [23/Feb/2025:07:18:42 -0500] "GET /brain/k149?pid=8619/shop/detail?shop_id=1 HTTP/1.1" 200 153059 "-" "Mozilla/5.0 (Linux; Android 6.0.1; Nexus 5X Build/MMB29P) AppleWebKit/537.36 (KHTML, like Gecko) Chrome/133.0.6943.53 Mobile Safari/537.36 (compatible; GoogleOther) X-Middleton/1"
18.212.120.70 - - [23/Feb/2025:07:18:43 -0500] "GET /side/p157?edit=true&file=%2Fhome%2Fguitarlisty%2Fpublic_html%2Fre.php HTTP/1.1" 404 130536 "-" "Mozilla/5.0 AppleWebKit/537.36 (KHTML, like Gecko; compatible; ClaudeBot/1.0; +claudebot@anthropic.com) X-Middleton/1"
98.83.220.235 - - [23/Feb/2025:07:18:43 -0500] "GET /wait/w296?file=%2Fhome%2Fguitarlisty%2Fpublic_html%2F%2Frobots.txt HTTP/1.1" 200 6711 "-" "Mozilla/5.0 AppleWebKit/537.36 (KHTML, like Gecko; compatible; ClaudeBot/1.0; +claudebot@anthropic.com) X-Middleton/1"
3.81.133.169 - - [23/Feb/2025:07:18:43 -0500] "GET /spit/q127?ynzmini=%2Fhome%2Fguitarlisty%2Fpublic_html%2Fsym404%2Fgames-%5EWHMCS.txt404 HTTP/1.1" 200 7015 "-" "Mozilla/5.0 AppleWebKit/537.36 (KHTML, like Gecko; compatible; ClaudeBot/1.0; +claudebot@anthropic.com) X-Middleton/1"
18.212.120.70 - - [23/Feb/2025:07:18:44 -0500] "GET /constitution/x294?pid=18584 HTTP/1.1" 200 43281 "-" "Mozilla/5.0 AppleWebKit/537.36 (KHTML, like Gecko; compatible; ClaudeBot/1.0; +claudebot@anthropic.com) X-Middleton/1"
3.92.71.7 - - [23/Feb/2025:07:18:44 -0500] "GET /yamaha-f310-acoustic-guitar-review-2020/?file=/proc/41/mem HTTP/1.1" 200 6291 "-" "Mozilla/5.0 AppleWebKit/537.36 (KHTML, like Gecko; compatible; Amazonbot/0.1; +https://developer.amazon.com/support/amazonbot) Chrome/119.0.6045.214 Safari/537.36 X-Middleton/1"
54.198.85.7 - - [23/Feb/2025:07:18:44 -0500] "GET /plane/p68?ynzmini=%2Fhome%2Fguitarlisty%2Fpublic_html%2Fsym404%2Fbainbrid-Vbulletin.txt404 HTTP/1.1" 200 7051 "-" "Mozilla/5.0 AppleWebKit/537.36 (KHTML, like Gecko; compatible; ClaudeBot/1.0; +claudebot@anthropic.com) X-Middleton/1"
23.22.111.12 - - [23/Feb/2025:07:18:44 -0500] "GET /equation/t123?pid=6967 HTTP/1.1" 200 43284 "-" "Mozilla/5.0 (Linux; Android 8.0; Pixel 2 Build/OPD3.170816.012) AppleWebKit/537.36 (KHTML, like Gecko) Chrome/72.0.3626.121 Mobile Safari/537.36 (compatible; EzoicBot-Nicheiq; +http://www.ezoic.com/bot) X-Middleton/1"
54.198.124.77 - - [23/Feb/2025:07:18:45 -0500] "GET /m/tropi22979073.html HTTP/1.1" 200 43281 "-" "Mozilla/5.0 AppleWebKit/537.36 (KHTML, like Gecko; compatible; ClaudeBot/1.0; +claudebot@anthropic.com) X-Middleton/1"
54.242.51.163 - - [23/Feb/2025:07:18:45 -0500] "GET /m299043316?srsltid=AfmBOopcmpukqFJOpiJB3Y_6nlpMiXK4q_Mo1V457e-T-sczWn87Xn HTTP/1.1" 200 43281 "-" "Mozilla/5.0 AppleWebKit/537.36 (KHTML, like Gecko; compatible; ClaudeBot/1.0; +claudebot@anthropic.com) X-Middleton/1"
3.81.58.205 - - [23/Feb/2025:07:18:45 -0500] "GET /m137000060?edit=true&file=%2Fhome%2Fguitarlisty%2Fpublic_html%2Findex.php HTTP/1.1" 200 14445 "-" "Mozilla/5.0 AppleWebKit/537.36 (KHTML, like Gecko; compatible; ClaudeBot/1.0; +claudebot@anthropic.com) X-Middleton/1"
54.226.129.235 - - [23/Feb/2025:07:18:46 -0500] "GET /m116009357?ynzmini=%2Fhome%2Fguitarlisty%2Fpublic_html%2F..%2Faccess-logs HTTP/1.1" 200 7341 "-" "Mozilla/5.0 AppleWebKit/537.36 (KHTML, like Gecko; compatible; ClaudeBot/1.0; +claudebot@anthropic.com) X-Middleton/1"
3.90.42.123 - - [23/Feb/2025:07:18:46 -0500] "GET /summary/r20?pid=17320/shop/detail?shop_id=1 HTTP/1.1" 200 150015 "-" "Mozilla/5.0 (Linux; Android 6.0.1; Nexus 5X Build/MMB29P) AppleWebKit/537.36 (KHTML, like Gecko) Chrome/133.0.6943.53 Mobile Safari/537.36 (compatible; GoogleOther) X-Middleton/1"
54.209.250.19 - - [23/Feb/2025:07:18:47 -0500] "GET /m266000735?ynzmini=%2Fhome%2Fguitarlisty%2Fpublic_html%2F%2Fprivate HTTP/1.1" 200 7359 "-" "Mozilla/5.0 AppleWebKit/537.36 (KHTML, like Gecko; compatible; ClaudeBot/1.0; +claudebot@anthropic.com) X-Middleton/1"
107.20.82.18 - - [23/Feb/2025:07:18:47 -0500] "GET /fault/z26?pid=18800 HTTP/1.1" 200 43280 "-" "Mozilla/5.0 AppleWebKit/537.36 (KHTML, like Gecko; compatible; ClaudeBot/1.0; +claudebot@anthropic.com) X-Middleton/1"
35.173.180.132 - - [23/Feb/2025:07:18:47 -0500] "GET /yamaha-f310-acoustic-guitar-review-2020/?rmfolder=/proc/41 HTTP/1.1" 200 43286 "-" "Mozilla/5.0 AppleWebKit/537.36 (KHTML, like Gecko; compatible; Amazonbot/0.1; +https://developer.amazon.com/support/amazonbot) Chrome/119.0.6045.214 Safari/537.36 X-Middleton/1"
54.209.250.19 - - [23/Feb/2025:07:18:47 -0500] "GET /depend/h148?pid=44268 HTTP/1.1" 500 45915 "-" "Mozilla/5.0 AppleWebKit/537.36 (KHTML, like Gecko; compatible; ClaudeBot/1.0; +claudebot@anthropic.com) X-Middleton/1"
54.162.136.253 - - [23/Feb/2025:07:18:48 -0500] "GET /pose/t213?edit=true&file=%2Fhome%2Fguitarlisty%2Fpublic_html%2Fadminer.php HTTP/1.1" 200 6554 "-" "Mozilla/5.0 AppleWebKit/537.36 (KHTML, like Gecko; compatible; ClaudeBot/1.0; +claudebot@anthropic.com) X-Middleton/1"
54.156.59.106 - - [23/Feb/2025:07:18:48 -0500] "GET /m134030209?file=%2Fhome%2Fguitarlisty%2Fpublic_html%2Frobots.txt&rename=true HTTP/1.1" 200 6564 "-" "Mozilla/5.0 AppleWebKit/537.36 (KHTML, like Gecko; compatible; ClaudeBot/1.0; +claudebot@anthropic.com) X-Middleton/1"
3.81.214.139 - - [23/Feb/2025:07:18:48 -0500] "GET /spit/q127?ynzmini=%2Fhome%2Fguitarlisty%2Fpublic_html%2Fsym404%2Ftcpdump-BoxBilling.txt404 HTTP/1.1" 200 7051 "-" "Mozilla/5.0 AppleWebKit/537.36 (KHTML, like Gecko; compatible; ClaudeBot/1.0; +claudebot@anthropic.com) X-Middleton/1"
35.171.189.120 - - [23/Feb/2025:07:18:48 -0500] "GET /partnership/l133?file=%2Fhome%2Fguitarlisty%2Fpublic_html%2Fwp-content%2Foptions.php HTTP/1.1" 200 8857 "-" "Mozilla/5.0 AppleWebKit/537.36 (KHTML, like Gecko; compatible; ClaudeBot/1.0; +claudebot@anthropic.com) X-Middleton/1"
54.198.248.107 - - [23/Feb/2025:07:18:49 -0500] "GET /plane/p68?ynzmini=%2Fhome%2Fguitarlisty%2Fpublic_html%2Fsym404%2Fsystemd-resolve-WHMCS.txt404 HTTP/1.1" 200 7069 "-" "Mozilla/5.0 AppleWebKit/537.36 (KHTML, like Gecko; compatible; ClaudeBot/1.0; +claudebot@anthropic.com) X-Middleton/1"
107.20.82.18 - - [23/Feb/2025:07:18:50 -0500] "GET /m/layou31003410.html HTTP/1.1" 200 43280 "-" "Mozilla/5.0 AppleWebKit/537.36 (KHTML, like Gecko; compatible; ClaudeBot/1.0; +claudebot@anthropic.com) X-Middleton/1"
54.164.180.114 - - [23/Feb/2025:07:18:50 -0500] "GET /m287029192?srsltid=AfmBOobBohFsgETQSY0Pct_B5fFgJuxz3_cgYANHVz-Z-NKBJc6igu HTTP/1.1" 200 43282 "-" "Mozilla/5.0 AppleWebKit/537.36 (KHTML, like Gecko; compatible; ClaudeBot/1.0; +claudebot@anthropic.com) X-Middleton/1"
54.198.7.139 - - [23/Feb/2025:07:18:50 -0500] "GET /graduate/o14?ynzmini=%2Fhome%2Fguitarlisty%2Fpublic_html%2F.%2Fwp-includes HTTP/1.1" 200 78375 "-" "Mozilla/5.0 AppleWebKit/537.36 (KHTML, like Gecko; compatible; ClaudeBot/1.0; +claudebot@anthropic.com) X-Middleton/1"
3.81.110.12 - - [23/Feb/2025:07:18:50 -0500] "GET /cycle/r20?pid=17320/help/help_04_2.html/help/help_04_2.html HTTP/1.1" 200 155638 "-" "Mozilla/5.0 (Linux; Android 6.0.1; Nexus 5X Build/MMB29P) AppleWebKit/537.36 (KHTML, like Gecko) Chrome/133.0.6943.53 Mobile Safari/537.36 (compatible; GoogleOther) X-Middleton/1"
