54.198.248.107 - - [23/Feb/2025:07:33:11 -0500] "GET /m/impro21561073.html?s=f5-uf17_r HTTP/1.1" 200 43286 "-" "Turnitin (https://bit.ly/2UvnfoQ) X-Middleton/1"
34.229.105.159 - - [23/Feb/2025:07:33:12 -0500] "GET /m128011287?ynzmini=%2Fhome%2Fguitarlisty%2Fpublic_html%2F..%2Fpublic_ftp HTTP/1.1" 404 7474 "-" "Mozilla/5.0 AppleWebKit/537.36 (KHTML, like Gecko; compatible; ClaudeBot/1.0; +claudebot@anthropic.com) X-Middleton/1"
54.196.44.86 - - [23/Feb/2025:07:33:12 -0500] "GET /m/impro21977073.html?s=f_YihnW34 HTTP/1.1" 200 43284 "-" "Turnitin (https://bit.ly/2UvnfoQ) X-Middleton/1"
3.81.58.205 - - [23/Feb/2025:07:33:12 -0500] "GET /bend/r270?file=%2Fhome%2Fguitarlisty%2Fpublic_html%2Fwp-includes%2F37b8e HTTP/1.1" 200 14244 "-" "Mozilla/5.0 AppleWebKit/537.36 (KHTML, like Gecko; compatible; ClaudeBot/1.0; +claudebot@anthropic.com) X-Middleton/1"
54.198.7.139 - - [23/Feb/2025:07:33:12 -0500] "GET /m/in50524748.html?s=fwrVb1ijK HTTP/1.1" 200 43284 "-" "Turnitin (https://bit.ly/2UvnfoQ) X-Middleton/1"
54.208.214.128 - - [23/Feb/2025:07:33:13 -0500] "GET /m/in51496748.html?s=fs_PtoE-0 HTTP/1.1" 200 43286 "-" "Turnitin (https://bit.ly/2UvnfoQ) X-Middleton/1"
3.90.39.225 - - [23/Feb/2025:07:33:13 -0500] "GET /born/z222?ynzmini=%2Fhome%2Fguitarlisty%2Fpublic_html%2F..%2Ftmp HTTP/1.1" 200 7955 "-" "Mozilla/5.0 AppleWebKit/537.36 (KHTML, like Gecko; compatible; ClaudeBot/1.0; +claudebot@anthropic.com) X-Middleton/1"
54.164.180.114 - - [23/Feb/2025:07:33:13 -0500] "GET /m/in52396748.html?s=fTLtz3mqB HTTP/1.1" 200 43286 "-" "Turnitin (https://bit.ly/2UvnfoQ) X-Middleton/1"
54.144.101.254 - - [23/Feb/2025:07:33:14 -0500] "GET /m/in52492748.html?s=fGCI1ro-3 HTTP/1.1" 200 43286 "-" "Turnitin (https://bit.ly/2UvnfoQ) X-Middleton/1"
54.208.214.128 - - [23/Feb/2025:07:33:14 -0500] "GET /m/warm22440649.html?ynzmini=/tmp HTTP/1.1" 200 6811 "-" "Mozilla/5.0 (Windows; U; Windows NT 6.1; de-DE) AppleWebKit/534.10 (KHTML, like Gecko) Chrome/7.0.540.0 Safari/534.10 X-Middleton/1"
98.83.149.163 - - [23/Feb/2025:07:33:14 -0500] "GET /m/in52672748.html?s=fIBTPe9pR HTTP/1.1" 200 43285 "-" "Turnitin (https://bit.ly/2UvnfoQ) X-Middleton/1"
54.144.101.254 - - [23/Feb/2025:07:33:15 -0500] "GET /cat/103966 HTTP/1.1" 200 94444 "-" "Mozilla/5.0 (Linux; Android 6.0.1; Nexus 5X Build/MMB29P) AppleWebKit/537.36 (KHTML, like Gecko) Chrome/133.0.6943.53 Mobile Safari/537.36 (compatible; GoogleOther) X-Middleton/1"
54.158.15.14 - - [23/Feb/2025:07:33:15 -0500] "GET /m/inade60169997.html?s=fCvP9FJ8U HTTP/1.1" 200 43284 "-" "Turnitin (https://bit.ly/2UvnfoQ) X-Middleton/1"
3.94.247.247 - - [23/Feb/2025:07:33:15 -0500] "GET /yamaha-f310-acoustic-guitar-review-2020/?ynzmini=//proc/51 HTTP/1.1" 200 13843 "-" "Mozilla/5.0 AppleWebKit/537.36 (KHTML, like Gecko; compatible; Amazonbot/0.1; +https://developer.amazon.com/support/amazonbot) Chrome/119.0.6045.214 Safari/537.36 X-Middleton/1"
3.81.58.205 - - [23/Feb/2025:07:33:15 -0500] "GET /m/inade60313997.html?s=f6DAawZhk HTTP/1.1" 200 43283 "-" "Turnitin (https://bit.ly/2UvnfoQ) X-Middleton/1"
3.90.39.225 - - [23/Feb/2025:07:33:16 -0500] "GET /m/inade60325997.html?s=f2BLjNHns HTTP/1.1" 200 43283 "-" "Turnitin (https://bit.ly/2UvnfoQ) X-Middleton/1"
54.164.180.114 - - [23/Feb/2025:07:33:16 -0500] "GET /m/inade60741997.html?s=fpesy5KfW HTTP/1.1" 200 43286 "-" "Turnitin (https://bit.ly/2UvnfoQ) X-Middleton/1"
98.83.149.163 - - [23/Feb/2025:07:33:17 -0500] "GET /m093025200?file=%2Fhome%2F%2Ffixperms.sh HTTP/1.1" 200 18553 "-" "Mozilla/5.0 AppleWebKit/537.36 (KHTML, like Gecko; compatible; ClaudeBot/1.0; +claudebot@anthropic.com) X-Middleton/1"
54.198.124.77 - - [23/Feb/2025:07:33:17 -0500] "GET /m/inade61689997.html?s=f34OxrJl7 HTTP/1.1" 500 45919 "-" "Turnitin (https://bit.ly/2UvnfoQ) X-Middleton/1"
34.226.215.117 - - [23/Feb/2025:07:33:17 -0500] "GET /bend/r270?ynzmini=%2Fhome%2Fguitarlisty%2Fpublic_html%2Fwp-includes%2Fcss HTTP/1.1" 200 17175 "-" "Mozilla/5.0 AppleWebKit/537.36 (KHTML, like Gecko; compatible; ClaudeBot/1.0; +claudebot@anthropic.com) X-Middleton/1"
3.89.44.170 - - [23/Feb/2025:07:33:17 -0500] "GET /m/inade62209997.html?s=fWstTB6jO HTTP/1.1" 200 43283 "-" "Turnitin (https://bit.ly/2UvnfoQ) X-Middleton/1"
35.173.180.132 - - [23/Feb/2025:07:33:18 -0500] "GET /m/inade62229997.html?s=fZ-Tul_P0 HTTP/1.1" 200 43286 "-" "Turnitin (https://bit.ly/2UvnfoQ) X-Middleton/1"
54.156.59.106 - - [23/Feb/2025:07:33:18 -0500] "GET /m/attit51777444.html HTTP/1.1" 200 43281 "-" "Mozilla/5.0 AppleWebKit/537.36 (KHTML, like Gecko; compatible; ClaudeBot/1.0; +claudebot@anthropic.com) X-Middleton/1"
54.144.101.254 - - [23/Feb/2025:07:33:18 -0500] "GET /attack/z186?pid=49750 HTTP/1.1" 200 150578 "-" "Mozilla/5.0 (Linux; Android 6.0.1; Nexus 5X Build/MMB29P) AppleWebKit/537.36 (KHTML, like Gecko) Chrome/133.0.6943.53 Mobile Safari/537.36 (compatible; GoogleOther) X-Middleton/1"
52.71.251.0 - - [23/Feb/2025:07:33:18 -0500] "GET /m/inapp10402160.html?s=fXiCwq4ZV HTTP/1.1" 200 43283 "-" "Turnitin (https://bit.ly/2UvnfoQ) X-Middleton/1"
54.164.180.114 - - [23/Feb/2025:07:33:18 -0500] "GET /m123034562?ynzmini=%2F%2Fdev HTTP/1.1" 200 9054 "-" "Mozilla/5.0 AppleWebKit/537.36 (KHTML, like Gecko; compatible; ClaudeBot/1.0; +claudebot@anthropic.com) X-Middleton/1"
3.90.112.236 - - [23/Feb/2025:07:33:19 -0500] "GET /accent/k66?ynzmini=%2F%2Fbin HTTP/1.1" 200 208014 "-" "Mozilla/5.0 AppleWebKit/537.36 (KHTML, like Gecko; compatible; ClaudeBot/1.0; +claudebot@anthropic.com) X-Middleton/1"
54.198.248.107 - - [23/Feb/2025:07:33:19 -0500] "GET /yamaha-f310-acoustic-guitar-review-2020/?file=//proc/51/io HTTP/1.1" 200 6291 "-" "Mozilla/5.0 AppleWebKit/537.36 (KHTML, like Gecko; compatible; Amazonbot/0.1; +https://developer.amazon.com/support/amazonbot) Chrome/119.0.6045.214 Safari/537.36 X-Middleton/1"
3.90.112.236 - - [23/Feb/2025:07:33:19 -0500] "GET /m/inapp11042160.html?s=fRhaD2wW7 HTTP/1.1" 200 43284 "-" "Turnitin (https://bit.ly/2UvnfoQ) X-Middleton/1"
3.81.58.205 - - [23/Feb/2025:07:33:19 -0500] "GET /empty/q241?pid=28125 HTTP/1.1" 200 43283 "-" "Mozilla/5.0 (Linux; Android 8.0; Pixel 2 Build/OPD3.170816.012) AppleWebKit/537.36 (KHTML, like Gecko) Chrome/72.0.3626.121 Mobile Safari/537.36 (compatible; EzoicBot-Nicheiq; +http://www.ezoic.com/bot) X-Middleton/1"
54.162.136.253 - - [23/Feb/2025:07:33:19 -0500] "GET /m/inapp11122160.html?s=ffFWD2vpi HTTP/1.1" 200 43286 "-" "Turnitin (https://bit.ly/2UvnfoQ) X-Middleton/1"
107.20.82.18 - - [23/Feb/2025:07:33:20 -0500] "GET /m/inapp11722160.html?s=fy2Bavtb1 HTTP/1.1" 200 43284 "-" "Turnitin (https://bit.ly/2UvnfoQ) X-Middleton/1"
3.89.44.170 - - [23/Feb/2025:07:33:20 -0500] "GET /plain/o212?ynzmini=%2F%2Fdev HTTP/1.1" 200 9054 "-" "Mozilla/5.0 AppleWebKit/537.36 (KHTML, like Gecko; compatible; ClaudeBot/1.0; +claudebot@anthropic.com) X-Middleton/1"
23.22.111.12 - - [23/Feb/2025:07:33:20 -0500] "GET /m/inapp11910160.html?s=fsx3hVc-0 HTTP/1.1" 200 43284 "-" "Turnitin (https://bit.ly/2UvnfoQ) X-Middleton/1"
3.81.58.205 - - [23/Feb/2025:07:33:21 -0500] "GET /m/inapp12274160.html?s=f4pSBpwMl HTTP/1.1" 200 43283 "-" "Turnitin (https://bit.ly/2UvnfoQ) X-Middleton/1"
23.22.111.12 - - [23/Feb/2025:07:33:21 -0500] "GET /m/incen31330242.html?s=fMnQnWADh HTTP/1.1" 200 43284 "-" "Turnitin (https://bit.ly/2UvnfoQ) X-Middleton/1"
3.81.214.139 - - [23/Feb/2025:07:33:21 -0500] "GET /m/affir81902015.html?s=fZUHxZ0tT HTTP/1.1" 200 145491 "-" "Mozilla/5.0 (Linux; Android 6.0.1; Nexus 5X Build/MMB29P) AppleWebKit/537.36 (KHTML, like Gecko) Chrome/133.0.6943.53 Mobile Safari/537.36 (compatible; GoogleOther) X-Middleton/1"
3.81.133.169 - - [23/Feb/2025:07:33:22 -0500] "GET /m277042114?ynzmini=%2Fhome%2Fguitarlisty%2Fpublic_html%2Fsym404 HTTP/1.1" 404 264536 "-" "Mozilla/5.0 AppleWebKit/537.36 (KHTML, like Gecko; compatible; ClaudeBot/1.0; +claudebot@anthropic.com) X-Middleton/1"
54.198.248.107 - - [23/Feb/2025:07:33:22 -0500] "GET /m/incen31902242.html?s=f45Z3YzRt HTTP/1.1" 200 43286 "-" "Turnitin (https://bit.ly/2UvnfoQ) X-Middleton/1"
3.89.44.170 - - [23/Feb/2025:07:33:22 -0500] "GET /m048022039?file=%2Fhome%2Fguitarlisty%2Fpublic_html%2Fwp-content%2F8d0f3745 HTTP/1.1" 200 14250 "-" "Mozilla/5.0 AppleWebKit/537.36 (KHTML, like Gecko; compatible; ClaudeBot/1.0; +claudebot@anthropic.com) X-Middleton/1"
54.162.136.253 - - [23/Feb/2025:07:33:22 -0500] "GET /m/incen32406242.html?s=fUwOV18rl HTTP/1.1" 200 43286 "-" "Turnitin (https://bit.ly/2UvnfoQ) X-Middleton/1"
18.209.166.209 - - [23/Feb/2025:07:33:23 -0500] "GET /m/inch80056431.html?s=fbiwjjcik HTTP/1.1" 200 43286 "-" "Turnitin (https://bit.ly/2UvnfoQ) X-Middleton/1"
3.94.247.247 - - [23/Feb/2025:07:33:23 -0500] "GET /yamaha-f310-acoustic-guitar-review-2020/?ynzmini=//proc/52 HTTP/1.1" 200 13843 "-" "Mozilla/5.0 AppleWebKit/537.36 (KHTML, like Gecko; compatible; Amazonbot/0.1; +https://developer.amazon.com/support/amazonbot) Chrome/119.0.6045.214 Safari/537.36 X-Middleton/1"
54.198.85.7 - - [23/Feb/2025:07:33:23 -0500] "GET /m218003087?ynzmini=%2Fhome%2F%2Fguitarfuse HTTP/1.1" 200 6221 "-" "Mozilla/5.0 AppleWebKit/537.36 (KHTML, like Gecko; compatible; ClaudeBot/1.0; +claudebot@anthropic.com) X-Middleton/1"
3.90.112.236 - - [23/Feb/2025:07:33:23 -0500] "GET /m/inch81444431.html?s=fRKNYe77L HTTP/1.1" 200 43284 "-" "Turnitin (https://bit.ly/2UvnfoQ) X-Middleton/1"
54.162.136.253 - - [23/Feb/2025:07:33:24 -0500] "GET /talk/z155?file=%2Fhome%2Fguitarlisty%2Fpublic_html%2Fwp-includes%2Fwp-log1n.php HTTP/1.1" 200 8775 "-" "Mozilla/5.0 AppleWebKit/537.36 (KHTML, like Gecko; compatible; ClaudeBot/1.0; +claudebot@anthropic.com) X-Middleton/1"
54.208.214.128 - - [23/Feb/2025:07:33:24 -0500] "GET /m/inch81872431.html?s=fQyRwbW9Z HTTP/1.1" 200 43286 "-" "Turnitin (https://bit.ly/2UvnfoQ) X-Middleton/1"
3.81.133.169 - - [23/Feb/2025:07:33:24 -0500] "GET /m/inch81876431.html?s=fpd50RRS- HTTP/1.1" 200 43284 "-" "Turnitin (https://bit.ly/2UvnfoQ) X-Middleton/1"
3.87.139.20 - - [23/Feb/2025:07:33:24 -0500] "GET /cat/139226 HTTP/1.1" 200 94516 "-" "Mozilla/5.0 (Linux; Android 6.0.1; Nexus 5X Build/MMB29P) AppleWebKit/537.36 (KHTML, like Gecko) Chrome/133.0.6943.53 Mobile Safari/537.36 (compatible; GoogleOther) X-Middleton/1"
54.144.101.254 - - [23/Feb/2025:07:33:25 -0500] "GET /m/inch82328431.html?s=flZRKimBs HTTP/1.1" 200 43286 "-" "Turnitin (https://bit.ly/2UvnfoQ) X-Middleton/1"
3.80.165.4 - - [23/Feb/2025:07:33:25 -0500] "GET /m233000328?ynzmini=%2Fhome%2F%2Fclamav HTTP/1.1" 200 6205 "-" "Mozilla/5.0 AppleWebKit/537.36 (KHTML, like Gecko; compatible; ClaudeBot/1.0; +claudebot@anthropic.com) X-Middleton/1"
34.229.105.159 - - [23/Feb/2025:07:33:25 -0500] "GET /m/incid70457862.html?s=ff2s6cKon HTTP/1.1" 200 43286 "-" "Turnitin (https://bit.ly/2UvnfoQ) X-Middleton/1"
54.208.214.128 - - [23/Feb/2025:07:33:26 -0500] "GET /m/incid70553862.html?s=fg1hJcsQ4 HTTP/1.1" 200 43286 "-" "Turnitin (https://bit.ly/2UvnfoQ) X-Middleton/1"
107.20.115.131 - - [23/Feb/2025:07:33:26 -0500] "GET /m/incid71093862.html?s=fSlKElHKm HTTP/1.1" 200 43286 "-" "Turnitin (https://bit.ly/2UvnfoQ) X-Middleton/1"
54.158.139.140 - - [23/Feb/2025:07:33:27 -0500] "GET /toward/u20?ynzmini=%2Fhome%2Fguitarlisty%2Fpublic_html%2F..%2Flogs HTTP/1.1" 200 7901 "-" "Mozilla/5.0 AppleWebKit/537.36 (KHTML, like Gecko; compatible; ClaudeBot/1.0; +claudebot@anthropic.com) X-Middleton/1"
3.87.139.20 - - [23/Feb/2025:07:33:27 -0500] "GET /m/incid71293862.html?s=fZgdgB8Kl HTTP/1.1" 500 45917 "-" "Turnitin (https://bit.ly/2UvnfoQ) X-Middleton/1"
54.242.51.163 - - [23/Feb/2025:07:33:27 -0500] "GET /yamaha-f310-acoustic-guitar-review-2020/?file=//proc/52/io HTTP/1.1" 200 6291 "-" "Mozilla/5.0 AppleWebKit/537.36 (KHTML, like Gecko; compatible; Amazonbot/0.1; +https://developer.amazon.com/support/amazonbot) Chrome/119.0.6045.214 Safari/537.36 X-Middleton/1"
3.90.112.236 - - [23/Feb/2025:07:33:27 -0500] "GET /m227046748?srsltid=AfmBOoULrCTtWOqRCTXQNG_hA8Kwr8lBf_IOnDzO6Q-E-cZ5mJNnti HTTP/1.1" 200 43284 "-" "Mozilla/5.0 (Linux; Android 8.0; Pixel 2 Build/OPD3.170816.012) AppleWebKit/537.36 (KHTML, like Gecko) Chrome/72.0.3626.121 Mobile Safari/537.36 (compatible; EzoicBot-Nicheiq; +http://www.ezoic.com/bot) X-Middleton/1"
3.82.56.176 - - [23/Feb/2025:07:33:27 -0500] "GET /lead/m25?pid=35663 HTTP/1.1" 200 43279 "-" "Mozilla/5.0 AppleWebKit/537.36 (KHTML, like Gecko; compatible; ClaudeBot/1.0; +claudebot@anthropic.com) X-Middleton/1"
54.158.15.14 - - [23/Feb/2025:07:33:27 -0500] "GET /m/incid71333862.html?s=fXqoHubgO HTTP/1.1" 200 43284 "-" "Turnitin (https://bit.ly/2UvnfoQ) X-Middleton/1"
54.198.248.107 - - [23/Feb/2025:07:33:27 -0500] "GET /starter/l201?pid=27963/help/help_04_2.html/help/help_04_2.html HTTP/1.1" 200 141668 "-" "Mozilla/5.0 (Linux; Android 6.0.1; Nexus 5X Build/MMB29P) AppleWebKit/537.36 (KHTML, like Gecko) Chrome/133.0.6943.53 Mobile Safari/537.36 (compatible; GoogleOther) X-Middleton/1"
3.90.39.225 - - [23/Feb/2025:07:33:28 -0500] "GET /m/incid71621862.html?s=fiUM-hyRF HTTP/1.1" 200 43283 "-" "Turnitin (https://bit.ly/2UvnfoQ) X-Middleton/1"
54.162.136.253 - - [23/Feb/2025:07:33:28 -0500] "GET /friendship/e186?file=%2Fetc%2Fresolv.conf&rename=true HTTP/1.1" 200 6468 "-" "Mozilla/5.0 AppleWebKit/537.36 (KHTML, like Gecko; compatible; ClaudeBot/1.0; +claudebot@anthropic.com) X-Middleton/1"
54.158.15.14 - - [23/Feb/2025:07:33:28 -0500] "GET /m/incid72509862.html?s=fK8JKcBbB HTTP/1.1" 200 43284 "-" "Turnitin (https://bit.ly/2UvnfoQ) X-Middleton/1"
54.226.129.235 - - [23/Feb/2025:07:33:29 -0500] "GET /m122019021?file=%2Fhome%2Fguitarlisty%2Fpublic_html%2Fwp-includes%2Ftaxonomy.php HTTP/1.1" 200 184952 "-" "Mozilla/5.0 AppleWebKit/537.36 (KHTML, like Gecko; compatible; ClaudeBot/1.0; +claudebot@anthropic.com) X-Middleton/1"
54.198.248.107 - - [23/Feb/2025:07:33:29 -0500] "GET /m/incid72861862.html?s=fB0ith5J6 HTTP/1.1" 200 43286 "-" "Turnitin (https://bit.ly/2UvnfoQ) X-Middleton/1"
3.81.133.169 - - [23/Feb/2025:07:33:29 -0500] "GET /item/u103/21233/ HTTP/1.1" 200 151098 "-" "Mozilla/5.0 (Linux; Android 6.0.1; Nexus 5X Build/MMB29P) AppleWebKit/537.36 (KHTML, like Gecko) Chrome/133.0.6943.126 Mobile Safari/537.36 (compatible; Googlebot/2.1; +http://www.google.com/bot.html) X-Middleton/1"
3.81.110.12 - - [23/Feb/2025:07:33:29 -0500] "GET /m/incli52046308.html?s=fmABaS8UE HTTP/1.1" 200 43283 "-" "Turnitin (https://bit.ly/2UvnfoQ) X-Middleton/1"
3.90.42.123 - - [23/Feb/2025:07:33:30 -0500] "GET /m/incli52578308.html?s=fY0Uue6Bd HTTP/1.1" 200 43283 "-" "Turnitin (https://bit.ly/2UvnfoQ) X-Middleton/1"
54.242.51.163 - - [23/Feb/2025:07:33:30 -0500] "GET /m233000328?ynzmini=%2Fhome%2F%2Fdanallen HTTP/1.1" 200 6213 "-" "Mozilla/5.0 AppleWebKit/537.36 (KHTML, like Gecko; compatible; ClaudeBot/1.0; +claudebot@anthropic.com) X-Middleton/1"
3.82.56.176 - - [23/Feb/2025:07:33:30 -0500] "GET /pages.php?25uzn2588.html HTTP/1.1" 200 43279 "-" "Mozilla/5.0 AppleWebKit/537.36 (KHTML, like Gecko; compatible; GPTBot/1.2; +https://openai.com/gptbot) X-Middleton/1"
54.158.15.14 - - [23/Feb/2025:07:33:30 -0500] "GET /m/inclu40752531.html?s=flH10Vbrk HTTP/1.1" 500 45918 "-" "Turnitin (https://bit.ly/2UvnfoQ) X-Middleton/1"
52.207.162.105 - - [23/Feb/2025:07:33:30 -0500] "GET /pages.php?69llm46562.html HTTP/1.1" 200 43286 "-" "Mozilla/5.0 AppleWebKit/537.36 (KHTML, like Gecko; compatible; GPTBot/1.2; +https://openai.com/gptbot) X-Middleton/1"
54.234.205.77 - - [23/Feb/2025:07:33:30 -0500] "GET /execute/r20?pid=17320/shop/detail?shop_id=1/help/help_04_2.html HTTP/1.1" 200 456131 "-" "Mozilla/5.0 (Linux; Android 6.0.1; Nexus 5X Build/MMB29P) AppleWebKit/537.36 (KHTML, like Gecko) Chrome/133.0.6943.53 Mobile Safari/537.36 (compatible; GoogleOther) X-Middleton/1"
54.156.59.106 - - [23/Feb/2025:07:33:31 -0500] "GET /m/inclu41008531.html?s=fZzd1EAiS HTTP/1.1" 200 43285 "-" "Turnitin (https://bit.ly/2UvnfoQ) X-Middleton/1"
52.71.251.0 - - [23/Feb/2025:07:33:31 -0500] "GET /yamaha-f310-acoustic-guitar-review-2020/?ynzmini=//proc/53 HTTP/1.1" 200 13843 "-" "Mozilla/5.0 AppleWebKit/537.36 (KHTML, like Gecko; compatible; Amazonbot/0.1; +https://developer.amazon.com/support/amazonbot) Chrome/119.0.6045.214 Safari/537.36 X-Middleton/1"
54.242.51.163 - - [23/Feb/2025:07:33:31 -0500] "GET /m/inclu41600531.html?s=fKKoybif4 HTTP/1.1" 200 43285 "-" "Turnitin (https://bit.ly/2UvnfoQ) X-Middleton/1"
18.212.120.70 - - [23/Feb/2025:07:33:32 -0500] "GET /guitar/f238?file=%2Fhome%2Fguitarlisty%2Fpublic_html%2F%2Fclick.php HTTP/1.1" 200 8655 "-" "Mozilla/5.0 AppleWebKit/537.36 (KHTML, like Gecko; compatible; ClaudeBot/1.0; +claudebot@anthropic.com) X-Middleton/1"
3.81.214.139 - - [23/Feb/2025:07:33:32 -0500] "GET /m/inclu42600531.html?s=fsnk7702E HTTP/1.1" 200 43284 "-" "Turnitin (https://bit.ly/2UvnfoQ) X-Middleton/1"
35.171.189.120 - - [23/Feb/2025:07:33:32 -0500] "GET /m/wax22150537.html?file=/home/guitarlisty/public_html/.htaccess HTTP/1.1" 200 7125 "-" "Mozilla/5.0 (Macintosh; U; PPC Mac OS X; en-us) AppleWebKit/312.1 (KHTML, like Gecko) X-Middleton/1"
184.72.213.252 - - [23/Feb/2025:07:33:32 -0500] "GET /pasta/h289?pid=1299 HTTP/1.1" 200 43282 "-" "Mozilla/5.0 AppleWebKit/537.36 (KHTML, like Gecko; compatible; ClaudeBot/1.0; +claudebot@anthropic.com) X-Middleton/1"
98.83.149.163 - - [23/Feb/2025:07:33:32 -0500] "GET /m/incom70186414.html?s=fDvRzSkDx HTTP/1.1" 200 43285 "-" "Turnitin (https://bit.ly/2UvnfoQ) X-Middleton/1"
52.207.162.105 - - [23/Feb/2025:07:33:33 -0500] "GET /m/incom70798414.html?s=fSYk9Dexm HTTP/1.1" 200 43286 "-" "Turnitin (https://bit.ly/2UvnfoQ) X-Middleton/1"
34.229.105.159 - - [23/Feb/2025:07:33:33 -0500] "GET /invasion/f137?ynzmini=%2Fhome%2F%2Fvirtfs HTTP/1.1" 200 6205 "-" "Mozilla/5.0 AppleWebKit/537.36 (KHTML, like Gecko; compatible; ClaudeBot/1.0; +claudebot@anthropic.com) X-Middleton/1"
54.198.248.107 - - [23/Feb/2025:07:33:33 -0500] "GET /numerous/e277?ynzmini=%2Fhome%2Fguitarlisty%2F%2F.softaculous HTTP/1.1" 200 7887 "-" "Mozilla/5.0 AppleWebKit/537.36 (KHTML, like Gecko; compatible; ClaudeBot/1.0; +claudebot@anthropic.com) X-Middleton/1"
107.20.82.18 - - [23/Feb/2025:07:33:33 -0500] "GET /m/incor40642515.html?s=fLOZZzm6a HTTP/1.1" 200 43284 "-" "Turnitin (https://bit.ly/2UvnfoQ) X-Middleton/1"
18.232.117.100 - - [23/Feb/2025:07:33:34 -0500] "GET /m101010762?ynzmini=%2Fhome%2F%2Fvirtfs HTTP/1.1" 200 6205 "-" "Mozilla/5.0 AppleWebKit/537.36 (KHTML, like Gecko; compatible; ClaudeBot/1.0; +claudebot@anthropic.com) X-Middleton/1"
54.198.85.7 - - [23/Feb/2025:07:33:34 -0500] "GET /circle/r20?pid=17320/help/help_04_2.html HTTP/1.1" 200 142261 "-" "Mozilla/5.0 (Linux; Android 6.0.1; Nexus 5X Build/MMB29P) AppleWebKit/537.36 (KHTML, like Gecko) Chrome/133.0.6943.53 Mobile Safari/537.36 (compatible; GoogleOther) X-Middleton/1"
52.207.162.105 - - [23/Feb/2025:07:33:34 -0500] "GET /m/incor41218515.html?s=fuZC1aY5o HTTP/1.1" 200 43286 "-" "Turnitin (https://bit.ly/2UvnfoQ) X-Middleton/1"
54.198.7.139 - - [23/Feb/2025:07:33:34 -0500] "GET /m/incor41742515.html?s=fot9V9NOd HTTP/1.1" 200 43284 "-" "Turnitin (https://bit.ly/2UvnfoQ) X-Middleton/1"
3.89.44.170 - - [23/Feb/2025:07:33:35 -0500] "GET /chemistry/b38?ynzmini=%2Fhome%2Fguitarlisty%2F%2F.. HTTP/1.1" 200 9955 "-" "Mozilla/5.0 AppleWebKit/537.36 (KHTML, like Gecko; compatible; ClaudeBot/1.0; +claudebot@anthropic.com) X-Middleton/1"
35.171.189.120 - - [23/Feb/2025:07:33:35 -0500] "GET /m/incor41906515.html?s=fteXKkrdJ HTTP/1.1" 200 43286 "-" "Turnitin (https://bit.ly/2UvnfoQ) X-Middleton/1"
50.17.142.168 - - [23/Feb/2025:07:33:35 -0500] "GET /yamaha-f310-acoustic-guitar-review-2020/?file=//proc/53/io HTTP/1.1" 200 6291 "-" "Mozilla/5.0 AppleWebKit/537.36 (KHTML, like Gecko; compatible; Amazonbot/0.1; +https://developer.amazon.com/support/amazonbot) Chrome/119.0.6045.214 Safari/537.36 X-Middleton/1"
54.162.136.253 - - [23/Feb/2025:07:33:35 -0500] "GET /m010032933?srsltid=AfmBOozFobhQKskyNDdPai_XKRmZvxPz2_JUMwiknZ-N-hsF2vGgDp HTTP/1.1" 200 43286 "-" "Mozilla/5.0 (Linux; Android 8.0; Pixel 2 Build/OPD3.170816.012) AppleWebKit/537.36 (KHTML, like Gecko) Chrome/72.0.3626.121 Mobile Safari/537.36 (compatible; EzoicBot-Nicheiq; +http://www.ezoic.com/bot) X-Middleton/1"
3.81.110.12 - - [23/Feb/2025:07:33:35 -0500] "GET /m/incor42194515.html?s=fHNUBjD_r HTTP/1.1" 200 43283 "-" "Turnitin (https://bit.ly/2UvnfoQ) X-Middleton/1"
3.81.58.205 - - [23/Feb/2025:07:33:36 -0500] "GET /m/incre70661254.html?s=faR7bdXXU HTTP/1.1" 200 43283 "-" "Turnitin (https://bit.ly/2UvnfoQ) X-Middleton/1"
3.81.110.12 - - [23/Feb/2025:07:33:36 -0500] "GET /m/incre70705254.html?s=fv1Tk1_6J HTTP/1.1" 200 43283 "-" "Turnitin (https://bit.ly/2UvnfoQ) X-Middleton/1"
3.82.56.176 - - [23/Feb/2025:07:33:37 -0500] "GET /m013033016?file=%2Fhome%2Fguitarlisty%2Fpublic_html%2F.%2Finputs.php HTTP/1.1" 200 11252 "-" "Mozilla/5.0 AppleWebKit/537.36 (KHTML, like Gecko; compatible; ClaudeBot/1.0; +claudebot@anthropic.com) X-Middleton/1"
18.232.117.100 - - [23/Feb/2025:07:33:37 -0500] "GET /m/incre70845254.html?s=f6fDNGW6x HTTP/1.1" 200 43286 "-" "Turnitin (https://bit.ly/2UvnfoQ) X-Middleton/1"
3.90.39.225 - - [23/Feb/2025:07:33:37 -0500] "GET /importance/r20?pid=17320/help/help_04_2.html HTTP/1.1" 200 144872 "-" "Mozilla/5.0 (Linux; Android 6.0.1; Nexus 5X Build/MMB29P) AppleWebKit/537.36 (KHTML, like Gecko) Chrome/133.0.6943.53 Mobile Safari/537.36 (compatible; GoogleOther) X-Middleton/1"
184.72.213.252 - - [23/Feb/2025:07:33:37 -0500] "GET /dangerous/e18?pid=31012 HTTP/1.1" 200 43282 "-" "Mozilla/5.0 AppleWebKit/537.36 (KHTML, like Gecko; compatible; ClaudeBot/1.0; +claudebot@anthropic.com) X-Middleton/1"
54.164.180.114 - - [23/Feb/2025:07:33:37 -0500] "GET /m/incre71893254.html?s=fl4r9WtLR HTTP/1.1" 200 43286 "-" "Turnitin (https://bit.ly/2UvnfoQ) X-Middleton/1"
107.20.82.18 - - [23/Feb/2025:07:33:38 -0500] "GET /m/incre72145254.html?s=fiVQU9J6J HTTP/1.1" 200 43284 "-" "Turnitin (https://bit.ly/2UvnfoQ) X-Middleton/1"
54.198.85.7 - - [23/Feb/2025:07:33:38 -0500] "GET /abandon/d203?delete=true&file=%2Fetc%2Fshadow HTTP/1.1" 200 6343 "-" "Mozilla/5.0 AppleWebKit/537.36 (KHTML, like Gecko; compatible; ClaudeBot/1.0; +claudebot@anthropic.com) X-Middleton/1"
107.20.115.131 - - [23/Feb/2025:07:33:38 -0500] "GET /though/h99?ynzmini=%2Fhome%2Fguitarlisty%2Fpublic_html%2F289f6%2F. HTTP/1.1" 200 7076 "-" "Mozilla/5.0 AppleWebKit/537.36 (KHTML, like Gecko; compatible; ClaudeBot/1.0; +claudebot@anthropic.com) X-Middleton/1"
54.209.250.19 - - [23/Feb/2025:07:33:38 -0500] "GET /m/incre72409254.html?s=fx9J_GMlB HTTP/1.1" 200 43285 "-" "Turnitin (https://bit.ly/2UvnfoQ) X-Middleton/1"
54.198.85.7 - - [23/Feb/2025:07:33:39 -0500] "GET /m015004196?file=%2Fhome%2Fguitarlisty%2Fpublic_html%2Fhome%2Fpages.php HTTP/1.1" 200 8037 "-" "Mozilla/5.0 AppleWebKit/537.36 (KHTML, like Gecko; compatible; ClaudeBot/1.0; +claudebot@anthropic.com) X-Middleton/1"
54.226.129.235 - - [23/Feb/2025:07:33:39 -0500] "GET /m/incre72885254.html?s=fwDDnddbT HTTP/1.1" 200 43286 "-" "Turnitin (https://bit.ly/2UvnfoQ) X-Middleton/1"
35.175.240.220 - - [23/Feb/2025:07:33:39 -0500] "GET /m056022457?rmfolder=%2Fhome%2Fguitarlisty%2Fpublic_html%2F HTTP/1.1" 200 43282 "-" "Mozilla/5.0 AppleWebKit/537.36 (KHTML, like Gecko; compatible; ClaudeBot/1.0; +claudebot@anthropic.com) X-Middleton/1"
18.232.117.100 - - [23/Feb/2025:07:33:39 -0500] "GET /yamaha-f310-acoustic-guitar-review-2020/?ynzmini=//proc/54 HTTP/1.1" 200 13843 "-" "Mozilla/5.0 AppleWebKit/537.36 (KHTML, like Gecko; compatible; Amazonbot/0.1; +https://developer.amazon.com/support/amazonbot) Chrome/119.0.6045.214 Safari/537.36 X-Middleton/1"
3.94.247.247 - - [23/Feb/2025:07:33:39 -0500] "GET /m/indee61002733.html?s=fKS-wtCB4 HTTP/1.1" 200 43284 "-" "Turnitin (https://bit.ly/2UvnfoQ) X-Middleton/1"
54.209.250.19 - - [23/Feb/2025:07:33:40 -0500] "GET /m/indee61242733.html?s=fxZV4AQHK HTTP/1.1" 200 43285 "-" "Turnitin (https://bit.ly/2UvnfoQ) X-Middleton/1"
35.175.240.220 - - [23/Feb/2025:07:33:40 -0500] "GET /past/a192?file=%2Fhome%2Fguitarlisty%2Fpublic_html%2F.%2Ferror_log HTTP/1.1" 200 144078 "-" "Mozilla/5.0 AppleWebKit/537.36 (KHTML, like Gecko; compatible; ClaudeBot/1.0; +claudebot@anthropic.com) X-Middleton/1"
52.207.162.105 - - [23/Feb/2025:07:33:40 -0500] "GET /m/indee62442733.html?s=fWGtGjUuA HTTP/1.1" 500 45920 "-" "Turnitin (https://bit.ly/2UvnfoQ) X-Middleton/1"
184.72.213.252 - - [23/Feb/2025:07:33:40 -0500] "GET /pioneer/r20?pid=17320/help/help_04_2.html/help/help_04_2.html HTTP/1.1" 200 154877 "-" "Mozilla/5.0 (Linux; Android 6.0.1; Nexus 5X Build/MMB29P) AppleWebKit/537.36 (KHTML, like Gecko) Chrome/133.0.6943.53 Mobile Safari/537.36 (compatible; GoogleOther) X-Middleton/1"
54.164.180.114 - - [23/Feb/2025:07:33:41 -0500] "GET /m/indee62714733.html?s=fHpb0BRkH HTTP/1.1" 200 43286 "-" "Turnitin (https://bit.ly/2UvnfoQ) X-Middleton/1"
54.196.44.86 - - [23/Feb/2025:07:33:41 -0500] "GET /m/indee62834733.html?s=ftI_Z9DLo HTTP/1.1" 200 43284 "-" "Turnitin (https://bit.ly/2UvnfoQ) X-Middleton/1"
3.81.110.12 - - [23/Feb/2025:07:33:42 -0500] "GET /m122019021?file=%2Fhome%2Fguitarlisty%2Fpublic_html%2Fwp-includes%2Fd2c112a0 HTTP/1.1" 200 14253 "-" "Mozilla/5.0 AppleWebKit/537.36 (KHTML, like Gecko; compatible; ClaudeBot/1.0; +claudebot@anthropic.com) X-Middleton/1"
3.87.139.20 - - [23/Feb/2025:07:33:42 -0500] "GET /m/indef30090786.html?s=fhrnkJRSQ HTTP/1.1" 200 43283 "-" "Turnitin (https://bit.ly/2UvnfoQ) X-Middleton/1"
3.82.56.176 - - [23/Feb/2025:07:33:42 -0500] "GET /m104036569?ynzmini=%2Fhome%2Fguitarlisty%2Fpublic_html%2F.%2F. HTTP/1.1" 200 15948 "-" "Mozilla/5.0 AppleWebKit/537.36 (KHTML, like Gecko; compatible; ClaudeBot/1.0; +claudebot@anthropic.com) X-Middleton/1"
54.158.15.14 - - [23/Feb/2025:07:33:42 -0500] "GET /preference/y173?pid=33573 HTTP/1.1" 200 43280 "-" "Mozilla/5.0 AppleWebKit/537.36 (KHTML, like Gecko; compatible; ClaudeBot/1.0; +claudebot@anthropic.com) X-Middleton/1"
3.89.44.170 - - [23/Feb/2025:07:33:42 -0500] "GET /m/indef30370786.html?s=fpDTATRRO HTTP/1.1" 200 43283 "-" "Turnitin (https://bit.ly/2UvnfoQ) X-Middleton/1"
107.20.115.131 - - [23/Feb/2025:07:33:43 -0500] "GET /m/indef31742786.html?s=fgR11DXye HTTP/1.1" 200 43286 "-" "Turnitin (https://bit.ly/2UvnfoQ) X-Middleton/1"
98.83.220.235 - - [23/Feb/2025:07:33:43 -0500] "GET /mount/k129?file=%2Fhome%2Fguitarlisty%2F%2F.bash_logout HTTP/1.1" 200 6366 "-" "Mozilla/5.0 AppleWebKit/537.36 (KHTML, like Gecko; compatible; ClaudeBot/1.0; +claudebot@anthropic.com) X-Middleton/1"
107.20.82.18 - - [23/Feb/2025:07:33:43 -0500] "GET /m198027115?srsltid=AfmBOorBNDCPSiDEYs2FHI_mIUhsIqM7A_3wrn3zf0-T-K3jtnohMI HTTP/1.1" 200 43284 "-" "Mozilla/5.0 (Linux; Android 8.0; Pixel 2 Build/OPD3.170816.012) AppleWebKit/537.36 (KHTML, like Gecko) Chrome/72.0.3626.121 Mobile Safari/537.36 (compatible; EzoicBot-Nicheiq; +http://www.ezoic.com/bot) X-Middleton/1"
52.205.171.15 - - [23/Feb/2025:07:33:43 -0500] "GET /yamaha-f310-acoustic-guitar-review-2020/?file=//proc/54/io HTTP/1.1" 200 6291 "-" "Mozilla/5.0 AppleWebKit/537.36 (KHTML, like Gecko; compatible; Amazonbot/0.1; +https://developer.amazon.com/support/amazonbot) Chrome/119.0.6045.214 Safari/537.36 X-Middleton/1"
18.232.117.100 - - [23/Feb/2025:07:33:43 -0500] "GET /best-bass-guitar-players/ HTTP/1.1" 200 43286 "https://guitarlisty.com/tag/best/page/4/" "Mozilla/5.0 (Linux; Android 7.0;) AppleWebKit/537.36 (KHTML, like Gecko) Mobile Safari/537.36 (compatible; PetalBot;+https://webmaster.petalsearch.com/site/petalbot) X-Middleton/1"
54.144.101.254 - - [23/Feb/2025:07:33:43 -0500] "GET /spread/i260?file=%2Fhome%2Fguitarlisty%2Fpublic_html%2F%2Fplugins.php HTTP/1.1" 200 8697 "-" "Mozilla/5.0 AppleWebKit/537.36 (KHTML, like Gecko; compatible; ClaudeBot/1.0; +claudebot@anthropic.com) X-Middleton/1"
98.83.220.235 - - [23/Feb/2025:07:33:43 -0500] "GET /m/indef32386786.html?s=fDzRCOZIh HTTP/1.1" 200 43285 "-" "Turnitin (https://bit.ly/2UvnfoQ) X-Middleton/1"
35.173.180.132 - - [23/Feb/2025:07:33:44 -0500] "GET /m033025548?file=%2Fhome%2Fguitarlisty%2Fpublic_html%2Fwp-includes%2F049f28cc HTTP/1.1" 200 14253 "-" "Mozilla/5.0 AppleWebKit/537.36 (KHTML, like Gecko; compatible; ClaudeBot/1.0; +claudebot@anthropic.com) X-Middleton/1"
54.198.248.107 - - [23/Feb/2025:07:33:44 -0500] "GET /say/y218?file=%2Fhome%2Fguitarlisty%2Fpublic_html%2F.%2Fclick.php HTTP/1.1" 200 8658 "-" "Mozilla/5.0 AppleWebKit/537.36 (KHTML, like Gecko; compatible; ClaudeBot/1.0; +claudebot@anthropic.com) X-Middleton/1"
54.242.51.163 - - [23/Feb/2025:07:33:44 -0500] "GET /m/indep70893886.html?s=fTuxHs5sD HTTP/1.1" 200 43285 "-" "Turnitin (https://bit.ly/2UvnfoQ) X-Middleton/1"
52.207.162.105 - - [23/Feb/2025:07:33:44 -0500] "GET /avoid/k149?pid=10191/shop/detail?shop_id=1 HTTP/1.1" 200 156480 "-" "Mozilla/5.0 (Linux; Android 6.0.1; Nexus 5X Build/MMB29P) AppleWebKit/537.36 (KHTML, like Gecko) Chrome/133.0.6943.53 Mobile Safari/537.36 (compatible; GoogleOther) X-Middleton/1"
54.226.129.235 - - [23/Feb/2025:07:33:44 -0500] "GET /m/indep70941886.html?s=fjuZGUUki HTTP/1.1" 200 43286 "-" "Turnitin (https://bit.ly/2UvnfoQ) X-Middleton/1"
66.249.79.1 - - [23/Feb/2025:07:33:44 -0500] "GET /detail/which21064745.shtml?s=feySrCyRq HTTP/1.1" 200 25476 "-" "Mozilla/5.0 (Linux; Android 6.0.1; Nexus 5X Build/MMB29P) AppleWebKit/537.36 (KHTML, like Gecko) Chrome/133.0.6943.53 Mobile Safari/537.36 (compatible; Googlebot/2.1; +http://www.google.com/bot.html)"
35.173.219.106 - - [23/Feb/2025:07:33:45 -0500] "GET /m/indep71537886.html?s=fZR_sTMBh HTTP/1.1" 200 43286 "-" "Turnitin (https://bit.ly/2UvnfoQ) X-Middleton/1"
54.144.101.254 - - [23/Feb/2025:07:33:45 -0500] "GET /law/n247?file=%2Fhome%2Fguitarlisty%2Fpublic_html%2Fwp-content%2Fe31347 HTTP/1.1" 200 14244 "-" "Mozilla/5.0 AppleWebKit/537.36 (KHTML, like Gecko; compatible; ClaudeBot/1.0; +claudebot@anthropic.com) X-Middleton/1"
54.198.248.107 - - [23/Feb/2025:07:33:45 -0500] "GET /m/indep71665886.html?s=f8M_mYUeE HTTP/1.1" 500 45920 "-" "Turnitin (https://bit.ly/2UvnfoQ) X-Middleton/1"
3.90.39.225 - - [23/Feb/2025:07:33:46 -0500] "GET /m/indep71805886.html?s=f9VEkmdk6 HTTP/1.1" 500 45917 "-" "Turnitin (https://bit.ly/2UvnfoQ) X-Middleton/1"
54.164.180.114 - - [23/Feb/2025:07:33:46 -0500] "GET /m/who71089190.html?file=/home/guitarlisty/public_html/wp-config-sample.php HTTP/1.1" 200 9461 "-" "Mozilla/5.0 (Windows; U; Windows NT 6.0; en-US) AppleWebKit/535.1 (KHTML, like Gecko) Chrome/13.0.782.107 Safari/535.1 X-Middleton/1"
3.87.139.20 - - [23/Feb/2025:07:33:46 -0500] "GET /m/indep72829886.html?s=fV_SVQEKP HTTP/1.1" 200 43283 "-" "Turnitin (https://bit.ly/2UvnfoQ) X-Middleton/1"
3.94.247.247 - - [23/Feb/2025:07:33:47 -0500] "GET /m057039478?ynzmini=%2Fhome%2Fguitarlisty%2Fpublic_html%2Fabout%2F. HTTP/1.1" 200 7082 "-" "Mozilla/5.0 AppleWebKit/537.36 (KHTML, like Gecko; compatible; ClaudeBot/1.0; +claudebot@anthropic.com) X-Middleton/1"
54.164.180.114 - - [23/Feb/2025:07:33:47 -0500] "GET /yamaha-f310-acoustic-guitar-review-2020/?ynzmini=//proc/55 HTTP/1.1" 200 13843 "-" "Mozilla/5.0 AppleWebKit/537.36 (KHTML, like Gecko; compatible; Amazonbot/0.1; +https://developer.amazon.com/support/amazonbot) Chrome/119.0.6045.214 Safari/537.36 X-Middleton/1"
52.71.251.0 - - [23/Feb/2025:07:33:47 -0500] "GET /m/index80154975.html?s=fV0kRyLGf HTTP/1.1" 200 43283 "-" "Turnitin (https://bit.ly/2UvnfoQ) X-Middleton/1"
54.209.250.19 - - [23/Feb/2025:07:33:47 -0500] "GET /duty/f190?file=%2Fhome%2Fguitarlisty%2Fpublic_html%2F..%2F.bash_logout HTTP/1.1" 200 6408 "-" "Mozilla/5.0 AppleWebKit/537.36 (KHTML, like Gecko; compatible; ClaudeBot/1.0; +claudebot@anthropic.com) X-Middleton/1"
54.156.59.106 - - [23/Feb/2025:07:33:47 -0500] "GET /voice/k149?pid=10191/help/help_04_2.html HTTP/1.1" 200 149419 "-" "Mozilla/5.0 (Linux; Android 6.0.1; Nexus 5X Build/MMB29P) AppleWebKit/537.36 (KHTML, like Gecko) Chrome/133.0.6943.53 Mobile Safari/537.36 (compatible; GoogleOther) X-Middleton/1"
34.229.105.159 - - [23/Feb/2025:07:33:47 -0500] "GET /opt/j150?ynzmini=%2Fhome%2Fguitarlisty%2F%2Flogs HTTP/1.1" 200 7579 "-" "Mozilla/5.0 AppleWebKit/537.36 (KHTML, like Gecko; compatible; ClaudeBot/1.0; +claudebot@anthropic.com) X-Middleton/1"
3.81.110.12 - - [23/Feb/2025:07:33:47 -0500] "GET /m/index80198975.html?s=fcbVcG5AZ HTTP/1.1" 200 43283 "-" "Turnitin (https://bit.ly/2UvnfoQ) X-Middleton/1"
52.205.171.15 - - [23/Feb/2025:07:33:48 -0500] "GET /m/index80422975.html?s=fLgqDTh8n HTTP/1.1" 200 43285 "-" "Turnitin (https://bit.ly/2UvnfoQ) X-Middleton/1"
107.20.82.18 - - [23/Feb/2025:07:33:48 -0500] "GET /sign/e87?rmfolder=%2Fhome%2Fguitarlisty%2Fpublic_html%2F. HTTP/1.1" 200 43280 "-" "Mozilla/5.0 AppleWebKit/537.36 (KHTML, like Gecko; compatible; ClaudeBot/1.0; +claudebot@anthropic.com) X-Middleton/1"
3.81.214.139 - - [23/Feb/2025:07:33:48 -0500] "GET /m/index81082975.html?s=f6GLkbqG5 HTTP/1.1" 200 43284 "-" "Turnitin (https://bit.ly/2UvnfoQ) X-Middleton/1"
54.242.51.163 - - [23/Feb/2025:07:33:49 -0500] "GET /m135015320?file=%2Fhome%2Fguitarlisty%2Fpublic_html%2Fwp-includes%2Fadmin.php HTTP/1.1" 200 8335 "-" "Mozilla/5.0 AppleWebKit/537.36 (KHTML, like Gecko; compatible; ClaudeBot/1.0; +claudebot@anthropic.com) X-Middleton/1"
54.242.51.163 - - [23/Feb/2025:07:33:49 -0500] "GET /progress/i282?file=%2Fhome%2Fguitarlisty%2Fpublic_html%2F%2F.htaccess HTTP/1.1" 200 7128 "-" "Mozilla/5.0 AppleWebKit/537.36 (KHTML, like Gecko; compatible; ClaudeBot/1.0; +claudebot@anthropic.com) X-Middleton/1"
107.20.82.18 - - [23/Feb/2025:07:33:49 -0500] "GET /m/index81466975.html?s=f_4lu4vBA HTTP/1.1" 200 43284 "-" "Turnitin (https://bit.ly/2UvnfoQ) X-Middleton/1"
3.82.56.176 - - [23/Feb/2025:07:33:49 -0500] "GET /m/index81934975.html?s=f2uvBoyBt HTTP/1.1" 200 43283 "-" "Turnitin (https://bit.ly/2UvnfoQ) X-Middleton/1"
35.175.240.220 - - [23/Feb/2025:07:33:50 -0500] "GET /m/india51516892.html?s=fDqeeu14W HTTP/1.1" 200 43286 "-" "Turnitin (https://bit.ly/2UvnfoQ) X-Middleton/1"
3.90.112.236 - - [23/Feb/2025:07:33:50 -0500] "GET /m/india52476892.html?s=fwwYe-DmY HTTP/1.1" 200 43284 "-" "Turnitin (https://bit.ly/2UvnfoQ) X-Middleton/1"
54.208.214.128 - - [23/Feb/2025:07:33:50 -0500] "GET /potato/r20?pid=17320/help/help_04_2.html/help/help_04_2.html HTTP/1.1" 200 157209 "-" "Mozilla/5.0 (Linux; Android 6.0.1; Nexus 5X Build/MMB29P) AppleWebKit/537.36 (KHTML, like Gecko) Chrome/133.0.6943.53 Mobile Safari/537.36 (compatible; GoogleOther) X-Middleton/1"
3.89.44.170 - - [23/Feb/2025:07:33:51 -0500] "GET /yamaha-f310-acoustic-guitar-review-2020/?file=//proc/55/io HTTP/1.1" 200 6291 "-" "Mozilla/5.0 AppleWebKit/537.36 (KHTML, like Gecko; compatible; Amazonbot/0.1; +https://developer.amazon.com/support/amazonbot) Chrome/119.0.6045.214 Safari/537.36 X-Middleton/1"
3.90.39.225 - - [23/Feb/2025:07:33:51 -0500] "GET /m/indic70074438.html?s=f6yfYbE_k HTTP/1.1" 200 43283 "-" "Turnitin (https://bit.ly/2UvnfoQ) X-Middleton/1"
35.171.189.120 - - [23/Feb/2025:07:33:51 -0500] "GET /m037036194?srsltid=AfmBOohsZFwblGCtAyy93o_XXDC4R6giJ_dpHStr02-Z-0l1SViDzY HTTP/1.1" 200 43286 "-" "Mozilla/5.0 (Linux; Android 8.0; Pixel 2 Build/OPD3.170816.012) AppleWebKit/537.36 (KHTML, like Gecko) Chrome/72.0.3626.121 Mobile Safari/537.36 (compatible; EzoicBot-Nicheiq; +http://www.ezoic.com/bot) X-Middleton/1"
54.198.7.139 - - [23/Feb/2025:07:33:51 -0500] "GET /m/indic70978438.html?s=fX_hMAy1V HTTP/1.1" 200 43284 "-" "Turnitin (https://bit.ly/2UvnfoQ) X-Middleton/1"
54.242.51.163 - - [23/Feb/2025:07:33:52 -0500] "GET /m011048698?edit=true&file=%2Fhome%2Fguitarlisty%2Fpublic_html%2Fcookie.txt HTTP/1.1" 200 6755 "-" "Mozilla/5.0 AppleWebKit/537.36 (KHTML, like Gecko; compatible; ClaudeBot/1.0; +claudebot@anthropic.com) X-Middleton/1"
54.164.180.114 - - [23/Feb/2025:07:33:52 -0500] "GET /m/indic70982438.html?s=fN61EPSgO HTTP/1.1" 200 43286 "-" "Turnitin (https://bit.ly/2UvnfoQ) X-Middleton/1"
3.94.247.247 - - [23/Feb/2025:07:33:52 -0500] "GET /and/g216?file=%2Fhome%2Fguitarlisty%2Fpublic_html%2Fwp-admin%2Ftools.php HTTP/1.1" 200 10219 "-" "Mozilla/5.0 AppleWebKit/537.36 (KHTML, like Gecko; compatible; ClaudeBot/1.0; +claudebot@anthropic.com) X-Middleton/1"
3.90.112.236 - - [23/Feb/2025:07:33:52 -0500] "GET /guy/l49?ynzmini=%2Fhome%2Fguitarlisty%2Fpublic_html%2Fabout%2F HTTP/1.1" 200 6979 "-" "Mozilla/5.0 AppleWebKit/537.36 (KHTML, like Gecko; compatible; ClaudeBot/1.0; +claudebot@anthropic.com) X-Middleton/1"
34.226.215.117 - - [23/Feb/2025:07:33:52 -0500] "GET /m/indic72026438.html?s=f9HHHaPs- HTTP/1.1" 200 43286 "-" "Turnitin (https://bit.ly/2UvnfoQ) X-Middleton/1"
54.196.44.86 - - [23/Feb/2025:07:33:53 -0500] "GET /m/indic72866438.html?s=f5yi9JmJw HTTP/1.1" 200 43284 "-" "Turnitin (https://bit.ly/2UvnfoQ) X-Middleton/1"
3.90.39.225 - - [23/Feb/2025:07:33:53 -0500] "GET /approval/i15?ynzmini=%2Fhome%2F%2Fclamav HTTP/1.1" 200 6205 "-" "Mozilla/5.0 AppleWebKit/537.36 (KHTML, like Gecko; compatible; ClaudeBot/1.0; +claudebot@anthropic.com) X-Middleton/1"
18.209.166.209 - - [23/Feb/2025:07:33:53 -0500] "GET /m/indic72990438.html?s=fLmK1kOJc HTTP/1.1" 200 43286 "-" "Turnitin (https://bit.ly/2UvnfoQ) X-Middleton/1"
107.20.82.18 - - [23/Feb/2025:07:33:54 -0500] "GET /m033025548?ynzmini=%2Fhome%2Fguitarlisty%2Fpublic_html%2Fwp-includes%2FRequests HTTP/1.1" 200 8928 "-" "Mozilla/5.0 AppleWebKit/537.36 (KHTML, like Gecko; compatible; ClaudeBot/1.0; +claudebot@anthropic.com) X-Middleton/1"
18.232.117.100 - - [23/Feb/2025:07:33:54 -0500] "GET /m247024368?file=%2Fhome%2Fguitarlisty%2Fpublic_html%2Fadminer.php&rename=true HTTP/1.1" 200 6568 "-" "Mozilla/5.0 AppleWebKit/537.36 (KHTML, like Gecko; compatible; ClaudeBot/1.0; +claudebot@anthropic.com) X-Middleton/1"
184.72.213.252 - - [23/Feb/2025:07:33:54 -0500] "GET /liquid/k149?pid=10191/help/help_04_2.html/shop/detail?shop_id=1 HTTP/1.1" 200 145619 "-" "Mozilla/5.0 (Linux; Android 6.0.1; Nexus 5X Build/MMB29P) AppleWebKit/537.36 (KHTML, like Gecko) Chrome/133.0.6943.53 Mobile Safari/537.36 (compatible; GoogleOther) X-Middleton/1"
54.234.205.77 - - [23/Feb/2025:07:33:54 -0500] "GET /m/indif60850397.html?s=fTkAwnVmU HTTP/1.1" 200 43285 "-" "Turnitin (https://bit.ly/2UvnfoQ) X-Middleton/1"
18.212.120.70 - - [23/Feb/2025:07:33:54 -0500] "GET /m/indif61642397.html?s=f1pJ28KgR HTTP/1.1" 200 43285 "-" "Turnitin (https://bit.ly/2UvnfoQ) X-Middleton/1"
3.87.139.20 - - [23/Feb/2025:07:33:40 -0500] "GET /wp-includes/install.php HTTP/1.1" 200 9 "https://guitarlisty.com/wp-includes/install.php" "Mozilla/5.0 (Windows NT 10.0; Win64; x64) AppleWebKit/537.36 (KHTML, like Gecko) Chrome/58.0.3029.110 Safari/537.3 X-Middleton/1"
3.90.42.123 - - [23/Feb/2025:07:33:55 -0500] "GET /m/indif61682397.html?s=flnJthXD1 HTTP/1.1" 200 43283 "-" "Turnitin (https://bit.ly/2UvnfoQ) X-Middleton/1"
3.92.71.7 - - [23/Feb/2025:07:33:55 -0500] "GET /m/indif62734397.html?s=fbq082gqt HTTP/1.1" 200 43281 "-" "Turnitin (https://bit.ly/2UvnfoQ) X-Middleton/1"
54.158.15.14 - - [23/Feb/2025:07:33:56 -0500] "GET /yamaha-f310-acoustic-guitar-review-2020/?ynzmini=//proc/56 HTTP/1.1" 200 13843 "-" "Mozilla/5.0 AppleWebKit/537.36 (KHTML, like Gecko; compatible; Amazonbot/0.1; +https://developer.amazon.com/support/amazonbot) Chrome/119.0.6045.214 Safari/537.36 X-Middleton/1"
54.209.250.19 - - [23/Feb/2025:07:33:56 -0500] "GET /m/indig20907609.html?s=fZNWlRmFt HTTP/1.1" 200 43285 "-" "Turnitin (https://bit.ly/2UvnfoQ) X-Middleton/1"
3.89.44.170 - - [23/Feb/2025:07:33:56 -0500] "GET /m118010595?ynzmini=%2F%2Flib HTTP/1.1" 200 12108 "-" "Mozilla/5.0 AppleWebKit/537.36 (KHTML, like Gecko; compatible; ClaudeBot/1.0; +claudebot@anthropic.com) X-Middleton/1"
35.173.219.106 - - [23/Feb/2025:07:33:56 -0500] "GET /m/indig22827609.html?s=fU_e7Pam3 HTTP/1.1" 200 43286 "-" "Turnitin (https://bit.ly/2UvnfoQ) X-Middleton/1"
52.205.171.15 - - [23/Feb/2025:07:33:57 -0500] "GET /adjust/c51?file=%2Fhome%2Fguitarlisty%2Fpublic_html%2Fwp-includes%2Fwidgets.php HTTP/1.1" 200 79029 "-" "Mozilla/5.0 AppleWebKit/537.36 (KHTML, like Gecko; compatible; ClaudeBot/1.0; +claudebot@anthropic.com) X-Middleton/1"
3.81.214.139 - - [23/Feb/2025:07:33:57 -0500] "GET /m/indig22867609.html?s=f5Hcivlbf HTTP/1.1" 200 43284 "-" "Turnitin (https://bit.ly/2UvnfoQ) X-Middleton/1"
107.20.82.18 - - [23/Feb/2025:07:33:57 -0500] "GET /and/g216?file=%2Fhome%2Fguitarlisty%2Fpublic_html%2Fwp-admin%2Fms-options.php HTTP/1.1" 404 6646 "-" "Mozilla/5.0 AppleWebKit/537.36 (KHTML, like Gecko; compatible; ClaudeBot/1.0; +claudebot@anthropic.com) X-Middleton/1"
54.208.214.128 - - [23/Feb/2025:07:33:57 -0500] "GET /m/indir80682703.html?s=fLm9WSVVL HTTP/1.1" 200 43286 "-" "Turnitin (https://bit.ly/2UvnfoQ) X-Middleton/1"
54.242.51.163 - - [23/Feb/2025:07:33:57 -0500] "GET /likewise/r20?pid=17320/shop/detail?shop_id=1/help/help_04_2.html HTTP/1.1" 200 455820 "-" "Mozilla/5.0 (Linux; Android 6.0.1; Nexus 5X Build/MMB29P) AppleWebKit/537.36 (KHTML, like Gecko) Chrome/133.0.6943.53 Mobile Safari/537.36 (compatible; GoogleOther) X-Middleton/1"
3.90.112.236 - - [23/Feb/2025:07:33:58 -0500] "GET /m/indir81606703.html?s=fMLKhMQlN HTTP/1.1" 200 43284 "-" "Turnitin (https://bit.ly/2UvnfoQ) X-Middleton/1"
54.158.15.14 - - [23/Feb/2025:07:33:58 -0500] "GET /?_ga=2.193583492.1959128180.1725700199-929581249.1699915230&_bdsid=jjn70m.n~VONQJ.1702667637735.1770041458&_bd_prev_page=https://guitarlisty.com/file.do?item/u71/431/ HTTP/1.1" 200 143613 "-" "Mozilla/5.0 (Linux; Android 6.0.1; Nexus 5X Build/MMB29P) AppleWebKit/537.36 (KHTML, like Gecko) Chrome/133.0.6943.53 Mobile Safari/537.36 (compatible; Googlebot/2.1; +http://www.google.com/bot.html) X-Middleton/1"
54.198.85.7 - - [23/Feb/2025:07:33:58 -0500] "GET /m/backw20922177.html?file=%2Fhome%2Fguitarlisty%2Fpublic_html%2Fclick.php HTTP/1.1" 200 8652 "-" "Mozilla/5.0 AppleWebKit/537.36 (KHTML, like Gecko; compatible; ClaudeBot/1.0; +claudebot@anthropic.com) X-Middleton/1"
107.20.82.18 - - [23/Feb/2025:07:33:58 -0500] "GET /m/indis20222321.html?s=f9j-DcYre HTTP/1.1" 200 43284 "-" "Turnitin (https://bit.ly/2UvnfoQ) X-Middleton/1"
3.92.71.7 - - [23/Feb/2025:07:33:59 -0500] "GET /m184026813?ynzmini=%2Fhome%2Fguitarlisty%2Fpublic_html%2Fsym404%2Fcpses-IPB.txt404 HTTP/1.1" 200 6997 "-" "Mozilla/5.0 AppleWebKit/537.36 (KHTML, like Gecko; compatible; ClaudeBot/1.0; +claudebot@anthropic.com) X-Middleton/1"
54.158.15.14 - - [23/Feb/2025:07:33:59 -0500] "GET /pages.php?products/210mr45161 HTTP/1.1" 200 154579 "-" "Mozilla/5.0 (Linux; Android 6.0.1; Nexus 5X Build/MMB29P) AppleWebKit/537.36 (KHTML, like Gecko) Chrome/133.0.6943.53 Mobile Safari/537.36 (compatible; Googlebot/2.1; +http://www.google.com/bot.html) X-Middleton/1"
54.196.44.86 - - [23/Feb/2025:07:33:59 -0500] "GET /m188043701?ynzmini=%2Fhome%2Fguitarlisty%2Fpublic_html%2Fsym404%2Fsssd-Magento.txt404 HTTP/1.1" 200 7015 "-" "Mozilla/5.0 AppleWebKit/537.36 (KHTML, like Gecko; compatible; ClaudeBot/1.0; +claudebot@anthropic.com) X-Middleton/1"
107.20.82.18 - - [23/Feb/2025:07:33:59 -0500] "GET /m/indis20666321.html?s=f4R24SSTv HTTP/1.1" 200 43284 "-" "Turnitin (https://bit.ly/2UvnfoQ) X-Middleton/1"
34.229.105.159 - - [23/Feb/2025:07:33:59 -0500] "GET /yamaha-f310-acoustic-guitar-review-2020/?file=//proc/56/io HTTP/1.1" 200 6291 "-" "Mozilla/5.0 AppleWebKit/537.36 (KHTML, like Gecko; compatible; Amazonbot/0.1; +https://developer.amazon.com/support/amazonbot) Chrome/119.0.6045.214 Safari/537.36 X-Middleton/1"
54.198.124.77 - - [23/Feb/2025:07:33:59 -0500] "GET /twelve/z260?pid=4714 HTTP/1.1" 200 43285 "-" "Mozilla/5.0 (Linux; Android 8.0; Pixel 2 Build/OPD3.170816.012) AppleWebKit/537.36 (KHTML, like Gecko) Chrome/72.0.3626.121 Mobile Safari/537.36 (compatible; EzoicBot-Nicheiq; +http://www.ezoic.com/bot) X-Middleton/1"
3.82.56.176 - - [23/Feb/2025:07:33:59 -0500] "GET /m/indiv50421836.html?s=ffXAyC2Ag HTTP/1.1" 200 43283 "-" "Turnitin (https://bit.ly/2UvnfoQ) X-Middleton/1"
18.209.166.209 - - [23/Feb/2025:07:34:00 -0500] "GET /home/000~ROOT~000/var/softaculous/qtoa/php81/?C=N%3BO=D HTTP/1.1" 200 1072 "-" "Mozilla/5.0 (Linux; Android 5.0) AppleWebKit/537.36 (KHTML, like Gecko) Mobile Safari/537.36 (compatible; Bytespider; spider-feedback@bytedance.com) X-Middleton/1"
107.20.82.18 - - [23/Feb/2025:07:34:00 -0500] "GET /m/indiv51997836.html?s=f8WNnEWFt HTTP/1.1" 200 43284 "-" "Turnitin (https://bit.ly/2UvnfoQ) X-Middleton/1"
107.20.82.18 - - [23/Feb/2025:07:34:00 -0500] "GET /m/indoo41741539.html?s=f0UyGPkcX HTTP/1.1" 500 45918 "-" "Turnitin (https://bit.ly/2UvnfoQ) X-Middleton/1"
34.229.105.159 - - [23/Feb/2025:07:34:01 -0500] "GET /procedure/r20?pid=17320/shop/detail?shop_id=1 HTTP/1.1" 200 146815 "-" "Mozilla/5.0 (Linux; Android 6.0.1; Nexus 5X Build/MMB29P) AppleWebKit/537.36 (KHTML, like Gecko) Chrome/133.0.6943.53 Mobile Safari/537.36 (compatible; GoogleOther) X-Middleton/1"
54.158.15.14 - - [23/Feb/2025:07:34:01 -0500] "GET /finance/t59?ynzmini=%2Fhome%2F%2Fclamav HTTP/1.1" 200 6205 "-" "Mozilla/5.0 AppleWebKit/537.36 (KHTML, like Gecko; compatible; ClaudeBot/1.0; +claudebot@anthropic.com) X-Middleton/1"
54.198.85.7 - - [23/Feb/2025:07:34:01 -0500] "GET /m/indoo42777539.html?s=fmXrc3Aws HTTP/1.1" 200 43283 "-" "Turnitin (https://bit.ly/2UvnfoQ) X-Middleton/1"
18.209.166.209 - - [23/Feb/2025:07:34:01 -0500] "GET /site/e52?rmfolder=%2Fhome%2Fguitarlisty%2Fpublic_html%2Fimages HTTP/1.1" 200 43282 "-" "Mozilla/5.0 AppleWebKit/537.36 (KHTML, like Gecko; compatible; ClaudeBot/1.0; +claudebot@anthropic.com) X-Middleton/1"
54.162.136.253 - - [23/Feb/2025:07:34:01 -0500] "GET /m/indoo42869539.html?s=flIUUmv8I HTTP/1.1" 200 43286 "-" "Turnitin (https://bit.ly/2UvnfoQ) X-Middleton/1"
52.71.251.0 - - [23/Feb/2025:07:34:02 -0500] "GET /crucial/a6?pid=4706 HTTP/1.1" 200 43279 "-" "Mozilla/5.0 AppleWebKit/537.36 (KHTML, like Gecko; compatible; ClaudeBot/1.0; +claudebot@anthropic.com) X-Middleton/1"
34.229.105.159 - - [23/Feb/2025:07:34:02 -0500] "GET /m/induc10546224.html?s=fPhjOuqZv HTTP/1.1" 200 43286 "-" "Turnitin (https://bit.ly/2UvnfoQ) X-Middleton/1"
3.81.58.205 - - [23/Feb/2025:07:34:02 -0500] "GET /promise/h52?ynzmini=%2Fhome%2F%2Ftwoheads HTTP/1.1" 200 6213 "-" "Mozilla/5.0 AppleWebKit/537.36 (KHTML, like Gecko; compatible; ClaudeBot/1.0; +claudebot@anthropic.com) X-Middleton/1"
35.173.180.132 - - [23/Feb/2025:07:34:02 -0500] "GET /m/who71089190.html?ynzmini=/home/guitarlisty/public_html/as HTTP/1.1" 200 7118 "-" "Mozilla/5.0 (X11; Linux x86_64) AppleWebKit/535.19 (KHTML, like Gecko) Ubuntu/11.10 Chromium/18.0.1025.142 Chrome/18.0.1025.142 Safari/535.19 X-Middleton/1"
54.198.248.107 - - [23/Feb/2025:07:34:02 -0500] "GET /m/induc11258224.html?s=fp73rQLwF HTTP/1.1" 200 43286 "-" "Turnitin (https://bit.ly/2UvnfoQ) X-Middleton/1"
34.226.215.117 - - [23/Feb/2025:07:34:03 -0500] "GET /m/induc12390224.html?s=fRJyMzL0w HTTP/1.1" 200 43286 "-" "Turnitin (https://bit.ly/2UvnfoQ) X-Middleton/1"
54.164.180.114 - - [23/Feb/2025:07:34:03 -0500] "GET /m075036044?file=%2Fhome%2Fguitarlisty%2Fpublic_html%2Fwp-includes%2Fdefaults.php HTTP/1.1" 200 9829 "-" "Mozilla/5.0 AppleWebKit/537.36 (KHTML, like Gecko; compatible; ClaudeBot/1.0; +claudebot@anthropic.com) X-Middleton/1"
3.90.112.236 - - [23/Feb/2025:07:34:03 -0500] "GET /m/induc12670224.html?s=f6m55Ot66 HTTP/1.1" 200 43284 "-" "Turnitin (https://bit.ly/2UvnfoQ) X-Middleton/1"
35.173.219.106 - - [23/Feb/2025:07:34:04 -0500] "GET /yamaha-f310-acoustic-guitar-review-2020/?ynzmini=//proc/57 HTTP/1.1" 200 13843 "-" "Mozilla/5.0 AppleWebKit/537.36 (KHTML, like Gecko; compatible; Amazonbot/0.1; +https://developer.amazon.com/support/amazonbot) Chrome/119.0.6045.214 Safari/537.36 X-Middleton/1"
54.162.136.253 - - [23/Feb/2025:07:34:04 -0500] "GET /m188043701?ynzmini=%2Fhome%2Fguitarlisty%2Fpublic_html%2Fsym404%2Fwecanrec-Zencart.txt404 HTTP/1.1" 200 7039 "-" "Mozilla/5.0 AppleWebKit/537.36 (KHTML, like Gecko; compatible; ClaudeBot/1.0; +claudebot@anthropic.com) X-Middleton/1"
54.144.101.254 - - [23/Feb/2025:07:34:04 -0500] "GET /m/induc12786224.html?s=fFdQqkYQI HTTP/1.1" 200 43286 "-" "Turnitin (https://bit.ly/2UvnfoQ) X-Middleton/1"
54.198.124.77 - - [23/Feb/2025:07:34:04 -0500] "GET /m/indus40989163.html?s=fNHub2e3o HTTP/1.1" 200 43285 "-" "Turnitin (https://bit.ly/2UvnfoQ) X-Middleton/1"
54.162.136.253 - - [23/Feb/2025:07:34:05 -0500] "GET /working/r20?pid=17320/help/help_04_2.html/shop/detail?shop_id=1 HTTP/1.1" 200 148978 "-" "Mozilla/5.0 (Linux; Android 6.0.1; Nexus 5X Build/MMB29P) AppleWebKit/537.36 (KHTML, like Gecko) Chrome/133.0.6943.53 Mobile Safari/537.36 (compatible; GoogleOther) X-Middleton/1"
3.89.44.170 - - [23/Feb/2025:07:34:05 -0500] "GET /m/indus41217163.html?s=fWYthAP0i HTTP/1.1" 200 43283 "-" "Turnitin (https://bit.ly/2UvnfoQ) X-Middleton/1"
3.81.110.12 - - [23/Feb/2025:07:34:05 -0500] "GET /m/indus41641163.html?s=fiveZNf1N HTTP/1.1" 500 45917 "-" "Turnitin (https://bit.ly/2UvnfoQ) X-Middleton/1"
35.173.219.106 - - [23/Feb/2025:07:34:06 -0500] "GET /m137000060?ynzmini=%2Fhome%2F%2Fdanallen HTTP/1.1" 200 6213 "-" "Mozilla/5.0 AppleWebKit/537.36 (KHTML, like Gecko; compatible; ClaudeBot/1.0; +claudebot@anthropic.com) X-Middleton/1"
54.158.139.140 - - [23/Feb/2025:07:34:06 -0500] "GET /m/indus42589163.html?s=fpAoKawov HTTP/1.1" 200 43286 "-" "Turnitin (https://bit.ly/2UvnfoQ) X-Middleton/1"
35.173.219.106 - - [23/Feb/2025:07:34:06 -0500] "GET /weak/m252?file=%2Fhome%2Fguitarlisty%2Fpublic_html%2F%2Finputs.php HTTP/1.1" 200 11249 "-" "Mozilla/5.0 AppleWebKit/537.36 (KHTML, like Gecko; compatible; ClaudeBot/1.0; +claudebot@anthropic.com) X-Middleton/1"
54.158.139.140 - - [23/Feb/2025:07:34:06 -0500] "GET /m/ineff61403525.html?s=fgIcn2k7L HTTP/1.1" 200 43286 "-" "Turnitin (https://bit.ly/2UvnfoQ) X-Middleton/1"
98.83.220.235 - - [23/Feb/2025:07:34:07 -0500] "GET /appoint/h207?pid=46005 HTTP/1.1" 500 45915 "-" "Mozilla/5.0 AppleWebKit/537.36 (KHTML, like Gecko; compatible; ClaudeBot/1.0; +claudebot@anthropic.com) X-Middleton/1"
34.226.215.117 - - [23/Feb/2025:07:34:07 -0500] "GET /yamaha-f310-acoustic-guitar-review-2020/?file=//proc/57/io HTTP/1.1" 200 6291 "-" "Mozilla/5.0 AppleWebKit/537.36 (KHTML, like Gecko; compatible; Amazonbot/0.1; +https://developer.amazon.com/support/amazonbot) Chrome/119.0.6045.214 Safari/537.36 X-Middleton/1"
