3.81.133.169 - - [23/Feb/2025:07:22:29 -0500] "GET /m/weak51328996.html HTTP/1.1" 200 43280 "-" "Mozilla/5.0 AppleWebKit/537.36 (KHTML, like Gecko; compatible; ClaudeBot/1.0; +claudebot@anthropic.com) X-Middleton/1"
184.72.213.252 - - [23/Feb/2025:07:22:30 -0500] "GET /assembly/z271?ynzmini=%2F%2Fboot HTTP/1.1" 200 11038 "-" "Mozilla/5.0 AppleWebKit/537.36 (KHTML, like Gecko; compatible; ClaudeBot/1.0; +claudebot@anthropic.com) X-Middleton/1"
35.171.189.120 - - [23/Feb/2025:07:22:30 -0500] "GET /m268025903?file=%2Fhome%2Fguitarlisty%2Fpublic_html%2F.%2Fwp-links-opml.php HTTP/1.1" 404 9205 "-" "Mozilla/5.0 AppleWebKit/537.36 (KHTML, like Gecko; compatible; ClaudeBot/1.0; +claudebot@anthropic.com) X-Middleton/1"
54.158.15.14 - - [23/Feb/2025:07:22:31 -0500] "GET /rhythm/x291?pid=29707 HTTP/1.1" 500 45918 "-" "Mozilla/5.0 (Linux; Android 8.0; Pixel 2 Build/OPD3.170816.012) AppleWebKit/537.36 (KHTML, like Gecko) Chrome/72.0.3626.121 Mobile Safari/537.36 (compatible; EzoicBot-Nicheiq; +http://www.ezoic.com/bot) X-Middleton/1"
54.198.248.107 - - [23/Feb/2025:07:22:31 -0500] "GET /sacrifice/j264?pid=30076 HTTP/1.1" 500 45916 "-" "Mozilla/5.0 AppleWebKit/537.36 (KHTML, like Gecko; compatible; ClaudeBot/1.0; +claudebot@anthropic.com) X-Middleton/1"
35.171.189.120 - - [23/Feb/2025:07:22:31 -0500] "GET /m279011322?ynzmini=%2Fhome%2Fguitarlisty%2Fpublic_html%2Fsym404%2Fpolkitd-phpBB.txt404 HTTP/1.1" 200 7021 "-" "Mozilla/5.0 AppleWebKit/537.36 (KHTML, like Gecko; compatible; ClaudeBot/1.0; +claudebot@anthropic.com) X-Middleton/1"
98.83.149.163 - - [23/Feb/2025:07:22:31 -0500] "GET /yamaha-f310-acoustic-guitar-review-2020/?ynzmini=/proc/bus HTTP/1.1" 404 6761 "-" "Mozilla/5.0 AppleWebKit/537.36 (KHTML, like Gecko; compatible; Amazonbot/0.1; +https://developer.amazon.com/support/amazonbot) Chrome/119.0.6045.214 Safari/537.36 X-Middleton/1"
66.249.79.36 - - [23/Feb/2025:07:22:31 -0500] "GET /?_gl=1*vh58hmr*_ga*EXToAlFJwRYpgVTeJsWplujaYQPc*_ga_WOFYXAAEN*cWLVfT2HeciVwNlziEl6SGfLs2OnGCvHxPtjfCNQnQHqA4vyq0oe840.*_gcl_au=1.1.194640782.172577845*_gcl_aw=THN.179752491.hnZMORCn00MjXvwovv36SeIPgFvoABtNbX9FlansOvRm3oQJbsSkj0zGJzOV1o0Om00exiQXfZlbJuvRNZgGHy86It..&_gz=2.190250077.195087644.175979387-868069975.165188223&_bdsid=e87uh2.n~WLYCM.179843946.179343862&_bd_prev_page=https://www.host.interactivevillages.com/cart.htm?item/u76/33354/ HTTP/1.1" 200 27281 "-" "Mozilla/5.0 (compatible; Googlebot/2.1; +http://www.google.com/bot.html)"
54.164.180.114 - - [23/Feb/2025:07:22:31 -0500] "GET /envelope/r20?pid=17320/help/help_04_2.html/help/help_04_2.html HTTP/1.1" 200 155800 "-" "Mozilla/5.0 (Linux; Android 6.0.1; Nexus 5X Build/MMB29P) AppleWebKit/537.36 (KHTML, like Gecko) Chrome/133.0.6943.53 Mobile Safari/537.36 (compatible; GoogleOther) X-Middleton/1"
54.164.180.114 - - [23/Feb/2025:07:22:33 -0500] "GET /m214013953?file=%2Fhome%2Fguitarlisty%2Fpublic_html%2F.%2Fabout.php HTTP/1.1" 200 11249 "-" "Mozilla/5.0 AppleWebKit/537.36 (KHTML, like Gecko; compatible; ClaudeBot/1.0; +claudebot@anthropic.com) X-Middleton/1"
54.164.180.114 - - [23/Feb/2025:07:22:33 -0500] "GET /m043016908?srsltid=AfmBOoLoQQDCCyrxztMopA_X7HeTQau4v_UbG58a0O-Z-8q39VtHXO HTTP/1.1" 200 43282 "-" "Mozilla/5.0 AppleWebKit/537.36 (KHTML, like Gecko; compatible; ClaudeBot/1.0; +claudebot@anthropic.com) X-Middleton/1"
3.94.247.247 - - [23/Feb/2025:07:22:34 -0500] "GET /marker/v295?ynzmini=%2Fhome%2Fguitarlisty%2Fpublic_html%2Fsym404%2Frpc-MyBB.txt404 HTTP/1.1" 200 6991 "-" "Mozilla/5.0 AppleWebKit/537.36 (KHTML, like Gecko; compatible; ClaudeBot/1.0; +claudebot@anthropic.com) X-Middleton/1"
3.81.214.139 - - [23/Feb/2025:07:22:34 -0500] "GET /though/h99?file=%2Fhome%2Fguitarlisty%2Fpublic_html%2Fwp-includes%2Ff2701 HTTP/1.1" 200 14244 "-" "Mozilla/5.0 AppleWebKit/537.36 (KHTML, like Gecko; compatible; ClaudeBot/1.0; +claudebot@anthropic.com) X-Middleton/1"
3.89.44.170 - - [23/Feb/2025:07:22:34 -0500] "GET /m/quarr12963336.html?file=/home/guitarlisty/public_html/wp-trackback.php HTTP/1.1" 404 11551 "-" "Mozilla/5.0 (Windows; U; Windows NT 6.1) AppleWebKit/526.3 (KHTML, like Gecko) Chrome/14.0.564.21 Safari/526.3 X-Middleton/1"
54.156.59.106 - - [23/Feb/2025:07:22:34 -0500] "GET /m130002501?ynzmini=%2Fhome%2Fguitarlisty%2Fpublic_html%2Fwp-admin%2F.. HTTP/1.1" 200 16403 "-" "Mozilla/5.0 AppleWebKit/537.36 (KHTML, like Gecko; compatible; ClaudeBot/1.0; +claudebot@anthropic.com) X-Middleton/1"
35.173.219.106 - - [23/Feb/2025:07:22:34 -0500] "GET /m/riot70526350.html HTTP/1.1" 200 43282 "-" "Mozilla/5.0 AppleWebKit/537.36 (KHTML, like Gecko; compatible; ClaudeBot/1.0; +claudebot@anthropic.com) X-Middleton/1"
54.226.129.235 - - [23/Feb/2025:07:22:35 -0500] "GET /m/human12949232.html?file=%2Fhome%2Fguitarlisty%2Fpublic_html%2Fwp-signup.php HTTP/1.1" 200 44271 "-" "Mozilla/5.0 AppleWebKit/537.36 (KHTML, like Gecko; compatible; ClaudeBot/1.0; +claudebot@anthropic.com) X-Middleton/1"
52.207.162.105 - - [23/Feb/2025:07:22:35 -0500] "GET /landmark/r20?pid=17320/help/help_04_2.html HTTP/1.1" 200 154280 "-" "Mozilla/5.0 (Linux; Android 6.0.1; Nexus 5X Build/MMB29P) AppleWebKit/537.36 (KHTML, like Gecko) Chrome/133.0.6943.53 Mobile Safari/537.36 (compatible; GoogleOther) X-Middleton/1"
98.83.220.235 - - [23/Feb/2025:07:22:35 -0500] "GET /his/w89?pid=38525 HTTP/1.1" 200 43281 "-" "Mozilla/5.0 AppleWebKit/537.36 (KHTML, like Gecko; compatible; ClaudeBot/1.0; +claudebot@anthropic.com) X-Middleton/1"
98.83.149.163 - - [23/Feb/2025:07:22:35 -0500] "GET /yamaha-f310-acoustic-guitar-review-2020/?ynzmini=/proc/fs HTTP/1.1" 200 6897 "-" "Mozilla/5.0 AppleWebKit/537.36 (KHTML, like Gecko; compatible; Amazonbot/0.1; +https://developer.amazon.com/support/amazonbot) Chrome/119.0.6045.214 Safari/537.36 X-Middleton/1"
54.157.220.176 - - [23/Feb/2025:07:22:36 -0500] "GET /m136026889?srsltid=AfmBOoKCXkDxCTvZxjeCCT_5c22K8a4JK_tzzkBj8f-D-EA6bL2Ab4 HTTP/1.1" 200 43282 "-" "Mozilla/5.0 AppleWebKit/537.36 (KHTML, like Gecko; compatible; ClaudeBot/1.0; +claudebot@anthropic.com) X-Middleton/1"
54.242.51.163 - - [23/Feb/2025:07:22:38 -0500] "GET /m/resem22526401.html?file=%2Fhome%2Fguitarlisty%2Fpublic_html%2Fxmlrpc.php HTTP/1.1" 200 9974 "-" "Mozilla/5.0 AppleWebKit/537.36 (KHTML, like Gecko; compatible; ClaudeBot/1.0; +claudebot@anthropic.com) X-Middleton/1"
52.207.162.105 - - [23/Feb/2025:07:22:38 -0500] "GET /m009025202?srsltid=AfmBOoWrgkniNoKDxdhpA0_iQAHchEVXZ_Ho8EvqFS-T-JHEA3Gt8p HTTP/1.1" 200 43282 "-" "Mozilla/5.0 AppleWebKit/537.36 (KHTML, like Gecko; compatible; ClaudeBot/1.0; +claudebot@anthropic.com) X-Middleton/1"
35.173.180.132 - - [23/Feb/2025:07:22:38 -0500] "GET /United/r20?pid=17320/help/help_04_2.html HTTP/1.1" 200 156251 "-" "Mozilla/5.0 (Linux; Android 6.0.1; Nexus 5X Build/MMB29P) AppleWebKit/537.36 (KHTML, like Gecko) Chrome/133.0.6943.53 Mobile Safari/537.36 (compatible; GoogleOther) X-Middleton/1"
54.158.139.140 - - [23/Feb/2025:07:22:39 -0500] "GET /layer/d151?edit=true&file=%2Fhome%2Fguitarlisty%2Fpublic_html%2Flicense.txt HTTP/1.1" 200 26573 "-" "Mozilla/5.0 AppleWebKit/537.36 (KHTML, like Gecko; compatible; ClaudeBot/1.0; +claudebot@anthropic.com) X-Middleton/1"
3.80.165.4 - - [23/Feb/2025:07:22:39 -0500] "GET /m103021900?srsltid=AfmBOosYeRNhlSWmFymGbn_sPwLJHYte0_TxoDFg2Y-V-o7xMfX895 HTTP/1.1" 200 43282 "-" "Mozilla/5.0 (Linux; Android 8.0; Pixel 2 Build/OPD3.170816.012) AppleWebKit/537.36 (KHTML, like Gecko) Chrome/72.0.3626.121 Mobile Safari/537.36 (compatible; EzoicBot-Nicheiq; +http://www.ezoic.com/bot) X-Middleton/1"
35.171.189.120 - - [23/Feb/2025:07:22:39 -0500] "GET /yamaha-f310-acoustic-guitar-review-2020/?rmfolder=/proc/fs HTTP/1.1" 500 45920 "-" "Mozilla/5.0 AppleWebKit/537.36 (KHTML, like Gecko; compatible; Amazonbot/0.1; +https://developer.amazon.com/support/amazonbot) Chrome/119.0.6045.214 Safari/537.36 X-Middleton/1"
18.232.117.100 - - [23/Feb/2025:07:22:39 -0500] "GET /m130002501?ynzmini=%2Fhome%2Fguitarlisty%2Fpublic_html%2Fwp-admin%2Fcss HTTP/1.1" 200 28980 "-" "Mozilla/5.0 AppleWebKit/537.36 (KHTML, like Gecko; compatible; ClaudeBot/1.0; +claudebot@anthropic.com) X-Middleton/1"
52.207.162.105 - - [23/Feb/2025:07:22:39 -0500] "GET /m/keepe32831090.html HTTP/1.1" 200 43282 "-" "Mozilla/5.0 AppleWebKit/537.36 (KHTML, like Gecko; compatible; ClaudeBot/1.0; +claudebot@anthropic.com) X-Middleton/1"
3.90.42.123 - - [23/Feb/2025:07:22:40 -0500] "GET /two/a199?pid=44595 HTTP/1.1" 200 43279 "-" "Mozilla/5.0 AppleWebKit/537.36 (KHTML, like Gecko; compatible; ClaudeBot/1.0; +claudebot@anthropic.com) X-Middleton/1"
35.175.240.220 - - [23/Feb/2025:07:22:40 -0500] "GET /m228026079?ynzmini=%2Fhome%2F%2Fguitarfuse HTTP/1.1" 200 6221 "-" "Mozilla/5.0 AppleWebKit/537.36 (KHTML, like Gecko; compatible; ClaudeBot/1.0; +claudebot@anthropic.com) X-Middleton/1"
3.81.214.139 - - [23/Feb/2025:07:22:42 -0500] "GET /grass/r20?pid=17320/shop/detail?shop_id=1/help/help_04_2.html/86699help/help_04_2.html HTTP/1.1" 200 148162 "-" "Mozilla/5.0 (Linux; Android 6.0.1; Nexus 5X Build/MMB29P) AppleWebKit/537.36 (KHTML, like Gecko) Chrome/133.0.6943.53 Mobile Safari/537.36 (compatible; GoogleOther) X-Middleton/1"
52.71.251.0 - - [23/Feb/2025:07:22:43 -0500] "GET /yamaha-f310-acoustic-guitar-review-2020/?ynzmini=/proc/fs/ HTTP/1.1" 200 6903 "-" "Mozilla/5.0 AppleWebKit/537.36 (KHTML, like Gecko; compatible; Amazonbot/0.1; +https://developer.amazon.com/support/amazonbot) Chrome/119.0.6045.214 Safari/537.36 X-Middleton/1"
54.164.180.114 - - [23/Feb/2025:07:22:43 -0500] "GET /pages.php?category/11381_14560_18000/1 HTTP/1.1" 200 43286 "-" "Mozilla/5.0 AppleWebKit/537.36 (KHTML, like Gecko; compatible; GPTBot/1.2; +https://openai.com/gptbot) X-Middleton/1"
35.173.219.106 - - [23/Feb/2025:07:22:43 -0500] "GET /m/assur21051377.html HTTP/1.1" 200 43282 "-" "Mozilla/5.0 AppleWebKit/537.36 (KHTML, like Gecko; compatible; ClaudeBot/1.0; +claudebot@anthropic.com) X-Middleton/1"
54.198.85.7 - - [23/Feb/2025:07:22:43 -0500] "GET /silent/a126?edit=true&file=%2Fhome%2Fguitarlisty%2Fpublic_html%2Fxmlrpc.php HTTP/1.1" 200 10150 "-" "Mozilla/5.0 AppleWebKit/537.36 (KHTML, like Gecko; compatible; ClaudeBot/1.0; +claudebot@anthropic.com) X-Middleton/1"
34.229.105.159 - - [23/Feb/2025:07:22:43 -0500] "GET /m147034812?srsltid=AfmBOoqWhfUGrHhEqVIurs_BtwdRSIow2_oUhLcElU-P-7OZeSbCUX HTTP/1.1" 200 43282 "-" "Mozilla/5.0 AppleWebKit/537.36 (KHTML, like Gecko; compatible; ClaudeBot/1.0; +claudebot@anthropic.com) X-Middleton/1"
54.198.7.139 - - [23/Feb/2025:07:22:44 -0500] "GET /though/h99?ynzmini=%2Fhome%2Fguitarlisty%2Fpublic_html%2Fwp-includes%2Fsitemaps HTTP/1.1" 200 10126 "-" "Mozilla/5.0 AppleWebKit/537.36 (KHTML, like Gecko; compatible; ClaudeBot/1.0; +claudebot@anthropic.com) X-Middleton/1"
66.249.68.1 - - [23/Feb/2025:07:22:44 -0500] "GET /equation/t60?pid=4282 HTTP/1.1" 200 25343 "-" "Mozilla/5.0 (Linux; Android 6.0.1; Nexus 5X Build/MMB29P) AppleWebKit/537.36 (KHTML, like Gecko) Chrome/133.0.6943.53 Mobile Safari/537.36 (compatible; Googlebot/2.1; +http://www.google.com/bot.html)"
3.80.165.4 - - [23/Feb/2025:07:22:44 -0500] "GET /m/unusu41909763.html?file=%2Fhome%2Fguitarlisty%2Fpublic_html%2Findex.php HTTP/1.1" 200 14269 "-" "Mozilla/5.0 AppleWebKit/537.36 (KHTML, like Gecko; compatible; ClaudeBot/1.0; +claudebot@anthropic.com) X-Middleton/1"
54.226.129.235 - - [23/Feb/2025:07:22:44 -0500] "GET /m/persp81882415.html HTTP/1.1" 500 45916 "-" "Mozilla/5.0 AppleWebKit/537.36 (KHTML, like Gecko; compatible; ClaudeBot/1.0; +claudebot@anthropic.com) X-Middleton/1"
98.83.220.235 - - [23/Feb/2025:07:22:45 -0500] "GET /stop/z35?ynzmini=%2Ftmp%2F.. HTTP/1.1" 200 10345 "-" "Mozilla/5.0 AppleWebKit/537.36 (KHTML, like Gecko; compatible; ClaudeBot/1.0; +claudebot@anthropic.com) X-Middleton/1"
54.242.51.163 - - [23/Feb/2025:07:22:45 -0500] "GET /poke/u165?pid=43923 HTTP/1.1" 200 43281 "-" "Mozilla/5.0 AppleWebKit/537.36 (KHTML, like Gecko; compatible; ClaudeBot/1.0; +claudebot@anthropic.com) X-Middleton/1"
50.17.142.168 - - [23/Feb/2025:07:22:45 -0500] "GET /set/f112?pid=198 HTTP/1.1" 200 43281 "-" "Mozilla/5.0 AppleWebKit/537.36 (KHTML, like Gecko; compatible; ClaudeBot/1.0; +claudebot@anthropic.com) X-Middleton/1"
3.90.39.225 - - [23/Feb/2025:07:22:45 -0500] "GET /versus/k149?pid=13883 HTTP/1.1" 200 147685 "-" "Mozilla/5.0 (Linux; Android 6.0.1; Nexus 5X Build/MMB29P) AppleWebKit/537.36 (KHTML, like Gecko) Chrome/133.0.6943.53 Mobile Safari/537.36 (compatible; GoogleOther) X-Middleton/1"
54.196.44.86 - - [23/Feb/2025:07:22:47 -0500] "GET /m153013526?srsltid=AfmBOoGaaeTTvowmwk4xAW_FtiYvUyuAj_jlkU5hHp-X-KbQtxf3Hp HTTP/1.1" 200 43284 "-" "Mozilla/5.0 (Linux; Android 8.0; Pixel 2 Build/OPD3.170816.012) AppleWebKit/537.36 (KHTML, like Gecko) Chrome/72.0.3626.121 Mobile Safari/537.36 (compatible; EzoicBot-Nicheiq; +http://www.ezoic.com/bot) X-Middleton/1"
54.198.248.107 - - [23/Feb/2025:07:22:47 -0500] "GET /yamaha-f310-acoustic-guitar-review-2020/?ynzmini=/proc/irq HTTP/1.1" 200 9584 "-" "Mozilla/5.0 AppleWebKit/537.36 (KHTML, like Gecko; compatible; Amazonbot/0.1; +https://developer.amazon.com/support/amazonbot) Chrome/119.0.6045.214 Safari/537.36 X-Middleton/1"
54.208.214.128 - - [23/Feb/2025:07:22:48 -0500] "GET /m/medal51305580.html HTTP/1.1" 200 43282 "-" "Mozilla/5.0 AppleWebKit/537.36 (KHTML, like Gecko; compatible; ClaudeBot/1.0; +claudebot@anthropic.com) X-Middleton/1"
3.87.139.20 - - [23/Feb/2025:07:22:49 -0500] "GET /apology/z245?ynzmini=%2Fhome%2F%2Fdanallen HTTP/1.1" 200 6213 "-" "Mozilla/5.0 AppleWebKit/537.36 (KHTML, like Gecko; compatible; ClaudeBot/1.0; +claudebot@anthropic.com) X-Middleton/1"
3.80.165.4 - - [23/Feb/2025:07:22:49 -0500] "GET /one/r20?pid=17320 HTTP/1.1" 200 148766 "-" "Mozilla/5.0 (Linux; Android 6.0.1; Nexus 5X Build/MMB29P) AppleWebKit/537.36 (KHTML, like Gecko) Chrome/133.0.6943.53 Mobile Safari/537.36 (compatible; GoogleOther) X-Middleton/1"
98.83.220.235 - - [23/Feb/2025:07:22:49 -0500] "GET /build/i6?ynzmini=%2Fhome%2F%2Fguitarlisty HTTP/1.1" 404 10802 "-" "Mozilla/5.0 AppleWebKit/537.36 (KHTML, like Gecko; compatible; ClaudeBot/1.0; +claudebot@anthropic.com) X-Middleton/1"
107.20.115.131 - - [23/Feb/2025:07:22:49 -0500] "GET /m/preju72846046.html?file=%2Fhome%2Fguitarlisty%2Fpublic_html%2Fradio.php HTTP/1.1" 200 11243 "-" "Mozilla/5.0 AppleWebKit/537.36 (KHTML, like Gecko; compatible; ClaudeBot/1.0; +claudebot@anthropic.com) X-Middleton/1"
3.92.71.7 - - [23/Feb/2025:07:22:50 -0500] "GET /m196032463?ynzmini=%2F%2Froot HTTP/1.1" 200 6136 "-" "Mozilla/5.0 AppleWebKit/537.36 (KHTML, like Gecko; compatible; ClaudeBot/1.0; +claudebot@anthropic.com) X-Middleton/1"
35.173.180.132 - - [23/Feb/2025:07:22:50 -0500] "GET /change/i55?pid=11685 HTTP/1.1" 200 43282 "-" "Mozilla/5.0 AppleWebKit/537.36 (KHTML, like Gecko; compatible; ClaudeBot/1.0; +claudebot@anthropic.com) X-Middleton/1"
34.229.105.159 - - [23/Feb/2025:07:22:50 -0500] "GET /major/c43?pid=45481 HTTP/1.1" 200 43282 "-" "Mozilla/5.0 AppleWebKit/537.36 (KHTML, like Gecko; compatible; ClaudeBot/1.0; +claudebot@anthropic.com) X-Middleton/1"
34.226.215.117 - - [23/Feb/2025:07:22:51 -0500] "GET /m/quarr12963336.html?ynzmini=/home/guitarlisty/public_html/wp-admin HTTP/1.1" 200 28293 "-" "Mozilla/5.0 (Windows NT 5.1; rv:6.0) Gecko/20100101 Firefox/6.0 FirePHP/0.6 X-Middleton/1"
3.81.214.139 - - [23/Feb/2025:07:22:51 -0500] "GET /yamaha-f310-acoustic-guitar-review-2020/?ynzmini=/proc/net HTTP/1.1" 200 14469 "-" "Mozilla/5.0 AppleWebKit/537.36 (KHTML, like Gecko; compatible; Amazonbot/0.1; +https://developer.amazon.com/support/amazonbot) Chrome/119.0.6045.214 Safari/537.36 X-Middleton/1"
18.209.166.209 - - [23/Feb/2025:07:22:52 -0500] "GET /full/r20?pid=17320/shop/detail?shop_id=1 HTTP/1.1" 200 148275 "-" "Mozilla/5.0 (Linux; Android 6.0.1; Nexus 5X Build/MMB29P) AppleWebKit/537.36 (KHTML, like Gecko) Chrome/133.0.6943.53 Mobile Safari/537.36 (compatible; GoogleOther) X-Middleton/1"
54.198.124.77 - - [23/Feb/2025:07:22:53 -0500] "GET /m/polic10264152.html HTTP/1.1" 500 45915 "-" "Mozilla/5.0 AppleWebKit/537.36 (KHTML, like Gecko; compatible; ClaudeBot/1.0; +claudebot@anthropic.com) X-Middleton/1"
52.71.251.0 - - [23/Feb/2025:07:22:54 -0500] "GET /m096026145?rmfolder=%2Fhome%2Fguitarlisty%2Fpublic_html%2F.. HTTP/1.1" 200 43279 "-" "Mozilla/5.0 AppleWebKit/537.36 (KHTML, like Gecko; compatible; ClaudeBot/1.0; +claudebot@anthropic.com) X-Middleton/1"
3.81.110.12 - - [23/Feb/2025:07:22:54 -0500] "GET /m268024909?ynzmini=%2Fhome%2Fguitarlisty%2F%2Flogs HTTP/1.1" 200 7579 "-" "Mozilla/5.0 AppleWebKit/537.36 (KHTML, like Gecko; compatible; ClaudeBot/1.0; +claudebot@anthropic.com) X-Middleton/1"
3.81.133.169 - - [23/Feb/2025:07:22:55 -0500] "GET /out/a85?ynzmini=%2Fhome%2F%2Fmpercy HTTP/1.1" 200 6205 "-" "Mozilla/5.0 AppleWebKit/537.36 (KHTML, like Gecko; compatible; ClaudeBot/1.0; +claudebot@anthropic.com) X-Middleton/1"
54.198.7.139 - - [23/Feb/2025:07:22:55 -0500] "GET /m120005821?ynzmini=%2Fhome%2Fguitarlisty%2Fpublic_html%2Fwp-includes%2Fcss HTTP/1.1" 200 17175 "-" "Mozilla/5.0 AppleWebKit/537.36 (KHTML, like Gecko; compatible; ClaudeBot/1.0; +claudebot@anthropic.com) X-Middleton/1"
54.162.136.253 - - [23/Feb/2025:07:22:55 -0500] "GET /m251049214?srsltid=AfmBOoPrqrvZvAaF3vLloP_iWRLkXqL7a_J7Is0kIM-Z-lwz9l0SQf HTTP/1.1" 200 43286 "-" "Mozilla/5.0 (Linux; Android 8.0; Pixel 2 Build/OPD3.170816.012) AppleWebKit/537.36 (KHTML, like Gecko) Chrome/72.0.3626.121 Mobile Safari/537.36 (compatible; EzoicBot-Nicheiq; +http://www.ezoic.com/bot) X-Middleton/1"
54.158.15.14 - - [23/Feb/2025:07:22:55 -0500] "GET /m283039104?ynzmini=%2Fhome%2F%2Fvirtfs HTTP/1.1" 200 6205 "-" "Mozilla/5.0 AppleWebKit/537.36 (KHTML, like Gecko; compatible; ClaudeBot/1.0; +claudebot@anthropic.com) X-Middleton/1"
54.208.214.128 - - [23/Feb/2025:07:22:55 -0500] "GET /yamaha-f310-acoustic-guitar-review-2020/?ynzmini=/proc/sys HTTP/1.1" 200 7921 "-" "Mozilla/5.0 AppleWebKit/537.36 (KHTML, like Gecko; compatible; Amazonbot/0.1; +https://developer.amazon.com/support/amazonbot) Chrome/119.0.6045.214 Safari/537.36 X-Middleton/1"
54.162.136.253 - - [23/Feb/2025:07:22:55 -0500] "GET /heavy/w143?pid=9549 HTTP/1.1" 200 43282 "-" "Mozilla/5.0 AppleWebKit/537.36 (KHTML, like Gecko; compatible; ClaudeBot/1.0; +claudebot@anthropic.com) X-Middleton/1"
54.198.85.7 - - [23/Feb/2025:07:22:56 -0500] "GET /increase/r20?pid=17320/shop/detail?shop_id=1/help/help_04_2.html HTTP/1.1" 200 164148 "-" "Mozilla/5.0 (Linux; Android 6.0.1; Nexus 5X Build/MMB29P) AppleWebKit/537.36 (KHTML, like Gecko) Chrome/133.0.6943.53 Mobile Safari/537.36 (compatible; GoogleOther) X-Middleton/1"
35.173.180.132 - - [23/Feb/2025:07:22:58 -0500] "GET /m/downl41981827.html HTTP/1.1" 500 45916 "-" "Mozilla/5.0 AppleWebKit/537.36 (KHTML, like Gecko; compatible; ClaudeBot/1.0; +claudebot@anthropic.com) X-Middleton/1"
3.81.58.205 - - [23/Feb/2025:07:22:59 -0500] "GET /m205049320?ynzmini=%2Fhome%2Fguitarlisty%2Fpublic_html%2F123%2F HTTP/1.1" 200 8374 "-" "Mozilla/5.0 AppleWebKit/537.36 (KHTML, like Gecko; compatible; ClaudeBot/1.0; +claudebot@anthropic.com) X-Middleton/1"
35.173.180.132 - - [23/Feb/2025:07:22:59 -0500] "GET /table/r20?pid=17320 HTTP/1.1" 200 141656 "-" "Mozilla/5.0 (Linux; Android 6.0.1; Nexus 5X Build/MMB29P) AppleWebKit/537.36 (KHTML, like Gecko) Chrome/133.0.6943.53 Mobile Safari/537.36 (compatible; GoogleOther) X-Middleton/1"
54.144.101.254 - - [23/Feb/2025:07:22:59 -0500] "GET /yamaha-f310-acoustic-guitar-review-2020/?ynzmini=/proc/tty HTTP/1.1" 200 7057 "-" "Mozilla/5.0 AppleWebKit/537.36 (KHTML, like Gecko; compatible; Amazonbot/0.1; +https://developer.amazon.com/support/amazonbot) Chrome/119.0.6045.214 Safari/537.36 X-Middleton/1"
54.242.51.163 - - [23/Feb/2025:07:22:59 -0500] "GET /jar/e269?file=%2Fhome%2Fguitarlisty%2Fpublic_html%2F123%2Findex.php HTTP/1.1" 200 8311 "-" "Mozilla/5.0 AppleWebKit/537.36 (KHTML, like Gecko; compatible; ClaudeBot/1.0; +claudebot@anthropic.com) X-Middleton/1"
54.162.136.253 - - [23/Feb/2025:07:23:00 -0500] "GET /m286001297?rmfolder=%2Ftmp HTTP/1.1" 200 43282 "-" "Mozilla/5.0 AppleWebKit/537.36 (KHTML, like Gecko; compatible; ClaudeBot/1.0; +claudebot@anthropic.com) X-Middleton/1"
34.229.105.159 - - [23/Feb/2025:07:23:00 -0500] "GET /join/t276?ynzmini=%2Fhome%2Fguitarlisty%2F%2F.trash HTTP/1.1" 200 6808 "-" "Mozilla/5.0 AppleWebKit/537.36 (KHTML, like Gecko; compatible; ClaudeBot/1.0; +claudebot@anthropic.com) X-Middleton/1"
18.212.120.70 - - [23/Feb/2025:07:23:00 -0500] "GET /sweat/u139?pid=45527 HTTP/1.1" 200 43281 "-" "Mozilla/5.0 AppleWebKit/537.36 (KHTML, like Gecko; compatible; ClaudeBot/1.0; +claudebot@anthropic.com) X-Middleton/1"
18.212.120.70 - - [23/Feb/2025:07:23:02 -0500] "GET /defense/r20?pid=17320/help/help_04_2.html/help/help_04_2.html HTTP/1.1" 200 161018 "-" "Mozilla/5.0 (Linux; Android 6.0.1; Nexus 5X Build/MMB29P) AppleWebKit/537.36 (KHTML, like Gecko) Chrome/133.0.6943.53 Mobile Safari/537.36 (compatible; GoogleOther) X-Middleton/1"
54.144.101.254 - - [23/Feb/2025:07:23:03 -0500] "GET /m010043729?srsltid=AfmBOotruzJEZgmiYNdr4m_iIhlyax4Mr_2mQY48UZ-Z-uVE2b1KBt HTTP/1.1" 200 43286 "-" "Mozilla/5.0 (Linux; Android 8.0; Pixel 2 Build/OPD3.170816.012) AppleWebKit/537.36 (KHTML, like Gecko) Chrome/72.0.3626.121 Mobile Safari/537.36 (compatible; EzoicBot-Nicheiq; +http://www.ezoic.com/bot) X-Middleton/1"
52.205.171.15 - - [23/Feb/2025:07:23:03 -0500] "GET /yamaha-f310-acoustic-guitar-review-2020/?ynzmini=/proc/20 HTTP/1.1" 404 13788 "-" "Mozilla/5.0 AppleWebKit/537.36 (KHTML, like Gecko; compatible; Amazonbot/0.1; +https://developer.amazon.com/support/amazonbot) Chrome/119.0.6045.214 Safari/537.36 X-Middleton/1"
3.87.139.20 - - [23/Feb/2025:07:23:03 -0500] "GET /bring/y282?ynzmini=%2Fhome%2Fguitarlisty%2Fpublic_html%2Fsym404%2F HTTP/1.1" 404 265759 "-" "Mozilla/5.0 AppleWebKit/537.36 (KHTML, like Gecko; compatible; ClaudeBot/1.0; +claudebot@anthropic.com) X-Middleton/1"
184.72.213.252 - - [23/Feb/2025:07:23:04 -0500] "GET /range/w166?file=%2Fhome%2Fguitarlisty%2Fpublic_html%2F.%2Fabout.php HTTP/1.1" 200 11249 "-" "Mozilla/5.0 AppleWebKit/537.36 (KHTML, like Gecko; compatible; ClaudeBot/1.0; +claudebot@anthropic.com) X-Middleton/1"
3.81.58.205 - - [23/Feb/2025:07:23:04 -0500] "GET /m280047515?ynzmini=%2Fhome%2Fguitarlisty%2Fpublic_html%2F289f6%2F.. HTTP/1.1" 200 16232 "-" "Mozilla/5.0 AppleWebKit/537.36 (KHTML, like Gecko; compatible; ClaudeBot/1.0; +claudebot@anthropic.com) X-Middleton/1"
18.209.166.209 - - [23/Feb/2025:07:23:05 -0500] "GET /and/g216?file=%2Fhome%2Fguitarlisty%2Fpublic_html%2Fwp-content%2F10613e HTTP/1.1" 200 14244 "-" "Mozilla/5.0 AppleWebKit/537.36 (KHTML, like Gecko; compatible; ClaudeBot/1.0; +claudebot@anthropic.com) X-Middleton/1"
54.208.214.128 - - [23/Feb/2025:07:23:05 -0500] "GET /m039044352?file=%2Fhome%2Fguitarlisty%2Fpublic_html%2F%2Fitem.php HTTP/1.1" 200 8728 "-" "Mozilla/5.0 AppleWebKit/537.36 (KHTML, like Gecko; compatible; ClaudeBot/1.0; +claudebot@anthropic.com) X-Middleton/1"
35.173.219.106 - - [23/Feb/2025:07:23:05 -0500] "GET /perform/o228?pid=43946 HTTP/1.1" 200 43282 "-" "Mozilla/5.0 AppleWebKit/537.36 (KHTML, like Gecko; compatible; ClaudeBot/1.0; +claudebot@anthropic.com) X-Middleton/1"
3.81.110.12 - - [23/Feb/2025:07:23:06 -0500] "GET /m/rap31475882.html?file=/home/guitarlisty/public_html/xmlrpc.php HTTP/1.1" 200 9974 "-" "Mozilla/5.0 (X11; Ubuntu; Linux i686; rv:15.0) Gecko/20100101 Firefox/15.0.1 X-Middleton/1"
54.162.136.253 - - [23/Feb/2025:07:23:06 -0500] "GET /wait/r20?pid=17320/shop/detail?shop_id=1 HTTP/1.1" 200 149928 "-" "Mozilla/5.0 (Linux; Android 6.0.1; Nexus 5X Build/MMB29P) AppleWebKit/537.36 (KHTML, like Gecko) Chrome/133.0.6943.53 Mobile Safari/537.36 (compatible; GoogleOther) X-Middleton/1"
23.22.111.12 - - [23/Feb/2025:07:23:07 -0500] "GET /yamaha-f310-acoustic-guitar-review-2020/?ynzmini=/proc/201 HTTP/1.1" 200 13844 "-" "Mozilla/5.0 AppleWebKit/537.36 (KHTML, like Gecko; compatible; Amazonbot/0.1; +https://developer.amazon.com/support/amazonbot) Chrome/119.0.6045.214 Safari/537.36 X-Middleton/1"
23.22.111.12 - - [23/Feb/2025:07:23:08 -0500] "GET /m026042477?file=%2Fhome%2Fguitarlisty%2Fpublic_html%2F.%2Fdefaults.php HTTP/1.1" 404 8853 "-" "Mozilla/5.0 AppleWebKit/537.36 (KHTML, like Gecko; compatible; ClaudeBot/1.0; +claudebot@anthropic.com) X-Middleton/1"
54.162.136.253 - - [23/Feb/2025:07:23:09 -0500] "GET /bath/n68?file=%2Fhome%2Fguitarlisty%2Fpublic_html%2Fwp-includes%2F1519a90f HTTP/1.1" 200 14253 "-" "Mozilla/5.0 AppleWebKit/537.36 (KHTML, like Gecko; compatible; ClaudeBot/1.0; +claudebot@anthropic.com) X-Middleton/1"
3.92.71.7 - - [23/Feb/2025:07:23:09 -0500] "GET /define/b219?file=%2Fhome%2Fguitarlisty%2Fpublic_html%2F%2Flicense.txt HTTP/1.1" 404 26288 "-" "Mozilla/5.0 AppleWebKit/537.36 (KHTML, like Gecko; compatible; ClaudeBot/1.0; +claudebot@anthropic.com) X-Middleton/1"
34.226.215.117 - - [23/Feb/2025:07:23:10 -0500] "GET /m251032782?file=%2Fhome%2Fguitarlisty%2Fpublic_html%2Fwp-includes%2F6d7f HTTP/1.1" 200 14241 "-" "Mozilla/5.0 AppleWebKit/537.36 (KHTML, like Gecko; compatible; ClaudeBot/1.0; +claudebot@anthropic.com) X-Middleton/1"
54.198.85.7 - - [23/Feb/2025:07:23:09 -0500] "GET /m/arm30580298.html HTTP/1.1" 200 43279 "-" "Mozilla/5.0 AppleWebKit/537.36 (KHTML, like Gecko; compatible; ClaudeBot/1.0; +claudebot@anthropic.com) X-Middleton/1"
54.209.250.19 - - [23/Feb/2025:07:23:10 -0500] "GET /crisis/a135?ynzmini=%2Fhome%2Fguitarlisty%2Fpublic_html%2F289f6%2F. HTTP/1.1" 200 7076 "-" "Mozilla/5.0 AppleWebKit/537.36 (KHTML, like Gecko; compatible; ClaudeBot/1.0; +claudebot@anthropic.com) X-Middleton/1"
54.162.136.253 - - [23/Feb/2025:07:23:10 -0500] "GET /accomplishment/f20?pid=33328/help/help_04_2.html/help/help_04_2.html HTTP/1.1" 200 150488 "-" "Mozilla/5.0 (Linux; Android 6.0.1; Nexus 5X Build/MMB29P) AppleWebKit/537.36 (KHTML, like Gecko) Chrome/133.0.6943.53 Mobile Safari/537.36 (compatible; GoogleOther) X-Middleton/1"
3.90.42.123 - - [23/Feb/2025:07:23:10 -0500] "GET /aluminum/f263?pid=2749 HTTP/1.1" 200 43279 "-" "Mozilla/5.0 AppleWebKit/537.36 (KHTML, like Gecko; compatible; ClaudeBot/1.0; +claudebot@anthropic.com) X-Middleton/1"
3.87.139.20 - - [23/Feb/2025:07:23:11 -0500] "GET /m090023295?srsltid=AfmBOolTUswKrjGz1pfa2e_2ThOHy5ywk_3u58hSht-R-vBgAgx96Y HTTP/1.1" 200 43283 "-" "Mozilla/5.0 (Linux; Android 8.0; Pixel 2 Build/OPD3.170816.012) AppleWebKit/537.36 (KHTML, like Gecko) Chrome/72.0.3626.121 Mobile Safari/537.36 (compatible; EzoicBot-Nicheiq; +http://www.ezoic.com/bot) X-Middleton/1"
54.156.59.106 - - [23/Feb/2025:07:23:11 -0500] "GET /yamaha-f310-acoustic-guitar-review-2020/?file=/proc/201/io HTTP/1.1" 200 6291 "-" "Mozilla/5.0 AppleWebKit/537.36 (KHTML, like Gecko; compatible; Amazonbot/0.1; +https://developer.amazon.com/support/amazonbot) Chrome/119.0.6045.214 Safari/537.36 X-Middleton/1"
54.242.51.163 - - [23/Feb/2025:07:23:11 -0500] "GET /m247025484?ynzmini=%2F%2Fboot HTTP/1.1" 200 11038 "-" "Mozilla/5.0 AppleWebKit/537.36 (KHTML, like Gecko; compatible; ClaudeBot/1.0; +claudebot@anthropic.com) X-Middleton/1"
54.164.180.114 - - [23/Feb/2025:07:23:13 -0500] "GET /m177036940?ynzmini=%2Fhome%2Fguitarlisty%2Fpublic_html%2F..%2F.koality HTTP/1.1" 200 7088 "-" "Mozilla/5.0 AppleWebKit/537.36 (KHTML, like Gecko; compatible; ClaudeBot/1.0; +claudebot@anthropic.com) X-Middleton/1"
35.175.240.220 - - [23/Feb/2025:07:23:13 -0500] "GET /?_g=25215991 HTTP/1.1" 200 143649 "-" "Mozilla/5.0 (Linux; Android 6.0.1; Nexus 5X Build/MMB29P) AppleWebKit/537.36 (KHTML, like Gecko) Chrome/133.0.6943.53 Mobile Safari/537.36 (compatible; Googlebot/2.1; +http://www.google.com/bot.html) X-Middleton/1"
52.71.251.0 - - [23/Feb/2025:07:23:14 -0500] "GET /bath/n68?file=%2Fhome%2Fguitarlisty%2Fpublic_html%2Fwp-includes%2Fatomlib.php HTTP/1.1" 200 19237 "-" "Mozilla/5.0 AppleWebKit/537.36 (KHTML, like Gecko; compatible; ClaudeBot/1.0; +claudebot@anthropic.com) X-Middleton/1"
54.198.7.139 - - [23/Feb/2025:07:23:14 -0500] "GET /m201017206?file=%2Fhome%2Fguitarlisty%2Fpublic_html%2Fwp-includes%2F6d7f HTTP/1.1" 200 14241 "-" "Mozilla/5.0 AppleWebKit/537.36 (KHTML, like Gecko; compatible; ClaudeBot/1.0; +claudebot@anthropic.com) X-Middleton/1"
54.198.85.7 - - [23/Feb/2025:07:23:14 -0500] "GET /m/atomi10926992.html HTTP/1.1" 500 45913 "-" "Mozilla/5.0 AppleWebKit/537.36 (KHTML, like Gecko; compatible; ClaudeBot/1.0; +claudebot@anthropic.com) X-Middleton/1"
54.158.15.14 - - [23/Feb/2025:07:23:15 -0500] "GET /m058042029?ynzmini=%2Fhome%2Fguitarlisty%2Fpublic_html%2F..%2Faccess-logs HTTP/1.1" 200 7341 "-" "Mozilla/5.0 AppleWebKit/537.36 (KHTML, like Gecko; compatible; ClaudeBot/1.0; +claudebot@anthropic.com) X-Middleton/1"
35.173.180.132 - - [23/Feb/2025:07:23:14 -0500] "GET /enthusiasm/r20?pid=17320/shop/detail?shop_id=1/help/help_04_2.html HTTP/1.1" 200 457233 "-" "Mozilla/5.0 (Linux; Android 6.0.1; Nexus 5X Build/MMB29P) AppleWebKit/537.36 (KHTML, like Gecko) Chrome/133.0.6943.53 Mobile Safari/537.36 (compatible; GoogleOther) X-Middleton/1"
98.83.149.163 - - [23/Feb/2025:07:23:15 -0500] "GET /m/laugh41652227.html?file=%2Fhome%2Fguitarlisty%2Fpublic_html%2Finisim.php HTTP/1.1" 200 159612 "-" "Mozilla/5.0 AppleWebKit/537.36 (KHTML, like Gecko; compatible; ClaudeBot/1.0; +claudebot@anthropic.com) X-Middleton/1"
54.158.139.140 - - [23/Feb/2025:07:23:15 -0500] "GET /yamaha-f310-acoustic-guitar-review-2020/?ynzmini=/proc/206 HTTP/1.1" 200 13844 "-" "Mozilla/5.0 AppleWebKit/537.36 (KHTML, like Gecko; compatible; Amazonbot/0.1; +https://developer.amazon.com/support/amazonbot) Chrome/119.0.6045.214 Safari/537.36 X-Middleton/1"
35.173.219.106 - - [23/Feb/2025:07:23:16 -0500] "GET /m211039458?ynzmini=%2F%2Fmnt HTTP/1.1" 200 6380 "-" "Mozilla/5.0 AppleWebKit/537.36 (KHTML, like Gecko; compatible; ClaudeBot/1.0; +claudebot@anthropic.com) X-Middleton/1"
3.81.110.12 - - [23/Feb/2025:07:23:16 -0500] "GET /m072017819?ynzmini=%2Fhome%2Fguitarlisty%2Fpublic_html%2F%2Fwp-admin HTTP/1.1" 200 28411 "-" "Mozilla/5.0 AppleWebKit/537.36 (KHTML, like Gecko; compatible; ClaudeBot/1.0; +claudebot@anthropic.com) X-Middleton/1"
54.198.85.7 - - [23/Feb/2025:07:23:17 -0500] "GET /head/n53?pid=253 HTTP/1.1" 200 143187 "-" "Mozilla/5.0 (compatible; Googlebot/2.1; +http://www.google.com/bot.html) X-Middleton/1"
3.90.42.123 - - [23/Feb/2025:07:23:18 -0500] "GET /route/c297?file=%2Fhome%2Fguitarlisty%2Fpublic_html%2F%2Fwp-links-opml.php HTTP/1.1" 404 9312 "-" "Mozilla/5.0 AppleWebKit/537.36 (KHTML, like Gecko; compatible; ClaudeBot/1.0; +claudebot@anthropic.com) X-Middleton/1"
3.94.247.247 - - [23/Feb/2025:07:23:18 -0500] "GET /herself/r20?pid=17320/shop/detail?shop_id=1/help/help_04_2.html HTTP/1.1" 200 144509 "-" "Mozilla/5.0 (Linux; Android 6.0.1; Nexus 5X Build/MMB29P) AppleWebKit/537.36 (KHTML, like Gecko) Chrome/133.0.6943.53 Mobile Safari/537.36 (compatible; GoogleOther) X-Middleton/1"
52.205.171.15 - - [23/Feb/2025:07:23:18 -0500] "GET /pages.php?6msd15157.html HTTP/1.1" 500 45915 "-" "Mozilla/5.0 AppleWebKit/537.36 (KHTML, like Gecko; compatible; GPTBot/1.2; +https://openai.com/gptbot) X-Middleton/1"
3.81.214.139 - - [23/Feb/2025:07:23:19 -0500] "GET /television/e274?pid=25240 HTTP/1.1" 200 43284 "-" "Mozilla/5.0 (Linux; Android 8.0; Pixel 2 Build/OPD3.170816.012) AppleWebKit/537.36 (KHTML, like Gecko) Chrome/72.0.3626.121 Mobile Safari/537.36 (compatible; EzoicBot-Nicheiq; +http://www.ezoic.com/bot) X-Middleton/1"
54.198.248.107 - - [23/Feb/2025:07:23:19 -0500] "GET /yamaha-f310-acoustic-guitar-review-2020/?file=/proc/206/io HTTP/1.1" 404 6291 "-" "Mozilla/5.0 AppleWebKit/537.36 (KHTML, like Gecko; compatible; Amazonbot/0.1; +https://developer.amazon.com/support/amazonbot) Chrome/119.0.6045.214 Safari/537.36 X-Middleton/1"
18.212.120.70 - - [23/Feb/2025:07:23:19 -0500] "GET /m/impos72333406.html HTTP/1.1" 200 43281 "-" "Mozilla/5.0 AppleWebKit/537.36 (KHTML, like Gecko; compatible; ClaudeBot/1.0; +claudebot@anthropic.com) X-Middleton/1"
23.22.111.12 - - [23/Feb/2025:07:23:20 -0500] "GET /m042014061?edit=true&file=%2Fhome%2Fguitarlisty%2Fpublic_html%2Fplugins.php HTTP/1.1" 200 8870 "-" "Mozilla/5.0 AppleWebKit/537.36 (KHTML, like Gecko; compatible; ClaudeBot/1.0; +claudebot@anthropic.com) X-Middleton/1"
18.209.166.209 - - [23/Feb/2025:07:23:20 -0500] "GET /Dutch/o272?edit=true&file=%2Fhome%2Fguitarlisty%2Fpublic_html%2Fwp-load.php HTTP/1.1" 200 10664 "-" "Mozilla/5.0 AppleWebKit/537.36 (KHTML, like Gecko; compatible; ClaudeBot/1.0; +claudebot@anthropic.com) X-Middleton/1"
35.173.219.106 - - [23/Feb/2025:07:23:19 -0500] "GET /product/edit/b000h308p2 HTTP/1.1" 200 470155 "-" "Mozilla/5.0 (Linux; Android 6.0.1; Nexus 5X Build/MMB29P) AppleWebKit/537.36 (KHTML, like Gecko) Chrome/133.0.6943.126 Mobile Safari/537.36 (compatible; Googlebot/2.1; +http://www.google.com/bot.html) X-Middleton/1"
3.80.165.4 - - [23/Feb/2025:07:23:21 -0500] "GET /fate/t140?ynzmini=%2F%2Fhome2 HTTP/1.1" 200 7898 "-" "Mozilla/5.0 AppleWebKit/537.36 (KHTML, like Gecko; compatible; ClaudeBot/1.0; +claudebot@anthropic.com) X-Middleton/1"
18.232.117.100 - - [23/Feb/2025:07:23:21 -0500] "GET /m091046140?ynzmini=%2Fhome%2Fguitarlisty%2Fpublic_html%2Fsym404%2Fhalt-Ellislab.txt404 HTTP/1.1" 200 7021 "-" "Mozilla/5.0 AppleWebKit/537.36 (KHTML, like Gecko; compatible; ClaudeBot/1.0; +claudebot@anthropic.com) X-Middleton/1"
3.82.56.176 - - [23/Feb/2025:07:23:22 -0500] "GET /home/000~ROOT~000/sys/kernel/slab/dma-kmalloc-512/shrink HTTP/1.1" 403 43279 "-" "Mozilla/5.0 (Linux; Android 5.0) AppleWebKit/537.36 (KHTML, like Gecko) Mobile Safari/537.36 (compatible; Bytespider; spider-feedback@bytedance.com) X-Middleton/1"
54.242.51.163 - - [23/Feb/2025:07:23:22 -0500] "GET /m/trium10325872.html?s=f6zPYkROo HTTP/1.1" 200 43285 "-" "Mozilla/5.0 (compatible; SemrushBot/7~bl; +http://www.semrush.com/bot.html) X-Middleton/1"
3.81.214.139 - - [23/Feb/2025:07:23:22 -0500] "GET /stable/k149?pid=10191/help/help_04_2.html/shop/detail?shop_id=1 HTTP/1.1" 200 140668 "-" "Mozilla/5.0 (Linux; Android 6.0.1; Nexus 5X Build/MMB29P) AppleWebKit/537.36 (KHTML, like Gecko) Chrome/133.0.6943.53 Mobile Safari/537.36 (compatible; GoogleOther) X-Middleton/1"
66.249.68.67 - - [23/Feb/2025:07:23:23 -0500] "GET /item/model80148695.html?s=fLS9AFuOy/86699help/help_04_2.html HTTP/1.1" 200 26799 "-" "Mozilla/5.0 (Linux; Android 6.0.1; Nexus 5X Build/MMB29P) AppleWebKit/537.36 (KHTML, like Gecko) Chrome/133.0.6943.53 Mobile Safari/537.36 (compatible; Googlebot/2.1; +http://www.google.com/bot.html)"
54.156.59.106 - - [23/Feb/2025:07:23:23 -0500] "GET /yamaha-f310-acoustic-guitar-review-2020/?ynzmini=/proc/21 HTTP/1.1" 200 13788 "-" "Mozilla/5.0 AppleWebKit/537.36 (KHTML, like Gecko; compatible; Amazonbot/0.1; +https://developer.amazon.com/support/amazonbot) Chrome/119.0.6045.214 Safari/537.36 X-Middleton/1"
54.226.129.235 - - [23/Feb/2025:07:23:23 -0500] "GET /curve/z77?ynzmini=%2Fhome%2Fguitarlisty%2Fpublic_html%2F..%2Fwordpress-backups HTTP/1.1" 200 7151 "-" "Mozilla/5.0 AppleWebKit/537.36 (KHTML, like Gecko; compatible; ClaudeBot/1.0; +claudebot@anthropic.com) X-Middleton/1"
54.226.129.235 - - [23/Feb/2025:07:23:24 -0500] "GET /m/sheep12929672.html?file=/home/guitarlisty/public_html/wp-mail.php HTTP/1.1" 200 15188 "-" "Mozilla/5.0 (Windows; U; Windows NT 6.1; en-US) AppleWebKit/532.0 (KHTML, like Gecko) Chrome/4.0.211.4 Safari/532.0 X-Middleton/1"
54.158.15.14 - - [23/Feb/2025:07:23:24 -0500] "GET /m/needy31410234.html HTTP/1.1" 500 45914 "-" "Mozilla/5.0 AppleWebKit/537.36 (KHTML, like Gecko; compatible; ClaudeBot/1.0; +claudebot@anthropic.com) X-Middleton/1"
3.81.58.205 - - [23/Feb/2025:07:23:25 -0500] "GET /m241007584?file=%2Fhome%2Fguitarlisty%2Fpublic_html%2Fwp-includes%2F2dc4f17d HTTP/1.1" 200 14253 "-" "Mozilla/5.0 AppleWebKit/537.36 (KHTML, like Gecko; compatible; ClaudeBot/1.0; +claudebot@anthropic.com) X-Middleton/1"
35.171.189.120 - - [23/Feb/2025:07:23:25 -0500] "GET /prior/q278?file=%2F%2Fsbin%2Fagetty HTTP/1.1" 200 6294 "-" "Mozilla/5.0 AppleWebKit/537.36 (KHTML, like Gecko; compatible; ClaudeBot/1.0; +claudebot@anthropic.com) X-Middleton/1"
52.71.251.0 - - [23/Feb/2025:07:23:26 -0500] "GET /star/r20?pid=17320/shop/detail?shop_id=1/help/help_04_2.html HTTP/1.1" 200 152561 "-" "Mozilla/5.0 (Linux; Android 6.0.1; Nexus 5X Build/MMB29P) AppleWebKit/537.36 (KHTML, like Gecko) Chrome/133.0.6943.53 Mobile Safari/537.36 (compatible; GoogleOther) X-Middleton/1"
54.144.101.254 - - [23/Feb/2025:07:23:26 -0500] "GET /pro/z115?ynzmini=%2Fhome%2Fguitarlisty%2Fpublic_html%2F..%2F. HTTP/1.1" 200 11557 "-" "Mozilla/5.0 AppleWebKit/537.36 (KHTML, like Gecko; compatible; ClaudeBot/1.0; +claudebot@anthropic.com) X-Middleton/1"
3.80.165.4 - - [23/Feb/2025:07:23:26 -0500] "GET /m281049156?file=%2Fhome%2Fguitarlisty%2Fpublic_html%2Fwp-admin%2Fms-upgrade-network.php HTTP/1.1" 200 6660 "-" "Mozilla/5.0 AppleWebKit/537.36 (KHTML, like Gecko; compatible; ClaudeBot/1.0; +claudebot@anthropic.com) X-Middleton/1"
3.90.42.123 - - [23/Feb/2025:07:23:27 -0500] "GET /m207039848?srsltid=AfmBOoXaHybBMtaxIxYuol_HbhdzgFIXo_384Eyiqz-H-E4xDe7N3e HTTP/1.1" 200 43283 "-" "Mozilla/5.0 (Linux; Android 8.0; Pixel 2 Build/OPD3.170816.012) AppleWebKit/537.36 (KHTML, like Gecko) Chrome/72.0.3626.121 Mobile Safari/537.36 (compatible; EzoicBot-Nicheiq; +http://www.ezoic.com/bot) X-Middleton/1"
54.234.205.77 - - [23/Feb/2025:07:23:27 -0500] "GET /yamaha-f310-acoustic-guitar-review-2020/?file=/proc/21/io HTTP/1.1" 200 6288 "-" "Mozilla/5.0 AppleWebKit/537.36 (KHTML, like Gecko; compatible; Amazonbot/0.1; +https://developer.amazon.com/support/amazonbot) Chrome/119.0.6045.214 Safari/537.36 X-Middleton/1"
54.144.101.254 - - [23/Feb/2025:07:23:28 -0500] "GET /m/radia62383453.html?ynzmini=%2F HTTP/1.1" 200 10027 "-" "Mozilla/5.0 AppleWebKit/537.36 (KHTML, like Gecko; compatible; ClaudeBot/1.0; +claudebot@anthropic.com) X-Middleton/1"
54.208.214.128 - - [23/Feb/2025:07:23:29 -0500] "GET /m/fruit42116219.html HTTP/1.1" 500 45916 "-" "Mozilla/5.0 AppleWebKit/537.36 (KHTML, like Gecko; compatible; ClaudeBot/1.0; +claudebot@anthropic.com) X-Middleton/1"
35.175.240.220 - - [23/Feb/2025:07:23:29 -0500] "GET /quantity/k149?pid=10191/shop/detail?shop_id=1 HTTP/1.1" 200 468449 "-" "Mozilla/5.0 (Linux; Android 6.0.1; Nexus 5X Build/MMB29P) AppleWebKit/537.36 (KHTML, like Gecko) Chrome/133.0.6943.53 Mobile Safari/537.36 (compatible; GoogleOther) X-Middleton/1"
3.94.247.247 - - [23/Feb/2025:07:23:30 -0500] "GET /prior/q278?file=%2F%2Fsbin%2Frestorecon HTTP/1.1" 200 6306 "-" "Mozilla/5.0 AppleWebKit/537.36 (KHTML, like Gecko; compatible; ClaudeBot/1.0; +claudebot@anthropic.com) X-Middleton/1"
3.87.139.20 - - [23/Feb/2025:07:23:31 -0500] "GET /yamaha-f310-acoustic-guitar-review-2020/?file=/proc/21/mem HTTP/1.1" 200 6291 "-" "Mozilla/5.0 AppleWebKit/537.36 (KHTML, like Gecko; compatible; Amazonbot/0.1; +https://developer.amazon.com/support/amazonbot) Chrome/119.0.6045.214 Safari/537.36 X-Middleton/1"
52.71.251.0 - - [23/Feb/2025:07:23:31 -0500] "GET /deal/j87?file=%2Fhome%2Fguitarlisty%2Fpublic_html%2Fwp-content%2Fe31347 HTTP/1.1" 200 14244 "-" "Mozilla/5.0 AppleWebKit/537.36 (KHTML, like Gecko; compatible; ClaudeBot/1.0; +claudebot@anthropic.com) X-Middleton/1"
3.94.247.247 - - [23/Feb/2025:07:23:31 -0500] "GET /m073038916?ynzmini=%2Fhome%2Fguitarlisty%2Fpublic_html%2Fsym404%2Frpcuser-Vbulletin.txt404 HTTP/1.1" 200 7045 "-" "Mozilla/5.0 AppleWebKit/537.36 (KHTML, like Gecko; compatible; ClaudeBot/1.0; +claudebot@anthropic.com) X-Middleton/1"
54.198.7.139 - - [23/Feb/2025:07:23:33 -0500] "GET /exhaust/v25?ynzmini=%2Fhome%2Fguitarlisty HTTP/1.1" 200 10772 "-" "Mozilla/5.0 AppleWebKit/537.36 (KHTML, like Gecko; compatible; ClaudeBot/1.0; +claudebot@anthropic.com) X-Middleton/1"
54.226.129.235 - - [23/Feb/2025:07:23:33 -0500] "GET /sandwich/r20?pid=17320/help/help_04_2.html HTTP/1.1" 200 143806 "-" "Mozilla/5.0 (Linux; Android 6.0.1; Nexus 5X Build/MMB29P) AppleWebKit/537.36 (KHTML, like Gecko) Chrome/133.0.6943.53 Mobile Safari/537.36 (compatible; GoogleOther) X-Middleton/1"
35.171.189.120 - - [23/Feb/2025:07:23:34 -0500] "GET /pound/i96?pid=8544 HTTP/1.1" 500 45916 "-" "Mozilla/5.0 AppleWebKit/537.36 (KHTML, like Gecko; compatible; ClaudeBot/1.0; +claudebot@anthropic.com) X-Middleton/1"
54.164.180.114 - - [23/Feb/2025:07:23:35 -0500] "GET /m168015347?srsltid=AfmBOoVULtnJUUZb5DoeRv_aJRpQCPX4e_zFLBUQ6p-W-zP6cTHb93 HTTP/1.1" 200 43286 "-" "Mozilla/5.0 (Linux; Android 8.0; Pixel 2 Build/OPD3.170816.012) AppleWebKit/537.36 (KHTML, like Gecko) Chrome/72.0.3626.121 Mobile Safari/537.36 (compatible; EzoicBot-Nicheiq; +http://www.ezoic.com/bot) X-Middleton/1"
54.156.59.106 - - [23/Feb/2025:07:23:35 -0500] "GET /m179017614?file=%2Fhome%2Fguitarlisty%2Fpublic_html%2F.%2Fex.php HTTP/1.1" 200 11240 "-" "Mozilla/5.0 AppleWebKit/537.36 (KHTML, like Gecko; compatible; ClaudeBot/1.0; +claudebot@anthropic.com) X-Middleton/1"
54.158.15.14 - - [23/Feb/2025:07:23:36 -0500] "GET /m073038916?ynzmini=%2Fhome%2Fguitarlisty%2Fpublic_html%2Fsym404%2Fguitarlisty-WHMCS.txt404 HTTP/1.1" 200 7045 "-" "Mozilla/5.0 AppleWebKit/537.36 (KHTML, like Gecko; compatible; ClaudeBot/1.0; +claudebot@anthropic.com) X-Middleton/1"
3.89.44.170 - - [23/Feb/2025:07:23:36 -0500] "GET /m/mate30059618.html HTTP/1.1" 200 43279 "-" "Mozilla/5.0 AppleWebKit/537.36 (KHTML, like Gecko; compatible; ClaudeBot/1.0; +claudebot@anthropic.com) X-Middleton/1"
54.158.15.14 - - [23/Feb/2025:07:23:36 -0500] "GET /yamaha-f310-acoustic-guitar-review-2020/?rmfolder=/proc/21 HTTP/1.1" 200 43284 "-" "Mozilla/5.0 AppleWebKit/537.36 (KHTML, like Gecko; compatible; Amazonbot/0.1; +https://developer.amazon.com/support/amazonbot) Chrome/119.0.6045.214 Safari/537.36 X-Middleton/1"
34.229.105.159 - - [23/Feb/2025:07:23:37 -0500] "GET /against/k149?pid=10191 HTTP/1.1" 200 151997 "-" "Mozilla/5.0 (Linux; Android 6.0.1; Nexus 5X Build/MMB29P) AppleWebKit/537.36 (KHTML, like Gecko) Chrome/133.0.6943.53 Mobile Safari/537.36 (compatible; GoogleOther) X-Middleton/1"
3.90.39.225 - - [23/Feb/2025:07:23:37 -0500] "GET /pages.php?47ohf43374.html HTTP/1.1" 200 43283 "-" "Mozilla/5.0 AppleWebKit/537.36 (KHTML, like Gecko; compatible; GPTBot/1.2; +https://openai.com/gptbot) X-Middleton/1"
3.82.56.176 - - [23/Feb/2025:07:23:38 -0500] "GET /m181014624?file=%2Fhome%2Fguitarlisty%2F%2F.myimunify_id HTTP/1.1" 404 6453 "-" "Mozilla/5.0 AppleWebKit/537.36 (KHTML, like Gecko; compatible; ClaudeBot/1.0; +claudebot@anthropic.com) X-Middleton/1"
3.81.214.139 - - [23/Feb/2025:07:23:39 -0500] "GET /m/trust52888300.html?file=/home/guitarlisty/public_html/about.php HTTP/1.1" 200 11243 "-" "Mozilla/5.0 (X11; Linux i686) AppleWebKit/534.30 (KHTML, like Gecko) Ubuntu/10.10 Chromium/12.0.742.112 Chrome/12.0.742.112 Safari/534.30 X-Middleton/1"
3.90.112.236 - - [23/Feb/2025:07:23:39 -0500] "GET /yamaha-f310-acoustic-guitar-review-2020/?ynzmini=/proc/21/ HTTP/1.1" 200 13841 "-" "Mozilla/5.0 AppleWebKit/537.36 (KHTML, like Gecko; compatible; Amazonbot/0.1; +https://developer.amazon.com/support/amazonbot) Chrome/119.0.6045.214 Safari/537.36 X-Middleton/1"
34.229.105.159 - - [23/Feb/2025:07:23:39 -0500] "GET /draw/n55?pid=36733 HTTP/1.1" 200 43282 "-" "Mozilla/5.0 AppleWebKit/537.36 (KHTML, like Gecko; compatible; ClaudeBot/1.0; +claudebot@anthropic.com) X-Middleton/1"
3.82.56.176 - - [23/Feb/2025:07:23:39 -0500] "GET /random/z132?pid=9084 HTTP/1.1" 200 43279 "-" "Mozilla/5.0 AppleWebKit/537.36 (KHTML, like Gecko; compatible; ClaudeBot/1.0; +claudebot@anthropic.com) X-Middleton/1"
3.81.214.139 - - [23/Feb/2025:07:23:40 -0500] "GET /m201017206?ynzmini=%2Fhome%2Fguitarlisty%2Fpublic_html%2F%2F289f6 HTTP/1.1" 200 6974 "-" "Mozilla/5.0 AppleWebKit/537.36 (KHTML, like Gecko; compatible; ClaudeBot/1.0; +claudebot@anthropic.com) X-Middleton/1"
3.87.139.20 - - [23/Feb/2025:07:23:40 -0500] "GET /straw/r20?pid=17320/help/help_04_2.html/help/help_04_2.html HTTP/1.1" 200 147871 "-" "Mozilla/5.0 (Linux; Android 6.0.1; Nexus 5X Build/MMB29P) AppleWebKit/537.36 (KHTML, like Gecko) Chrome/133.0.6943.53 Mobile Safari/537.36 (compatible; GoogleOther) X-Middleton/1"
3.92.71.7 - - [23/Feb/2025:07:23:41 -0500] "GET /m/beer81887215.html HTTP/1.1" 200 43277 "-" "Mozilla/5.0 AppleWebKit/537.36 (KHTML, like Gecko; compatible; ClaudeBot/1.0; +claudebot@anthropic.com) X-Middleton/1"
54.198.85.7 - - [23/Feb/2025:07:23:43 -0500] "GET /obstacle/p30?pid=23830 HTTP/1.1" 200 43283 "-" "Mozilla/5.0 (Linux; Android 8.0; Pixel 2 Build/OPD3.170816.012) AppleWebKit/537.36 (KHTML, like Gecko) Chrome/72.0.3626.121 Mobile Safari/537.36 (compatible; EzoicBot-Nicheiq; +http://www.ezoic.com/bot) X-Middleton/1"
54.144.101.254 - - [23/Feb/2025:07:23:43 -0500] "GET /yamaha-f310-acoustic-guitar-review-2020/?file=/proc/21//io HTTP/1.1" 200 6291 "-" "Mozilla/5.0 AppleWebKit/537.36 (KHTML, like Gecko; compatible; Amazonbot/0.1; +https://developer.amazon.com/support/amazonbot) Chrome/119.0.6045.214 Safari/537.36 X-Middleton/1"
35.171.189.120 - - [23/Feb/2025:07:23:43 -0500] "GET /m141010280?ynzmini=%2Fhome%2Fguitarlisty%2Fpublic_html%2F..%2Fetc HTTP/1.1" 404 7425 "-" "Mozilla/5.0 AppleWebKit/537.36 (KHTML, like Gecko; compatible; ClaudeBot/1.0; +claudebot@anthropic.com) X-Middleton/1"
18.209.166.209 - - [23/Feb/2025:07:23:43 -0500] "GET /m115009514?file=%2Fhome%2Fguitarlisty%2Fpublic_html%2F.%2Fwp-links-opml.php HTTP/1.1" 200 9205 "-" "Mozilla/5.0 AppleWebKit/537.36 (KHTML, like Gecko; compatible; ClaudeBot/1.0; +claudebot@anthropic.com) X-Middleton/1"
35.175.240.220 - - [23/Feb/2025:07:23:44 -0500] "GET /take/r20?pid=17320/86699help/help_04_2.html HTTP/1.1" 200 145876 "-" "Mozilla/5.0 (Linux; Android 6.0.1; Nexus 5X Build/MMB29P) AppleWebKit/537.36 (KHTML, like Gecko) Chrome/133.0.6943.53 Mobile Safari/537.36 (compatible; GoogleOther) X-Middleton/1"
54.196.44.86 - - [23/Feb/2025:07:23:44 -0500] "GET /car/l176?pid=41196 HTTP/1.1" 200 43280 "-" "Mozilla/5.0 AppleWebKit/537.36 (KHTML, like Gecko; compatible; ClaudeBot/1.0; +claudebot@anthropic.com) X-Middleton/1"
54.226.129.235 - - [23/Feb/2025:07:23:44 -0500] "GET /powder/p286?pid=15198 HTTP/1.1" 200 43282 "-" "Mozilla/5.0 AppleWebKit/537.36 (KHTML, like Gecko; compatible; ClaudeBot/1.0; +claudebot@anthropic.com) X-Middleton/1"
54.226.129.235 - - [23/Feb/2025:07:23:44 -0500] "GET /since/y216?pid=16760 HTTP/1.1" 200 43282 "-" "Mozilla/5.0 AppleWebKit/537.36 (KHTML, like Gecko; compatible; ClaudeBot/1.0; +claudebot@anthropic.com) X-Middleton/1"
184.72.213.252 - - [23/Feb/2025:07:23:44 -0500] "GET /m287035864?srsltid=AfmBOojukkazzXRmqQ3oly_3kgZJxQOvu_R8CrlAHg-D-kbfPEinjo HTTP/1.1" 200 43282 "-" "Mozilla/5.0 AppleWebKit/537.36 (KHTML, like Gecko; compatible; ClaudeBot/1.0; +claudebot@anthropic.com) X-Middleton/1"
98.83.220.235 - - [23/Feb/2025:07:23:45 -0500] "GET /m093045784?srsltid=AfmBOoSpNZJgrmfQ4RqbJp_4l6fT5Oojp_PDf8J0rG-P-bsweYKL73 HTTP/1.1" 200 43281 "-" "Mozilla/5.0 AppleWebKit/537.36 (KHTML, like Gecko; compatible; ClaudeBot/1.0; +claudebot@anthropic.com) X-Middleton/1"
54.164.180.114 - - [23/Feb/2025:07:23:45 -0500] "GET /m190028653?srsltid=AfmBOoczjwdJnJQb68M3Gg_HoCNJNwdje_kHCeCLnS-X-vZvDh1Txk HTTP/1.1" 200 43282 "-" "Mozilla/5.0 AppleWebKit/537.36 (KHTML, like Gecko; compatible; ClaudeBot/1.0; +claudebot@anthropic.com) X-Middleton/1"
184.72.213.252 - - [23/Feb/2025:07:23:45 -0500] "GET /opposition/b10?ynzmini=%2Fhome%2Fguitarlisty%2Fpublic_html%2F.%2Fwp-includes HTTP/1.1" 200 78375 "-" "Mozilla/5.0 AppleWebKit/537.36 (KHTML, like Gecko; compatible; ClaudeBot/1.0; +claudebot@anthropic.com) X-Middleton/1"
54.198.124.77 - - [23/Feb/2025:07:23:45 -0500] "GET /m018040087?srsltid=AfmBOoKAHLyLnrNcDgbetp_iUdEcHrsST_qE0LWCvd-J-mSQ1zVnCC HTTP/1.1" 200 43281 "-" "Mozilla/5.0 AppleWebKit/537.36 (KHTML, like Gecko; compatible; ClaudeBot/1.0; +claudebot@anthropic.com) X-Middleton/1"
35.171.189.120 - - [23/Feb/2025:07:23:45 -0500] "GET /m117040196?srsltid=AfmBOoFAFMKYuXmMNaLaEi_kakeAWRBG5_imljMOJK-T-Z2TAdrFMo HTTP/1.1" 200 43282 "-" "Mozilla/5.0 AppleWebKit/537.36 (KHTML, like Gecko; compatible; ClaudeBot/1.0; +claudebot@anthropic.com) X-Middleton/1"
3.82.56.176 - - [23/Feb/2025:07:23:45 -0500] "GET /m191048108?srsltid=AfmBOobPKozyuCOcSB9qFQ_PR7tCUypKt_ZNfs68hH-X-R5WaEFRR8 HTTP/1.1" 200 43279 "-" "Mozilla/5.0 AppleWebKit/537.36 (KHTML, like Gecko; compatible; ClaudeBot/1.0; +claudebot@anthropic.com) X-Middleton/1"
3.81.58.205 - - [23/Feb/2025:07:23:46 -0500] "GET /m/sear61427885.html?page=blank HTTP/1.1" 200 6057 "-" "Mozilla/5.0 AppleWebKit/537.36 (KHTML, like Gecko; compatible; ClaudeBot/1.0; +claudebot@anthropic.com) X-Middleton/1"
54.164.180.114 - - [23/Feb/2025:07:23:46 -0500] "GET /m209019952?srsltid=AfmBOoPWdiThjqacR6xOb0_iqhXMza3u3_UlehXVo8-J-8C7sDcDI0 HTTP/1.1" 200 43282 "-" "Mozilla/5.0 AppleWebKit/537.36 (KHTML, like Gecko; compatible; ClaudeBot/1.0; +claudebot@anthropic.com) X-Middleton/1"
35.175.240.220 - - [23/Feb/2025:07:23:46 -0500] "GET /sin/q127?ynzmini=%2F%2Flost+found HTTP/1.1" 200 6154 "-" "Mozilla/5.0 AppleWebKit/537.36 (KHTML, like Gecko; compatible; ClaudeBot/1.0; +claudebot@anthropic.com) X-Middleton/1"
52.205.171.15 - - [23/Feb/2025:07:23:46 -0500] "GET /more/b131?ynzmini=%2Fhome%2F%2Fmarkaust HTTP/1.1" 200 6213 "-" "Mozilla/5.0 AppleWebKit/537.36 (KHTML, like Gecko; compatible; ClaudeBot/1.0; +claudebot@anthropic.com) X-Middleton/1"
107.20.82.18 - - [23/Feb/2025:07:23:46 -0500] "GET /m/stoop10147600.html HTTP/1.1" 200 43280 "-" "Mozilla/5.0 AppleWebKit/537.36 (KHTML, like Gecko; compatible; ClaudeBot/1.0; +claudebot@anthropic.com) X-Middleton/1"
3.87.139.20 - - [23/Feb/2025:07:23:46 -0500] "GET /mentor/b178?rmfolder=%2Fhome%2Fguitarlisty%2F HTTP/1.1" 200 43279 "-" "Mozilla/5.0 AppleWebKit/537.36 (KHTML, like Gecko; compatible; ClaudeBot/1.0; +claudebot@anthropic.com) X-Middleton/1"
18.232.117.100 - - [23/Feb/2025:07:23:46 -0500] "GET /m061030214?ynzmini=%2Fhome%2Fguitarlisty%2F%2F.subaccounts HTTP/1.1" 200 7032 "-" "Mozilla/5.0 AppleWebKit/537.36 (KHTML, like Gecko; compatible; ClaudeBot/1.0; +claudebot@anthropic.com) X-Middleton/1"
