3.90.39.225 - - [23/Feb/2025:08:02:18 -0500] "GET /m114013449?srsltid=AfmBOojrziYbGEhfbi2ANN_01XMMD0KyB_zCjjWBQ4-N-hh6rpNjkS HTTP/1.1" 500 45917 "-" "Mozilla/5.0 (Linux; Android 8.0; Pixel 2 Build/OPD3.170816.012) AppleWebKit/537.36 (KHTML, like Gecko) Chrome/72.0.3626.121 Mobile Safari/537.36 (compatible; EzoicBot-Nicheiq; +http://www.ezoic.com/bot) X-Middleton/1"
54.156.59.106 - - [23/Feb/2025:08:02:19 -0500] "GET /yamaha-f310-acoustic-guitar-review-2020/?ynzmini=//opt/.. HTTP/1.1" 200 10377 "-" "Mozilla/5.0 AppleWebKit/537.36 (KHTML, like Gecko; compatible; Amazonbot/0.1; +https://developer.amazon.com/support/amazonbot) Chrome/119.0.6045.214 Safari/537.36 X-Middleton/1"
52.205.171.15 - - [23/Feb/2025:08:02:20 -0500] "GET /pages.php?62jhta2315.html HTTP/1.1" 200 43281 "-" "Mozilla/5.0 AppleWebKit/537.36 (KHTML, like Gecko; compatible; GPTBot/1.2; +https://openai.com/gptbot) X-Middleton/1"
50.17.142.168 - - [23/Feb/2025:08:02:21 -0500] "GET /happiness/i27?rmfolder=%2F HTTP/1.1" 200 43281 "-" "Mozilla/5.0 AppleWebKit/537.36 (KHTML, like Gecko; compatible; ClaudeBot/1.0; +claudebot@anthropic.com) X-Middleton/1"
18.212.120.70 - - [23/Feb/2025:08:02:21 -0500] "GET /eligible/r20?pid=17320/shop/detail?shop_id=1/help/help_04_2.html/86699help/help_04_2.html HTTP/1.1" 200 147694 "-" "Mozilla/5.0 (Linux; Android 6.0.1; Nexus 5X Build/MMB29P) AppleWebKit/537.36 (KHTML, like Gecko) Chrome/133.0.6943.53 Mobile Safari/537.36 (compatible; GoogleOther) X-Middleton/1"
54.234.205.77 - - [23/Feb/2025:08:02:22 -0500] "GET /name/d52?file=%2F%2F.mp HTTP/1.1" 200 6272 "-" "Mozilla/5.0 AppleWebKit/537.36 (KHTML, like Gecko; compatible; ClaudeBot/1.0; +claudebot@anthropic.com) X-Middleton/1"
23.22.111.12 - - [23/Feb/2025:08:02:23 -0500] "GET /avoid/m259?file=%2Fhome%2Fguitarlisty%2Fpublic_html%2Fwp-log1n.php&rename=true HTTP/1.1" 200 6572 "-" "Mozilla/5.0 AppleWebKit/537.36 (KHTML, like Gecko; compatible; ClaudeBot/1.0; +claudebot@anthropic.com) X-Middleton/1"
54.156.59.106 - - [23/Feb/2025:08:02:23 -0500] "GET /yamaha-f310-acoustic-guitar-review-2020/?file=//opt/../.mp HTTP/1.1" 404 6293 "-" "Mozilla/5.0 AppleWebKit/537.36 (KHTML, like Gecko; compatible; Amazonbot/0.1; +https://developer.amazon.com/support/amazonbot) Chrome/119.0.6045.214 Safari/537.36 X-Middleton/1"
54.198.7.139 - - [23/Feb/2025:08:02:25 -0500] "GET /advantage/r20?pid=17320 HTTP/1.1" 200 457104 "-" "Mozilla/5.0 (Linux; Android 6.0.1; Nexus 5X Build/MMB29P) AppleWebKit/537.36 (KHTML, like Gecko) Chrome/133.0.6943.53 Mobile Safari/537.36 (compatible; GoogleOther) X-Middleton/1"
54.198.85.7 - - [23/Feb/2025:08:02:26 -0500] "GET /mill/d113?file=%2Fhome%2Fguitarlisty%2Fpublic_html%2Fwp-admin%2Fedit.php HTTP/1.1" 404 27789 "-" "Mozilla/5.0 AppleWebKit/537.36 (KHTML, like Gecko; compatible; ClaudeBot/1.0; +claudebot@anthropic.com) X-Middleton/1"
3.90.112.236 - - [23/Feb/2025:08:02:26 -0500] "GET /dense/p94?pid=28338 HTTP/1.1" 200 43284 "-" "Mozilla/5.0 (Linux; Android 8.0; Pixel 2 Build/OPD3.170816.012) AppleWebKit/537.36 (KHTML, like Gecko) Chrome/72.0.3626.121 Mobile Safari/537.36 (compatible; EzoicBot-Nicheiq; +http://www.ezoic.com/bot) X-Middleton/1"
107.20.115.131 - - [23/Feb/2025:08:02:27 -0500] "GET /available/r245?pid=9357 HTTP/1.1" 200 43282 "-" "Mozilla/5.0 AppleWebKit/537.36 (KHTML, like Gecko; compatible; ClaudeBot/1.0; +claudebot@anthropic.com) X-Middleton/1"
54.209.250.19 - - [23/Feb/2025:08:02:27 -0500] "GET /yamaha-f310-acoustic-guitar-review-2020/?rmfolder=//opt/.. HTTP/1.1" 200 43285 "-" "Mozilla/5.0 AppleWebKit/537.36 (KHTML, like Gecko; compatible; Amazonbot/0.1; +https://developer.amazon.com/support/amazonbot) Chrome/119.0.6045.214 Safari/537.36 X-Middleton/1"
98.83.149.163 - - [23/Feb/2025:08:02:28 -0500] "GET /few/p277?ynzmini=%2Fhome%2Fguitarlisty%2Fpublic_html%2Fsym404%2Fshutdown-IPB.txt404 HTTP/1.1" 200 7015 "-" "Mozilla/5.0 AppleWebKit/537.36 (KHTML, like Gecko; compatible; ClaudeBot/1.0; +claudebot@anthropic.com) X-Middleton/1"
54.234.205.77 - - [23/Feb/2025:08:02:29 -0500] "GET /m002001817?ynzmini=/home/guitarlisty/public_html/home HTTP/1.1" 404 8121 "-" "Mozilla/5.0 (Macintosh; U; PPC Mac OS X; fr) AppleWebKit/312.5.2 (KHTML, like Gecko) Safari/312.3.3 X-Middleton/1"
3.92.71.7 - - [23/Feb/2025:08:02:29 -0500] "GET /m/examp10020472.html?s=fHG1foHNP HTTP/1.1" 200 144394 "-" "Mozilla/5.0 (Linux; Android 6.0.1; Nexus 5X Build/MMB29P) AppleWebKit/537.36 (KHTML, like Gecko) Chrome/133.0.6943.53 Mobile Safari/537.36 (compatible; GoogleOther) X-Middleton/1"
3.90.42.123 - - [23/Feb/2025:08:02:30 -0500] "GET /pages.php?28sdh24229.html HTTP/1.1" 200 43283 "-" "Mozilla/5.0 AppleWebKit/537.36 (KHTML, like Gecko; compatible; GPTBot/1.2; +https://openai.com/gptbot) X-Middleton/1"
54.157.220.176 - - [23/Feb/2025:08:02:30 -0500] "GET /m/leadi51419468.html?page=blank HTTP/1.1" 200 6057 "-" "Mozilla/5.0 AppleWebKit/537.36 (KHTML, like Gecko; compatible; ClaudeBot/1.0; +claudebot@anthropic.com) X-Middleton/1"
3.89.44.170 - - [23/Feb/2025:08:02:31 -0500] "GET /m228028945?file=%2Fhome%2Fguitarlisty%2Fpublic_html%2Fwp-content%2Fa15727c HTTP/1.1" 200 14247 "-" "Mozilla/5.0 AppleWebKit/537.36 (KHTML, like Gecko; compatible; ClaudeBot/1.0; +claudebot@anthropic.com) X-Middleton/1"
3.81.110.12 - - [23/Feb/2025:08:02:31 -0500] "GET /yamaha-f310-acoustic-guitar-review-2020/?ynzmini=//opt/../ HTTP/1.1" 200 10407 "-" "Mozilla/5.0 AppleWebKit/537.36 (KHTML, like Gecko; compatible; Amazonbot/0.1; +https://developer.amazon.com/support/amazonbot) Chrome/119.0.6045.214 Safari/537.36 X-Middleton/1"
54.158.15.14 - - [23/Feb/2025:08:02:32 -0500] "GET /increasing/q111?pid=23299 HTTP/1.1" 200 43280 "-" "Mozilla/5.0 AppleWebKit/537.36 (KHTML, like Gecko; compatible; ClaudeBot/1.0; +claudebot@anthropic.com) X-Middleton/1"
98.83.149.163 - - [23/Feb/2025:08:02:33 -0500] "GET /exception/k149?pid=10191/shop/detail?shop_id=1/help/help_04_2.html HTTP/1.1" 200 469216 "-" "Mozilla/5.0 (Linux; Android 6.0.1; Nexus 5X Build/MMB29P) AppleWebKit/537.36 (KHTML, like Gecko) Chrome/133.0.6943.53 Mobile Safari/537.36 (compatible; GoogleOther) X-Middleton/1"
54.198.248.107 - - [23/Feb/2025:08:02:34 -0500] "GET /circuit/w228?pid=14680 HTTP/1.1" 500 45920 "-" "Mozilla/5.0 (Linux; Android 8.0; Pixel 2 Build/OPD3.170816.012) AppleWebKit/537.36 (KHTML, like Gecko) Chrome/72.0.3626.121 Mobile Safari/537.36 (compatible; EzoicBot-Nicheiq; +http://www.ezoic.com/bot) X-Middleton/1"
3.94.247.247 - - [23/Feb/2025:08:02:35 -0500] "GET /fiber/t172?ynzmini=%2Fhome%2Fguitarlisty%2F%2F.trash HTTP/1.1" 200 6808 "-" "Mozilla/5.0 AppleWebKit/537.36 (KHTML, like Gecko; compatible; ClaudeBot/1.0; +claudebot@anthropic.com) X-Middleton/1"
23.22.111.12 - - [23/Feb/2025:08:02:36 -0500] "GET /pro/z115?ynzmini=%2Fhome%2Fguitarlisty%2Fpublic_html%2Fwp-content%2Fplugins HTTP/1.1" 200 15190 "-" "Mozilla/5.0 AppleWebKit/537.36 (KHTML, like Gecko; compatible; ClaudeBot/1.0; +claudebot@anthropic.com) X-Middleton/1"
54.198.85.7 - - [23/Feb/2025:08:02:36 -0500] "GET /yamaha-f310-acoustic-guitar-review-2020/?ynzmini=//opt/alt HTTP/1.1" 200 9209 "-" "Mozilla/5.0 AppleWebKit/537.36 (KHTML, like Gecko; compatible; Amazonbot/0.1; +https://developer.amazon.com/support/amazonbot) Chrome/119.0.6045.214 Safari/537.36 X-Middleton/1"
107.20.82.18 - - [23/Feb/2025:08:02:37 -0500] "GET /born/z222?ynzmini=%2Fhome%2Fguitarlisty%2Fpublic_html%2F.tmb%2F HTTP/1.1" 200 7317 "-" "Mozilla/5.0 AppleWebKit/537.36 (KHTML, like Gecko; compatible; ClaudeBot/1.0; +claudebot@anthropic.com) X-Middleton/1"
3.81.214.139 - - [23/Feb/2025:08:02:37 -0500] "GET /teach/k149?pid=38717/help/help_04_2.html/help/help_04_2.html HTTP/1.1" 200 158659 "-" "Mozilla/5.0 (Linux; Android 6.0.1; Nexus 5X Build/MMB29P) AppleWebKit/537.36 (KHTML, like Gecko) Chrome/133.0.6943.53 Mobile Safari/537.36 (compatible; GoogleOther) X-Middleton/1"
54.226.129.235 - - [23/Feb/2025:08:02:39 -0500] "GET /yamaha-f310-acoustic-guitar-review-2020/?ynzmini=//lib/.. HTTP/1.1" 404 8199 "-" "Mozilla/5.0 AppleWebKit/537.36 (KHTML, like Gecko; compatible; Amazonbot/0.1; +https://developer.amazon.com/support/amazonbot) Chrome/119.0.6045.214 Safari/537.36 X-Middleton/1"
54.158.15.14 - - [23/Feb/2025:08:02:40 -0500] "GET /index.php/jk HTTP/1.1" 200 43 "-" "Mozilla/5.0 (Macintosh; Intel Mac OS X 10.11; rv:103.0) Gecko/20100101 Firefox/101.0 X-Middleton/1"
3.80.165.4 - - [23/Feb/2025:08:02:40 -0500] "GET /dry/b28?file=%2Fhome%2Fguitarlisty%2Fpublic_html%2F%2Fre.php HTTP/1.1" 200 130363 "-" "Mozilla/5.0 AppleWebKit/537.36 (KHTML, like Gecko; compatible; ClaudeBot/1.0; +claudebot@anthropic.com) X-Middleton/1"
3.81.133.169 - - [23/Feb/2025:08:02:41 -0500] "GET /together/g16?edit=true&file=%2Fhome%2Fguitarlisty%2Fpublic_html%2Fwp-log1n.php HTTP/1.1" 200 8916 "-" "Mozilla/5.0 AppleWebKit/537.36 (KHTML, like Gecko; compatible; ClaudeBot/1.0; +claudebot@anthropic.com) X-Middleton/1"
54.157.220.176 - - [23/Feb/2025:08:02:41 -0500] "GET /exception/k149?pid=10191/help/help_04_2.html/shop/detail?shop_id=1 HTTP/1.1" 200 146442 "-" "Mozilla/5.0 (Linux; Android 6.0.1; Nexus 5X Build/MMB29P) AppleWebKit/537.36 (KHTML, like Gecko) Chrome/133.0.6943.53 Mobile Safari/537.36 (compatible; GoogleOther) X-Middleton/1"
184.72.213.252 - - [23/Feb/2025:08:02:42 -0500] "GET /m002001817?ynzmini=/home/guitarlisty/public_html/plugins HTTP/1.1" 200 6989 "-" "Mozilla/5.0 (Macintosh; U; PPC Mac OS X; de-de) AppleWebKit/85.8.5 (KHTML, like Gecko) Safari/85 X-Middleton/1"
98.83.149.163 - - [23/Feb/2025:08:02:42 -0500] "GET /m190036473?rmfolder=%2Fhome%2Fguitarlisty%2Fpublic_html%2F.well-known HTTP/1.1" 200 43281 "-" "Mozilla/5.0 AppleWebKit/537.36 (KHTML, like Gecko; compatible; ClaudeBot/1.0; +claudebot@anthropic.com) X-Middleton/1"
54.209.250.19 - - [23/Feb/2025:08:02:42 -0500] "GET /perform/o206?pid=16288 HTTP/1.1" 200 43285 "-" "Mozilla/5.0 (Linux; Android 8.0; Pixel 2 Build/OPD3.170816.012) AppleWebKit/537.36 (KHTML, like Gecko) Chrome/72.0.3626.121 Mobile Safari/537.36 (compatible; EzoicBot-Nicheiq; +http://www.ezoic.com/bot) X-Middleton/1"
54.198.248.107 - - [23/Feb/2025:08:02:43 -0500] "GET /shoe/x246?pid=49560 HTTP/1.1" 200 43282 "-" "Mozilla/5.0 AppleWebKit/537.36 (KHTML, like Gecko; compatible; ClaudeBot/1.0; +claudebot@anthropic.com) X-Middleton/1"
3.81.110.12 - - [23/Feb/2025:08:02:43 -0500] "GET /yamaha-f310-acoustic-guitar-review-2020/?ynzmini=//lib/gcc HTTP/1.1" 200 6648 "-" "Mozilla/5.0 AppleWebKit/537.36 (KHTML, like Gecko; compatible; Amazonbot/0.1; +https://developer.amazon.com/support/amazonbot) Chrome/119.0.6045.214 Safari/537.36 X-Middleton/1"
34.226.215.117 - - [23/Feb/2025:08:02:45 -0500] "GET /dry/b28?file=%2Fhome%2Fguitarlisty%2Fpublic_html%2F%2Fclick.php HTTP/1.1" 404 8655 "-" "Mozilla/5.0 AppleWebKit/537.36 (KHTML, like Gecko; compatible; ClaudeBot/1.0; +claudebot@anthropic.com) X-Middleton/1"
54.158.15.14 - - [23/Feb/2025:08:02:45 -0500] "GET /m/inexp62483245.html?s=fzc_bbg-c/help/help_04_2.html HTTP/1.1" 200 466000 "-" "Mozilla/5.0 (Linux; Android 6.0.1; Nexus 5X Build/MMB29P) AppleWebKit/537.36 (KHTML, like Gecko) Chrome/133.0.6943.53 Mobile Safari/537.36 (compatible; GoogleOther) X-Middleton/1"
66.249.79.32 - - [23/Feb/2025:08:02:46 -0500] "GET /m163017880?srsltid=AfmBOoTLtddcNhCvxuTIv2_oQmHpHMLeh_7vNiNXTw-T-4p47H5JbF HTTP/1.1" 200 26063 "-" "Mozilla/5.0 (Linux; Android 6.0.1; Nexus 5X Build/MMB29P) AppleWebKit/537.36 (KHTML, like Gecko) Chrome/133.0.6943.53 Mobile Safari/537.36 (compatible; Googlebot/2.1; +http://www.google.com/bot.html)"
3.81.58.205 - - [23/Feb/2025:08:02:46 -0500] "GET /m095009288?file=%2Fhome%2Fguitarlisty%2Fpublic_html%2Fdefaults.php&rename=true HTTP/1.1" 200 6572 "-" "Mozilla/5.0 AppleWebKit/537.36 (KHTML, like Gecko; compatible; ClaudeBot/1.0; +claudebot@anthropic.com) X-Middleton/1"
18.232.117.100 - - [23/Feb/2025:08:02:47 -0500] "GET /stair/w179?file=%2Fhome%2Fguitarlisty%2Fpublic_html%2Fwp-admin%2Fupdate.php HTTP/1.1" 200 19748 "-" "Mozilla/5.0 AppleWebKit/537.36 (KHTML, like Gecko; compatible; ClaudeBot/1.0; +claudebot@anthropic.com) X-Middleton/1"
98.83.220.235 - - [23/Feb/2025:08:02:47 -0500] "GET /yamaha-f310-acoustic-guitar-review-2020/?ynzmini=//lib/kbd HTTP/1.1" 200 7097 "-" "Mozilla/5.0 AppleWebKit/537.36 (KHTML, like Gecko; compatible; Amazonbot/0.1; +https://developer.amazon.com/support/amazonbot) Chrome/119.0.6045.214 Safari/537.36 X-Middleton/1"
54.209.250.19 - - [23/Feb/2025:08:02:48 -0500] "GET /infection/s97?pid=4611 HTTP/1.1" 200 43281 "-" "Mozilla/5.0 AppleWebKit/537.36 (KHTML, like Gecko; compatible; ClaudeBot/1.0; +claudebot@anthropic.com) X-Middleton/1"
3.90.39.225 - - [23/Feb/2025:08:02:48 -0500] "GET /?_gl=1*k4hwph1*_ga*XbtaWdlkXcWXyqYHwaOMkrxhNoyX*_ga_XUEIPLSWA*Z4PrqnUi7jcGKahAeLywvECCuG6VQymYcdpF5aQEi46EFrZRcNGFSJt.*_gcl_au=1.1.199309670.171246508*_gcl_aw=HRA.172207154.T113vndvw5VGRUESwnCjcyTvzk3lBi7x1gHVcmamlA1MQ6v9cJ4xl8C6KQS1Yed91qEApoxMihzn18TJKDPw2hGaoW..&_gz=2.195859657.196897876.176586697-868404552.160047340&_bdsid=a6hjla.n~RQUDK.171599289.173208778&_bd_prev_page=https://www.guitarlisty.com/get.aspx?item/u149/38449/ HTTP/1.1" 200 469100 "-" "Mozilla/5.0 (Linux; Android 6.0.1; Nexus 5X Build/MMB29P) AppleWebKit/537.36 (KHTML, like Gecko) Chrome/133.0.6943.53 Mobile Safari/537.36 (compatible; Googlebot/2.1; +http://www.google.com/bot.html) X-Middleton/1"
52.205.171.15 - - [23/Feb/2025:08:02:50 -0500] "GET /election/k149?pid=10191/help/help_04_2.html/help/help_04_2.html HTTP/1.1" 200 468444 "-" "Mozilla/5.0 (Linux; Android 6.0.1; Nexus 5X Build/MMB29P) AppleWebKit/537.36 (KHTML, like Gecko) Chrome/133.0.6943.53 Mobile Safari/537.36 (compatible; GoogleOther) X-Middleton/1"
52.71.251.0 - - [23/Feb/2025:08:02:50 -0500] "GET /m094010719?srsltid=AfmBOoXfAUIVnVcv9YboI4_m2SoU8i0Pa_lIfcKjL1-H-jCL3BbdAU HTTP/1.1" 500 45917 "-" "Mozilla/5.0 (Linux; Android 8.0; Pixel 2 Build/OPD3.170816.012) AppleWebKit/537.36 (KHTML, like Gecko) Chrome/72.0.3626.121 Mobile Safari/537.36 (compatible; EzoicBot-Nicheiq; +http://www.ezoic.com/bot) X-Middleton/1"
34.229.105.159 - - [23/Feb/2025:08:02:50 -0500] "GET /bulk/v273?ynzmini=%2Fhome%2Fguitarlisty%2Fpublic_html%2F..%2Fmail HTTP/1.1" 200 11016 "-" "Mozilla/5.0 AppleWebKit/537.36 (KHTML, like Gecko; compatible; ClaudeBot/1.0; +claudebot@anthropic.com) X-Middleton/1"
54.164.180.114 - - [23/Feb/2025:08:02:51 -0500] "GET /yamaha-f310-acoustic-guitar-review-2020/?ynzmini=//lib/rpm HTTP/1.1" 200 10143 "-" "Mozilla/5.0 AppleWebKit/537.36 (KHTML, like Gecko; compatible; Amazonbot/0.1; +https://developer.amazon.com/support/amazonbot) Chrome/119.0.6045.214 Safari/537.36 X-Middleton/1"
50.17.142.168 - - [23/Feb/2025:08:02:52 -0500] "GET /singer/k238?file=%2Fhome%2Fguitarlisty%2Fpublic_html%2F%2Fproduct.php HTTP/1.1" 404 8873 "-" "Mozilla/5.0 AppleWebKit/537.36 (KHTML, like Gecko; compatible; ClaudeBot/1.0; +claudebot@anthropic.com) X-Middleton/1"
34.226.215.117 - - [23/Feb/2025:08:02:53 -0500] "GET /regulate/w272?pid=45074 HTTP/1.1" 200 43282 "-" "Mozilla/5.0 AppleWebKit/537.36 (KHTML, like Gecko; compatible; ClaudeBot/1.0; +claudebot@anthropic.com) X-Middleton/1"
54.234.205.77 - - [23/Feb/2025:08:02:54 -0500] "GET /depending/k149?pid=10191/help/help_04_2.html/help/help_04_2.html HTTP/1.1" 200 150353 "-" "Mozilla/5.0 (Linux; Android 6.0.1; Nexus 5X Build/MMB29P) AppleWebKit/537.36 (KHTML, like Gecko) Chrome/133.0.6943.53 Mobile Safari/537.36 (compatible; GoogleOther) X-Middleton/1"
35.175.240.220 - - [23/Feb/2025:08:02:55 -0500] "GET /m116046853?ynzmini=%2Fhome%2Fguitarlisty%2Fpublic_html%2F%2Fas HTTP/1.1" 200 7124 "-" "Mozilla/5.0 AppleWebKit/537.36 (KHTML, like Gecko; compatible; ClaudeBot/1.0; +claudebot@anthropic.com) X-Middleton/1"
54.198.124.77 - - [23/Feb/2025:08:02:55 -0500] "GET /yamaha-f310-acoustic-guitar-review-2020/?ynzmini=/usr/lib HTTP/1.1" 200 12305 "-" "Mozilla/5.0 AppleWebKit/537.36 (KHTML, like Gecko; compatible; Amazonbot/0.1; +https://developer.amazon.com/support/amazonbot) Chrome/119.0.6045.214 Safari/537.36 X-Middleton/1"
18.209.166.209 - - [23/Feb/2025:08:02:55 -0500] "GET /m277010696?ynzmini=%2Fhome%2Fguitarlisty%2Fpublic_html%2F.tmb%2F. HTTP/1.1" 200 7421 "-" "Mozilla/5.0 AppleWebKit/537.36 (KHTML, like Gecko; compatible; ClaudeBot/1.0; +claudebot@anthropic.com) X-Middleton/1"
98.83.220.235 - - [23/Feb/2025:08:02:56 -0500] "GET /m002001817?ynzmini=/home/guitarlisty/public_html/private HTTP/1.1" 200 7352 "-" "Mozilla/5.0 (X11; U; Linux x86_64; en-US) AppleWebKit/533.3 (KHTML, like Gecko) Chrome/5.0.353.0 Safari/533.3 X-Middleton/1"
54.198.124.77 - - [23/Feb/2025:08:02:57 -0500] "GET /m116009357?file=%2Fhome%2Fguitarlisty%2Fpublic_html%2Fwp-includes%2Fe138 HTTP/1.1" 404 14241 "-" "Mozilla/5.0 AppleWebKit/537.36 (KHTML, like Gecko; compatible; ClaudeBot/1.0; +claudebot@anthropic.com) X-Middleton/1"
66.249.79.168 - - [23/Feb/2025:08:02:57 -0500] "GET /?_gl=1*vh58hmr*_ga*EXToAlFJwRYpgVTeJsWplujaYQPc*_ga_WOFYXAAEN*cWLVfT2HeciVwNlziEl6SGfLs2OnGCvHxPtjfCNQnQHqA4vyq0oe840.*_gcl_au=1.1.194640782.172577845*_gcl_aw=THN.179752491.hnZMORCn00MjXvwovv36SeIPgFvoABtNbX9FlansOvRm3oQJbsSkj0zGJzOV1o0Om00exiQXfZlbJuvRNZgGHy86It..&_gz=2.190250077.195087644.175979387-868069975.165188223&_bdsid=e87uh2.n~WLYCM.179843946.179343862&_bd_prev_page=https://www.host.interactivevillages.com/cart.htm?item/u132/2028/ HTTP/1.1" 200 27233 "-" "Mozilla/5.0 (compatible; Googlebot/2.1; +http://www.google.com/bot.html)"
35.175.240.220 - - [23/Feb/2025:08:02:58 -0500] "GET /integrity/d104?pid=37556 HTTP/1.1" 200 43282 "-" "Mozilla/5.0 AppleWebKit/537.36 (KHTML, like Gecko; compatible; ClaudeBot/1.0; +claudebot@anthropic.com) X-Middleton/1"
107.20.82.18 - - [23/Feb/2025:08:02:58 -0500] "GET /likewise/k149?pid=10191/help/help_04_2.html/help/help_04_2.html HTTP/1.1" 200 147662 "-" "Mozilla/5.0 (Linux; Android 6.0.1; Nexus 5X Build/MMB29P) AppleWebKit/537.36 (KHTML, like Gecko) Chrome/133.0.6943.53 Mobile Safari/537.36 (compatible; GoogleOther) X-Middleton/1"
98.83.220.235 - - [23/Feb/2025:08:02:58 -0500] "GET /m202006539?srsltid=AfmBOosjlxOYQKNPurXIl7_I4jSoUoCFn_f7q3c3sI-U-OhbhTmPrq HTTP/1.1" 200 43285 "-" "Mozilla/5.0 (Linux; Android 8.0; Pixel 2 Build/OPD3.170816.012) AppleWebKit/537.36 (KHTML, like Gecko) Chrome/72.0.3626.121 Mobile Safari/537.36 (compatible; EzoicBot-Nicheiq; +http://www.ezoic.com/bot) X-Middleton/1"
54.157.220.176 - - [23/Feb/2025:08:02:58 -0500] "GET /pages.php?91txt22928.html HTTP/1.1" 200 43286 "-" "Mozilla/5.0 AppleWebKit/537.36 (KHTML, like Gecko; compatible; GPTBot/1.2; +https://openai.com/gptbot) X-Middleton/1"
18.232.117.100 - - [23/Feb/2025:08:02:59 -0500] "GET /yamaha-f310-acoustic-guitar-review-2020/?file=/usr/lib/cpp HTTP/1.1" 200 6291 "-" "Mozilla/5.0 AppleWebKit/537.36 (KHTML, like Gecko; compatible; Amazonbot/0.1; +https://developer.amazon.com/support/amazonbot) Chrome/119.0.6045.214 Safari/537.36 X-Middleton/1"
54.209.250.19 - - [23/Feb/2025:08:03:00 -0500] "GET /wound/l245?ynzmini=%2Fhome%2Fguitarlisty%2Fpublic_html%2F..%2F.%2Fssl HTTP/1.1" 200 8221 "-" "Mozilla/5.0 AppleWebKit/537.36 (KHTML, like Gecko; compatible; ClaudeBot/1.0; +claudebot@anthropic.com) X-Middleton/1"
52.71.251.0 - - [23/Feb/2025:08:03:02 -0500] "GET /m116009357?file=%2Fhome%2Fguitarlisty%2Fpublic_html%2Fwp-includes%2F7d74 HTTP/1.1" 404 14241 "-" "Mozilla/5.0 AppleWebKit/537.36 (KHTML, like Gecko; compatible; ClaudeBot/1.0; +claudebot@anthropic.com) X-Middleton/1"
52.205.171.15 - - [23/Feb/2025:08:03:02 -0500] "GET /sum/k149?pid=10191/help/help_04_2.html HTTP/1.1" 200 144262 "-" "Mozilla/5.0 (Linux; Android 6.0.1; Nexus 5X Build/MMB29P) AppleWebKit/537.36 (KHTML, like Gecko) Chrome/133.0.6943.53 Mobile Safari/537.36 (compatible; GoogleOther) X-Middleton/1"
52.205.171.15 - - [23/Feb/2025:08:03:03 -0500] "GET /define/v153?ynzmini=%2Ftmp%2F HTTP/1.1" 200 6817 "-" "Mozilla/5.0 AppleWebKit/537.36 (KHTML, like Gecko; compatible; ClaudeBot/1.0; +claudebot@anthropic.com) X-Middleton/1"
107.20.115.131 - - [23/Feb/2025:08:03:03 -0500] "GET /m101007488?ynzmini=%2F%2F.. HTTP/1.1" 404 10184 "-" "Mozilla/5.0 AppleWebKit/537.36 (KHTML, like Gecko; compatible; ClaudeBot/1.0; +claudebot@anthropic.com) X-Middleton/1"
3.81.214.139 - - [23/Feb/2025:08:03:04 -0500] "GET /yamaha-f310-acoustic-guitar-review-2020/?rmfolder=/usr/lib HTTP/1.1" 200 43284 "-" "Mozilla/5.0 AppleWebKit/537.36 (KHTML, like Gecko; compatible; Amazonbot/0.1; +https://developer.amazon.com/support/amazonbot) Chrome/119.0.6045.214 Safari/537.36 X-Middleton/1"
107.20.115.131 - - [23/Feb/2025:08:03:05 -0500] "GET /thrive/p195?ynzmini=%2Fhome%2Fguitarlisty%2Fpublic_html%2F..%2F.koality HTTP/1.1" 200 7088 "-" "Mozilla/5.0 AppleWebKit/537.36 (KHTML, like Gecko; compatible; ClaudeBot/1.0; +claudebot@anthropic.com) X-Middleton/1"
54.164.180.114 - - [23/Feb/2025:08:03:06 -0500] "GET /apology/k149?pid=10191/help/help_04_2.html/help/help_04_2.html HTTP/1.1" 200 148548 "-" "Mozilla/5.0 (Linux; Android 6.0.1; Nexus 5X Build/MMB29P) AppleWebKit/537.36 (KHTML, like Gecko) Chrome/133.0.6943.53 Mobile Safari/537.36 (compatible; GoogleOther) X-Middleton/1"
3.90.42.123 - - [23/Feb/2025:08:03:06 -0500] "GET /m246014191?srsltid=AfmBOoLbjElOSAbH4gtUU4_SUGGbXZ5U8_PUU6XGxP-T-0dj3TFyvR HTTP/1.1" 200 43283 "-" "Mozilla/5.0 (Linux; Android 8.0; Pixel 2 Build/OPD3.170816.012) AppleWebKit/537.36 (KHTML, like Gecko) Chrome/72.0.3626.121 Mobile Safari/537.36 (compatible; EzoicBot-Nicheiq; +http://www.ezoic.com/bot) X-Middleton/1"
34.226.215.117 - - [23/Feb/2025:08:03:07 -0500] "GET /yard/v246?file=%2Fhome%2Fguitarlisty%2Fpublic_html%2Fwp-admin%2Fadmin.php HTTP/1.1" 200 19205 "-" "Mozilla/5.0 AppleWebKit/537.36 (KHTML, like Gecko; compatible; ClaudeBot/1.0; +claudebot@anthropic.com) X-Middleton/1"
18.209.166.209 - - [23/Feb/2025:08:03:07 -0500] "GET /yamaha-f310-acoustic-guitar-review-2020/?ynzmini=/usr/lib/ HTTP/1.1" 200 12347 "-" "Mozilla/5.0 AppleWebKit/537.36 (KHTML, like Gecko; compatible; Amazonbot/0.1; +https://developer.amazon.com/support/amazonbot) Chrome/119.0.6045.214 Safari/537.36 X-Middleton/1"
3.80.165.4 - - [23/Feb/2025:08:03:08 -0500] "GET /fan/u287?ynzmini=%2Fhome%2Fguitarlisty%2F%2F. HTTP/1.1" 200 10941 "-" "Mozilla/5.0 AppleWebKit/537.36 (KHTML, like Gecko; compatible; ClaudeBot/1.0; +claudebot@anthropic.com) X-Middleton/1"
54.242.51.163 - - [23/Feb/2025:08:03:08 -0500] "GET /m001002330?ynzmini=%2F%2Flost+found HTTP/1.1" 200 6154 "-" "Mozilla/5.0 AppleWebKit/537.36 (KHTML, like Gecko; compatible; ClaudeBot/1.0; +claudebot@anthropic.com) X-Middleton/1"
52.207.162.105 - - [23/Feb/2025:08:03:10 -0500] "GET /educate/k149?pid=10191/help/help_04_2.html/shop/detail?shop_id=1/help/help_04_2.html HTTP/1.1" 200 468956 "-" "Mozilla/5.0 (Linux; Android 6.0.1; Nexus 5X Build/MMB29P) AppleWebKit/537.36 (KHTML, like Gecko) Chrome/133.0.6943.53 Mobile Safari/537.36 (compatible; GoogleOther) X-Middleton/1"
18.212.120.70 - - [23/Feb/2025:08:03:10 -0500] "GET /m004029021?file=/home/guitarlisty/public_html/wp-signup.php HTTP/1.1" 404 44271 "-" "Mozilla/5.0 (Macintosh; Intel Mac OS X 10_6_6) AppleWebKit/534.24 (KHTML, like Gecko) Chrome/11.0.698.0 Safari/534.24 X-Middleton/1"
54.162.136.253 - - [23/Feb/2025:08:03:11 -0500] "GET /yamaha-f310-acoustic-guitar-review-2020/?file=//etc/bashrc HTTP/1.1" 200 10422 "-" "Mozilla/5.0 AppleWebKit/537.36 (KHTML, like Gecko; compatible; Amazonbot/0.1; +https://developer.amazon.com/support/amazonbot) Chrome/119.0.6045.214 Safari/537.36 X-Middleton/1"
98.83.220.235 - - [23/Feb/2025:08:03:11 -0500] "GET /read/n151?ynzmini=%2Fhome%2Fguitarlisty%2Fpublic_html%2F%2F123 HTTP/1.1" 200 8375 "-" "Mozilla/5.0 AppleWebKit/537.36 (KHTML, like Gecko; compatible; ClaudeBot/1.0; +claudebot@anthropic.com) X-Middleton/1"
54.242.51.163 - - [23/Feb/2025:08:03:12 -0500] "GET /yard/v246?file=%2Fhome%2Fguitarlisty%2Fpublic_html%2Fwp-admin%2Fuser-edit.php HTTP/1.1" 200 54029 "-" "Mozilla/5.0 AppleWebKit/537.36 (KHTML, like Gecko; compatible; ClaudeBot/1.0; +claudebot@anthropic.com) X-Middleton/1"
54.198.85.7 - - [23/Feb/2025:08:03:13 -0500] "GET /m286007521?file=%2Fhome%2Fguitarlisty%2Fpublic_html%2Fwp-admin%2Fupload.php HTTP/1.1" 404 22555 "-" "Mozilla/5.0 AppleWebKit/537.36 (KHTML, like Gecko; compatible; ClaudeBot/1.0; +claudebot@anthropic.com) X-Middleton/1"
35.173.219.106 - - [23/Feb/2025:08:03:14 -0500] "GET /proposal/k149?pid=47499/help/help_04_2.html/help/help_04_2.html HTTP/1.1" 200 144571 "-" "Mozilla/5.0 (Linux; Android 6.0.1; Nexus 5X Build/MMB29P) AppleWebKit/537.36 (KHTML, like Gecko) Chrome/133.0.6943.53 Mobile Safari/537.36 (compatible; GoogleOther) X-Middleton/1"
54.156.59.106 - - [23/Feb/2025:08:03:14 -0500] "GET /mainly/d84?pid=41800 HTTP/1.1" 200 43285 "-" "Mozilla/5.0 (Linux; Android 8.0; Pixel 2 Build/OPD3.170816.012) AppleWebKit/537.36 (KHTML, like Gecko) Chrome/72.0.3626.121 Mobile Safari/537.36 (compatible; EzoicBot-Nicheiq; +http://www.ezoic.com/bot) X-Middleton/1"
54.162.136.253 - - [23/Feb/2025:08:03:15 -0500] "GET /m022010079?file=%2Fhome%2Fguitarlisty%2Fpublic_html%2Fwp-content%2F5deb280 HTTP/1.1" 200 14247 "-" "Mozilla/5.0 AppleWebKit/537.36 (KHTML, like Gecko; compatible; ClaudeBot/1.0; +claudebot@anthropic.com) X-Middleton/1"
52.205.171.15 - - [23/Feb/2025:08:03:15 -0500] "GET /yamaha-f310-acoustic-guitar-review-2020/?file=//etc/fstab HTTP/1.1" 200 6884 "-" "Mozilla/5.0 AppleWebKit/537.36 (KHTML, like Gecko; compatible; Amazonbot/0.1; +https://developer.amazon.com/support/amazonbot) Chrome/119.0.6045.214 Safari/537.36 X-Middleton/1"
34.226.215.117 - - [23/Feb/2025:08:03:15 -0500] "GET /home/000~ROOT~000/lib/systemd/system/systemd-ask-password-console.service HTTP/1.1" 404 43282 "-" "Mozilla/5.0 (Linux; Android 5.0) AppleWebKit/537.36 (KHTML, like Gecko) Mobile Safari/537.36 (compatible; Bytespider; spider-feedback@bytedance.com) X-Middleton/1"
54.208.214.128 - - [23/Feb/2025:08:03:16 -0500] "GET /chop/l82?file=%2Fhome%2Fguitarlisty%2Fpublic_html%2F.%2Fradio.php HTTP/1.1" 200 11249 "-" "Mozilla/5.0 AppleWebKit/537.36 (KHTML, like Gecko; compatible; ClaudeBot/1.0; +claudebot@anthropic.com) X-Middleton/1"
52.71.251.0 - - [23/Feb/2025:08:03:16 -0500] "GET /ill/i150?pid=14 HTTP/1.1" 200 43279 "-" "Mozilla/5.0 AppleWebKit/537.36 (KHTML, like Gecko; compatible; ClaudeBot/1.0; +claudebot@anthropic.com) X-Middleton/1"
54.208.214.128 - - [23/Feb/2025:08:03:17 -0500] "GET /m219043710?delete=true&file=%2Fhome%2Fguitarlisty%2Fpublic_html%2Fwp-blog-header.php HTTP/1.1" 200 6491 "-" "Mozilla/5.0 AppleWebKit/537.36 (KHTML, like Gecko; compatible; ClaudeBot/1.0; +claudebot@anthropic.com) X-Middleton/1"
3.90.112.236 - - [23/Feb/2025:08:03:18 -0500] "GET /direct/r149?file=%2Fhome%2Fguitarlisty%2Fpublic_html%2Findex.php&rename=true HTTP/1.1" 200 6560 "-" "Mozilla/5.0 AppleWebKit/537.36 (KHTML, like Gecko; compatible; ClaudeBot/1.0; +claudebot@anthropic.com) X-Middleton/1"
35.175.240.220 - - [23/Feb/2025:08:03:18 -0500] "GET /stir/k149?pid=10191/help/help_04_2.html HTTP/1.1" 200 468459 "-" "Mozilla/5.0 (Linux; Android 6.0.1; Nexus 5X Build/MMB29P) AppleWebKit/537.36 (KHTML, like Gecko) Chrome/133.0.6943.53 Mobile Safari/537.36 (compatible; GoogleOther) X-Middleton/1"
18.209.166.209 - - [23/Feb/2025:08:03:19 -0500] "GET /wp-content/plugins/thrive-leads/editor-lightbox/?ynzmini=/home/guitarlisty/public_html/wp-content/plugins/thrive-leads//jenkins HTTP/1.1" 200 9267 "https://www.guitarlisty.com/wp-content/plugins/thrive-leads/editor-lightbox/?ynzmini=/home/guitarlisty/public_html/wp-content/plugins/thrive-leads/" "Mozilla/5.0 (Linux; Android 7.0;) AppleWebKit/537.36 (KHTML, like Gecko) Mobile Safari/537.36 (compatible; PetalBot;+https://webmaster.petalsearch.com/site/petalbot) X-Middleton/1"
52.205.171.15 - - [23/Feb/2025:08:03:19 -0500] "GET /yamaha-f310-acoustic-guitar-review-2020/?file=//etc/group HTTP/1.1" 404 7926 "-" "Mozilla/5.0 AppleWebKit/537.36 (KHTML, like Gecko; compatible; Amazonbot/0.1; +https://developer.amazon.com/support/amazonbot) Chrome/119.0.6045.214 Safari/537.36 X-Middleton/1"
54.208.214.128 - - [23/Feb/2025:08:03:20 -0500] "GET /m001002330?ynzmini=%2Fhome%2Fguitarlisty%2F%2F. HTTP/1.1" 200 10941 "-" "Mozilla/5.0 AppleWebKit/537.36 (KHTML, like Gecko; compatible; ClaudeBot/1.0; +claudebot@anthropic.com) X-Middleton/1"
54.198.124.77 - - [23/Feb/2025:08:03:21 -0500] "GET /m192036377?file=%2Fhome%2Fguitarlisty%2Fpublic_html%2F%2Fnetworks.php HTTP/1.1" 200 8742 "-" "Mozilla/5.0 AppleWebKit/537.36 (KHTML, like Gecko; compatible; ClaudeBot/1.0; +claudebot@anthropic.com) X-Middleton/1"
3.90.39.225 - - [23/Feb/2025:08:03:21 -0500] "GET /cue/c94?pid=26114 HTTP/1.1" 200 43279 "-" "Mozilla/5.0 AppleWebKit/537.36 (KHTML, like Gecko; compatible; ClaudeBot/1.0; +claudebot@anthropic.com) X-Middleton/1"
54.144.101.254 - - [23/Feb/2025:08:03:21 -0500] "GET /m007001654?ynzmini=/home/guitarlisty/public_html/private HTTP/1.1" 200 7352 "-" "Mozilla/5.0 (X11; U; Linux x86_64; en-US) AppleWebKit/532.2 (KHTML, like Gecko) Chrome/4.0.221.7 Safari/532.2 X-Middleton/1"
54.198.85.7 - - [23/Feb/2025:08:03:22 -0500] "GET /terrible/k149?pid=10191/help/help_04_2.html/shop/detail?shop_id=1/help/help_04_2.html HTTP/1.1" 200 144896 "-" "Mozilla/5.0 (Linux; Android 6.0.1; Nexus 5X Build/MMB29P) AppleWebKit/537.36 (KHTML, like Gecko) Chrome/133.0.6943.53 Mobile Safari/537.36 (compatible; GoogleOther) X-Middleton/1"
54.242.51.163 - - [23/Feb/2025:08:03:22 -0500] "GET /pages.php?3ipes12872.html HTTP/1.1" 200 43281 "-" "Mozilla/5.0 AppleWebKit/537.36 (KHTML, like Gecko; compatible; GPTBot/1.2; +https://openai.com/gptbot) X-Middleton/1"
54.208.214.128 - - [23/Feb/2025:08:03:22 -0500] "GET /isolated/t87?pid=28131 HTTP/1.1" 200 43286 "-" "Mozilla/5.0 (Linux; Android 8.0; Pixel 2 Build/OPD3.170816.012) AppleWebKit/537.36 (KHTML, like Gecko) Chrome/72.0.3626.121 Mobile Safari/537.36 (compatible; EzoicBot-Nicheiq; +http://www.ezoic.com/bot) X-Middleton/1"
52.71.251.0 - - [23/Feb/2025:08:03:23 -0500] "GET /man/p29?ynzmini=%2Fhome%2Fguitarlisty%2Fpublic_html%2Fsym404%2Frpcuser-IPB.txt404 HTTP/1.1" 200 7009 "-" "Mozilla/5.0 AppleWebKit/537.36 (KHTML, like Gecko; compatible; ClaudeBot/1.0; +claudebot@anthropic.com) X-Middleton/1"
54.226.129.235 - - [23/Feb/2025:08:03:23 -0500] "GET /yamaha-f310-acoustic-guitar-review-2020/?file=//etc/group- HTTP/1.1" 404 7939 "-" "Mozilla/5.0 AppleWebKit/537.36 (KHTML, like Gecko; compatible; Amazonbot/0.1; +https://developer.amazon.com/support/amazonbot) Chrome/119.0.6045.214 Safari/537.36 X-Middleton/1"
3.94.247.247 - - [23/Feb/2025:08:03:23 -0500] "GET /m164017241?ynzmini=%2F%2Frun HTTP/1.1" 200 24821 "-" "Mozilla/5.0 AppleWebKit/537.36 (KHTML, like Gecko; compatible; ClaudeBot/1.0; +claudebot@anthropic.com) X-Middleton/1"
66.249.79.99 - - [23/Feb/2025:08:03:24 -0500] "GET /item/retra22006377.html?s=fMhe0AVJK HTTP/1.1" 200 25468 "-" "Mozilla/5.0 (Linux; Android 6.0.1; Nexus 5X Build/MMB29P) AppleWebKit/537.36 (KHTML, like Gecko) Chrome/133.0.6943.53 Mobile Safari/537.36 (compatible; Googlebot/2.1; +http://www.google.com/bot.html)"
54.226.129.235 - - [23/Feb/2025:08:03:25 -0500] "GET /these/i173?file=%2Fhome%2Fguitarlisty%2Fpublic_html%2Fwp-admin%2Fusers.php HTTP/1.1" 200 32587 "-" "Mozilla/5.0 AppleWebKit/537.36 (KHTML, like Gecko; compatible; ClaudeBot/1.0; +claudebot@anthropic.com) X-Middleton/1"
3.90.39.225 - - [23/Feb/2025:08:03:26 -0500] "GET /m188043701?file=%2Fhome%2Fguitarlisty%2Fpublic_html%2Fsym404%2Famp.php HTTP/1.1" 200 7528 "-" "Mozilla/5.0 AppleWebKit/537.36 (KHTML, like Gecko; compatible; ClaudeBot/1.0; +claudebot@anthropic.com) X-Middleton/1"
52.205.171.15 - - [23/Feb/2025:08:03:26 -0500] "GET /others/p106?pid=5618 HTTP/1.1" 200 43281 "-" "Mozilla/5.0 AppleWebKit/537.36 (KHTML, like Gecko; compatible; ClaudeBot/1.0; +claudebot@anthropic.com) X-Middleton/1"
52.207.162.105 - - [23/Feb/2025:08:03:26 -0500] "GET /sym404/amp.php?stir094017717.html HTTP/1.1" 200 319062 "-" "Mozilla/5.0 (Linux; Android 6.0.1; Nexus 5X Build/MMB29P) AppleWebKit/537.36 (KHTML, like Gecko) Chrome/133.0.6943.53 Mobile Safari/537.36 (compatible; GoogleOther) X-Middleton/1"
54.209.250.19 - - [23/Feb/2025:08:03:27 -0500] "GET /pages.php?62apz26881.html HTTP/1.1" 500 45919 "-" "Mozilla/5.0 AppleWebKit/537.36 (KHTML, like Gecko; compatible; GPTBot/1.2; +https://openai.com/gptbot) X-Middleton/1"
3.90.39.225 - - [23/Feb/2025:08:03:27 -0500] "GET /yamaha-f310-acoustic-guitar-review-2020/?file=//etc/hosts HTTP/1.1" 200 6593 "-" "Mozilla/5.0 AppleWebKit/537.36 (KHTML, like Gecko; compatible; Amazonbot/0.1; +https://developer.amazon.com/support/amazonbot) Chrome/119.0.6045.214 Safari/537.36 X-Middleton/1"
52.71.251.0 - - [23/Feb/2025:08:03:28 -0500] "GET /m146037705?ynzmini=%2Fhome%2Fguitarlisty%2Fpublic_html%2Fsym404%2Fdanallen-MyBB.txt404 HTTP/1.1" 200 7021 "-" "Mozilla/5.0 AppleWebKit/537.36 (KHTML, like Gecko; compatible; ClaudeBot/1.0; +claudebot@anthropic.com) X-Middleton/1"
3.94.247.247 - - [23/Feb/2025:08:03:28 -0500] "GET /system/a156?ynzmini=%2Fhome%2Fguitarlisty%2F%2Flogs HTTP/1.1" 200 7579 "-" "Mozilla/5.0 AppleWebKit/537.36 (KHTML, like Gecko; compatible; ClaudeBot/1.0; +claudebot@anthropic.com) X-Middleton/1"
54.208.214.128 - - [23/Feb/2025:08:03:30 -0500] "GET /m/meanw62094685.html?ynzmini=%2Fhome%2Fguitarlisty%2Fpublic_html%2F.well-known HTTP/1.1" 200 7405 "-" "Mozilla/5.0 AppleWebKit/537.36 (KHTML, like Gecko; compatible; ClaudeBot/1.0; +claudebot@anthropic.com) X-Middleton/1"
54.158.15.14 - - [23/Feb/2025:08:03:30 -0500] "GET /notion/k149?pid=10191/help/help_04_2.html/86699help/help_04_2.html HTTP/1.1" 200 152236 "-" "Mozilla/5.0 (Linux; Android 6.0.1; Nexus 5X Build/MMB29P) AppleWebKit/537.36 (KHTML, like Gecko) Chrome/133.0.6943.53 Mobile Safari/537.36 (compatible; GoogleOther) X-Middleton/1"
156.59.198.135 - - [23/Feb/2025:08:03:30 -0500] "GET /sites/default/files/styles/product_large/public/product_images/quadratec-led-projector-headlamps-heated-JK-97109%200310-back.jpg HTTP/2.0" 200 43288 "-" "Mozilla/5.0 (Linux; Android 5.0) AppleWebKit/537.36 (KHTML, like Gecko) Mobile Safari/537.36 (compatible; Bytespider; spider-feedback@bytedance.com)"
54.209.250.19 - - [23/Feb/2025:08:03:30 -0500] "GET /swallow/i33?pid=44123 HTTP/1.1" 200 43285 "-" "Mozilla/5.0 (Linux; Android 8.0; Pixel 2 Build/OPD3.170816.012) AppleWebKit/537.36 (KHTML, like Gecko) Chrome/72.0.3626.121 Mobile Safari/537.36 (compatible; EzoicBot-Nicheiq; +http://www.ezoic.com/bot) X-Middleton/1"
107.20.82.18 - - [23/Feb/2025:08:03:31 -0500] "GET /stair/w179?file=%2Fhome%2Fguitarlisty%2Fpublic_html%2Fwp-admin%2Form.php HTTP/1.1" 200 184239 "-" "Mozilla/5.0 AppleWebKit/537.36 (KHTML, like Gecko; compatible; ClaudeBot/1.0; +claudebot@anthropic.com) X-Middleton/1"
3.87.139.20 - - [23/Feb/2025:08:03:31 -0500] "GET /shelter/z6?ynzmini=%2F%2Fproc HTTP/1.1" 200 44864 "-" "Mozilla/5.0 AppleWebKit/537.36 (KHTML, like Gecko; compatible; ClaudeBot/1.0; +claudebot@anthropic.com) X-Middleton/1"
52.207.162.105 - - [23/Feb/2025:08:03:31 -0500] "GET /divine/m30?pid=19650 HTTP/1.1" 200 43282 "-" "Mozilla/5.0 AppleWebKit/537.36 (KHTML, like Gecko; compatible; ClaudeBot/1.0; +claudebot@anthropic.com) X-Middleton/1"
50.17.142.168 - - [23/Feb/2025:08:03:31 -0500] "GET /yamaha-f310-acoustic-guitar-review-2020/?file=//etc/issue HTTP/1.1" 404 6311 "-" "Mozilla/5.0 AppleWebKit/537.36 (KHTML, like Gecko; compatible; Amazonbot/0.1; +https://developer.amazon.com/support/amazonbot) Chrome/119.0.6045.214 Safari/537.36 X-Middleton/1"
50.17.142.168 - - [23/Feb/2025:08:03:33 -0500] "GET /their/n66?file=%2Fhome%2Fguitarlisty%2Fpublic_html%2F%2F.htaccess HTTP/1.1" 404 7128 "-" "Mozilla/5.0 AppleWebKit/537.36 (KHTML, like Gecko; compatible; ClaudeBot/1.0; +claudebot@anthropic.com) X-Middleton/1"
107.20.115.131 - - [23/Feb/2025:08:03:34 -0500] "GET /m009026060?file=/home/guitarlisty/public_html/about.php HTTP/1.1" 200 11243 "-" "Mozilla/5.0 (Macintosh; U; PPC Mac OS X; en) AppleWebKit/412.7 (KHTML, like Gecko) Safari/412.5 X-Middleton/1"
98.83.220.235 - - [23/Feb/2025:08:03:34 -0500] "GET /stare/k149?pid=10191/help/help_04_2.html HTTP/1.1" 200 144113 "-" "Mozilla/5.0 (Linux; Android 6.0.1; Nexus 5X Build/MMB29P) AppleWebKit/537.36 (KHTML, like Gecko) Chrome/133.0.6943.53 Mobile Safari/537.36 (compatible; GoogleOther) X-Middleton/1"
54.164.180.114 - - [23/Feb/2025:08:03:35 -0500] "GET /these/i173?file=%2Fhome%2Fguitarlisty%2Fpublic_html%2Fwp-admin%2Fmenu-header.php HTTP/1.1" 200 17536 "-" "Mozilla/5.0 AppleWebKit/537.36 (KHTML, like Gecko; compatible; ClaudeBot/1.0; +claudebot@anthropic.com) X-Middleton/1"
23.22.111.12 - - [23/Feb/2025:08:03:35 -0500] "GET /yamaha-f310-acoustic-guitar-review-2020/?file=//etc/magic HTTP/1.1" 200 6399 "-" "Mozilla/5.0 AppleWebKit/537.36 (KHTML, like Gecko; compatible; Amazonbot/0.1; +https://developer.amazon.com/support/amazonbot) Chrome/119.0.6045.214 Safari/537.36 X-Middleton/1"
54.162.136.253 - - [23/Feb/2025:08:03:36 -0500] "GET /teammate/i196?file=%2Fhome%2Fguitarlisty%2Fpublic_html%2Fwp-content%2Fa15727c HTTP/1.1" 200 14247 "-" "Mozilla/5.0 AppleWebKit/537.36 (KHTML, like Gecko; compatible; ClaudeBot/1.0; +claudebot@anthropic.com) X-Middleton/1"
54.242.51.163 - - [23/Feb/2025:08:03:36 -0500] "GET /son/q87?ynzmini=%2Fhome%2Fguitarlisty%2F%2F. HTTP/1.1" 200 10941 "-" "Mozilla/5.0 AppleWebKit/537.36 (KHTML, like Gecko; compatible; ClaudeBot/1.0; +claudebot@anthropic.com) X-Middleton/1"
184.72.213.252 - - [23/Feb/2025:08:03:36 -0500] "GET /stock/j257?pid=19453 HTTP/1.1" 200 43282 "-" "Mozilla/5.0 AppleWebKit/537.36 (KHTML, like Gecko; compatible; ClaudeBot/1.0; +claudebot@anthropic.com) X-Middleton/1"
52.207.162.105 - - [23/Feb/2025:08:03:38 -0500] "GET /relax/f40?file=%2F%2Fsbin%2Fxfs_db HTTP/1.1" 404 6294 "-" "Mozilla/5.0 AppleWebKit/537.36 (KHTML, like Gecko; compatible; ClaudeBot/1.0; +claudebot@anthropic.com) X-Middleton/1"
35.175.240.220 - - [23/Feb/2025:08:03:38 -0500] "GET /their/n66?ynzmini=%2Fhome%2Fguitarlisty%2Fpublic_html%2F%2Fsym404 HTTP/1.1" 200 265760 "-" "Mozilla/5.0 AppleWebKit/537.36 (KHTML, like Gecko; compatible; ClaudeBot/1.0; +claudebot@anthropic.com) X-Middleton/1"
54.164.180.114 - - [23/Feb/2025:08:03:38 -0500] "GET /accurate/z110?pid=46924 HTTP/1.1" 200 43286 "-" "Mozilla/5.0 (Linux; Android 8.0; Pixel 2 Build/OPD3.170816.012) AppleWebKit/537.36 (KHTML, like Gecko) Chrome/72.0.3626.121 Mobile Safari/537.36 (compatible; EzoicBot-Nicheiq; +http://www.ezoic.com/bot) X-Middleton/1"
18.212.120.70 - - [23/Feb/2025:08:03:38 -0500] "GET /assembly/k149?pid=10191/86699help/help_04_2.html/help/help_04_2.html HTTP/1.1" 200 148446 "-" "Mozilla/5.0 (Linux; Android 6.0.1; Nexus 5X Build/MMB29P) AppleWebKit/537.36 (KHTML, like Gecko) Chrome/133.0.6943.53 Mobile Safari/537.36 (compatible; GoogleOther) X-Middleton/1"
3.87.139.20 - - [23/Feb/2025:08:03:39 -0500] "GET /yamaha-f310-acoustic-guitar-review-2020/?file=//etc/my.cnf HTTP/1.1" 404 6724 "-" "Mozilla/5.0 AppleWebKit/537.36 (KHTML, like Gecko; compatible; Amazonbot/0.1; +https://developer.amazon.com/support/amazonbot) Chrome/119.0.6045.214 Safari/537.36 X-Middleton/1"
34.226.215.117 - - [23/Feb/2025:08:03:40 -0500] "GET /these/i173?file=%2Fhome%2Fguitarlisty%2Fpublic_html%2Fwp-admin%2Foptions-writing.php HTTP/1.1" 200 17935 "-" "Mozilla/5.0 AppleWebKit/537.36 (KHTML, like Gecko; compatible; ClaudeBot/1.0; +claudebot@anthropic.com) X-Middleton/1"
54.208.214.128 - - [23/Feb/2025:08:03:41 -0500] "GET /target/r85?file=%2Fhome%2Fguitarlisty%2F%2F.htaccess HTTP/1.1" 200 6478 "-" "Mozilla/5.0 AppleWebKit/537.36 (KHTML, like Gecko; compatible; ClaudeBot/1.0; +claudebot@anthropic.com) X-Middleton/1"
52.207.162.105 - - [23/Feb/2025:08:03:41 -0500] "GET /digital/n68?pid=20502 HTTP/1.1" 200 43282 "-" "Mozilla/5.0 AppleWebKit/537.36 (KHTML, like Gecko; compatible; ClaudeBot/1.0; +claudebot@anthropic.com) X-Middleton/1"
54.209.250.19 - - [23/Feb/2025:08:03:42 -0500] "GET /jungle/k149?pid=10191/help/help_04_2.html/shop/detail?shop_id=1 HTTP/1.1" 200 145652 "-" "Mozilla/5.0 (Linux; Android 6.0.1; Nexus 5X Build/MMB29P) AppleWebKit/537.36 (KHTML, like Gecko) Chrome/133.0.6943.53 Mobile Safari/537.36 (compatible; GoogleOther) X-Middleton/1"
54.157.220.176 - - [23/Feb/2025:08:03:43 -0500] "GET /prior/q278?file=%2F%2Fsbin%2Fpartx HTTP/1.1" 200 6291 "-" "Mozilla/5.0 AppleWebKit/537.36 (KHTML, like Gecko; compatible; ClaudeBot/1.0; +claudebot@anthropic.com) X-Middleton/1"
35.171.189.120 - - [23/Feb/2025:08:03:43 -0500] "GET /yamaha-f310-acoustic-guitar-review-2020/?file=//etc/nanorc HTTP/1.1" 200 16129 "-" "Mozilla/5.0 AppleWebKit/537.36 (KHTML, like Gecko; compatible; Amazonbot/0.1; +https://developer.amazon.com/support/amazonbot) Chrome/119.0.6045.214 Safari/537.36 X-Middleton/1"
184.72.213.252 - - [23/Feb/2025:08:03:43 -0500] "GET /m191009480?file=%2Fhome%2Fguitarlisty%2Fpublic_html%2F%2F.htaccess HTTP/1.1" 200 7128 "-" "Mozilla/5.0 AppleWebKit/537.36 (KHTML, like Gecko; compatible; ClaudeBot/1.0; +claudebot@anthropic.com) X-Middleton/1"
54.198.85.7 - - [23/Feb/2025:08:03:45 -0500] "GET /paint/a6?ynzmini=%2Fhome%2F%2Fivillag HTTP/1.1" 404 6209 "-" "Mozilla/5.0 AppleWebKit/537.36 (KHTML, like Gecko; compatible; ClaudeBot/1.0; +claudebot@anthropic.com) X-Middleton/1"
54.198.85.7 - - [23/Feb/2025:08:03:46 -0500] "GET /bowl/g235?ynzmini=%2Fhome%2Fguitarlisty%2Fpublic_html%2F.%2F.tmb HTTP/1.1" 200 7418 "-" "Mozilla/5.0 AppleWebKit/537.36 (KHTML, like Gecko; compatible; ClaudeBot/1.0; +claudebot@anthropic.com) X-Middleton/1"
3.94.247.247 - - [23/Feb/2025:08:03:46 -0500] "GET /hint/k149?pid=10191/shop/detail?shop_id=1/help/help_04_2.html HTTP/1.1" 200 145307 "-" "Mozilla/5.0 (Linux; Android 6.0.1; Nexus 5X Build/MMB29P) AppleWebKit/537.36 (KHTML, like Gecko) Chrome/133.0.6943.53 Mobile Safari/537.36 (compatible; GoogleOther) X-Middleton/1"
34.226.215.117 - - [23/Feb/2025:08:03:46 -0500] "GET /lid/e258?pid=21104 HTTP/1.1" 200 43286 "-" "Mozilla/5.0 (Linux; Android 8.0; Pixel 2 Build/OPD3.170816.012) AppleWebKit/537.36 (KHTML, like Gecko) Chrome/72.0.3626.121 Mobile Safari/537.36 (compatible; EzoicBot-Nicheiq; +http://www.ezoic.com/bot) X-Middleton/1"
3.89.44.170 - - [23/Feb/2025:08:03:47 -0500] "GET /yamaha-f310-acoustic-guitar-review-2020/?file=//etc/passwd HTTP/1.1" 200 10250 "-" "Mozilla/5.0 AppleWebKit/537.36 (KHTML, like Gecko; compatible; Amazonbot/0.1; +https://developer.amazon.com/support/amazonbot) Chrome/119.0.6045.214 Safari/537.36 X-Middleton/1"
3.94.247.247 - - [23/Feb/2025:08:03:47 -0500] "GET /m009026060?file=/home/guitarlisty/public_html/wp-trackback.php HTTP/1.1" 200 11551 "-" "Mozilla/5.0 (X11; Linux) Gecko Firefox/5.0 X-Middleton/1"
34.226.215.117 - - [23/Feb/2025:08:03:48 -0500] "GET /flight/j52?ynzmini=%2F%2Fetc%2Fdepmod.d HTTP/1.1" 404 6654 "-" "Mozilla/5.0 AppleWebKit/537.36 (KHTML, like Gecko; compatible; ClaudeBot/1.0; +claudebot@anthropic.com) X-Middleton/1"
50.17.142.168 - - [23/Feb/2025:08:03:48 -0500] "GET /m112014609?file=%2Fhome%2Fguitarlisty%2Fpublic_html%2Findex.php&rename=true HTTP/1.1" 200 6560 "-" "Mozilla/5.0 AppleWebKit/537.36 (KHTML, like Gecko; compatible; ClaudeBot/1.0; +claudebot@anthropic.com) X-Middleton/1"
54.198.248.107 - - [23/Feb/2025:08:03:50 -0500] "GET /m075036044?file=%2Fhome%2Fguitarlisty%2Fpublic_html%2Fwp-includes%2Fwp-log1n.php HTTP/1.1" 200 8775 "-" "Mozilla/5.0 AppleWebKit/537.36 (KHTML, like Gecko; compatible; ClaudeBot/1.0; +claudebot@anthropic.com) X-Middleton/1"
54.198.124.77 - - [23/Feb/2025:08:03:51 -0500] "GET /m243040174?file=%2Fhome%2Fguitarlisty%2Fpublic_html%2Fwp-content%2F358020b3 HTTP/1.1" 200 14250 "-" "Mozilla/5.0 AppleWebKit/537.36 (KHTML, like Gecko; compatible; ClaudeBot/1.0; +claudebot@anthropic.com) X-Middleton/1"
52.205.171.15 - - [23/Feb/2025:08:03:51 -0500] "GET /yamaha-f310-acoustic-guitar-review-2020/?file=//etc/shadow HTTP/1.1" 200 6291 "-" "Mozilla/5.0 AppleWebKit/537.36 (KHTML, like Gecko; compatible; Amazonbot/0.1; +https://developer.amazon.com/support/amazonbot) Chrome/119.0.6045.214 Safari/537.36 X-Middleton/1"
54.157.220.176 - - [23/Feb/2025:08:03:51 -0500] "GET /pages.php?32thv34331.html HTTP/1.1" 200 43286 "-" "Mozilla/5.0 AppleWebKit/537.36 (KHTML, like Gecko; compatible; GPTBot/1.2; +https://openai.com/gptbot) X-Middleton/1"
18.212.120.70 - - [23/Feb/2025:08:03:53 -0500] "GET /belt/k149?pid=10191/shop/detail?shop_id=1/help/help_04_2.html/help/help_04_2.html HTTP/1.1" 200 466944 "-" "Mozilla/5.0 (Linux; Android 6.0.1; Nexus 5X Build/MMB29P) AppleWebKit/537.36 (KHTML, like Gecko) Chrome/133.0.6943.53 Mobile Safari/537.36 (compatible; GoogleOther) X-Middleton/1"
3.94.247.247 - - [23/Feb/2025:08:03:53 -0500] "GET /readily/t264?ynzmini=%2Fhome%2Fguitarlisty%2F%2Faccess-logs HTTP/1.1" 404 7061 "-" "Mozilla/5.0 AppleWebKit/537.36 (KHTML, like Gecko; compatible; ClaudeBot/1.0; +claudebot@anthropic.com) X-Middleton/1"
54.162.136.253 - - [23/Feb/2025:08:03:54 -0500] "GET /fortune/h16?pid=21718 HTTP/1.1" 200 43286 "-" "Mozilla/5.0 (Linux; Android 8.0; Pixel 2 Build/OPD3.170816.012) AppleWebKit/537.36 (KHTML, like Gecko) Chrome/72.0.3626.121 Mobile Safari/537.36 (compatible; EzoicBot-Nicheiq; +http://www.ezoic.com/bot) X-Middleton/1"
3.81.110.12 - - [23/Feb/2025:08:03:55 -0500] "GET /fragile/h198?ynzmini=%2Fhome%2Fguitarlisty%2Fpublic_html%2Fsym404%2Flp-IPB.txt404 HTTP/1.1" 200 6979 "-" "Mozilla/5.0 AppleWebKit/537.36 (KHTML, like Gecko; compatible; ClaudeBot/1.0; +claudebot@anthropic.com) X-Middleton/1"
3.90.112.236 - - [23/Feb/2025:08:03:55 -0500] "GET /yamaha-f310-acoustic-guitar-review-2020/?file=//etc/shells HTTP/1.1" 200 6443 "-" "Mozilla/5.0 AppleWebKit/537.36 (KHTML, like Gecko; compatible; Amazonbot/0.1; +https://developer.amazon.com/support/amazonbot) Chrome/119.0.6045.214 Safari/537.36 X-Middleton/1"
54.198.248.107 - - [23/Feb/2025:08:03:56 -0500] "GET /alive/p153?file=%2Fhome%2Fguitarlisty%2Fpublic_html%2Fwp-includes%2F496bb99 HTTP/1.1" 404 14250 "-" "Mozilla/5.0 AppleWebKit/537.36 (KHTML, like Gecko; compatible; ClaudeBot/1.0; +claudebot@anthropic.com) X-Middleton/1"
54.198.85.7 - - [23/Feb/2025:08:03:56 -0500] "GET /damn/r20?pid=17320/shop/detail?shop_id=1/help/help_04_2.html/help/help_04_2.html HTTP/1.1" 200 144599 "-" "Mozilla/5.0 (Linux; Android 6.0.1; Nexus 5X Build/MMB29P) AppleWebKit/537.36 (KHTML, like Gecko) Chrome/133.0.6943.53 Mobile Safari/537.36 (compatible; GoogleOther) X-Middleton/1"
52.205.171.15 - - [23/Feb/2025:08:03:58 -0500] "GET /m129029886?file=%2Fhome%2Fguitarlisty%2Fpublic_html%2F%2Fex.php HTTP/1.1" 200 11237 "-" "Mozilla/5.0 AppleWebKit/537.36 (KHTML, like Gecko; compatible; ClaudeBot/1.0; +claudebot@anthropic.com) X-Middleton/1"
18.209.166.209 - - [23/Feb/2025:08:03:59 -0500] "GET /yamaha-f310-acoustic-guitar-review-2020/?file=//etc/subgid HTTP/1.1" 200 6361 "-" "Mozilla/5.0 AppleWebKit/537.36 (KHTML, like Gecko; compatible; Amazonbot/0.1; +https://developer.amazon.com/support/amazonbot) Chrome/119.0.6045.214 Safari/537.36 X-Middleton/1"
3.90.39.225 - - [23/Feb/2025:08:03:59 -0500] "GET /?_g=6144991/help/help_04_2.html/86699help/help_04_2.html HTTP/1.1" 200 148924 "-" "Mozilla/5.0 (Linux; Android 6.0.1; Nexus 5X Build/MMB29P) AppleWebKit/537.36 (KHTML, like Gecko) Chrome/133.0.6943.126 Mobile Safari/537.36 (compatible; Googlebot/2.1; +http://www.google.com/bot.html) X-Middleton/1"
3.89.44.170 - - [23/Feb/2025:08:04:00 -0500] "GET /week/o188?ynzmini=%2Fhome%2Fguitarlisty%2Fpublic_html%2Fsym404%2Flp-Magento.txt404 HTTP/1.1" 200 7003 "-" "Mozilla/5.0 AppleWebKit/537.36 (KHTML, like Gecko; compatible; ClaudeBot/1.0; +claudebot@anthropic.com) X-Middleton/1"
18.209.166.209 - - [23/Feb/2025:08:04:00 -0500] "GET /happiness/i27?ynzmini=%2F%2Fbin HTTP/1.1" 200 208014 "-" "Mozilla/5.0 AppleWebKit/537.36 (KHTML, like Gecko; compatible; ClaudeBot/1.0; +claudebot@anthropic.com) X-Middleton/1"
3.82.56.176 - - [23/Feb/2025:08:04:00 -0500] "GET /mud/k149?pid=10191/shop/detail?shop_id=1 HTTP/1.1" 200 148840 "-" "Mozilla/5.0 (Linux; Android 6.0.1; Nexus 5X Build/MMB29P) AppleWebKit/537.36 (KHTML, like Gecko) Chrome/133.0.6943.53 Mobile Safari/537.36 (compatible; GoogleOther) X-Middleton/1"
54.234.205.77 - - [23/Feb/2025:08:04:01 -0500] "GET /m009026060?file=/home/guitarlisty/public_html/xmlrpc.php HTTP/1.1" 404 9974 "-" "Mozilla/5.0 (Windows; U; Windows NT 6.0; en-US) AppleWebKit/532.0 (KHTML, like Gecko) Chrome/4.0.211.7 Safari/532.0 X-Middleton/1"
149.167.163.176 - - [23/Feb/2025:08:04:01 -0500] "GET /sites/default/files/styles/customer_photo_thumbnail/public/customer/products/floor%20mat_0.JPG HTTP/2.0" 200 43289 "-" "Mozilla/5.0 (Linux; Android 6.0; Nexus 5 Build/MRA58N) AppleWebKit/537.36 (KHTML, like Gecko) Chrome/49.0.4594.1484 Mobile Safari/537.36"
54.198.85.7 - - [23/Feb/2025:08:04:02 -0500] "GET /m151032118?srsltid=AfmBOoLffchhUNzLhEKT1C_lENrU4jzia_kTH390j7-E-V5JetOvMc HTTP/1.1" 500 45917 "-" "Mozilla/5.0 (Linux; Android 8.0; Pixel 2 Build/OPD3.170816.012) AppleWebKit/537.36 (KHTML, like Gecko) Chrome/72.0.3626.121 Mobile Safari/537.36 (compatible; EzoicBot-Nicheiq; +http://www.ezoic.com/bot) X-Middleton/1"
54.156.59.106 - - [23/Feb/2025:08:04:03 -0500] "GET /cope/f264?ynzmini=%2Fhome%2Fguitarlisty%2Fpublic_html%2Fimages%2Fimages HTTP/1.1" 200 8816 "-" "Mozilla/5.0 AppleWebKit/537.36 (KHTML, like Gecko; compatible; ClaudeBot/1.0; +claudebot@anthropic.com) X-Middleton/1"
3.87.139.20 - - [23/Feb/2025:08:04:03 -0500] "GET /yamaha-f310-acoustic-guitar-review-2020/?file=//etc/subuid HTTP/1.1" 200 6361 "-" "Mozilla/5.0 AppleWebKit/537.36 (KHTML, like Gecko; compatible; Amazonbot/0.1; +https://developer.amazon.com/support/amazonbot) Chrome/119.0.6045.214 Safari/537.36 X-Middleton/1"
3.90.39.225 - - [23/Feb/2025:08:04:03 -0500] "GET /lake/m179?file=%2Fhome%2Fguitarlisty%2Fpublic_html%2Fwp-admin%2Fms-edit.php HTTP/1.1" 200 6624 "-" "Mozilla/5.0 AppleWebKit/537.36 (KHTML, like Gecko; compatible; ClaudeBot/1.0; +claudebot@anthropic.com) X-Middleton/1"
35.173.180.132 - - [23/Feb/2025:08:04:05 -0500] "GET /m020024657?page=scripting HTTP/1.1" 200 6361 "-" "Mozilla/5.0 AppleWebKit/537.36 (KHTML, like Gecko; compatible; ClaudeBot/1.0; +claudebot@anthropic.com) X-Middleton/1"
