34.226.215.117 - - [23/Feb/2025:07:35:04 -0500] "GET /hockey/k149?pid=10191/shop/detail?shop_id=1 HTTP/1.1" 200 146247 "-" "Mozilla/5.0 (Linux; Android 6.0.1; Nexus 5X Build/MMB29P) AppleWebKit/537.36 (KHTML, like Gecko) Chrome/133.0.6943.53 Mobile Safari/537.36 (compatible; GoogleOther) X-Middleton/1"
3.81.110.12 - - [23/Feb/2025:07:35:04 -0500] "GET /m/insid61864901.html?s=fy1FoG5bj HTTP/1.1" 200 43283 "-" "Turnitin (https://bit.ly/2UvnfoQ) X-Middleton/1"
50.17.142.168 - - [23/Feb/2025:07:35:04 -0500] "GET /m/insid62384901.html?s=fsCiYmTyf HTTP/1.1" 200 43285 "-" "Turnitin (https://bit.ly/2UvnfoQ) X-Middleton/1"
35.171.189.120 - - [23/Feb/2025:07:35:05 -0500] "GET /m032040813?srsltid=AfmBOoyyDktXEdKe09QGuS_etxa8nVqWO_Gse7FUE8-Y-hxJRmsyrp HTTP/1.1" 200 43282 "-" "Mozilla/5.0 AppleWebKit/537.36 (KHTML, like Gecko; compatible; ClaudeBot/1.0; +claudebot@anthropic.com) X-Middleton/1"
98.83.220.235 - - [23/Feb/2025:07:35:05 -0500] "GET /m/insig50398148.html?s=fp6WY5DI1 HTTP/1.1" 200 43285 "-" "Turnitin (https://bit.ly/2UvnfoQ) X-Middleton/1"
3.90.112.236 - - [23/Feb/2025:07:35:05 -0500] "GET /folk/k299?file=%2Fhome%2Fguitarlisty%2Fpublic_html%2Fwp-includes%2Flink-template.php HTTP/1.1" 404 165323 "-" "Mozilla/5.0 AppleWebKit/537.36 (KHTML, like Gecko; compatible; ClaudeBot/1.0; +claudebot@anthropic.com) X-Middleton/1"
54.242.51.163 - - [23/Feb/2025:07:35:05 -0500] "GET /m/insig50538148.html?s=fN_hiYY0S HTTP/1.1" 500 45919 "-" "Turnitin (https://bit.ly/2UvnfoQ) X-Middleton/1"
34.229.105.159 - - [23/Feb/2025:07:35:06 -0500] "GET /m/insis20389289.html?s=f3C68bgf7 HTTP/1.1" 200 43286 "-" "Turnitin (https://bit.ly/2UvnfoQ) X-Middleton/1"
52.71.251.0 - - [23/Feb/2025:07:35:06 -0500] "GET /m/wrap81266743.html?file=/home/guitarlisty/public_html/wp-config-sample.php HTTP/1.1" 200 9461 "-" "Mozilla/5.0 (X11; Linux AMD64) Gecko Firefox/5.0 X-Middleton/1"
54.158.139.140 - - [23/Feb/2025:07:35:06 -0500] "GET /m/insis21345289.html?s=floQ9w_wn HTTP/1.1" 200 43286 "-" "Turnitin (https://bit.ly/2UvnfoQ) X-Middleton/1"
18.232.117.100 - - [23/Feb/2025:07:35:07 -0500] "GET /experienced/r259?pid=22461 HTTP/1.1" 200 43282 "-" "Mozilla/5.0 AppleWebKit/537.36 (KHTML, like Gecko; compatible; ClaudeBot/1.0; +claudebot@anthropic.com) X-Middleton/1"
34.229.105.159 - - [23/Feb/2025:07:35:07 -0500] "GET /yamaha-f310-acoustic-guitar-review-2020/?file=//proc/14/io HTTP/1.1" 200 6291 "-" "Mozilla/5.0 AppleWebKit/537.36 (KHTML, like Gecko; compatible; Amazonbot/0.1; +https://developer.amazon.com/support/amazonbot) Chrome/119.0.6045.214 Safari/537.36 X-Middleton/1"
3.81.58.205 - - [23/Feb/2025:07:35:07 -0500] "GET /m/insis22333289.html?s=fpK9arSav HTTP/1.1" 200 43283 "-" "Turnitin (https://bit.ly/2UvnfoQ) X-Middleton/1"
54.196.44.86 - - [23/Feb/2025:07:35:07 -0500] "GET /galaxy/e227?pid=8233 HTTP/1.1" 200 43280 "-" "Mozilla/5.0 AppleWebKit/537.36 (KHTML, like Gecko; compatible; ClaudeBot/1.0; +claudebot@anthropic.com) X-Middleton/1"
34.229.105.159 - - [23/Feb/2025:07:35:07 -0500] "GET /pages.php?product/edit/1271529-2524149 HTTP/1.1" 200 43282 "-" "Mozilla/5.0 AppleWebKit/537.36 (KHTML, like Gecko; compatible; GPTBot/1.2; +https://openai.com/gptbot) X-Middleton/1"
54.158.139.140 - - [23/Feb/2025:07:35:07 -0500] "GET /m/insis22745289.html?s=ft-ChiNyj HTTP/1.1" 200 43286 "-" "Turnitin (https://bit.ly/2UvnfoQ) X-Middleton/1"
54.164.180.114 - - [23/Feb/2025:07:35:07 -0500] "GET /offense/k149?pid=13883/help/help_04_2.html/help/help_04_2.html HTTP/1.1" 200 151783 "-" "Mozilla/5.0 (Linux; Android 6.0.1; Nexus 5X Build/MMB29P) AppleWebKit/537.36 (KHTML, like Gecko) Chrome/133.0.6943.53 Mobile Safari/537.36 (compatible; GoogleOther) X-Middleton/1"
54.158.139.140 - - [23/Feb/2025:07:35:08 -0500] "GET /m/inspe80582199.html?s=f--oDruC4 HTTP/1.1" 200 43286 "-" "Turnitin (https://bit.ly/2UvnfoQ) X-Middleton/1"
34.229.105.159 - - [23/Feb/2025:07:35:08 -0500] "GET /m/inspe81542199.html?s=fDIzyO94M HTTP/1.1" 200 43286 "-" "Turnitin (https://bit.ly/2UvnfoQ) X-Middleton/1"
98.83.149.163 - - [23/Feb/2025:07:35:08 -0500] "GET /pages.php?94plv47793.html HTTP/1.1" 200 43285 "-" "Mozilla/5.0 AppleWebKit/537.36 (KHTML, like Gecko; compatible; GPTBot/1.2; +https://openai.com/gptbot) X-Middleton/1"
52.207.162.105 - - [23/Feb/2025:07:35:09 -0500] "GET /m/inspe81890199.html?s=fyIeY10UM HTTP/1.1" 200 43286 "-" "Turnitin (https://bit.ly/2UvnfoQ) X-Middleton/1"
184.72.213.252 - - [23/Feb/2025:07:35:09 -0500] "GET /m/inspe82350199.html?s=fIkNjWej3 HTTP/1.1" 200 43286 "-" "Turnitin (https://bit.ly/2UvnfoQ) X-Middleton/1"
98.83.149.163 - - [23/Feb/2025:07:35:10 -0500] "GET /m/inspe82614199.html?s=fiLNuUCAP HTTP/1.1" 200 43285 "-" "Turnitin (https://bit.ly/2UvnfoQ) X-Middleton/1"
107.20.115.131 - - [23/Feb/2025:07:35:10 -0500] "GET /m088033071?file=%2Fhome%2Fguitarlisty%2Fpublic_html%2Fwp-includes%2Fclass-wp-session-tokens.php HTTP/1.1" 200 13970 "-" "Mozilla/5.0 AppleWebKit/537.36 (KHTML, like Gecko; compatible; ClaudeBot/1.0; +claudebot@anthropic.com) X-Middleton/1"
54.157.220.176 - - [23/Feb/2025:07:35:10 -0500] "GET /m/inspe82654199.html?s=f8Gryiia1 HTTP/1.1" 500 45920 "-" "Turnitin (https://bit.ly/2UvnfoQ) X-Middleton/1"
3.90.112.236 - - [23/Feb/2025:07:35:11 -0500] "GET /statistical/r20?pid=17320/help/help_04_2.html HTTP/1.1" 200 154503 "-" "Mozilla/5.0 (Linux; Android 6.0.1; Nexus 5X Build/MMB29P) AppleWebKit/537.36 (KHTML, like Gecko) Chrome/133.0.6943.53 Mobile Safari/537.36 (compatible; GoogleOther) X-Middleton/1"
98.83.149.163 - - [23/Feb/2025:07:35:11 -0500] "GET /m/inspi20594033.html?s=ftfYQhzRL HTTP/1.1" 200 43285 "-" "Turnitin (https://bit.ly/2UvnfoQ) X-Middleton/1"
107.20.115.131 - - [23/Feb/2025:07:35:11 -0500] "GET /yamaha-f310-acoustic-guitar-review-2020/?ynzmini=//proc/15 HTTP/1.1" 200 13843 "-" "Mozilla/5.0 AppleWebKit/537.36 (KHTML, like Gecko; compatible; Amazonbot/0.1; +https://developer.amazon.com/support/amazonbot) Chrome/119.0.6045.214 Safari/537.36 X-Middleton/1"
54.158.15.14 - - [23/Feb/2025:07:35:11 -0500] "GET /m032015805?srsltid=AfmBOogFBqugbifzjqv6v0_PYRYlGkSVS_LdLGT8el-M-ln1is5sAe HTTP/1.1" 200 43284 "-" "Mozilla/5.0 (Linux; Android 8.0; Pixel 2 Build/OPD3.170816.012) AppleWebKit/537.36 (KHTML, like Gecko) Chrome/72.0.3626.121 Mobile Safari/537.36 (compatible; EzoicBot-Nicheiq; +http://www.ezoic.com/bot) X-Middleton/1"
18.209.166.209 - - [23/Feb/2025:07:35:11 -0500] "GET /m/inspi21126033.html?s=fQ0Je4Meq HTTP/1.1" 200 43286 "-" "Turnitin (https://bit.ly/2UvnfoQ) X-Middleton/1"
54.162.136.253 - - [23/Feb/2025:07:35:12 -0500] "GET /considerable/n48?pid=32648 HTTP/1.1" 200 43282 "-" "Mozilla/5.0 AppleWebKit/537.36 (KHTML, like Gecko; compatible; ClaudeBot/1.0; +claudebot@anthropic.com) X-Middleton/1"
3.89.44.170 - - [23/Feb/2025:07:35:12 -0500] "GET /m/inspi21266033.html?s=fKga3tXJj HTTP/1.1" 200 43283 "-" "Turnitin (https://bit.ly/2UvnfoQ) X-Middleton/1"
54.158.15.14 - - [23/Feb/2025:07:35:12 -0500] "GET /municipal/x292?pid=20180 HTTP/1.1" 200 43280 "-" "Mozilla/5.0 AppleWebKit/537.36 (KHTML, like Gecko; compatible; ClaudeBot/1.0; +claudebot@anthropic.com) X-Middleton/1"
107.20.115.131 - - [23/Feb/2025:07:35:12 -0500] "GET /m/inspi21670033.html?s=fqUTlwgXe HTTP/1.1" 200 43286 "-" "Turnitin (https://bit.ly/2UvnfoQ) X-Middleton/1"
34.229.105.159 - - [23/Feb/2025:07:35:13 -0500] "GET /m/inspi21678033.html?s=fS5FIT9Ps HTTP/1.1" 200 43286 "-" "Turnitin (https://bit.ly/2UvnfoQ) X-Middleton/1"
3.82.56.176 - - [23/Feb/2025:07:35:13 -0500] "GET /m/inspi22094033.html?s=fXT7PjAm4 HTTP/1.1" 200 43283 "-" "Turnitin (https://bit.ly/2UvnfoQ) X-Middleton/1"
54.242.51.163 - - [23/Feb/2025:07:35:14 -0500] "GET /m/inspi22806033.html?s=f-SWNlxvr HTTP/1.1" 200 43285 "-" "Turnitin (https://bit.ly/2UvnfoQ) X-Middleton/1"
50.17.142.168 - - [23/Feb/2025:07:35:14 -0500] "GET /m/insta30237482.html?s=fSJIDz6Dj HTTP/1.1" 200 43285 "-" "Turnitin (https://bit.ly/2UvnfoQ) X-Middleton/1"
3.94.247.247 - - [23/Feb/2025:07:35:14 -0500] "GET /beginning/r20?pid=17320/86699help/help_04_2.html/help/help_04_2.html HTTP/1.1" 200 148345 "-" "Mozilla/5.0 (Linux; Android 6.0.1; Nexus 5X Build/MMB29P) AppleWebKit/537.36 (KHTML, like Gecko) Chrome/133.0.6943.53 Mobile Safari/537.36 (compatible; GoogleOther) X-Middleton/1"
54.198.248.107 - - [23/Feb/2025:07:35:15 -0500] "GET /ignore/a48?ynzmini=%2Fhome%2F%2Fvirtfs HTTP/1.1" 200 6205 "-" "Mozilla/5.0 AppleWebKit/537.36 (KHTML, like Gecko; compatible; ClaudeBot/1.0; +claudebot@anthropic.com) X-Middleton/1"
98.83.149.163 - - [23/Feb/2025:07:35:15 -0500] "GET /m/insta31381482.html?s=fUUNWu550 HTTP/1.1" 200 43285 "-" "Turnitin (https://bit.ly/2UvnfoQ) X-Middleton/1"
54.198.248.107 - - [23/Feb/2025:07:35:15 -0500] "GET /m119030160?ynzmini=%2F%2F. HTTP/1.1" 200 10152 "-" "Mozilla/5.0 AppleWebKit/537.36 (KHTML, like Gecko; compatible; ClaudeBot/1.0; +claudebot@anthropic.com) X-Middleton/1"
34.226.215.117 - - [23/Feb/2025:07:35:15 -0500] "GET /m/insta32573482.html?s=fEr8pdDd5 HTTP/1.1" 500 45920 "-" "Turnitin (https://bit.ly/2UvnfoQ) X-Middleton/1"
3.81.110.12 - - [23/Feb/2025:07:35:16 -0500] "GET /yamaha-f310-acoustic-guitar-review-2020/?file=//proc/15/io HTTP/1.1" 200 6291 "-" "Mozilla/5.0 AppleWebKit/537.36 (KHTML, like Gecko; compatible; Amazonbot/0.1; +https://developer.amazon.com/support/amazonbot) Chrome/119.0.6045.214 Safari/537.36 X-Middleton/1"
98.83.220.235 - - [23/Feb/2025:07:35:16 -0500] "GET /m/inste30140946.html?s=fDXtxJtOf HTTP/1.1" 200 43285 "-" "Turnitin (https://bit.ly/2UvnfoQ) X-Middleton/1"
98.83.149.163 - - [23/Feb/2025:07:35:16 -0500] "GET /m/inste30460946.html?s=fsnNEKOxd HTTP/1.1" 200 43285 "-" "Turnitin (https://bit.ly/2UvnfoQ) X-Middleton/1"
34.229.105.159 - - [23/Feb/2025:07:35:17 -0500] "GET /curve/z77?ynzmini=%2F%2Fvar HTTP/1.1" 200 10228 "-" "Mozilla/5.0 AppleWebKit/537.36 (KHTML, like Gecko; compatible; ClaudeBot/1.0; +claudebot@anthropic.com) X-Middleton/1"
3.82.56.176 - - [23/Feb/2025:07:35:17 -0500] "GET /m069010346?ynzmini=%2Fhome%2F%2F. HTTP/1.1" 200 9553 "-" "Mozilla/5.0 AppleWebKit/537.36 (KHTML, like Gecko; compatible; ClaudeBot/1.0; +claudebot@anthropic.com) X-Middleton/1"
54.198.85.7 - - [23/Feb/2025:07:35:17 -0500] "GET /m/inste31148946.html?s=figeEFrZf HTTP/1.1" 200 43283 "-" "Turnitin (https://bit.ly/2UvnfoQ) X-Middleton/1"
107.20.115.131 - - [23/Feb/2025:07:35:17 -0500] "GET /m/inste31640946.html?s=fo88l4Jup HTTP/1.1" 200 43286 "-" "Turnitin (https://bit.ly/2UvnfoQ) X-Middleton/1"
54.198.85.7 - - [23/Feb/2025:07:35:18 -0500] "GET /bacteria/r20?pid=17320/help/help_04_2.html/help/help_04_2.html HTTP/1.1" 200 147330 "-" "Mozilla/5.0 (Linux; Android 6.0.1; Nexus 5X Build/MMB29P) AppleWebKit/537.36 (KHTML, like Gecko) Chrome/133.0.6943.53 Mobile Safari/537.36 (compatible; GoogleOther) X-Middleton/1"
52.205.171.15 - - [23/Feb/2025:07:35:18 -0500] "GET /m/insti60897829.html?s=fiPKV-fSQ HTTP/1.1" 200 43285 "-" "Turnitin (https://bit.ly/2UvnfoQ) X-Middleton/1"
54.198.85.7 - - [23/Feb/2025:07:35:18 -0500] "GET /m/insti61709829.html?s=fK6_lO9R3 HTTP/1.1" 200 43283 "-" "Turnitin (https://bit.ly/2UvnfoQ) X-Middleton/1"
18.232.117.100 - - [23/Feb/2025:07:35:19 -0500] "GET /m/insti61785829.html?s=f4HtVXF5n HTTP/1.1" 200 43286 "-" "Turnitin (https://bit.ly/2UvnfoQ) X-Middleton/1"
98.83.220.235 - - [23/Feb/2025:07:35:19 -0500] "GET /m170040175?srsltid=AfmBOokmduNqtbTzlhGixA_ktYaizN80a_eTAmD6pl-U-d85eEPdu7 HTTP/1.1" 200 43285 "-" "Mozilla/5.0 (Linux; Android 8.0; Pixel 2 Build/OPD3.170816.012) AppleWebKit/537.36 (KHTML, like Gecko) Chrome/72.0.3626.121 Mobile Safari/537.36 (compatible; EzoicBot-Nicheiq; +http://www.ezoic.com/bot) X-Middleton/1"
35.173.180.132 - - [23/Feb/2025:07:35:19 -0500] "GET /m/insti62089829.html?s=fGXUrJjrH HTTP/1.1" 200 43286 "-" "Turnitin (https://bit.ly/2UvnfoQ) X-Middleton/1"
52.207.162.105 - - [23/Feb/2025:07:35:20 -0500] "GET /home/000~ROOT~000/sys/class/input/input0/ HTTP/1.1" 200 2802 "-" "Mozilla/5.0 (Linux; Android 5.0) AppleWebKit/537.36 (KHTML, like Gecko) Mobile Safari/537.36 (compatible; Bytespider; spider-feedback@bytedance.com) X-Middleton/1"
54.198.248.107 - - [23/Feb/2025:07:35:20 -0500] "GET /yamaha-f310-acoustic-guitar-review-2020/?ynzmini=//proc/16 HTTP/1.1" 200 13843 "-" "Mozilla/5.0 AppleWebKit/537.36 (KHTML, like Gecko; compatible; Amazonbot/0.1; +https://developer.amazon.com/support/amazonbot) Chrome/119.0.6045.214 Safari/537.36 X-Middleton/1"
54.144.101.254 - - [23/Feb/2025:07:35:20 -0500] "GET /wolf/q142?file=%2Fhome%2Fguitarlisty%2Fpublic_html%2Flicense.txt HTTP/1.1" 200 26397 "-" "Mozilla/5.0 AppleWebKit/537.36 (KHTML, like Gecko; compatible; ClaudeBot/1.0; +claudebot@anthropic.com) X-Middleton/1"
54.198.248.107 - - [23/Feb/2025:07:35:20 -0500] "GET /m/insti62249829.html?s=fQjQtwGCG HTTP/1.1" 200 43286 "-" "Turnitin (https://bit.ly/2UvnfoQ) X-Middleton/1"
54.208.214.128 - - [23/Feb/2025:07:35:20 -0500] "GET /and/b148?ynzmini=%2F%2Fsbin HTTP/1.1" 200 77537 "-" "Mozilla/5.0 AppleWebKit/537.36 (KHTML, like Gecko; compatible; ClaudeBot/1.0; +claudebot@anthropic.com) X-Middleton/1"
54.226.129.235 - - [23/Feb/2025:07:35:20 -0500] "GET /m/instr61016493.html?s=f_iOnPdgA HTTP/1.1" 500 45920 "-" "Turnitin (https://bit.ly/2UvnfoQ) X-Middleton/1"
54.226.129.235 - - [23/Feb/2025:07:35:21 -0500] "GET /agree/k149?pid=10191/shop/detail?shop_id=1 HTTP/1.1" 200 157579 "-" "Mozilla/5.0 (Linux; Android 6.0.1; Nexus 5X Build/MMB29P) AppleWebKit/537.36 (KHTML, like Gecko) Chrome/133.0.6943.53 Mobile Safari/537.36 (compatible; GoogleOther) X-Middleton/1"
18.232.117.100 - - [23/Feb/2025:07:35:21 -0500] "GET /m/instr61616493.html?s=fkr-UGT4H HTTP/1.1" 200 43286 "-" "Turnitin (https://bit.ly/2UvnfoQ) X-Middleton/1"
54.242.51.163 - - [23/Feb/2025:07:35:21 -0500] "GET /m/instr61716493.html?s=fS3eeb6Bo HTTP/1.1" 200 43285 "-" "Turnitin (https://bit.ly/2UvnfoQ) X-Middleton/1"
54.209.250.19 - - [23/Feb/2025:07:35:22 -0500] "GET /m292038725?ynzmini=%2F%2Fsrv HTTP/1.1" 200 6380 "-" "Mozilla/5.0 AppleWebKit/537.36 (KHTML, like Gecko; compatible; ClaudeBot/1.0; +claudebot@anthropic.com) X-Middleton/1"
3.89.44.170 - - [23/Feb/2025:07:35:22 -0500] "GET /m/instr62148493.html?s=f0mr2LG-8 HTTP/1.1" 500 45917 "-" "Turnitin (https://bit.ly/2UvnfoQ) X-Middleton/1"
50.17.142.168 - - [23/Feb/2025:07:35:22 -0500] "GET /m/yes61389269.html?file=/home/guitarlisty/public_html/.htaccess HTTP/1.1" 200 7125 "-" "Mozilla/5.0 (Windows NT 6.1; Win64; x64; rv:2.0b8pre) Gecko/20101114 Firefox/4.0b8pre X-Middleton/1"
54.196.44.86 - - [23/Feb/2025:07:35:22 -0500] "GET /m/insuf51706844.html?s=fBl27iZzd HTTP/1.1" 200 43284 "-" "Turnitin (https://bit.ly/2UvnfoQ) X-Middleton/1"
3.90.42.123 - - [23/Feb/2025:07:35:23 -0500] "GET /m/insuf52274844.html?s=fQQHCLjJh HTTP/1.1" 200 43283 "-" "Turnitin (https://bit.ly/2UvnfoQ) X-Middleton/1"
54.158.15.14 - - [23/Feb/2025:07:35:23 -0500] "GET /yamaha-f310-acoustic-guitar-review-2020/?file=//proc/16/io HTTP/1.1" 404 6291 "-" "Mozilla/5.0 AppleWebKit/537.36 (KHTML, like Gecko; compatible; Amazonbot/0.1; +https://developer.amazon.com/support/amazonbot) Chrome/119.0.6045.214 Safari/537.36 X-Middleton/1"
98.83.149.163 - - [23/Feb/2025:07:35:23 -0500] "GET /m/insul31262306.html?s=fIaPqeYDq HTTP/1.1" 200 43285 "-" "Turnitin (https://bit.ly/2UvnfoQ) X-Middleton/1"
98.83.149.163 - - [23/Feb/2025:07:35:24 -0500] "GET /m/ghost70379558.html?s=fPpkcbmJz HTTP/1.1" 200 43285 "-" "Mozilla/5.0 (compatible; SemrushBot/7~bl; +http://www.semrush.com/bot.html) X-Middleton/1"
35.171.189.120 - - [23/Feb/2025:07:35:24 -0500] "GET /m/insul31986306.html?s=fkUt_cK7L HTTP/1.1" 200 43286 "-" "Turnitin (https://bit.ly/2UvnfoQ) X-Middleton/1"
54.198.248.107 - - [23/Feb/2025:07:35:24 -0500] "GET /school/r20?pid=17320/help/help_04_2.html/shop/detail?shop_id=1 HTTP/1.1" 200 152976 "-" "Mozilla/5.0 (Linux; Android 6.0.1; Nexus 5X Build/MMB29P) AppleWebKit/537.36 (KHTML, like Gecko) Chrome/133.0.6943.53 Mobile Safari/537.36 (compatible; GoogleOther) X-Middleton/1"
3.87.139.20 - - [23/Feb/2025:07:35:24 -0500] "GET /m/insul32898306.html?s=fRw16Qf1X HTTP/1.1" 200 43283 "-" "Turnitin (https://bit.ly/2UvnfoQ) X-Middleton/1"
50.17.142.168 - - [23/Feb/2025:07:35:25 -0500] "GET /m/insur10438616.html?s=faFUBT65r HTTP/1.1" 200 43285 "-" "Turnitin (https://bit.ly/2UvnfoQ) X-Middleton/1"
3.90.39.225 - - [23/Feb/2025:07:35:25 -0500] "GET /hunting/h269?file=%2Fhome%2Fguitarlisty%2Fpublic_html%2F%2Findex.php HTTP/1.1" 200 14272 "-" "Mozilla/5.0 AppleWebKit/537.36 (KHTML, like Gecko; compatible; ClaudeBot/1.0; +claudebot@anthropic.com) X-Middleton/1"
54.242.51.163 - - [23/Feb/2025:07:35:25 -0500] "GET /m/insur12222616.html?s=f5oS8rnuh HTTP/1.1" 200 43285 "-" "Turnitin (https://bit.ly/2UvnfoQ) X-Middleton/1"
54.198.85.7 - - [23/Feb/2025:07:35:26 -0500] "GET /m062045963?ynzmini=%2F%2Fmnt HTTP/1.1" 200 6380 "-" "Mozilla/5.0 AppleWebKit/537.36 (KHTML, like Gecko; compatible; ClaudeBot/1.0; +claudebot@anthropic.com) X-Middleton/1"
98.83.149.163 - - [23/Feb/2025:07:35:25 -0500] "GET /m059043954?rmfolder=%2Fhome%2Fguitarlisty%2Fpublic_html%2F HTTP/1.1" 200 43281 "-" "Mozilla/5.0 AppleWebKit/537.36 (KHTML, like Gecko; compatible; ClaudeBot/1.0; +claudebot@anthropic.com) X-Middleton/1"
54.226.129.235 - - [23/Feb/2025:07:35:26 -0500] "GET /m/insur12842616.html?s=fqGsYbA-k HTTP/1.1" 200 43286 "-" "Turnitin (https://bit.ly/2UvnfoQ) X-Middleton/1"
3.90.42.123 - - [23/Feb/2025:07:35:26 -0500] "GET /m/insur12986616.html?s=fhlDwYeBo HTTP/1.1" 500 45917 "-" "Turnitin (https://bit.ly/2UvnfoQ) X-Middleton/1"
54.226.129.235 - - [23/Feb/2025:07:35:27 -0500] "GET /m/intak50078372.html?s=fdihItlMR HTTP/1.1" 500 45920 "-" "Turnitin (https://bit.ly/2UvnfoQ) X-Middleton/1"
54.198.85.7 - - [23/Feb/2025:07:35:27 -0500] "GET /yamaha-f310-acoustic-guitar-review-2020/?ynzmini=//proc/17 HTTP/1.1" 200 13843 "-" "Mozilla/5.0 AppleWebKit/537.36 (KHTML, like Gecko; compatible; Amazonbot/0.1; +https://developer.amazon.com/support/amazonbot) Chrome/119.0.6045.214 Safari/537.36 X-Middleton/1"
107.20.82.18 - - [23/Feb/2025:07:35:27 -0500] "GET /m/was22227945.html HTTP/1.1" 200 43280 "-" "Mozilla/5.0 AppleWebKit/537.36 (KHTML, like Gecko; compatible; ClaudeBot/1.0; +claudebot@anthropic.com) X-Middleton/1"
184.72.213.252 - - [23/Feb/2025:07:35:27 -0500] "GET /m141035704?srsltid=AfmBOoXDoZTbiUClloKvgU_p9hTEfcASB_aFI4x52s-Z-HORNI7vWa HTTP/1.1" 200 43286 "-" "Mozilla/5.0 (Linux; Android 8.0; Pixel 2 Build/OPD3.170816.012) AppleWebKit/537.36 (KHTML, like Gecko) Chrome/72.0.3626.121 Mobile Safari/537.36 (compatible; EzoicBot-Nicheiq; +http://www.ezoic.com/bot) X-Middleton/1"
54.234.205.77 - - [23/Feb/2025:07:35:27 -0500] "GET /m/intak51170372.html?s=fToPS6fGM HTTP/1.1" 200 43285 "-" "Turnitin (https://bit.ly/2UvnfoQ) X-Middleton/1"
54.196.44.86 - - [23/Feb/2025:07:35:28 -0500] "GET /m/integ81046191.html?s=fQ8-2TCXa HTTP/1.1" 200 43284 "-" "Turnitin (https://bit.ly/2UvnfoQ) X-Middleton/1"
54.157.220.176 - - [23/Feb/2025:07:35:28 -0500] "GET /upon/r20?pid=17320/shop/detail?shop_id=1 HTTP/1.1" 200 154887 "-" "Mozilla/5.0 (Linux; Android 6.0.1; Nexus 5X Build/MMB29P) AppleWebKit/537.36 (KHTML, like Gecko) Chrome/133.0.6943.53 Mobile Safari/537.36 (compatible; GoogleOther) X-Middleton/1"
3.81.133.169 - - [23/Feb/2025:07:35:28 -0500] "GET /m/integ82522191.html?s=fe0Pe4VJs HTTP/1.1" 200 43284 "-" "Turnitin (https://bit.ly/2UvnfoQ) X-Middleton/1"
34.226.215.117 - - [23/Feb/2025:07:35:29 -0500] "GET /m/integ82590191.html?s=fWd64Bq9a HTTP/1.1" 200 43286 "-" "Turnitin (https://bit.ly/2UvnfoQ) X-Middleton/1"
18.232.117.100 - - [23/Feb/2025:07:35:29 -0500] "GET /m/intel60925861.html?s=fq-AIv_go HTTP/1.1" 200 43288 "-" "Turnitin (https://bit.ly/2UvnfoQ) X-Middleton/1"
34.226.215.117 - - [23/Feb/2025:07:35:30 -0500] "GET /portion/i154?file=%2Fhome%2Fguitarlisty%2Fpublic_html%2F.%2Fwp-log1n.php HTTP/1.1" 200 8746 "-" "Mozilla/5.0 AppleWebKit/537.36 (KHTML, like Gecko; compatible; ClaudeBot/1.0; +claudebot@anthropic.com) X-Middleton/1"
50.17.142.168 - - [23/Feb/2025:07:35:30 -0500] "GET /m/intel61125861.html?s=fbo3llgvL HTTP/1.1" 200 43287 "-" "Turnitin (https://bit.ly/2UvnfoQ) X-Middleton/1"
18.212.120.70 - - [23/Feb/2025:07:35:30 -0500] "GET /shelter/z6?ynzmini=%2F%2Frun HTTP/1.1" 200 24821 "-" "Mozilla/5.0 AppleWebKit/537.36 (KHTML, like Gecko; compatible; ClaudeBot/1.0; +claudebot@anthropic.com) X-Middleton/1"
54.198.124.77 - - [23/Feb/2025:07:35:30 -0500] "GET /m/intel61473861.html?s=fqxpvkoZz HTTP/1.1" 200 43287 "-" "Turnitin (https://bit.ly/2UvnfoQ) X-Middleton/1"
34.229.105.159 - - [23/Feb/2025:07:35:31 -0500] "GET /beer/j254?ynzmini=%2F%2F.. HTTP/1.1" 200 10184 "-" "Mozilla/5.0 AppleWebKit/537.36 (KHTML, like Gecko; compatible; ClaudeBot/1.0; +claudebot@anthropic.com) X-Middleton/1"
54.158.15.14 - - [23/Feb/2025:07:35:31 -0500] "GET /m/intel61645861.html?s=fWRjr34_P HTTP/1.1" 200 43286 "-" "Turnitin (https://bit.ly/2UvnfoQ) X-Middleton/1"
3.87.139.20 - - [23/Feb/2025:07:35:31 -0500] "GET /yamaha-f310-acoustic-guitar-review-2020/?file=//proc/17/io HTTP/1.1" 200 6291 "-" "Mozilla/5.0 AppleWebKit/537.36 (KHTML, like Gecko; compatible; Amazonbot/0.1; +https://developer.amazon.com/support/amazonbot) Chrome/119.0.6045.214 Safari/537.36 X-Middleton/1"
35.173.180.132 - - [23/Feb/2025:07:35:31 -0500] "GET /m/intel62385861.html?s=f6kKIQpXC HTTP/1.1" 500 45920 "-" "Turnitin (https://bit.ly/2UvnfoQ) X-Middleton/1"
52.207.162.105 - - [23/Feb/2025:07:35:31 -0500] "GET /apologize/k149?pid=10191/shop/detail?shop_id=1 HTTP/1.1" 200 468569 "-" "Mozilla/5.0 (Linux; Android 6.0.1; Nexus 5X Build/MMB29P) AppleWebKit/537.36 (KHTML, like Gecko) Chrome/133.0.6943.53 Mobile Safari/537.36 (compatible; GoogleOther) X-Middleton/1"
3.90.42.123 - - [23/Feb/2025:07:35:32 -0500] "GET /m/intel62437861.html?s=fLHep9EMC HTTP/1.1" 500 45917 "-" "Turnitin (https://bit.ly/2UvnfoQ) X-Middleton/1"
3.82.56.176 - - [23/Feb/2025:07:35:32 -0500] "GET /m/meet10465448.html HTTP/1.1" 500 45913 "-" "Mozilla/5.0 AppleWebKit/537.36 (KHTML, like Gecko; compatible; ClaudeBot/1.0; +claudebot@anthropic.com) X-Middleton/1"
23.22.111.12 - - [23/Feb/2025:07:35:32 -0500] "GET /m/intel62709861.html?s=fOgdq71ly HTTP/1.1" 500 45918 "-" "Turnitin (https://bit.ly/2UvnfoQ) X-Middleton/1"
3.82.56.176 - - [23/Feb/2025:07:35:32 -0500] "GET /m122037619?srsltid=AfmBOoPjOSqrnRvBxhd3Yi_wGiDJ6jmp8_o9seB6Mx-V-ytcpHed4l HTTP/1.1" 200 460051 "-" "Mozilla/5.0 (Linux; Android 6.0.1; Nexus 5X Build/MMB29P) AppleWebKit/537.36 (KHTML, like Gecko) Chrome/133.0.6943.53 Mobile Safari/537.36 (compatible; Googlebot/2.1; +http://www.google.com/bot.html) X-Middleton/1"
54.156.59.106 - - [23/Feb/2025:07:35:33 -0500] "GET /m/inten60501285.html?s=fMxtXk8vS HTTP/1.1" 500 45919 "-" "Turnitin (https://bit.ly/2UvnfoQ) X-Middleton/1"
3.81.133.169 - - [23/Feb/2025:07:35:33 -0500] "GET /m/inten61185285.html?s=fEwNllimR HTTP/1.1" 500 45918 "-" "Turnitin (https://bit.ly/2UvnfoQ) X-Middleton/1"
35.173.180.132 - - [23/Feb/2025:07:35:34 -0500] "GET /m/inten61481285.html?s=fcOrXyeJz HTTP/1.1" 500 45920 "-" "Turnitin (https://bit.ly/2UvnfoQ) X-Middleton/1"
18.209.166.209 - - [23/Feb/2025:07:35:34 -0500] "GET /m/inten62149285.html?s=f2MKx3WxX HTTP/1.1" 500 45920 "-" "Turnitin (https://bit.ly/2UvnfoQ) X-Middleton/1"
54.196.44.86 - - [23/Feb/2025:07:35:35 -0500] "GET /m/inten62753285.html?s=fNrbPW0_a HTTP/1.1" 500 45918 "-" "Turnitin (https://bit.ly/2UvnfoQ) X-Middleton/1"
52.205.171.15 - - [23/Feb/2025:07:35:35 -0500] "GET /peel/z249?ynzmini=%2Fhome%2Fguitarlisty%2Fpublic_html%2Fsym404%2Ftss-OpenCart.txt404 HTTP/1.1" 404 7015 "-" "Mozilla/5.0 AppleWebKit/537.36 (KHTML, like Gecko; compatible; ClaudeBot/1.0; +claudebot@anthropic.com) X-Middleton/1"
34.226.215.117 - - [23/Feb/2025:07:35:35 -0500] "GET /m080004483?srsltid=AfmBOoKQsaxuNVESuUMMqp_Vmm0RAO89a_ccbTFr5N-G-LIeAKtjqZ HTTP/1.1" 200 161530 "-" "Mozilla/5.0 (Linux; Android 6.0.1; Nexus 5X Build/MMB29P) AppleWebKit/537.36 (KHTML, like Gecko) Chrome/133.0.6943.53 Mobile Safari/537.36 (compatible; Googlebot/2.1; +http://www.google.com/bot.html) X-Middleton/1"
52.207.162.105 - - [23/Feb/2025:07:35:35 -0500] "GET /yamaha-f310-acoustic-guitar-review-2020/?ynzmini=//proc/18 HTTP/1.1" 404 13843 "-" "Mozilla/5.0 AppleWebKit/537.36 (KHTML, like Gecko; compatible; Amazonbot/0.1; +https://developer.amazon.com/support/amazonbot) Chrome/119.0.6045.214 Safari/537.36 X-Middleton/1"
35.173.219.106 - - [23/Feb/2025:07:35:35 -0500] "GET /m264004327?srsltid=AfmBOowpgkafMSNmTysdcW_QThRDTELkc_bXEnbDLe-V-raqD6gZ0Y HTTP/1.1" 500 45920 "-" "Mozilla/5.0 (Linux; Android 8.0; Pixel 2 Build/OPD3.170816.012) AppleWebKit/537.36 (KHTML, like Gecko) Chrome/72.0.3626.121 Mobile Safari/537.36 (compatible; EzoicBot-Nicheiq; +http://www.ezoic.com/bot) X-Middleton/1"
50.17.142.168 - - [23/Feb/2025:07:35:35 -0500] "GET /boss/v100?ynzmini=%2Fhome%2F%2F.. HTTP/1.1" 200 10409 "-" "Mozilla/5.0 AppleWebKit/537.36 (KHTML, like Gecko; compatible; ClaudeBot/1.0; +claudebot@anthropic.com) X-Middleton/1"
54.234.205.77 - - [23/Feb/2025:07:35:35 -0500] "GET /m046015413?ynzmini=%2Fhome%2Fguitarlisty%2Fpublic_html%2Fimages HTTP/1.1" 200 8011 "-" "Mozilla/5.0 AppleWebKit/537.36 (KHTML, like Gecko; compatible; ClaudeBot/1.0; +claudebot@anthropic.com) X-Middleton/1"
54.162.136.253 - - [23/Feb/2025:07:35:35 -0500] "GET /m/inter60976293.html?s=fMLF_kvSP HTTP/1.1" 500 45920 "-" "Turnitin (https://bit.ly/2UvnfoQ) X-Middleton/1"
52.205.171.15 - - [23/Feb/2025:07:35:36 -0500] "GET /pages.php?45bvkt746.html HTTP/1.1" 200 453351 "-" "Mozilla/5.0 (Linux; Android 6.0.1; Nexus 5X Build/MMB29P) AppleWebKit/537.36 (KHTML, like Gecko) Chrome/133.0.6943.53 Mobile Safari/537.36 (compatible; Googlebot/2.1; +http://www.google.com/bot.html) X-Middleton/1"
54.226.129.235 - - [23/Feb/2025:07:35:36 -0500] "GET /m/inter61184293.html?s=fRECJ3TB2 HTTP/1.1" 500 45920 "-" "Turnitin (https://bit.ly/2UvnfoQ) X-Middleton/1"
52.207.162.105 - - [23/Feb/2025:07:35:36 -0500] "GET /m/inter62076293.html?s=fa6yi8VRm HTTP/1.1" 500 45920 "-" "Turnitin (https://bit.ly/2UvnfoQ) X-Middleton/1"
35.175.240.220 - - [23/Feb/2025:07:35:37 -0500] "GET /m/inter62620293.html?s=fVfZDN1bs HTTP/1.1" 500 45920 "-" "Turnitin (https://bit.ly/2UvnfoQ) X-Middleton/1"
54.198.7.139 - - [23/Feb/2025:07:35:37 -0500] "GET /m/dimen11210792.html HTTP/1.1" 500 45914 "-" "Mozilla/5.0 AppleWebKit/537.36 (KHTML, like Gecko; compatible; ClaudeBot/1.0; +claudebot@anthropic.com) X-Middleton/1"
18.212.120.70 - - [23/Feb/2025:07:35:37 -0500] "GET /m/inter62716293.html?s=fBiwP4bBJ HTTP/1.1" 500 45919 "-" "Turnitin (https://bit.ly/2UvnfoQ) X-Middleton/1"
3.87.139.20 - - [23/Feb/2025:07:35:37 -0500] "GET /favorite/r20?pid=17320/help/help_04_2.html/help/help_04_2.html HTTP/1.1" 200 456636 "-" "Mozilla/5.0 (Linux; Android 6.0.1; Nexus 5X Build/MMB29P) AppleWebKit/537.36 (KHTML, like Gecko) Chrome/133.0.6943.53 Mobile Safari/537.36 (compatible; GoogleOther) X-Middleton/1"
35.175.240.220 - - [23/Feb/2025:07:35:38 -0500] "GET /m/intim70679574.html?s=f3QP4O8NJ HTTP/1.1" 500 45920 "-" "Turnitin (https://bit.ly/2UvnfoQ) X-Middleton/1"
3.87.139.20 - - [23/Feb/2025:07:35:38 -0500] "GET /m/intim70855574.html?s=ftebgferF HTTP/1.1" 500 45917 "-" "Turnitin (https://bit.ly/2UvnfoQ) X-Middleton/1"
3.80.165.4 - - [23/Feb/2025:07:35:39 -0500] "GET /m/yes61389269.html?ynzmini=/home/ HTTP/1.1" 404 9437 "-" "Mozilla/5.0 (Macintosh; Intel Mac OS X 10_9_2) AppleWebKit/537.36 (KHTML, like Gecko) Chrome/36.0.1944.0 Safari/537.36 X-Middleton/1"
52.207.162.105 - - [23/Feb/2025:07:35:39 -0500] "GET /yamaha-f310-acoustic-guitar-review-2020/?ynzmini=//proc/19 HTTP/1.1" 404 13843 "-" "Mozilla/5.0 AppleWebKit/537.36 (KHTML, like Gecko; compatible; Amazonbot/0.1; +https://developer.amazon.com/support/amazonbot) Chrome/119.0.6045.214 Safari/537.36 X-Middleton/1"
3.90.39.225 - - [23/Feb/2025:07:35:39 -0500] "GET /m/intim70867574.html?s=fq2Dpsz_O HTTP/1.1" 500 45917 "-" "Turnitin (https://bit.ly/2UvnfoQ) X-Middleton/1"
66.249.79.36 - - [23/Feb/2025:07:35:39 -0500] "GET /detail/crop20675305.shtml?s=fhi7bCqvV HTTP/1.1" 200 73315 "-" "Mozilla/5.0 (Linux; Android 6.0.1; Nexus 5X Build/MMB29P) AppleWebKit/537.36 (KHTML, like Gecko) Chrome/133.0.6943.53 Mobile Safari/537.36 (compatible; Googlebot/2.1; +http://www.google.com/bot.html)"
52.205.171.15 - - [23/Feb/2025:07:35:39 -0500] "GET /m/intim72371574.html?s=f0qh5SYmn HTTP/1.1" 500 45919 "-" "Turnitin (https://bit.ly/2UvnfoQ) X-Middleton/1"
54.162.136.253 - - [23/Feb/2025:07:35:40 -0500] "GET /m/into51441164.html?s=fyyUEXVn3 HTTP/1.1" 500 45920 "-" "Turnitin (https://bit.ly/2UvnfoQ) X-Middleton/1"
184.72.213.252 - - [23/Feb/2025:07:35:40 -0500] "GET /peel/z249?ynzmini=%2Fhome%2Fguitarlisty%2Fpublic_html%2Fsym404%2Ftelegraf-IPB.txt404 HTTP/1.1" 404 7015 "-" "Mozilla/5.0 AppleWebKit/537.36 (KHTML, like Gecko; compatible; ClaudeBot/1.0; +claudebot@anthropic.com) X-Middleton/1"
54.198.124.77 - - [23/Feb/2025:07:35:40 -0500] "GET /cue/q39?file=%2Fetc%2Fresolv.conf&rename=true HTTP/1.1" 404 6468 "-" "Mozilla/5.0 AppleWebKit/537.36 (KHTML, like Gecko; compatible; ClaudeBot/1.0; +claudebot@anthropic.com) X-Middleton/1"
3.87.139.20 - - [23/Feb/2025:07:35:40 -0500] "GET /m/into52265164.html?s=fwVKsN8oe HTTP/1.1" 500 45917 "-" "Turnitin (https://bit.ly/2UvnfoQ) X-Middleton/1"
66.249.68.66 - - [23/Feb/2025:07:35:40 -0500] "GET /item/flowe11800496.html?s=fOBzWSr4o HTTP/1.1" 200 73165 "-" "Mozilla/5.0 (Linux; Android 6.0.1; Nexus 5X Build/MMB29P) AppleWebKit/537.36 (KHTML, like Gecko) Chrome/133.0.6943.53 Mobile Safari/537.36 (compatible; Googlebot/2.1; +http://www.google.com/bot.html)"
54.198.248.107 - - [23/Feb/2025:07:35:41 -0500] "GET /m/mask50858180.html?page=blank HTTP/1.1" 404 6057 "-" "Mozilla/5.0 AppleWebKit/537.36 (KHTML, like Gecko; compatible; ClaudeBot/1.0; +claudebot@anthropic.com) X-Middleton/1"
54.156.59.106 - - [23/Feb/2025:07:35:41 -0500] "GET /statistical/r20?pid=17320/shop/detail?shop_id=1 HTTP/1.1" 200 150853 "-" "Mozilla/5.0 (Linux; Android 6.0.1; Nexus 5X Build/MMB29P) AppleWebKit/537.36 (KHTML, like Gecko) Chrome/133.0.6943.53 Mobile Safari/537.36 (compatible; GoogleOther) X-Middleton/1"
98.83.220.235 - - [23/Feb/2025:07:35:41 -0500] "GET /m/into52465164.html?s=fqzXxFPn1 HTTP/1.1" 500 45919 "-" "Turnitin (https://bit.ly/2UvnfoQ) X-Middleton/1"
18.209.166.209 - - [23/Feb/2025:07:35:41 -0500] "GET /m/into52789164.html?s=fOxLfldX6 HTTP/1.1" 500 45920 "-" "Turnitin (https://bit.ly/2UvnfoQ) X-Middleton/1"
54.198.7.139 - - [23/Feb/2025:07:35:42 -0500] "GET /m/intro10024464.html?s=ftG3MnurH HTTP/1.1" 500 45918 "-" "Turnitin (https://bit.ly/2UvnfoQ) X-Middleton/1"
66.249.68.34 - - [23/Feb/2025:07:35:42 -0500] "GET /?_gl=1*vh58hmr*_ga*EXToAlFJwRYpgVTeJsWplujaYQPc*_ga_WOFYXAAEN*cWLVfT2HeciVwNlziEl6SGfLs2OnGCvHxPtjfCNQnQHqA4vyq0oe840.*_gcl_au=1.1.194640782.172577845*_gcl_aw=THN.179752491.hnZMORCn00MjXvwovv36SeIPgFvoABtNbX9FlansOvRm3oQJbsSkj0zGJzOV1o0Om00exiQXfZlbJuvRNZgGHy86It..&_gz=2.190250077.195087644.175979387-868069975.165188223&_bdsid=e87uh2.n~WLYCM.179843946.179343862&_bd_prev_page=https://www.host.interactivevillages.com/cart.htm?item/u212/16636/ HTTP/1.1" 200 73622 "-" "Mozilla/5.0 (Linux; Android 6.0.1; Nexus 5X Build/MMB29P) AppleWebKit/537.36 (KHTML, like Gecko) Chrome/133.0.6943.53 Mobile Safari/537.36 (compatible; Googlebot/2.1; +http://www.google.com/bot.html)"
3.81.58.205 - - [23/Feb/2025:07:35:42 -0500] "GET /m/anoth30593234.html HTTP/1.1" 500 45913 "-" "Mozilla/5.0 AppleWebKit/537.36 (KHTML, like Gecko; compatible; ClaudeBot/1.0; +claudebot@anthropic.com) X-Middleton/1"
3.81.58.205 - - [23/Feb/2025:07:35:42 -0500] "GET /m/intro10172464.html?s=fRibleuJv HTTP/1.1" 500 45917 "-" "Turnitin (https://bit.ly/2UvnfoQ) X-Middleton/1"
23.22.111.12 - - [23/Feb/2025:07:35:43 -0500] "GET /yamaha-f310-acoustic-guitar-review-2020/?ynzmini=//proc/2 HTTP/1.1" 404 13787 "-" "Mozilla/5.0 AppleWebKit/537.36 (KHTML, like Gecko; compatible; Amazonbot/0.1; +https://developer.amazon.com/support/amazonbot) Chrome/119.0.6045.214 Safari/537.36 X-Middleton/1"
54.158.15.14 - - [23/Feb/2025:07:35:43 -0500] "GET /m/intro10228464.html?s=fdBs47olo HTTP/1.1" 500 45918 "-" "Turnitin (https://bit.ly/2UvnfoQ) X-Middleton/1"
50.17.142.168 - - [23/Feb/2025:07:35:43 -0500] "GET /m146016023?srsltid=AfmBOoGUNmnIeHBkjsXqzT_4JecvzizNS_e87IA6AG-L-gSwdwPIoN HTTP/1.1" 500 45919 "-" "Mozilla/5.0 (Linux; Android 8.0; Pixel 2 Build/OPD3.170816.012) AppleWebKit/537.36 (KHTML, like Gecko) Chrome/72.0.3626.121 Mobile Safari/537.36 (compatible; EzoicBot-Nicheiq; +http://www.ezoic.com/bot) X-Middleton/1"
3.81.214.139 - - [23/Feb/2025:07:35:43 -0500] "GET /m/intro10284464.html?s=fALT_Skqb HTTP/1.1" 500 45918 "-" "Turnitin (https://bit.ly/2UvnfoQ) X-Middleton/1"
3.90.42.123 - - [23/Feb/2025:07:35:44 -0500] "GET /m/intro10616464.html?s=fp4uNBqib HTTP/1.1" 500 45917 "-" "Turnitin (https://bit.ly/2UvnfoQ) X-Middleton/1"
107.20.115.131 - - [23/Feb/2025:07:35:44 -0500] "GET /m/intro11144464.html?s=fb28hFw7I HTTP/1.1" 500 45920 "-" "Turnitin (https://bit.ly/2UvnfoQ) X-Middleton/1"
3.82.56.176 - - [23/Feb/2025:07:35:45 -0500] "GET /m/invad10493976.html?s=fEDdJruN9 HTTP/1.1" 500 45917 "-" "Turnitin (https://bit.ly/2UvnfoQ) X-Middleton/1"
3.92.71.7 - - [23/Feb/2025:07:35:45 -0500] "GET /historically/k149?pid=10191/shop/detail?shop_id=1 HTTP/1.1" 200 468521 "-" "Mozilla/5.0 (Linux; Android 6.0.1; Nexus 5X Build/MMB29P) AppleWebKit/537.36 (KHTML, like Gecko) Chrome/133.0.6943.53 Mobile Safari/537.36 (compatible; GoogleOther) X-Middleton/1"
54.156.59.106 - - [23/Feb/2025:07:35:45 -0500] "GET /bottom/k200?file=%2Ftmp%2FphpE8AqVg HTTP/1.1" 404 177661 "-" "Mozilla/5.0 AppleWebKit/537.36 (KHTML, like Gecko; compatible; ClaudeBot/1.0; +claudebot@anthropic.com) X-Middleton/1"
23.22.111.12 - - [23/Feb/2025:07:35:45 -0500] "GET /recall/t35?ynzmini=%2Fhome%2Fguitarlisty%2F%2Fpublic_html HTTP/1.1" 200 15599 "-" "Mozilla/5.0 AppleWebKit/537.36 (KHTML, like Gecko; compatible; ClaudeBot/1.0; +claudebot@anthropic.com) X-Middleton/1"
54.196.44.86 - - [23/Feb/2025:07:35:45 -0500] "GET /m/invad12053976.html?s=fycqm5al- HTTP/1.1" 500 45918 "-" "Turnitin (https://bit.ly/2UvnfoQ) X-Middleton/1"
35.171.189.120 - - [23/Feb/2025:07:35:46 -0500] "GET /m/inval80005975.html?s=fuqexGUlk HTTP/1.1" 500 45920 "-" "Turnitin (https://bit.ly/2UvnfoQ) X-Middleton/1"
54.234.205.77 - - [23/Feb/2025:07:35:46 -0500] "GET /m/inval80465975.html?s=fQx0FmME7 HTTP/1.1" 500 45919 "-" "Turnitin (https://bit.ly/2UvnfoQ) X-Middleton/1"
54.226.129.235 - - [23/Feb/2025:07:35:47 -0500] "GET /yamaha-f310-acoustic-guitar-review-2020/?ynzmini=//proc/20 HTTP/1.1" 200 13843 "-" "Mozilla/5.0 AppleWebKit/537.36 (KHTML, like Gecko; compatible; Amazonbot/0.1; +https://developer.amazon.com/support/amazonbot) Chrome/119.0.6045.214 Safari/537.36 X-Middleton/1"
52.205.171.15 - - [23/Feb/2025:07:35:47 -0500] "GET /m/inval81437975.html?s=fgc2oM1AO HTTP/1.1" 500 45919 "-" "Turnitin (https://bit.ly/2UvnfoQ) X-Middleton/1"
54.158.139.140 - - [23/Feb/2025:07:35:47 -0500] "GET /m/beyon61960621.html HTTP/1.1" 500 45916 "-" "Mozilla/5.0 AppleWebKit/537.36 (KHTML, like Gecko; compatible; ClaudeBot/1.0; +claudebot@anthropic.com) X-Middleton/1"
54.198.85.7 - - [23/Feb/2025:07:35:47 -0500] "GET /m/inval82557975.html?s=f3eanUM9M HTTP/1.1" 500 45917 "-" "Turnitin (https://bit.ly/2UvnfoQ) X-Middleton/1"
107.20.82.18 - - [23/Feb/2025:07:35:48 -0500] "GET /m/invar40410323.html?s=f3w_M96CC HTTP/1.1" 500 45918 "-" "Turnitin (https://bit.ly/2UvnfoQ) X-Middleton/1"
54.164.180.114 - - [23/Feb/2025:07:35:48 -0500] "GET /illusion/u42?file=%2Fhome%2Fguitarlisty%2Fpublic_html%2Fwp-admin%2Fnetworks.php HTTP/1.1" 404 8920 "-" "Mozilla/5.0 AppleWebKit/537.36 (KHTML, like Gecko; compatible; ClaudeBot/1.0; +claudebot@anthropic.com) X-Middleton/1"
54.198.124.77 - - [23/Feb/2025:07:35:48 -0500] "GET /m/invar41010323.html?s=fXeTQqK4u HTTP/1.1" 500 45919 "-" "Turnitin (https://bit.ly/2UvnfoQ) X-Middleton/1"
50.17.142.168 - - [23/Feb/2025:07:35:48 -0500] "GET /pages.php?77elh11800.html HTTP/1.1" 500 45919 "-" "Mozilla/5.0 AppleWebKit/537.36 (KHTML, like Gecko; compatible; GPTBot/1.2; +https://openai.com/gptbot) X-Middleton/1"
98.83.220.235 - - [23/Feb/2025:07:35:48 -0500] "GET /utility/k149?pid=10191/shop/detail?shop_id=1/help/help_04_2.html/86699help/help_04_2.html HTTP/1.1" 200 145429 "-" "Mozilla/5.0 (Linux; Android 6.0.1; Nexus 5X Build/MMB29P) AppleWebKit/537.36 (KHTML, like Gecko) Chrome/133.0.6943.53 Mobile Safari/537.36 (compatible; GoogleOther) X-Middleton/1"
18.212.120.70 - - [23/Feb/2025:07:35:49 -0500] "GET /pages.php?product/edit/1325620-2609250 HTTP/1.1" 500 45915 "-" "Mozilla/5.0 AppleWebKit/537.36 (KHTML, like Gecko; compatible; GPTBot/1.2; +https://openai.com/gptbot) X-Middleton/1"
23.22.111.12 - - [23/Feb/2025:07:35:49 -0500] "GET /m/invar41058323.html?s=fEyC9H-pL HTTP/1.1" 500 45918 "-" "Turnitin (https://bit.ly/2UvnfoQ) X-Middleton/1"
35.173.219.106 - - [23/Feb/2025:07:35:49 -0500] "GET /m/invar41458323.html?s=fLmnh7Kcn HTTP/1.1" 500 45920 "-" "Turnitin (https://bit.ly/2UvnfoQ) X-Middleton/1"
54.198.124.77 - - [23/Feb/2025:07:35:50 -0500] "GET /m/invar42086323.html?s=f0AeLxdW8 HTTP/1.1" 500 45919 "-" "Turnitin (https://bit.ly/2UvnfoQ) X-Middleton/1"
18.212.120.70 - - [23/Feb/2025:07:35:50 -0500] "GET /rarely/i147?file=%2F%2Frazor-agent.log HTTP/1.1" 404 6415 "-" "Mozilla/5.0 AppleWebKit/537.36 (KHTML, like Gecko; compatible; ClaudeBot/1.0; +claudebot@anthropic.com) X-Middleton/1"
54.209.250.19 - - [23/Feb/2025:07:35:50 -0500] "GET /coming/i228?ynzmini=%2Fhome%2Fguitarlisty%2F%2Faccess-logs HTTP/1.1" 404 7061 "-" "Mozilla/5.0 AppleWebKit/537.36 (KHTML, like Gecko; compatible; ClaudeBot/1.0; +claudebot@anthropic.com) X-Middleton/1"
98.83.220.235 - - [23/Feb/2025:07:35:50 -0500] "GET /m/invar42502323.html?s=fPD9gwThi HTTP/1.1" 500 45919 "-" "Turnitin (https://bit.ly/2UvnfoQ) X-Middleton/1"
3.81.214.139 - - [23/Feb/2025:07:35:51 -0500] "GET /yamaha-f310-acoustic-guitar-review-2020/?file=//proc/20/io HTTP/1.1" 404 6291 "-" "Mozilla/5.0 AppleWebKit/537.36 (KHTML, like Gecko; compatible; Amazonbot/0.1; +https://developer.amazon.com/support/amazonbot) Chrome/119.0.6045.214 Safari/537.36 X-Middleton/1"
54.198.85.7 - - [23/Feb/2025:07:35:51 -0500] "GET /m/invar42846323.html?s=ffAUO8jFM HTTP/1.1" 500 45917 "-" "Turnitin (https://bit.ly/2UvnfoQ) X-Middleton/1"
3.94.247.247 - - [23/Feb/2025:07:35:51 -0500] "GET /m/invar42910323.html?s=fFKGuEBOA HTTP/1.1" 500 45918 "-" "Turnitin (https://bit.ly/2UvnfoQ) X-Middleton/1"
54.209.250.19 - - [23/Feb/2025:07:35:52 -0500] "GET /medal/d22?ynzmini=%2Fhome%2Fguitarlisty%2Fpublic_html%2Fsym404%2Fbin-WHMCS.txt404 HTTP/1.1" 404 6997 "-" "Mozilla/5.0 AppleWebKit/537.36 (KHTML, like Gecko; compatible; ClaudeBot/1.0; +claudebot@anthropic.com) X-Middleton/1"
35.175.240.220 - - [23/Feb/2025:07:35:52 -0500] "GET /m/inven40868275.html?s=fwPcJVC-f HTTP/1.1" 500 45920 "-" "Turnitin (https://bit.ly/2UvnfoQ) X-Middleton/1"
54.144.101.254 - - [23/Feb/2025:07:35:52 -0500] "GET /m060010779?ynzmini=%2Fhome%2F%2Fvirtfs HTTP/1.1" 404 6205 "-" "Mozilla/5.0 AppleWebKit/537.36 (KHTML, like Gecko; compatible; ClaudeBot/1.0; +claudebot@anthropic.com) X-Middleton/1"
35.175.240.220 - - [23/Feb/2025:07:35:52 -0500] "GET /m/inven41572275.html?s=fjz5kue8N HTTP/1.1" 500 45920 "-" "Turnitin (https://bit.ly/2UvnfoQ) X-Middleton/1"
3.81.58.205 - - [23/Feb/2025:07:35:52 -0500] "GET /listen/k149?pid=10191/help/help_04_2.html/shop/detail?shop_id=1 HTTP/1.1" 200 468815 "-" "Mozilla/5.0 (Linux; Android 6.0.1; Nexus 5X Build/MMB29P) AppleWebKit/537.36 (KHTML, like Gecko) Chrome/133.0.6943.53 Mobile Safari/537.36 (compatible; GoogleOther) X-Middleton/1"
98.83.220.235 - - [23/Feb/2025:07:35:53 -0500] "GET /m/inven42184275.html?s=f3qTOXqfE HTTP/1.1" 500 45919 "-" "Turnitin (https://bit.ly/2UvnfoQ) X-Middleton/1"
52.71.251.0 - - [23/Feb/2025:07:35:53 -0500] "GET /m/inven42904275.html?s=f85xWdYK9 HTTP/1.1" 500 45917 "-" "Turnitin (https://bit.ly/2UvnfoQ) X-Middleton/1"
98.83.220.235 - - [23/Feb/2025:07:35:54 -0500] "GET /m/inves50434324.html?s=fnFJ3MJG5 HTTP/1.1" 500 45919 "-" "Turnitin (https://bit.ly/2UvnfoQ) X-Middleton/1"
54.198.85.7 - - [23/Feb/2025:07:35:54 -0500] "GET /m/yes61389269.html?ynzmini=/home/guitarlisty/public_html/wp-content HTTP/1.1" 404 20086 "-" "Mozilla/5.0 (X11; U; Linux x86_64; en-US; rv:1.9.2.13) Gecko/20101206 Firefox/3.6.13 X-Middleton/1"
35.175.240.220 - - [23/Feb/2025:07:35:54 -0500] "GET /m/inves50506324.html?s=fDIZ3M9qt HTTP/1.1" 500 45920 "-" "Turnitin (https://bit.ly/2UvnfoQ) X-Middleton/1"
54.242.51.163 - - [23/Feb/2025:07:35:55 -0500] "GET /m/inves52102324.html?s=f2rcoM8AD HTTP/1.1" 500 45919 "-" "Turnitin (https://bit.ly/2UvnfoQ) X-Middleton/1"
3.81.58.205 - - [23/Feb/2025:07:35:55 -0500] "GET /yamaha-f310-acoustic-guitar-review-2020/?ynzmini=//proc/21 HTTP/1.1" 404 13843 "-" "Mozilla/5.0 AppleWebKit/537.36 (KHTML, like Gecko; compatible; Amazonbot/0.1; +https://developer.amazon.com/support/amazonbot) Chrome/119.0.6045.214 Safari/537.36 X-Middleton/1"
54.198.124.77 - - [23/Feb/2025:07:35:55 -0500] "GET /m/theat30009506.html?ynzmini=%2Fhome%2Fguitarlisty%2Fpublic_html HTTP/1.1" 404 15544 "-" "Mozilla/5.0 AppleWebKit/537.36 (KHTML, like Gecko; compatible; ClaudeBot/1.0; +claudebot@anthropic.com) X-Middleton/1"
54.158.139.140 - - [23/Feb/2025:07:35:55 -0500] "GET /hour/t96?ynzmini=%2Fhome%2Fguitarlisty%2F%2F.softaculous HTTP/1.1" 200 7887 "-" "Mozilla/5.0 AppleWebKit/537.36 (KHTML, like Gecko; compatible; ClaudeBot/1.0; +claudebot@anthropic.com) X-Middleton/1"
54.208.214.128 - - [23/Feb/2025:07:35:55 -0500] "GET /m/inves52626324.html?s=f-4Ctat8M HTTP/1.1" 500 45920 "-" "Turnitin (https://bit.ly/2UvnfoQ) X-Middleton/1"
3.81.133.169 - - [23/Feb/2025:07:35:56 -0500] "GET /m/inves52666324.html?s=ffzVooW51 HTTP/1.1" 500 45918 "-" "Turnitin (https://bit.ly/2UvnfoQ) X-Middleton/1"
3.81.110.12 - - [23/Feb/2025:07:35:56 -0500] "GET /m/invin30111706.html?s=f1yRu9ziy HTTP/1.1" 500 45917 "-" "Turnitin (https://bit.ly/2UvnfoQ) X-Middleton/1"
52.71.251.0 - - [23/Feb/2025:07:35:57 -0500] "GET /medal/d22?ynzmini=%2Fhome%2Fguitarlisty%2Fpublic_html%2Fsym404%2Fsync-Zencart.txt404 HTTP/1.1" 404 7015 "-" "Mozilla/5.0 AppleWebKit/537.36 (KHTML, like Gecko; compatible; ClaudeBot/1.0; +claudebot@anthropic.com) X-Middleton/1"
54.242.51.163 - - [23/Feb/2025:07:35:57 -0500] "GET /m/invin30327706.html?s=f3fOcJnn2 HTTP/1.1" 500 45919 "-" "Turnitin (https://bit.ly/2UvnfoQ) X-Middleton/1"
34.226.215.117 - - [23/Feb/2025:07:35:57 -0500] "GET /m/invin30683706.html?s=fZ0BZd3XX HTTP/1.1" 500 45920 "-" "Turnitin (https://bit.ly/2UvnfoQ) X-Middleton/1"
54.164.180.114 - - [23/Feb/2025:07:35:57 -0500] "GET /works/r20?pid=17320/shop/detail?shop_id=1 HTTP/1.1" 200 456295 "-" "Mozilla/5.0 (Linux; Android 6.0.1; Nexus 5X Build/MMB29P) AppleWebKit/537.36 (KHTML, like Gecko) Chrome/133.0.6943.53 Mobile Safari/537.36 (compatible; GoogleOther) X-Middleton/1"
18.232.117.100 - - [23/Feb/2025:07:35:58 -0500] "GET /m/invin31879706.html?s=f30DhVizx HTTP/1.1" 500 45920 "-" "Turnitin (https://bit.ly/2UvnfoQ) X-Middleton/1"
35.171.189.120 - - [23/Feb/2025:07:35:58 -0500] "GET /m/invin31975706.html?s=fHKkyG3D4 HTTP/1.1" 500 45920 "-" "Turnitin (https://bit.ly/2UvnfoQ) X-Middleton/1"
18.212.120.70 - - [23/Feb/2025:07:35:59 -0500] "GET /yamaha-f310-acoustic-guitar-review-2020/?ynzmini=//proc/23 HTTP/1.1" 404 13843 "-" "Mozilla/5.0 AppleWebKit/537.36 (KHTML, like Gecko; compatible; Amazonbot/0.1; +https://developer.amazon.com/support/amazonbot) Chrome/119.0.6045.214 Safari/537.36 X-Middleton/1"
54.198.7.139 - - [23/Feb/2025:07:35:59 -0500] "GET /m/invin32399706.html?s=fsKTwIoHK HTTP/1.1" 500 45918 "-" "Turnitin (https://bit.ly/2UvnfoQ) X-Middleton/1"
54.156.59.106 - - [23/Feb/2025:07:35:59 -0500] "GET /m/invis40351347.html?s=fHIVRzkWJ HTTP/1.1" 500 45919 "-" "Turnitin (https://bit.ly/2UvnfoQ) X-Middleton/1"
18.232.117.100 - - [23/Feb/2025:07:36:00 -0500] "GET /m/invis40511347.html?s=fmTVgOW2A HTTP/1.1" 500 45920 "-" "Turnitin (https://bit.ly/2UvnfoQ) X-Middleton/1"
3.81.58.205 - - [23/Feb/2025:07:36:00 -0500] "GET /m/invis41515347.html?s=fE_sVaSCv HTTP/1.1" 500 45917 "-" "Turnitin (https://bit.ly/2UvnfoQ) X-Middleton/1"
54.198.7.139 - - [23/Feb/2025:07:36:00 -0500] "GET /revolution/q195?rmfolder=%2Fhome%2Fguitarlisty%2Fpublic_html%2F.tmb HTTP/1.1" 200 43280 "-" "Mozilla/5.0 AppleWebKit/537.36 (KHTML, like Gecko; compatible; ClaudeBot/1.0; +claudebot@anthropic.com) X-Middleton/1"
54.157.220.176 - - [23/Feb/2025:07:36:01 -0500] "GET /m/invis42311347.html?s=fVqSCucGx HTTP/1.1" 500 45920 "-" "Turnitin (https://bit.ly/2UvnfoQ) X-Middleton/1"
54.157.220.176 - - [23/Feb/2025:07:36:01 -0500] "GET /m/invit50188780.html?s=f6rcQ6X5Z HTTP/1.1" 500 45920 "-" "Turnitin (https://bit.ly/2UvnfoQ) X-Middleton/1"
54.162.136.253 - - [23/Feb/2025:07:36:01 -0500] "GET /underlying/r20?pid=17320/help/help_04_2.html/shop/detail?shop_id=1 HTTP/1.1" 200 455963 "-" "Mozilla/5.0 (Linux; Android 6.0.1; Nexus 5X Build/MMB29P) AppleWebKit/537.36 (KHTML, like Gecko) Chrome/133.0.6943.53 Mobile Safari/537.36 (compatible; GoogleOther) X-Middleton/1"
54.198.248.107 - - [23/Feb/2025:07:36:02 -0500] "GET /pan/j157?ynzmini=%2Fhome%2Fguitarlisty%2Fpublic_html%2Fsym404%2Fmysql-Wordpress.txt404 HTTP/1.1" 404 7033 "-" "Mozilla/5.0 AppleWebKit/537.36 (KHTML, like Gecko; compatible; ClaudeBot/1.0; +claudebot@anthropic.com) X-Middleton/1"
3.82.56.176 - - [23/Feb/2025:07:36:02 -0500] "GET /m/invit50392780.html?s=fbXqAPASC HTTP/1.1" 500 45917 "-" "Turnitin (https://bit.ly/2UvnfoQ) X-Middleton/1"
23.22.111.12 - - [23/Feb/2025:07:36:02 -0500] "GET /m/invit50556780.html?s=fZwImuwFf HTTP/1.1" 500 45918 "-" "Turnitin (https://bit.ly/2UvnfoQ) X-Middleton/1"
54.164.180.114 - - [23/Feb/2025:07:36:03 -0500] "GET /m/invit50732780.html?s=fvBc8Mkxs HTTP/1.1" 500 45920 "-" "Turnitin (https://bit.ly/2UvnfoQ) X-Middleton/1"
98.83.149.163 - - [23/Feb/2025:07:36:03 -0500] "GET /yamaha-f310-acoustic-guitar-review-2020/?ynzmini=//proc/24 HTTP/1.1" 404 13843 "-" "Mozilla/5.0 AppleWebKit/537.36 (KHTML, like Gecko; compatible; Amazonbot/0.1; +https://developer.amazon.com/support/amazonbot) Chrome/119.0.6045.214 Safari/537.36 X-Middleton/1"
98.83.220.235 - - [23/Feb/2025:07:36:03 -0500] "GET /m/invit50876780.html?s=fL8x04zCW HTTP/1.1" 500 45919 "-" "Turnitin (https://bit.ly/2UvnfoQ) X-Middleton/1"
54.242.51.163 - - [23/Feb/2025:07:36:04 -0500] "GET /m/invit51092780.html?s=f4pn2J3Pc HTTP/1.1" 500 45919 "-" "Turnitin (https://bit.ly/2UvnfoQ) X-Middleton/1"
34.226.215.117 - - [23/Feb/2025:07:36:04 -0500] "GET /m/invit51180780.html?s=fNI4NDWoH HTTP/1.1" 500 45920 "-" "Turnitin (https://bit.ly/2UvnfoQ) X-Middleton/1"
54.162.136.253 - - [23/Feb/2025:07:36:05 -0500] "GET /m/invit51516780.html?s=fH8zCc1Lr HTTP/1.1" 500 45920 "-" "Turnitin (https://bit.ly/2UvnfoQ) X-Middleton/1"
54.198.248.107 - - [23/Feb/2025:07:36:05 -0500] "GET /m/befor30116306.html?file=%2Fhome%2Fguitarlisty%2Fpublic_html%2Fre.php HTTP/1.1" 404 130360 "-" "Mozilla/5.0 AppleWebKit/537.36 (KHTML, like Gecko; compatible; ClaudeBot/1.0; +claudebot@anthropic.com) X-Middleton/1"
54.198.248.107 - - [23/Feb/2025:07:36:05 -0500] "GET /m/invit51604780.html?s=fNcdjHiUq HTTP/1.1" 500 45920 "-" "Turnitin (https://bit.ly/2UvnfoQ) X-Middleton/1"
35.173.180.132 - - [23/Feb/2025:07:36:06 -0500] "GET /retired/r20?pid=17320/shop/detail?shop_id=1 HTTP/1.1" 200 457575 "-" "Mozilla/5.0 (Linux; Android 6.0.1; Nexus 5X Build/MMB29P) AppleWebKit/537.36 (KHTML, like Gecko) Chrome/133.0.6943.53 Mobile Safari/537.36 (compatible; GoogleOther) X-Middleton/1"
3.94.247.247 - - [23/Feb/2025:07:36:06 -0500] "GET /m/invit52120780.html?s=fShJFCH-V HTTP/1.1" 500 45918 "-" "Turnitin (https://bit.ly/2UvnfoQ) X-Middleton/1"
52.71.251.0 - - [23/Feb/2025:07:36:06 -0500] "GET /m/invol50586428.html?s=f_aLDSt_A HTTP/1.1" 500 45917 "-" "Turnitin (https://bit.ly/2UvnfoQ) X-Middleton/1"
18.209.166.209 - - [23/Feb/2025:07:36:07 -0500] "GET /medal/d22?file=%2Fhome%2Fguitarlisty%2Fpublic_html%2Fsym404%2Fivillag-WHM-accesshash.txt HTTP/1.1" 404 6719 "-" "Mozilla/5.0 AppleWebKit/537.36 (KHTML, like Gecko; compatible; ClaudeBot/1.0; +claudebot@anthropic.com) X-Middleton/1"
52.71.251.0 - - [23/Feb/2025:07:36:07 -0500] "GET /m/invol50742428.html?s=fCPKC2r23 HTTP/1.1" 500 45917 "-" "Turnitin (https://bit.ly/2UvnfoQ) X-Middleton/1"
52.207.162.105 - - [23/Feb/2025:07:36:07 -0500] "GET /yamaha-f310-acoustic-guitar-review-2020/?ynzmini=//proc/25 HTTP/1.1" 404 13843 "-" "Mozilla/5.0 AppleWebKit/537.36 (KHTML, like Gecko; compatible; Amazonbot/0.1; +https://developer.amazon.com/support/amazonbot) Chrome/119.0.6045.214 Safari/537.36 X-Middleton/1"
18.212.120.70 - - [23/Feb/2025:07:36:07 -0500] "GET /m/invol50894428.html?s=fGlLd3IA3 HTTP/1.1" 500 45919 "-" "Turnitin (https://bit.ly/2UvnfoQ) X-Middleton/1"
54.144.101.254 - - [23/Feb/2025:07:36:08 -0500] "GET /m/invol51570428.html?s=fpiWO8dy8 HTTP/1.1" 500 45920 "-" "Turnitin (https://bit.ly/2UvnfoQ) X-Middleton/1"
18.212.120.70 - - [23/Feb/2025:07:36:08 -0500] "GET /m/invol52674428.html?s=fCfY2-a-5 HTTP/1.1" 500 45919 "-" "Turnitin (https://bit.ly/2UvnfoQ) X-Middleton/1"
54.198.7.139 - - [23/Feb/2025:07:36:09 -0500] "GET /m/inwar80974615.html?s=fw5qyv4y1 HTTP/1.1" 500 45918 "-" "Turnitin (https://bit.ly/2UvnfoQ) X-Middleton/1"
54.162.136.253 - - [23/Feb/2025:07:36:09 -0500] "GET /m/inwar81294615.html?s=fxu7jlYWV HTTP/1.1" 500 45920 "-" "Turnitin (https://bit.ly/2UvnfoQ) X-Middleton/1"
35.171.189.120 - - [23/Feb/2025:07:36:10 -0500] "GET /m/inwar82502615.html?s=f7-bJkCRI HTTP/1.1" 500 45920 "-" "Turnitin (https://bit.ly/2UvnfoQ) X-Middleton/1"
54.157.220.176 - - [23/Feb/2025:07:36:10 -0500] "GET /m002001817?file=/home/guitarlisty/public_html/error_log HTTP/1.1" 404 144072 "-" "Mozilla/5.0 (Windows NT 5.1) AppleWebKit/534.25 (KHTML, like Gecko) Chrome/12.0.704.0 Safari/534.25 X-Middleton/1"
3.90.42.123 - - [23/Feb/2025:07:36:10 -0500] "GET /reinforce/k149?pid=10191 HTTP/1.1" 200 469308 "-" "Mozilla/5.0 (Linux; Android 6.0.1; Nexus 5X Build/MMB29P) AppleWebKit/537.36 (KHTML, like Gecko) Chrome/133.0.6943.53 Mobile Safari/537.36 (compatible; GoogleOther) X-Middleton/1"
