3.81.133.169 - - [23/Feb/2025:07:15:18 -0500] "GET /m057039478?ynzmini=%2Fhome%2F%2Ftwoheads HTTP/1.1" 200 6213 "-" "Mozilla/5.0 AppleWebKit/537.36 (KHTML, like Gecko; compatible; ClaudeBot/1.0; +claudebot@anthropic.com) X-Middleton/1"
18.212.120.70 - - [23/Feb/2025:07:15:19 -0500] "GET /yamaha-f310-acoustic-guitar-review-2020/?ynzmini=/proc//11 HTTP/1.1" 404 13842 "-" "Mozilla/5.0 AppleWebKit/537.36 (KHTML, like Gecko; compatible; Amazonbot/0.1; +https://developer.amazon.com/support/amazonbot) Chrome/119.0.6045.214 Safari/537.36 X-Middleton/1"
18.232.117.100 - - [23/Feb/2025:07:15:19 -0500] "GET /statement/r20?pid=17320 HTTP/1.1" 200 458153 "-" "Mozilla/5.0 (Linux; Android 6.0.1; Nexus 5X Build/MMB29P) AppleWebKit/537.36 (KHTML, like Gecko) Chrome/133.0.6943.53 Mobile Safari/537.36 (compatible; GoogleOther) X-Middleton/1"
18.212.120.70 - - [23/Feb/2025:07:15:20 -0500] "GET /nail/z153?ynzmini=%2Fhome%2Fguitarlisty%2Fpublic_html%2Fsym404%2Funbound-IPB.txt404 HTTP/1.1" 200 7009 "-" "Mozilla/5.0 AppleWebKit/537.36 (KHTML, like Gecko; compatible; ClaudeBot/1.0; +claudebot@anthropic.com) X-Middleton/1"
54.162.136.253 - - [23/Feb/2025:07:15:20 -0500] "GET /given/y96?pid=28614 HTTP/1.1" 500 45916 "-" "Mozilla/5.0 AppleWebKit/537.36 (KHTML, like Gecko; compatible; ClaudeBot/1.0; +claudebot@anthropic.com) X-Middleton/1"
3.92.71.7 - - [23/Feb/2025:07:15:21 -0500] "GET /m157046796?srsltid=AfmBOoUsIWmKqTxFscnYB3_GRYItdvwYA_ykV9i2dk-S-C6n9PxL4M HTTP/1.1" 500 45911 "-" "Mozilla/5.0 AppleWebKit/537.36 (KHTML, like Gecko; compatible; ClaudeBot/1.0; +claudebot@anthropic.com) X-Middleton/1"
54.158.139.140 - - [23/Feb/2025:07:15:21 -0500] "GET /elephant/h103?ynzmini=%2Fhome%2Fguitarlisty%2F%2F.. HTTP/1.1" 200 9955 "-" "Mozilla/5.0 AppleWebKit/537.36 (KHTML, like Gecko; compatible; ClaudeBot/1.0; +claudebot@anthropic.com) X-Middleton/1"
3.81.214.139 - - [23/Feb/2025:07:15:21 -0500] "GET /m103033102?srsltid=AfmBOoYiRFVuPEPcrzb016_nhJHrHYfHO_Geo8ojWo-I-LVL3HLZY1 HTTP/1.1" 200 43280 "-" "Mozilla/5.0 AppleWebKit/537.36 (KHTML, like Gecko; compatible; ClaudeBot/1.0; +claudebot@anthropic.com) X-Middleton/1"
3.81.214.139 - - [23/Feb/2025:07:15:22 -0500] "GET /permanent/r20?pid=17320/shop/detail?shop_id=1/help/help_04_2.html HTTP/1.1" 200 154213 "-" "Mozilla/5.0 (Linux; Android 6.0.1; Nexus 5X Build/MMB29P) AppleWebKit/537.36 (KHTML, like Gecko) Chrome/133.0.6943.53 Mobile Safari/537.36 (compatible; GoogleOther) X-Middleton/1"
3.89.44.170 - - [23/Feb/2025:07:15:23 -0500] "GET /m238049641?file=%2Fhome%2Fguitarlisty%2Fpublic_html%2Fwp-includes%2F5ce HTTP/1.1" 200 14238 "-" "Mozilla/5.0 AppleWebKit/537.36 (KHTML, like Gecko; compatible; ClaudeBot/1.0; +claudebot@anthropic.com) X-Middleton/1"
54.198.7.139 - - [23/Feb/2025:07:15:23 -0500] "GET /m184010233?srsltid=AfmBOoEBljySpsAFE4jQDj_LVq8VEGiR3_yodyB43C-F-KEDB3n07J HTTP/1.1" 200 43280 "-" "Mozilla/5.0 AppleWebKit/537.36 (KHTML, like Gecko; compatible; ClaudeBot/1.0; +claudebot@anthropic.com) X-Middleton/1"
54.156.59.106 - - [23/Feb/2025:07:15:23 -0500] "GET /yamaha-f310-acoustic-guitar-review-2020/?ynzmini=/proc//12 HTTP/1.1" 200 13842 "-" "Mozilla/5.0 AppleWebKit/537.36 (KHTML, like Gecko; compatible; Amazonbot/0.1; +https://developer.amazon.com/support/amazonbot) Chrome/119.0.6045.214 Safari/537.36 X-Middleton/1"
3.82.56.176 - - [23/Feb/2025:07:15:23 -0500] "GET /home/000~ROOT~000/lib/locale/en_BW.utf8/LC_MEASUREMENT HTTP/1.1" 404 43279 "-" "Mozilla/5.0 (Linux; Android 5.0) AppleWebKit/537.36 (KHTML, like Gecko) Mobile Safari/537.36 (compatible; Bytespider; spider-feedback@bytedance.com) X-Middleton/1"
54.198.7.139 - - [23/Feb/2025:07:15:23 -0500] "GET /terrain/a66?file=/home/guitarlisty/public_html/wp-blog-header.php HTTP/1.1" 200 6753 "-" "Mozilla/5.0 (Macintosh; U; Intel Mac OS X 10_6_4; en-US) AppleWebKit/534.16 (KHTML, like Gecko) Chrome/10.0.648.127 Safari/534.16 X-Middleton/1"
3.89.44.170 - - [23/Feb/2025:07:15:24 -0500] "GET /stock/s142?pid=9058 HTTP/1.1" 500 45913 "-" "Mozilla/5.0 AppleWebKit/537.36 (KHTML, like Gecko; compatible; ClaudeBot/1.0; +claudebot@anthropic.com) X-Middleton/1"
54.198.85.7 - - [23/Feb/2025:07:15:24 -0500] "GET /republican/w260?pid=28752 HTTP/1.1" 500 45917 "-" "Mozilla/5.0 (Linux; Android 8.0; Pixel 2 Build/OPD3.170816.012) AppleWebKit/537.36 (KHTML, like Gecko) Chrome/72.0.3626.121 Mobile Safari/537.36 (compatible; EzoicBot-Nicheiq; +http://www.ezoic.com/bot) X-Middleton/1"
23.22.111.12 - - [23/Feb/2025:07:15:25 -0500] "GET /nail/z153?ynzmini=%2Fhome%2Fguitarlisty%2Fpublic_html%2Fsym404%2Ftcpdump-phpBB.txt404 HTTP/1.1" 200 7021 "-" "Mozilla/5.0 AppleWebKit/537.36 (KHTML, like Gecko; compatible; ClaudeBot/1.0; +claudebot@anthropic.com) X-Middleton/1"
18.232.117.100 - - [23/Feb/2025:07:15:25 -0500] "GET /route/k21?pid=21959 HTTP/1.1" 200 43282 "-" "Mozilla/5.0 AppleWebKit/537.36 (KHTML, like Gecko; compatible; ClaudeBot/1.0; +claudebot@anthropic.com) X-Middleton/1"
54.234.205.77 - - [23/Feb/2025:07:15:26 -0500] "GET /m211008052?srsltid=AfmBOoCaaFJJZMcTIBfr4o_2uVW4vevPg_2RgiFGFj-Z-IUsJsA5mS HTTP/1.1" 200 43281 "-" "Mozilla/5.0 AppleWebKit/537.36 (KHTML, like Gecko; compatible; ClaudeBot/1.0; +claudebot@anthropic.com) X-Middleton/1"
54.162.136.253 - - [23/Feb/2025:07:15:26 -0500] "GET /cry/l262?ynzmini=%2Fhome%2Fguitarlisty%2Fpublic_html%2Fas%2F HTTP/1.1" 200 7123 "-" "Mozilla/5.0 AppleWebKit/537.36 (KHTML, like Gecko; compatible; ClaudeBot/1.0; +claudebot@anthropic.com) X-Middleton/1"
107.20.82.18 - - [23/Feb/2025:07:15:26 -0500] "GET /famous/r20?pid=17320/shop/detail?shop_id=1/help/help_04_2.html HTTP/1.1" 200 155684 "-" "Mozilla/5.0 (Linux; Android 6.0.1; Nexus 5X Build/MMB29P) AppleWebKit/537.36 (KHTML, like Gecko) Chrome/133.0.6943.53 Mobile Safari/537.36 (compatible; GoogleOther) X-Middleton/1"
3.90.112.236 - - [23/Feb/2025:07:15:26 -0500] "GET /m223001104?srsltid=AfmBOoGGQilAiqOMZfOeYn_Gcp4OAvhIa_iUguMQpK-B-XWKVREwuk HTTP/1.1" 200 43280 "-" "Mozilla/5.0 AppleWebKit/537.36 (KHTML, like Gecko; compatible; ClaudeBot/1.0; +claudebot@anthropic.com) X-Middleton/1"
54.226.129.235 - - [23/Feb/2025:07:15:27 -0500] "GET /yamaha-f310-acoustic-guitar-review-2020/?file=/proc//12/io HTTP/1.1" 404 6291 "-" "Mozilla/5.0 AppleWebKit/537.36 (KHTML, like Gecko; compatible; Amazonbot/0.1; +https://developer.amazon.com/support/amazonbot) Chrome/119.0.6045.214 Safari/537.36 X-Middleton/1"
34.226.215.117 - - [23/Feb/2025:07:15:28 -0500] "GET /m226026515?srsltid=AfmBOooMHQNoKZXnndo1Kx_RYe74w9tnD_gq8d9Muv-I-iNhpLvPx3 HTTP/1.1" 200 43282 "-" "Mozilla/5.0 AppleWebKit/537.36 (KHTML, like Gecko; compatible; ClaudeBot/1.0; +claudebot@anthropic.com) X-Middleton/1"
35.175.240.220 - - [23/Feb/2025:07:15:28 -0500] "GET /m122041491?file=%2Fhome%2Fguitarlisty%2Fpublic_html%2Fwp-includes%2F5c575 HTTP/1.1" 200 14244 "-" "Mozilla/5.0 AppleWebKit/537.36 (KHTML, like Gecko; compatible; ClaudeBot/1.0; +claudebot@anthropic.com) X-Middleton/1"
3.90.42.123 - - [23/Feb/2025:07:15:28 -0500] "GET /green/o219?pid=301 HTTP/1.1" 200 43279 "-" "Mozilla/5.0 AppleWebKit/537.36 (KHTML, like Gecko; compatible; ClaudeBot/1.0; +claudebot@anthropic.com) X-Middleton/1"
54.198.248.107 - - [23/Feb/2025:07:15:29 -0500] "GET /actor/c222?pid=3088 HTTP/1.1" 200 43282 "-" "Mozilla/5.0 AppleWebKit/537.36 (KHTML, like Gecko; compatible; ClaudeBot/1.0; +claudebot@anthropic.com) X-Middleton/1"
54.158.139.140 - - [23/Feb/2025:07:15:29 -0500] "GET /pages.php?category/15594_15985_17192/1 HTTP/1.1" 200 43286 "-" "Mozilla/5.0 AppleWebKit/537.36 (KHTML, like Gecko; compatible; GPTBot/1.2; +https://openai.com/gptbot) X-Middleton/1"
3.82.56.176 - - [23/Feb/2025:07:15:30 -0500] "GET /three/r20?pid=17320/shop/detail?shop_id=1/help/help_04_2.html HTTP/1.1" 200 148742 "-" "Mozilla/5.0 (Linux; Android 6.0.1; Nexus 5X Build/MMB29P) AppleWebKit/537.36 (KHTML, like Gecko) Chrome/133.0.6943.53 Mobile Safari/537.36 (compatible; GoogleOther) X-Middleton/1"
52.205.171.15 - - [23/Feb/2025:07:15:30 -0500] "GET /oil/y103?pid=46599 HTTP/1.1" 200 43281 "-" "Mozilla/5.0 AppleWebKit/537.36 (KHTML, like Gecko; compatible; ClaudeBot/1.0; +claudebot@anthropic.com) X-Middleton/1"
18.212.120.70 - - [23/Feb/2025:07:15:30 -0500] "GET /comfort/e273?pid=13223 HTTP/1.1" 200 43281 "-" "Mozilla/5.0 AppleWebKit/537.36 (KHTML, like Gecko; compatible; ClaudeBot/1.0; +claudebot@anthropic.com) X-Middleton/1"
107.20.82.18 - - [23/Feb/2025:07:15:31 -0500] "GET /sake/b20?pid=9550 HTTP/1.1" 200 43280 "-" "Mozilla/5.0 AppleWebKit/537.36 (KHTML, like Gecko; compatible; ClaudeBot/1.0; +claudebot@anthropic.com) X-Middleton/1"
54.242.51.163 - - [23/Feb/2025:07:15:31 -0500] "GET /frown/o223?file=%2Fhome%2Fguitarlisty%2F%2F.spamassassinenable HTTP/1.1" 200 6369 "-" "Mozilla/5.0 AppleWebKit/537.36 (KHTML, like Gecko; compatible; ClaudeBot/1.0; +claudebot@anthropic.com) X-Middleton/1"
54.209.250.19 - - [23/Feb/2025:07:15:31 -0500] "GET /yamaha-f310-acoustic-guitar-review-2020/?ynzmini=/proc//13 HTTP/1.1" 200 13842 "-" "Mozilla/5.0 AppleWebKit/537.36 (KHTML, like Gecko; compatible; Amazonbot/0.1; +https://developer.amazon.com/support/amazonbot) Chrome/119.0.6045.214 Safari/537.36 X-Middleton/1"
3.81.58.205 - - [23/Feb/2025:07:15:32 -0500] "GET /m175026032?srsltid=AfmBOonGFohSNmbPGiEgCw_JDd4iwtbID_T2WRaq7Z-A-FOLdjtx2x HTTP/1.1" 500 45917 "-" "Mozilla/5.0 (Linux; Android 8.0; Pixel 2 Build/OPD3.170816.012) AppleWebKit/537.36 (KHTML, like Gecko) Chrome/72.0.3626.121 Mobile Safari/537.36 (compatible; EzoicBot-Nicheiq; +http://www.ezoic.com/bot) X-Middleton/1"
184.72.213.252 - - [23/Feb/2025:07:15:33 -0500] "GET /marketplace/t224?edit=true&file=%2Fhome%2Fguitarlisty%2Fpublic_html%2Fradio.php HTTP/1.1" 200 11419 "-" "Mozilla/5.0 AppleWebKit/537.36 (KHTML, like Gecko; compatible; ClaudeBot/1.0; +claudebot@anthropic.com) X-Middleton/1"
35.171.189.120 - - [23/Feb/2025:07:15:33 -0500] "GET /m044008777?srsltid=AfmBOoUbnWtIAZUVAdOtkI_icu2pEprGX_9CYtBt6o-Z-va6ay9Y27 HTTP/1.1" 200 43282 "-" "Mozilla/5.0 AppleWebKit/537.36 (KHTML, like Gecko; compatible; ClaudeBot/1.0; +claudebot@anthropic.com) X-Middleton/1"
54.234.205.77 - - [23/Feb/2025:07:15:33 -0500] "GET /loss/z109?pid=38065 HTTP/1.1" 200 43281 "-" "Mozilla/5.0 AppleWebKit/537.36 (KHTML, like Gecko; compatible; ClaudeBot/1.0; +claudebot@anthropic.com) X-Middleton/1"
184.72.213.252 - - [23/Feb/2025:07:15:33 -0500] "GET /deem/r20?pid=17320/shop/detail?shop_id=1/help/help_04_2.html HTTP/1.1" 200 157850 "-" "Mozilla/5.0 (Linux; Android 6.0.1; Nexus 5X Build/MMB29P) AppleWebKit/537.36 (KHTML, like Gecko) Chrome/133.0.6943.53 Mobile Safari/537.36 (compatible; GoogleOther) X-Middleton/1"
98.83.149.163 - - [23/Feb/2025:07:15:34 -0500] "GET /conversation/t45?ynzmini=%2F%2Fscripts HTTP/1.1" 404 81630 "-" "Mozilla/5.0 AppleWebKit/537.36 (KHTML, like Gecko; compatible; ClaudeBot/1.0; +claudebot@anthropic.com) X-Middleton/1"
54.242.51.163 - - [23/Feb/2025:07:15:34 -0500] "GET /carry/o218?pid=44688 HTTP/1.1" 200 43281 "-" "Mozilla/5.0 AppleWebKit/537.36 (KHTML, like Gecko; compatible; ClaudeBot/1.0; +claudebot@anthropic.com) X-Middleton/1"
54.158.139.140 - - [23/Feb/2025:07:15:35 -0500] "GET /actor/s81?pid=26785 HTTP/1.1" 200 43282 "-" "Mozilla/5.0 AppleWebKit/537.36 (KHTML, like Gecko; compatible; ClaudeBot/1.0; +claudebot@anthropic.com) X-Middleton/1"
35.171.189.120 - - [23/Feb/2025:07:15:35 -0500] "GET /seminar/z124?pid=28302 HTTP/1.1" 200 43282 "-" "Mozilla/5.0 AppleWebKit/537.36 (KHTML, like Gecko; compatible; ClaudeBot/1.0; +claudebot@anthropic.com) X-Middleton/1"
54.162.136.253 - - [23/Feb/2025:07:15:35 -0500] "GET /yamaha-f310-acoustic-guitar-review-2020/?file=/proc//13/io HTTP/1.1" 200 6291 "-" "Mozilla/5.0 AppleWebKit/537.36 (KHTML, like Gecko; compatible; Amazonbot/0.1; +https://developer.amazon.com/support/amazonbot) Chrome/119.0.6045.214 Safari/537.36 X-Middleton/1"
54.196.44.86 - - [23/Feb/2025:07:15:36 -0500] "GET /thus/z134?pid=14626 HTTP/1.1" 200 43280 "-" "Mozilla/5.0 AppleWebKit/537.36 (KHTML, like Gecko; compatible; ClaudeBot/1.0; +claudebot@anthropic.com) X-Middleton/1"
54.242.51.163 - - [23/Feb/2025:07:15:36 -0500] "GET /rock/z129?edit=true&file=%2Fhome%2Fguitarlisty%2Fpublic_html%2Fnetworks.php HTTP/1.1" 200 8915 "-" "Mozilla/5.0 AppleWebKit/537.36 (KHTML, like Gecko; compatible; ClaudeBot/1.0; +claudebot@anthropic.com) X-Middleton/1"
35.173.180.132 - - [23/Feb/2025:07:15:37 -0500] "GET /basis/r20?pid=17320/shop/detail?shop_id=1/help/help_04_2.html HTTP/1.1" 200 150087 "-" "Mozilla/5.0 (Linux; Android 6.0.1; Nexus 5X Build/MMB29P) AppleWebKit/537.36 (KHTML, like Gecko) Chrome/133.0.6943.53 Mobile Safari/537.36 (compatible; GoogleOther) X-Middleton/1"
54.164.180.114 - - [23/Feb/2025:07:15:38 -0500] "GET /m238049641?file=%2Fhome%2Fguitarlisty%2Fpublic_html%2Fwp-includes%2Fms-blogs.php HTTP/1.1" 200 32464 "-" "Mozilla/5.0 AppleWebKit/537.36 (KHTML, like Gecko; compatible; ClaudeBot/1.0; +claudebot@anthropic.com) X-Middleton/1"
54.144.101.254 - - [23/Feb/2025:07:15:38 -0500] "GET /pulse/i250?pid=35680 HTTP/1.1" 200 43282 "-" "Mozilla/5.0 AppleWebKit/537.36 (KHTML, like Gecko; compatible; ClaudeBot/1.0; +claudebot@anthropic.com) X-Middleton/1"
54.209.250.19 - - [23/Feb/2025:07:15:38 -0500] "GET /pages.php?49ege3578.html HTTP/1.1" 200 43281 "-" "Mozilla/5.0 AppleWebKit/537.36 (KHTML, like Gecko; compatible; GPTBot/1.2; +https://openai.com/gptbot) X-Middleton/1"
52.207.162.105 - - [23/Feb/2025:07:15:38 -0500] "GET /terrain/a66?ynzmini=/home/guitarlisty/public_html/.well-known.tmp HTTP/1.1" 404 7876 "-" "Mozilla/5.0 (Windows NT 6.1; WOW64) AppleWebKit/535.7 (KHTML, like Gecko) Chrome/16.0.912.36 Safari/535.7 X-Middleton/1"
54.198.7.139 - - [23/Feb/2025:07:15:39 -0500] "GET /suspicious/f65?ynzmini=%2Fhome%2Fguitarlisty%2Fpublic_html%2Fhome%2F. HTTP/1.1" 200 8239 "-" "Mozilla/5.0 AppleWebKit/537.36 (KHTML, like Gecko; compatible; ClaudeBot/1.0; +claudebot@anthropic.com) X-Middleton/1"
184.72.213.252 - - [23/Feb/2025:07:15:39 -0500] "GET /hook/t87?pid=19687 HTTP/1.1" 500 45916 "-" "Mozilla/5.0 AppleWebKit/537.36 (KHTML, like Gecko; compatible; ClaudeBot/1.0; +claudebot@anthropic.com) X-Middleton/1"
184.72.213.252 - - [23/Feb/2025:07:15:39 -0500] "GET /workout/r233?pid=6279 HTTP/1.1" 200 43282 "-" "Mozilla/5.0 AppleWebKit/537.36 (KHTML, like Gecko; compatible; ClaudeBot/1.0; +claudebot@anthropic.com) X-Middleton/1"
34.226.215.117 - - [23/Feb/2025:07:15:39 -0500] "GET /yamaha-f310-acoustic-guitar-review-2020/?ynzmini=/proc//14 HTTP/1.1" 200 13842 "-" "Mozilla/5.0 AppleWebKit/537.36 (KHTML, like Gecko; compatible; Amazonbot/0.1; +https://developer.amazon.com/support/amazonbot) Chrome/119.0.6045.214 Safari/537.36 X-Middleton/1"
35.175.240.220 - - [23/Feb/2025:07:15:40 -0500] "GET /unfair/d280?pid=41348 HTTP/1.1" 200 43282 "-" "Mozilla/5.0 AppleWebKit/537.36 (KHTML, like Gecko; compatible; ClaudeBot/1.0; +claudebot@anthropic.com) X-Middleton/1"
3.81.110.12 - - [23/Feb/2025:07:15:40 -0500] "GET /m278007019?srsltid=AfmBOoIEePlGqegSHRHd3S_k7OMtuolzC_jS0lRyBo-H-wNhck6MOF HTTP/1.1" 500 45917 "-" "Mozilla/5.0 (Linux; Android 8.0; Pixel 2 Build/OPD3.170816.012) AppleWebKit/537.36 (KHTML, like Gecko) Chrome/72.0.3626.121 Mobile Safari/537.36 (compatible; EzoicBot-Nicheiq; +http://www.ezoic.com/bot) X-Middleton/1"
3.87.139.20 - - [23/Feb/2025:07:15:40 -0500] "GET /alongside/l56?pid=15782 HTTP/1.1" 500 45913 "-" "Mozilla/5.0 AppleWebKit/537.36 (KHTML, like Gecko; compatible; ClaudeBot/1.0; +claudebot@anthropic.com) X-Middleton/1"
3.94.247.247 - - [23/Feb/2025:07:15:40 -0500] "GET /perfect/k149?pid=10191/shop/detail?shop_id=1/help/help_04_2.html HTTP/1.1" 200 151154 "-" "Mozilla/5.0 (Linux; Android 6.0.1; Nexus 5X Build/MMB29P) AppleWebKit/537.36 (KHTML, like Gecko) Chrome/133.0.6943.53 Mobile Safari/537.36 (compatible; GoogleOther) X-Middleton/1"
18.209.166.209 - - [23/Feb/2025:07:15:41 -0500] "GET /prior/d289?pid=29369 HTTP/1.1" 200 43282 "-" "Mozilla/5.0 AppleWebKit/537.36 (KHTML, like Gecko; compatible; ClaudeBot/1.0; +claudebot@anthropic.com) X-Middleton/1"
3.92.71.7 - - [23/Feb/2025:07:15:41 -0500] "GET /strategic/k236?edit=true&file=%2Fhome%2Fguitarlisty%2Fpublic_html%2Fdefaults.php HTTP/1.1" 200 8913 "-" "Mozilla/5.0 AppleWebKit/537.36 (KHTML, like Gecko; compatible; ClaudeBot/1.0; +claudebot@anthropic.com) X-Middleton/1"
23.22.111.12 - - [23/Feb/2025:07:15:43 -0500] "GET /m270027539?ynzmini=%2Fhome%2Fguitarlisty%2Fpublic_html%2F123%2F HTTP/1.1" 200 8374 "-" "Mozilla/5.0 AppleWebKit/537.36 (KHTML, like Gecko; compatible; ClaudeBot/1.0; +claudebot@anthropic.com) X-Middleton/1"
54.209.250.19 - - [23/Feb/2025:07:15:43 -0500] "GET /Irish/o154?pid=14766 HTTP/1.1" 200 43281 "-" "Mozilla/5.0 AppleWebKit/537.36 (KHTML, like Gecko; compatible; ClaudeBot/1.0; +claudebot@anthropic.com) X-Middleton/1"
54.196.44.86 - - [23/Feb/2025:07:15:43 -0500] "GET /yamaha-f310-acoustic-guitar-review-2020/?file=/proc//14/io HTTP/1.1" 200 6291 "-" "Mozilla/5.0 AppleWebKit/537.36 (KHTML, like Gecko; compatible; Amazonbot/0.1; +https://developer.amazon.com/support/amazonbot) Chrome/119.0.6045.214 Safari/537.36 X-Middleton/1"
18.209.166.209 - - [23/Feb/2025:07:15:44 -0500] "GET /video/k84?pid=33486 HTTP/1.1" 500 45916 "-" "Mozilla/5.0 AppleWebKit/537.36 (KHTML, like Gecko; compatible; ClaudeBot/1.0; +claudebot@anthropic.com) X-Middleton/1"
3.90.39.225 - - [23/Feb/2025:07:15:44 -0500] "GET /graduate/o14?file=%2Fhome%2Fguitarlisty%2Fpublic_html%2F.%2Flicense.txt HTTP/1.1" 200 26403 "-" "Mozilla/5.0 AppleWebKit/537.36 (KHTML, like Gecko; compatible; ClaudeBot/1.0; +claudebot@anthropic.com) X-Middleton/1"
184.72.213.252 - - [23/Feb/2025:07:15:43 -0500] "GET /row/r20?pid=17320/help/help_04_2.html HTTP/1.1" 200 457006 "-" "Mozilla/5.0 (Linux; Android 6.0.1; Nexus 5X Build/MMB29P) AppleWebKit/537.36 (KHTML, like Gecko) Chrome/133.0.6943.53 Mobile Safari/537.36 (compatible; GoogleOther) X-Middleton/1"
52.205.171.15 - - [23/Feb/2025:07:15:44 -0500] "GET /basket/s284?pid=29934 HTTP/1.1" 200 43281 "-" "Mozilla/5.0 AppleWebKit/537.36 (KHTML, like Gecko; compatible; ClaudeBot/1.0; +claudebot@anthropic.com) X-Middleton/1"
35.175.240.220 - - [23/Feb/2025:07:15:45 -0500] "GET /quote/a16?pid=35494 HTTP/1.1" 200 43282 "-" "Mozilla/5.0 AppleWebKit/537.36 (KHTML, like Gecko; compatible; ClaudeBot/1.0; +claudebot@anthropic.com) X-Middleton/1"
3.87.139.20 - - [23/Feb/2025:07:15:45 -0500] "GET /m230045577?srsltid=AfmBOomJYLHoSnPUW2JIK2_ikJpiO713p_LtDSn2Um-T-Mml1JdMzy HTTP/1.1" 200 43279 "-" "Mozilla/5.0 AppleWebKit/537.36 (KHTML, like Gecko; compatible; ClaudeBot/1.0; +claudebot@anthropic.com) X-Middleton/1"
54.158.15.14 - - [23/Feb/2025:07:15:46 -0500] "GET /filter/d159?pid=11715 HTTP/1.1" 200 43280 "-" "Mozilla/5.0 AppleWebKit/537.36 (KHTML, like Gecko; compatible; ClaudeBot/1.0; +claudebot@anthropic.com) X-Middleton/1"
54.234.205.77 - - [23/Feb/2025:07:15:47 -0500] "GET /m137005338?file=%2Fhome%2F%2F0_README_BEFORE_DELETING_VIRTFS HTTP/1.1" 200 6899 "-" "Mozilla/5.0 AppleWebKit/537.36 (KHTML, like Gecko; compatible; ClaudeBot/1.0; +claudebot@anthropic.com) X-Middleton/1"
54.158.15.14 - - [23/Feb/2025:07:15:47 -0500] "GET /yamaha-f310-acoustic-guitar-review-2020/?ynzmini=/proc//15 HTTP/1.1" 200 13842 "-" "Mozilla/5.0 AppleWebKit/537.36 (KHTML, like Gecko; compatible; Amazonbot/0.1; +https://developer.amazon.com/support/amazonbot) Chrome/119.0.6045.214 Safari/537.36 X-Middleton/1"
54.196.44.86 - - [23/Feb/2025:07:15:47 -0500] "GET /literary/k149?pid=10191/help/help_04_2.html HTTP/1.1" 200 153943 "-" "Mozilla/5.0 (Linux; Android 6.0.1; Nexus 5X Build/MMB29P) AppleWebKit/537.36 (KHTML, like Gecko) Chrome/133.0.6943.53 Mobile Safari/537.36 (compatible; GoogleOther) X-Middleton/1"
54.156.59.106 - - [23/Feb/2025:07:15:48 -0500] "GET /m/postp42623507.html?ynzmini=%2Fhome%2Fguitarlisty%2Fpublic_html%2Fwp-admin HTTP/1.1" 200 28293 "-" "Mozilla/5.0 AppleWebKit/537.36 (KHTML, like Gecko; compatible; ClaudeBot/1.0; +claudebot@anthropic.com) X-Middleton/1"
52.205.171.15 - - [23/Feb/2025:07:15:48 -0500] "GET /miracle/f33?pid=13969 HTTP/1.1" 200 43281 "-" "Mozilla/5.0 AppleWebKit/537.36 (KHTML, like Gecko; compatible; ClaudeBot/1.0; +claudebot@anthropic.com) X-Middleton/1"
54.156.59.106 - - [23/Feb/2025:07:15:48 -0500] "GET /m106008369?srsltid=AfmBOoZsKEOMoLVaX4LNex_wp2ltD0qvE_9yapzNcM-J-q5bPdxv2H HTTP/1.1" 200 43285 "-" "Mozilla/5.0 (Linux; Android 8.0; Pixel 2 Build/OPD3.170816.012) AppleWebKit/537.36 (KHTML, like Gecko) Chrome/72.0.3626.121 Mobile Safari/537.36 (compatible; EzoicBot-Nicheiq; +http://www.ezoic.com/bot) X-Middleton/1"
54.198.7.139 - - [23/Feb/2025:07:15:49 -0500] "GET /m188043011?edit=true&file=%2Fetc%2Fpasswd HTTP/1.1" 200 10423 "-" "Mozilla/5.0 AppleWebKit/537.36 (KHTML, like Gecko; compatible; ClaudeBot/1.0; +claudebot@anthropic.com) X-Middleton/1"
54.156.59.106 - - [23/Feb/2025:07:15:49 -0500] "GET /arrow/k157?pid=18861 HTTP/1.1" 500 45915 "-" "Mozilla/5.0 AppleWebKit/537.36 (KHTML, like Gecko; compatible; ClaudeBot/1.0; +claudebot@anthropic.com) X-Middleton/1"
35.173.219.106 - - [23/Feb/2025:07:15:49 -0500] "GET /whoever/m261?file=%2Fhome%2Fguitarlisty%2Fpublic_html%2Fwp-content%2F19e5b8 HTTP/1.1" 200 14244 "-" "Mozilla/5.0 AppleWebKit/537.36 (KHTML, like Gecko; compatible; ClaudeBot/1.0; +claudebot@anthropic.com) X-Middleton/1"
18.232.117.100 - - [23/Feb/2025:07:15:49 -0500] "GET /regain/z174?pid=43028 HTTP/1.1" 200 43282 "-" "Mozilla/5.0 AppleWebKit/537.36 (KHTML, like Gecko; compatible; ClaudeBot/1.0; +claudebot@anthropic.com) X-Middleton/1"
34.229.105.159 - - [23/Feb/2025:07:15:49 -0500] "GET /dialogue/s102?pid=27824 HTTP/1.1" 200 43282 "-" "Mozilla/5.0 AppleWebKit/537.36 (KHTML, like Gecko; compatible; ClaudeBot/1.0; +claudebot@anthropic.com) X-Middleton/1"
54.196.44.86 - - [23/Feb/2025:07:15:50 -0500] "GET /m258030989?srsltid=AfmBOojFpSxOqOcgk2x5yT_LOZwosmwDk_bRuxBpuM-Z-GEdKGMNIc HTTP/1.1" 200 43280 "-" "Mozilla/5.0 AppleWebKit/537.36 (KHTML, like Gecko; compatible; ClaudeBot/1.0; +claudebot@anthropic.com) X-Middleton/1"
98.83.149.163 - - [23/Feb/2025:07:15:51 -0500] "GET /debate/r20?pid=17320/shop/detail?shop_id=1/help/help_04_2.html HTTP/1.1" 200 152165 "-" "Mozilla/5.0 (Linux; Android 6.0.1; Nexus 5X Build/MMB29P) AppleWebKit/537.36 (KHTML, like Gecko) Chrome/133.0.6943.53 Mobile Safari/537.36 (compatible; GoogleOther) X-Middleton/1"
3.80.165.4 - - [23/Feb/2025:07:15:51 -0500] "GET /football/t127?pid=45401 HTTP/1.1" 200 43278 "-" "Mozilla/5.0 AppleWebKit/537.36 (KHTML, like Gecko; compatible; ClaudeBot/1.0; +claudebot@anthropic.com) X-Middleton/1"
54.198.85.7 - - [23/Feb/2025:07:15:51 -0500] "GET /yamaha-f310-acoustic-guitar-review-2020/?file=/proc//15/io HTTP/1.1" 200 6291 "-" "Mozilla/5.0 AppleWebKit/537.36 (KHTML, like Gecko; compatible; Amazonbot/0.1; +https://developer.amazon.com/support/amazonbot) Chrome/119.0.6045.214 Safari/537.36 X-Middleton/1"
54.156.59.106 - - [23/Feb/2025:07:15:52 -0500] "GET /m188017921?ynzmini=%2Fhome%2Fguitarlisty%2F%2Fwordpress-backups HTTP/1.1" 200 6885 "-" "Mozilla/5.0 AppleWebKit/537.36 (KHTML, like Gecko; compatible; ClaudeBot/1.0; +claudebot@anthropic.com) X-Middleton/1"
3.87.139.20 - - [23/Feb/2025:07:15:52 -0500] "GET /physically/y49?pid=30249 HTTP/1.1" 200 43279 "-" "Mozilla/5.0 AppleWebKit/537.36 (KHTML, like Gecko; compatible; ClaudeBot/1.0; +claudebot@anthropic.com) X-Middleton/1"
54.156.59.106 - - [23/Feb/2025:07:15:53 -0500] "GET /m211040170?file=%2Fhome%2Fguitarlisty%2Fpublic_html%2Fwp-includes%2Fpluggable.php HTTP/1.1" 200 122189 "-" "Mozilla/5.0 AppleWebKit/537.36 (KHTML, like Gecko; compatible; ClaudeBot/1.0; +claudebot@anthropic.com) X-Middleton/1"
3.87.139.20 - - [23/Feb/2025:07:15:53 -0500] "GET /priority/t213?pid=18863 HTTP/1.1" 200 43279 "-" "Mozilla/5.0 AppleWebKit/537.36 (KHTML, like Gecko; compatible; ClaudeBot/1.0; +claudebot@anthropic.com) X-Middleton/1"
3.94.247.247 - - [23/Feb/2025:07:15:54 -0500] "GET /plan/g258?ynzmini=%2Fhome%2F%2Fvirtfs HTTP/1.1" 200 6205 "-" "Mozilla/5.0 AppleWebKit/537.36 (KHTML, like Gecko; compatible; ClaudeBot/1.0; +claudebot@anthropic.com) X-Middleton/1"
54.158.15.14 - - [23/Feb/2025:07:15:54 -0500] "GET /neither/s79?pid=12119 HTTP/1.1" 500 45914 "-" "Mozilla/5.0 AppleWebKit/537.36 (KHTML, like Gecko; compatible; ClaudeBot/1.0; +claudebot@anthropic.com) X-Middleton/1"
54.242.51.163 - - [23/Feb/2025:07:15:54 -0500] "GET /finger/s49?file=%2Fhome%2Fguitarlisty%2Fpublic_html%2Fwp-includes%2Frest-api.php HTTP/1.1" 200 106691 "-" "Mozilla/5.0 AppleWebKit/537.36 (KHTML, like Gecko; compatible; ClaudeBot/1.0; +claudebot@anthropic.com) X-Middleton/1"
142.202.240.114 - - [23/Feb/2025:07:15:54 -0500] "POST / HTTP/2.0" 421 322 "-" "Go-http-client/2.0"
3.81.214.139 - - [23/Feb/2025:07:15:54 -0500] "GET /powder/r20?pid=17320/shop/detail?shop_id=1/help/help_04_2.html/help/help_04_2.html HTTP/1.1" 200 151120 "-" "Mozilla/5.0 (Linux; Android 6.0.1; Nexus 5X Build/MMB29P) AppleWebKit/537.36 (KHTML, like Gecko) Chrome/133.0.6943.53 Mobile Safari/537.36 (compatible; GoogleOther) X-Middleton/1"
3.81.110.12 - - [23/Feb/2025:07:15:54 -0500] "GET /anyway/p84?file=%2Ftmp%2FphpeVKL7J HTTP/1.1" 200 6297 "-" "Mozilla/5.0 AppleWebKit/537.36 (KHTML, like Gecko; compatible; ClaudeBot/1.0; +claudebot@anthropic.com) X-Middleton/1"
23.22.111.12 - - [23/Feb/2025:07:15:55 -0500] "GET /nationwide/r213?pid=30083 HTTP/1.1" 200 43280 "-" "Mozilla/5.0 AppleWebKit/537.36 (KHTML, like Gecko; compatible; ClaudeBot/1.0; +claudebot@anthropic.com) X-Middleton/1"
3.81.214.139 - - [23/Feb/2025:07:15:55 -0500] "GET /m054016011?srsltid=AfmBOowmlfGnZUwNI4lkgG_kwVlNtaSg4_YCdKAODl-X-6hNMTFIOO HTTP/1.1" 200 43280 "-" "Mozilla/5.0 AppleWebKit/537.36 (KHTML, like Gecko; compatible; ClaudeBot/1.0; +claudebot@anthropic.com) X-Middleton/1"
35.175.240.220 - - [23/Feb/2025:07:15:55 -0500] "GET /yamaha-f310-acoustic-guitar-review-2020/?ynzmini=/proc//16 HTTP/1.1" 200 13842 "-" "Mozilla/5.0 AppleWebKit/537.36 (KHTML, like Gecko; compatible; Amazonbot/0.1; +https://developer.amazon.com/support/amazonbot) Chrome/119.0.6045.214 Safari/537.36 X-Middleton/1"
3.82.56.176 - - [23/Feb/2025:07:15:56 -0500] "GET /m094025353?srsltid=AfmBOollUMVHpOSSpJe69z_6x9NJPFjC3_OI9gkJn7-Z-KwMUW6BCj HTTP/1.1" 200 43279 "-" "Mozilla/5.0 AppleWebKit/537.36 (KHTML, like Gecko; compatible; ClaudeBot/1.0; +claudebot@anthropic.com) X-Middleton/1"
54.158.15.14 - - [23/Feb/2025:07:15:56 -0500] "GET /office/q118?pid=5544 HTTP/1.1" 200 43284 "-" "Mozilla/5.0 (Linux; Android 8.0; Pixel 2 Build/OPD3.170816.012) AppleWebKit/537.36 (KHTML, like Gecko) Chrome/72.0.3626.121 Mobile Safari/537.36 (compatible; EzoicBot-Nicheiq; +http://www.ezoic.com/bot) X-Middleton/1"
18.232.117.100 - - [23/Feb/2025:07:15:57 -0500] "GET /type/w5?edit=true&file=%2Fetc%2Fresolv.conf HTTP/1.1" 200 6543 "-" "Mozilla/5.0 AppleWebKit/537.36 (KHTML, like Gecko; compatible; ClaudeBot/1.0; +claudebot@anthropic.com) X-Middleton/1"
107.20.82.18 - - [23/Feb/2025:07:15:57 -0500] "GET /instruction/z159?pid=18711 HTTP/1.1" 200 43280 "-" "Mozilla/5.0 AppleWebKit/537.36 (KHTML, like Gecko; compatible; ClaudeBot/1.0; +claudebot@anthropic.com) X-Middleton/1"
3.81.214.139 - - [23/Feb/2025:07:15:57 -0500] "GET /loan/b128?pid=26098 HTTP/1.1" 200 43280 "-" "Mozilla/5.0 AppleWebKit/537.36 (KHTML, like Gecko; compatible; ClaudeBot/1.0; +claudebot@anthropic.com) X-Middleton/1"
3.81.110.12 - - [23/Feb/2025:07:15:58 -0500] "GET /m285028844?file=%2Fhome%2Fguitarlisty%2Fpublic_html%2Fwp-includes%2Fclass-wp-theme-json.php HTTP/1.1" 200 167005 "-" "Mozilla/5.0 AppleWebKit/537.36 (KHTML, like Gecko; compatible; ClaudeBot/1.0; +claudebot@anthropic.com) X-Middleton/1"
3.87.139.20 - - [23/Feb/2025:07:15:58 -0500] "GET /uncertainty/r20?pid=17320/help/help_04_2.html/help/help_04_2.html HTTP/1.1" 200 146974 "-" "Mozilla/5.0 (Linux; Android 6.0.1; Nexus 5X Build/MMB29P) AppleWebKit/537.36 (KHTML, like Gecko) Chrome/133.0.6943.53 Mobile Safari/537.36 (compatible; GoogleOther) X-Middleton/1"
18.232.117.100 - - [23/Feb/2025:07:15:59 -0500] "GET /shit/l187?ynzmini=%2Fhome%2Fguitarlisty%2Fpublic_html%2Fc4485%2F. HTTP/1.1" 200 7076 "-" "Mozilla/5.0 AppleWebKit/537.36 (KHTML, like Gecko; compatible; ClaudeBot/1.0; +claudebot@anthropic.com) X-Middleton/1"
50.17.142.168 - - [23/Feb/2025:07:15:59 -0500] "GET /invisible/o62?pid=24362 HTTP/1.1" 500 45915 "-" "Mozilla/5.0 AppleWebKit/537.36 (KHTML, like Gecko; compatible; ClaudeBot/1.0; +claudebot@anthropic.com) X-Middleton/1"
54.196.44.86 - - [23/Feb/2025:07:15:59 -0500] "GET /priest/h263?ynzmini=%2Fhome%2Fguitarlisty%2Fpublic_html%2Fsym404%2Fpolkitd-Magento.txt404 HTTP/1.1" 200 7033 "-" "Mozilla/5.0 AppleWebKit/537.36 (KHTML, like Gecko; compatible; ClaudeBot/1.0; +claudebot@anthropic.com) X-Middleton/1"
54.158.15.14 - - [23/Feb/2025:07:15:59 -0500] "GET /yamaha-f310-acoustic-guitar-review-2020/?file=/proc//16/io HTTP/1.1" 404 6291 "-" "Mozilla/5.0 AppleWebKit/537.36 (KHTML, like Gecko; compatible; Amazonbot/0.1; +https://developer.amazon.com/support/amazonbot) Chrome/119.0.6045.214 Safari/537.36 X-Middleton/1"
3.92.71.7 - - [23/Feb/2025:07:15:59 -0500] "GET /glory/r217?ynzmini=%2Fhome%2Fguitarlisty%2F%2Fetc HTTP/1.1" 200 7131 "-" "Mozilla/5.0 AppleWebKit/537.36 (KHTML, like Gecko; compatible; ClaudeBot/1.0; +claudebot@anthropic.com) X-Middleton/1"
54.156.59.106 - - [23/Feb/2025:07:15:59 -0500] "GET /demonstration/y82?pid=24068 HTTP/1.1" 200 43281 "-" "Mozilla/5.0 AppleWebKit/537.36 (KHTML, like Gecko; compatible; ClaudeBot/1.0; +claudebot@anthropic.com) X-Middleton/1"
54.198.7.139 - - [23/Feb/2025:07:16:00 -0500] "GET /m197013246?ynzmini=%2Fhome%2Fguitarlisty%2F%2Fwww HTTP/1.1" 200 15151 "-" "Mozilla/5.0 AppleWebKit/537.36 (KHTML, like Gecko; compatible; ClaudeBot/1.0; +claudebot@anthropic.com) X-Middleton/1"
35.175.240.220 - - [23/Feb/2025:07:16:01 -0500] "GET /lucky/d48?pid=8204 HTTP/1.1" 200 43282 "-" "Mozilla/5.0 AppleWebKit/537.36 (KHTML, like Gecko; compatible; ClaudeBot/1.0; +claudebot@anthropic.com) X-Middleton/1"
3.82.56.176 - - [23/Feb/2025:07:16:02 -0500] "GET /m209026990?srsltid=AfmBOofWYvugznZt3OTIvq_vCJrnDcqxV_m9QOHecF-Z-yMvLSFjAF HTTP/1.1" 200 43279 "-" "Mozilla/5.0 AppleWebKit/537.36 (KHTML, like Gecko; compatible; ClaudeBot/1.0; +claudebot@anthropic.com) X-Middleton/1"
3.89.44.170 - - [23/Feb/2025:07:16:02 -0500] "GET /number/k149?pid=10191 HTTP/1.1" 200 145323 "-" "Mozilla/5.0 (Linux; Android 6.0.1; Nexus 5X Build/MMB29P) AppleWebKit/537.36 (KHTML, like Gecko) Chrome/133.0.6943.53 Mobile Safari/537.36 (compatible; GoogleOther) X-Middleton/1"
3.90.42.123 - - [23/Feb/2025:07:16:02 -0500] "GET /m136020603?srsltid=AfmBOoEAWiGYlPZBAgeR1S_STHEFDs9N0_OKVLGabS-U-4Tre67xsd HTTP/1.1" 200 43279 "-" "Mozilla/5.0 AppleWebKit/537.36 (KHTML, like Gecko; compatible; ClaudeBot/1.0; +claudebot@anthropic.com) X-Middleton/1"
98.83.220.235 - - [23/Feb/2025:07:16:02 -0500] "GET /voter/j274?pid=22598 HTTP/1.1" 200 43281 "-" "Mozilla/5.0 AppleWebKit/537.36 (KHTML, like Gecko; compatible; ClaudeBot/1.0; +claudebot@anthropic.com) X-Middleton/1"
98.83.149.163 - - [23/Feb/2025:07:16:02 -0500] "GET /m/recip12245736.html?s=fSUjWJ77u HTTP/1.1" 200 142575 "-" "Mozilla/5.0 (Linux; Android 6.0.1; Nexus 5X Build/MMB29P) AppleWebKit/537.36 (KHTML, like Gecko) Chrome/133.0.6943.53 Mobile Safari/537.36 (compatible; Googlebot/2.1; +http://www.google.com/bot.html) X-Middleton/1"
52.71.251.0 - - [23/Feb/2025:07:16:03 -0500] "GET /m/sear61991885.html HTTP/1.1" 200 43279 "-" "Mozilla/5.0 AppleWebKit/537.36 (KHTML, like Gecko; compatible; ClaudeBot/1.0; +claudebot@anthropic.com) X-Middleton/1"
34.226.215.117 - - [23/Feb/2025:07:16:04 -0500] "GET /yamaha-f310-acoustic-guitar-review-2020/?ynzmini=/proc//17 HTTP/1.1" 200 13842 "-" "Mozilla/5.0 AppleWebKit/537.36 (KHTML, like Gecko; compatible; Amazonbot/0.1; +https://developer.amazon.com/support/amazonbot) Chrome/119.0.6045.214 Safari/537.36 X-Middleton/1"
3.89.44.170 - - [23/Feb/2025:07:16:04 -0500] "GET /pair/f114?file=%2Fhome%2Fguitarlisty%2Fpublic_html%2Fwp-includes%2Fclass-wp-user.php HTTP/1.1" 200 29856 "-" "Mozilla/5.0 AppleWebKit/537.36 (KHTML, like Gecko; compatible; ClaudeBot/1.0; +claudebot@anthropic.com) X-Middleton/1"
52.205.171.15 - - [23/Feb/2025:07:16:04 -0500] "GET /intelligent/c79?pid=3625 HTTP/1.1" 200 43281 "-" "Mozilla/5.0 AppleWebKit/537.36 (KHTML, like Gecko; compatible; ClaudeBot/1.0; +claudebot@anthropic.com) X-Middleton/1"
3.90.112.236 - - [23/Feb/2025:07:16:04 -0500] "GET /?s=ECCouncil%20Realistic%20212-82%20Dumps%20Torrent%20Free%20PDF%20%F0%9F%A9%B1%20Easily%20obtain%20[%20212-82%20]%20for%20free%20download%20through%20%E2%80%9C%20www.pdfvce.com%20%E2%80%9D%20%F0%9F%A6%BA212-82%20Upgrade%20Dumps HTTP/1.1" 200 43284 "-" "Mozilla/5.0 (compatible; MJ12bot/v1.4.8; http://mj12bot.com/) X-Middleton/1"
54.198.85.7 - - [23/Feb/2025:07:16:04 -0500] "GET /halfway/z4?pid=352 HTTP/1.1" 200 43279 "-" "Mozilla/5.0 AppleWebKit/537.36 (KHTML, like Gecko; compatible; ClaudeBot/1.0; +claudebot@anthropic.com) X-Middleton/1"
3.82.56.176 - - [23/Feb/2025:07:16:04 -0500] "GET /m122046765?srsltid=AfmBOoYTaiRzQwDRh5qFts_ajgWsYmUhY_zVlPCWGS-Z-BsfKMIf5s HTTP/1.1" 200 43283 "-" "Mozilla/5.0 (Linux; Android 8.0; Pixel 2 Build/OPD3.170816.012) AppleWebKit/537.36 (KHTML, like Gecko) Chrome/72.0.3626.121 Mobile Safari/537.36 (compatible; EzoicBot-Nicheiq; +http://www.ezoic.com/bot) X-Middleton/1"
3.80.165.4 - - [23/Feb/2025:07:16:05 -0500] "GET /m279030800?ynzmini=%2Fhome%2Fguitarlisty%2Fpublic_html%2Fas%2F. HTTP/1.1" 404 7224 "-" "Mozilla/5.0 AppleWebKit/537.36 (KHTML, like Gecko; compatible; ClaudeBot/1.0; +claudebot@anthropic.com) X-Middleton/1"
107.20.82.18 - - [23/Feb/2025:07:16:04 -0500] "GET /m277033316?srsltid=AfmBOoimorexMyQeVwdjSx_VWc3AGEdhw_5J6yi98t-E-r0joxT1t3 HTTP/1.1" 200 43280 "-" "Mozilla/5.0 AppleWebKit/537.36 (KHTML, like Gecko; compatible; ClaudeBot/1.0; +claudebot@anthropic.com) X-Middleton/1"
107.20.115.131 - - [23/Feb/2025:07:16:04 -0500] "GET /indeed/j297?pid=16781 HTTP/1.1" 500 45916 "-" "Mozilla/5.0 AppleWebKit/537.36 (KHTML, like Gecko; compatible; ClaudeBot/1.0; +claudebot@anthropic.com) X-Middleton/1"
54.226.129.235 - - [23/Feb/2025:07:16:05 -0500] "GET /reception/r20?pid=17320/help/help_04_2.html HTTP/1.1" 200 144781 "-" "Mozilla/5.0 (Linux; Android 6.0.1; Nexus 5X Build/MMB29P) AppleWebKit/537.36 (KHTML, like Gecko) Chrome/133.0.6943.53 Mobile Safari/537.36 (compatible; GoogleOther) X-Middleton/1"
35.175.240.220 - - [23/Feb/2025:07:16:06 -0500] "GET /echo/n176?pid=154 HTTP/1.1" 200 43282 "-" "Mozilla/5.0 AppleWebKit/537.36 (KHTML, like Gecko; compatible; ClaudeBot/1.0; +claudebot@anthropic.com) X-Middleton/1"
3.81.110.12 - - [23/Feb/2025:07:16:06 -0500] "GET /steal/g104?pid=10822 HTTP/1.1" 200 43279 "-" "Mozilla/5.0 AppleWebKit/537.36 (KHTML, like Gecko; compatible; ClaudeBot/1.0; +claudebot@anthropic.com) X-Middleton/1"
54.208.214.128 - - [23/Feb/2025:07:16:07 -0500] "GET /she/s275?pid=28325 HTTP/1.1" 200 43282 "-" "Mozilla/5.0 AppleWebKit/537.36 (KHTML, like Gecko; compatible; ClaudeBot/1.0; +claudebot@anthropic.com) X-Middleton/1"
52.205.171.15 - - [23/Feb/2025:07:16:07 -0500] "GET /m120029163?srsltid=AfmBOonayAZwLozcMFkjXk_9R5DRd01DW_kLMks0VM-H-yzEYayimB HTTP/1.1" 200 43281 "-" "Mozilla/5.0 AppleWebKit/537.36 (KHTML, like Gecko; compatible; ClaudeBot/1.0; +claudebot@anthropic.com) X-Middleton/1"
50.17.142.168 - - [23/Feb/2025:07:16:07 -0500] "GET /yamaha-f310-acoustic-guitar-review-2020/?file=/proc//17/io HTTP/1.1" 200 6291 "-" "Mozilla/5.0 AppleWebKit/537.36 (KHTML, like Gecko; compatible; Amazonbot/0.1; +https://developer.amazon.com/support/amazonbot) Chrome/119.0.6045.214 Safari/537.36 X-Middleton/1"
54.196.44.86 - - [23/Feb/2025:07:16:07 -0500] "GET /subsidy/p33?pid=24111 HTTP/1.1" 200 43280 "-" "Mozilla/5.0 AppleWebKit/537.36 (KHTML, like Gecko; compatible; ClaudeBot/1.0; +claudebot@anthropic.com) X-Middleton/1"
3.90.42.123 - - [23/Feb/2025:07:16:08 -0500] "GET /m/tick12499896.html HTTP/1.1" 200 43279 "-" "Mozilla/5.0 AppleWebKit/537.36 (KHTML, like Gecko; compatible; ClaudeBot/1.0; +claudebot@anthropic.com) X-Middleton/1"
54.164.180.114 - - [23/Feb/2025:07:16:09 -0500] "GET /mask/c191?pid=6137 HTTP/1.1" 200 43282 "-" "Mozilla/5.0 AppleWebKit/537.36 (KHTML, like Gecko; compatible; ClaudeBot/1.0; +claudebot@anthropic.com) X-Middleton/1"
54.144.101.254 - - [23/Feb/2025:07:16:09 -0500] "GET /donor/x51?pid=36245 HTTP/1.1" 200 43282 "-" "Mozilla/5.0 AppleWebKit/537.36 (KHTML, like Gecko; compatible; ClaudeBot/1.0; +claudebot@anthropic.com) X-Middleton/1"
3.81.214.139 - - [23/Feb/2025:07:16:09 -0500] "GET /fraction/r20?pid=17320/shop/detail?shop_id=1/help/help_04_2.html/help/help_04_2.html HTTP/1.1" 200 146555 "-" "Mozilla/5.0 (Linux; Android 6.0.1; Nexus 5X Build/MMB29P) AppleWebKit/537.36 (KHTML, like Gecko) Chrome/133.0.6943.53 Mobile Safari/537.36 (compatible; GoogleOther) X-Middleton/1"
34.226.215.117 - - [23/Feb/2025:07:16:09 -0500] "GET /m083032010?srsltid=AfmBOoTFysKTeYFVBbCHZu_Z1FOtTonUX_kEQUWbYK-O-9MRQbkZJ7 HTTP/1.1" 200 43282 "-" "Mozilla/5.0 AppleWebKit/537.36 (KHTML, like Gecko; compatible; ClaudeBot/1.0; +claudebot@anthropic.com) X-Middleton/1"
98.83.220.235 - - [23/Feb/2025:07:16:10 -0500] "GET /thing/w194?ynzmini=%2Fhome%2Fguitarlisty%2Fpublic_html%2Fwp-admin%2Fimages HTTP/1.1" 200 24088 "-" "Mozilla/5.0 AppleWebKit/537.36 (KHTML, like Gecko; compatible; ClaudeBot/1.0; +claudebot@anthropic.com) X-Middleton/1"
23.22.111.12 - - [23/Feb/2025:07:16:10 -0500] "GET /cart/a82?pid=2598 HTTP/1.1" 200 43280 "-" "Mozilla/5.0 AppleWebKit/537.36 (KHTML, like Gecko; compatible; ClaudeBot/1.0; +claudebot@anthropic.com) X-Middleton/1"
54.144.101.254 - - [23/Feb/2025:07:16:11 -0500] "GET /Mrs/x136?pid=29568 HTTP/1.1" 200 43282 "-" "Mozilla/5.0 AppleWebKit/537.36 (KHTML, like Gecko; compatible; ClaudeBot/1.0; +claudebot@anthropic.com) X-Middleton/1"
3.94.247.247 - - [23/Feb/2025:07:16:11 -0500] "GET /m/misca11661888.html HTTP/1.1" 200 43280 "-" "Mozilla/5.0 AppleWebKit/537.36 (KHTML, like Gecko; compatible; ClaudeBot/1.0; +claudebot@anthropic.com) X-Middleton/1"
35.173.219.106 - - [23/Feb/2025:07:16:12 -0500] "GET /yamaha-f310-acoustic-guitar-review-2020/?ynzmini=/proc//18 HTTP/1.1" 200 13842 "-" "Mozilla/5.0 AppleWebKit/537.36 (KHTML, like Gecko; compatible; Amazonbot/0.1; +https://developer.amazon.com/support/amazonbot) Chrome/119.0.6045.214 Safari/537.36 X-Middleton/1"
52.71.251.0 - - [23/Feb/2025:07:16:12 -0500] "GET /quit/n174?pid=41210 HTTP/1.1" 200 43279 "-" "Mozilla/5.0 AppleWebKit/537.36 (KHTML, like Gecko; compatible; ClaudeBot/1.0; +claudebot@anthropic.com) X-Middleton/1"
54.196.44.86 - - [23/Feb/2025:07:16:12 -0500] "GET /revolution/k149?pid=10191/shop/detail?shop_id=1 HTTP/1.1" 200 146675 "-" "Mozilla/5.0 (Linux; Android 6.0.1; Nexus 5X Build/MMB29P) AppleWebKit/537.36 (KHTML, like Gecko) Chrome/133.0.6943.53 Mobile Safari/537.36 (compatible; GoogleOther) X-Middleton/1"
18.232.117.100 - - [23/Feb/2025:07:16:12 -0500] "GET /m196048105?srsltid=AfmBOosqEfezGntBZNfs68_0uKzEOLuuF_R5WaEFRR-A-gWBl88saF HTTP/1.1" 200 43286 "-" "Mozilla/5.0 (Linux; Android 8.0; Pixel 2 Build/OPD3.170816.012) AppleWebKit/537.36 (KHTML, like Gecko) Chrome/72.0.3626.121 Mobile Safari/537.36 (compatible; EzoicBot-Nicheiq; +http://www.ezoic.com/bot) X-Middleton/1"
35.175.240.220 - - [23/Feb/2025:07:16:12 -0500] "GET /m120019025?srsltid=AfmBOojEyYhOPcufhcw6hO_pdguGFPID4_dX513EWa-D-1PZhY3qwx HTTP/1.1" 200 43282 "-" "Mozilla/5.0 AppleWebKit/537.36 (KHTML, like Gecko; compatible; ClaudeBot/1.0; +claudebot@anthropic.com) X-Middleton/1"
107.20.82.18 - - [23/Feb/2025:07:16:12 -0500] "GET /comply/l147?pid=42485 HTTP/1.1" 200 43280 "-" "Mozilla/5.0 AppleWebKit/537.36 (KHTML, like Gecko; compatible; ClaudeBot/1.0; +claudebot@anthropic.com) X-Middleton/1"
107.20.115.131 - - [23/Feb/2025:07:16:13 -0500] "GET /m056024147?ynzmini=%2Fhome%2Fguitarlisty%2Fpublic_html%2F..%2Ftmp HTTP/1.1" 200 7955 "-" "Mozilla/5.0 AppleWebKit/537.36 (KHTML, like Gecko; compatible; ClaudeBot/1.0; +claudebot@anthropic.com) X-Middleton/1"
3.89.44.170 - - [23/Feb/2025:07:16:13 -0500] "GET /whereas/h45?pid=33881 HTTP/1.1" 200 43279 "-" "Mozilla/5.0 AppleWebKit/537.36 (KHTML, like Gecko; compatible; ClaudeBot/1.0; +claudebot@anthropic.com) X-Middleton/1"
54.234.205.77 - - [23/Feb/2025:07:16:14 -0500] "GET /acid/c287?pid=45237 HTTP/1.1" 200 43281 "-" "Mozilla/5.0 AppleWebKit/537.36 (KHTML, like Gecko; compatible; ClaudeBot/1.0; +claudebot@anthropic.com) X-Middleton/1"
3.92.71.7 - - [23/Feb/2025:07:16:14 -0500] "GET /m276045799?srsltid=AfmBOoywHLRZMCji9W0X53_hFGOdq77lV_Nhm8cMMj-X-QTc22r7WO HTTP/1.1" 200 43277 "-" "Mozilla/5.0 AppleWebKit/537.36 (KHTML, like Gecko; compatible; ClaudeBot/1.0; +claudebot@anthropic.com) X-Middleton/1"
54.234.205.77 - - [23/Feb/2025:07:16:14 -0500] "GET /m228025621?srsltid=AfmBOoDoMJagnLKnCD4wKU_xmndF6KQCu_RFaOPZK5-Y-1XQyrDUyr HTTP/1.1" 200 43281 "-" "Mozilla/5.0 AppleWebKit/537.36 (KHTML, like Gecko; compatible; ClaudeBot/1.0; +claudebot@anthropic.com) X-Middleton/1"
3.81.214.139 - - [23/Feb/2025:07:16:15 -0500] "GET /m278034877?file=%2Fhome%2Fguitarlisty%2Fpublic_html%2Fwp-admin%2Fsetup-config.php HTTP/1.1" 404 27473 "-" "Mozilla/5.0 AppleWebKit/537.36 (KHTML, like Gecko; compatible; ClaudeBot/1.0; +claudebot@anthropic.com) X-Middleton/1"
54.208.214.128 - - [23/Feb/2025:07:16:15 -0500] "GET /career/h95?pid=31293 HTTP/1.1" 200 43282 "-" "Mozilla/5.0 AppleWebKit/537.36 (KHTML, like Gecko; compatible; ClaudeBot/1.0; +claudebot@anthropic.com) X-Middleton/1"
18.232.117.100 - - [23/Feb/2025:07:16:15 -0500] "GET /item/u19/10893/ HTTP/1.1" 200 151319 "-" "Mozilla/5.0 (Linux; Android 6.0.1; Nexus 5X Build/MMB29P) AppleWebKit/537.36 (KHTML, like Gecko) Chrome/133.0.6943.126 Mobile Safari/537.36 (compatible; Googlebot/2.1; +http://www.google.com/bot.html) X-Middleton/1"
3.87.139.20 - - [23/Feb/2025:07:16:15 -0500] "GET /yamaha-f310-acoustic-guitar-review-2020/?file=/proc//18/io HTTP/1.1" 404 6291 "-" "Mozilla/5.0 AppleWebKit/537.36 (KHTML, like Gecko; compatible; Amazonbot/0.1; +https://developer.amazon.com/support/amazonbot) Chrome/119.0.6045.214 Safari/537.36 X-Middleton/1"
54.198.124.77 - - [23/Feb/2025:07:16:15 -0500] "GET /edge/x42?pid=8200 HTTP/1.1" 200 43281 "-" "Mozilla/5.0 AppleWebKit/537.36 (KHTML, like Gecko; compatible; ClaudeBot/1.0; +claudebot@anthropic.com) X-Middleton/1"
3.81.58.205 - - [23/Feb/2025:07:16:16 -0500] "GET /annually/k149?pid=10191/shop/detail?shop_id=1/86699help/help_04_2.html/help/help_04_2.html HTTP/1.1" 200 145956 "-" "Mozilla/5.0 (Linux; Android 6.0.1; Nexus 5X Build/MMB29P) AppleWebKit/537.36 (KHTML, like Gecko) Chrome/133.0.6943.53 Mobile Safari/537.36 (compatible; GoogleOther) X-Middleton/1"
98.83.149.163 - - [23/Feb/2025:07:16:16 -0500] "GET /solve/b51?pid=2613 HTTP/1.1" 200 43281 "-" "Mozilla/5.0 AppleWebKit/537.36 (KHTML, like Gecko; compatible; ClaudeBot/1.0; +claudebot@anthropic.com) X-Middleton/1"
98.83.220.235 - - [23/Feb/2025:07:16:16 -0500] "GET /m/oppor11093440.html HTTP/1.1" 200 43281 "-" "Mozilla/5.0 AppleWebKit/537.36 (KHTML, like Gecko; compatible; ClaudeBot/1.0; +claudebot@anthropic.com) X-Middleton/1"
107.20.82.18 - - [23/Feb/2025:07:16:17 -0500] "GET /thigh/s255?pid=37125 HTTP/1.1" 200 43280 "-" "Mozilla/5.0 AppleWebKit/537.36 (KHTML, like Gecko; compatible; ClaudeBot/1.0; +claudebot@anthropic.com) X-Middleton/1"
3.80.165.4 - - [23/Feb/2025:07:16:17 -0500] "GET /m031020940?srsltid=AfmBOoiIRYmpLyMP0ZDOb8_CzWlwhBWD9_yjO5INjM-Q-CvHUzZWjk HTTP/1.1" 200 43278 "-" "Mozilla/5.0 AppleWebKit/537.36 (KHTML, like Gecko; compatible; ClaudeBot/1.0; +claudebot@anthropic.com) X-Middleton/1"
98.83.149.163 - - [23/Feb/2025:07:16:17 -0500] "GET /colorful/b189?pid=20499 HTTP/1.1" 200 43281 "-" "Mozilla/5.0 AppleWebKit/537.36 (KHTML, like Gecko; compatible; ClaudeBot/1.0; +claudebot@anthropic.com) X-Middleton/1"
3.87.139.20 - - [23/Feb/2025:07:16:18 -0500] "GET /bug/u178?file=%2Fhome%2Fguitarlisty%2Fpublic_html%2Fwp-includes%2F6b473411 HTTP/1.1" 200 14253 "-" "Mozilla/5.0 AppleWebKit/537.36 (KHTML, like Gecko; compatible; ClaudeBot/1.0; +claudebot@anthropic.com) X-Middleton/1"
54.226.129.235 - - [23/Feb/2025:07:16:18 -0500] "GET /regulate/e77?pid=13685 HTTP/1.1" 200 43282 "-" "Mozilla/5.0 AppleWebKit/537.36 (KHTML, like Gecko; compatible; ClaudeBot/1.0; +claudebot@anthropic.com) X-Middleton/1"
3.81.58.205 - - [23/Feb/2025:07:16:19 -0500] "GET /yamaha-f310-acoustic-guitar-review-2020/?ynzmini=/proc//19 HTTP/1.1" 200 13842 "-" "Mozilla/5.0 AppleWebKit/537.36 (KHTML, like Gecko; compatible; Amazonbot/0.1; +https://developer.amazon.com/support/amazonbot) Chrome/119.0.6045.214 Safari/537.36 X-Middleton/1"
54.156.59.106 - - [23/Feb/2025:07:16:19 -0500] "GET /versus/a15?pid=32747 HTTP/1.1" 200 43281 "-" "Mozilla/5.0 AppleWebKit/537.36 (KHTML, like Gecko; compatible; ClaudeBot/1.0; +claudebot@anthropic.com) X-Middleton/1"
3.87.139.20 - - [23/Feb/2025:07:16:19 -0500] "GET /m133001290?srsltid=AfmBOoyJcSEbagwdS8eX4j_7MFpHFF6Mz_elMyllLe-M-BDIIspTTh HTTP/1.1" 200 43279 "-" "Mozilla/5.0 AppleWebKit/537.36 (KHTML, like Gecko; compatible; ClaudeBot/1.0; +claudebot@anthropic.com) X-Middleton/1"
3.81.214.139 - - [23/Feb/2025:07:16:19 -0500] "GET /within/k149?pid=10191/shop/detail?shop_id=1 HTTP/1.1" 200 145639 "-" "Mozilla/5.0 (Linux; Android 6.0.1; Nexus 5X Build/MMB29P) AppleWebKit/537.36 (KHTML, like Gecko) Chrome/133.0.6943.53 Mobile Safari/537.36 (compatible; GoogleOther) X-Middleton/1"
35.171.189.120 - - [23/Feb/2025:07:16:19 -0500] "GET /m197040836?srsltid=AfmBOoXmSSNPPCtdz0PsZ5_kUMG2kQFWT_MTuzL2tA-K-kyrCaZHCV HTTP/1.1" 200 43282 "-" "Mozilla/5.0 AppleWebKit/537.36 (KHTML, like Gecko; compatible; ClaudeBot/1.0; +claudebot@anthropic.com) X-Middleton/1"
3.87.139.20 - - [23/Feb/2025:07:16:20 -0500] "GET /print/l296?pid=46500 HTTP/1.1" 200 43279 "-" "Mozilla/5.0 AppleWebKit/537.36 (KHTML, like Gecko; compatible; ClaudeBot/1.0; +claudebot@anthropic.com) X-Middleton/1"
23.22.111.12 - - [23/Feb/2025:07:16:20 -0500] "GET /alleged/u229?pid=17661 HTTP/1.1" 200 43280 "-" "Mozilla/5.0 AppleWebKit/537.36 (KHTML, like Gecko; compatible; ClaudeBot/1.0; +claudebot@anthropic.com) X-Middleton/1"
54.198.248.107 - - [23/Feb/2025:07:16:20 -0500] "GET /judge/l27?pid=32255 HTTP/1.1" 500 45920 "-" "Mozilla/5.0 (Linux; Android 8.0; Pixel 2 Build/OPD3.170816.012) AppleWebKit/537.36 (KHTML, like Gecko) Chrome/72.0.3626.121 Mobile Safari/537.36 (compatible; EzoicBot-Nicheiq; +http://www.ezoic.com/bot) X-Middleton/1"
3.89.44.170 - - [23/Feb/2025:07:16:20 -0500] "GET /very/a144?pid=25572 HTTP/1.1" 200 43279 "-" "Mozilla/5.0 AppleWebKit/537.36 (KHTML, like Gecko; compatible; ClaudeBot/1.0; +claudebot@anthropic.com) X-Middleton/1"
54.196.44.86 - - [23/Feb/2025:07:16:21 -0500] "GET /social/d196?pid=37376 HTTP/1.1" 200 43280 "-" "Mozilla/5.0 AppleWebKit/537.36 (KHTML, like Gecko; compatible; ClaudeBot/1.0; +claudebot@anthropic.com) X-Middleton/1"
54.234.205.77 - - [23/Feb/2025:07:16:21 -0500] "GET /m205027536?srsltid=AfmBOochRBmEscaUb9K0xv_uZxwoA2LHE_3WxYlnqy-X-b6ZhJkG3j HTTP/1.1" 200 43281 "-" "Mozilla/5.0 AppleWebKit/537.36 (KHTML, like Gecko; compatible; ClaudeBot/1.0; +claudebot@anthropic.com) X-Middleton/1"
107.20.115.131 - - [23/Feb/2025:07:16:21 -0500] "GET /m/out81340487.html?s=fZdpqM6PI HTTP/1.1" 200 43286 "-" "Mozilla/5.0 (compatible; SemrushBot/7~bl; +http://www.semrush.com/bot.html) X-Middleton/1"
50.17.142.168 - - [23/Feb/2025:07:16:22 -0500] "GET /period/s77?pid=43577 HTTP/1.1" 500 45915 "-" "Mozilla/5.0 AppleWebKit/537.36 (KHTML, like Gecko; compatible; ClaudeBot/1.0; +claudebot@anthropic.com) X-Middleton/1"
54.208.214.128 - - [23/Feb/2025:07:16:22 -0500] "GET /pages.php?category/15548_15967_27128/1 HTTP/1.1" 200 43286 "-" "Mozilla/5.0 AppleWebKit/537.36 (KHTML, like Gecko; compatible; GPTBot/1.2; +https://openai.com/gptbot) X-Middleton/1"
3.89.44.170 - - [23/Feb/2025:07:16:22 -0500] "GET /testimony/k149?pid=29619/shop/detail?shop_id=1/help/help_04_2.html HTTP/1.1" 200 148893 "-" "Mozilla/5.0 (Linux; Android 6.0.1; Nexus 5X Build/MMB29P) AppleWebKit/537.36 (KHTML, like Gecko) Chrome/133.0.6943.53 Mobile Safari/537.36 (compatible; GoogleOther) X-Middleton/1"
52.205.171.15 - - [23/Feb/2025:07:16:22 -0500] "GET /biography/h238?pid=8464 HTTP/1.1" 200 43281 "-" "Mozilla/5.0 AppleWebKit/537.36 (KHTML, like Gecko; compatible; ClaudeBot/1.0; +claudebot@anthropic.com) X-Middleton/1"
54.164.180.114 - - [23/Feb/2025:07:16:23 -0500] "GET /found/h88?rmfolder=%2Fhome%2F HTTP/1.1" 200 43282 "-" "Mozilla/5.0 AppleWebKit/537.36 (KHTML, like Gecko; compatible; ClaudeBot/1.0; +claudebot@anthropic.com) X-Middleton/1"
3.92.71.7 - - [23/Feb/2025:07:16:23 -0500] "GET /bug/u178?file=%2Fhome%2Fguitarlisty%2Fpublic_html%2Fwp-includes%2Fhttps-detection.php HTTP/1.1" 200 12138 "-" "Mozilla/5.0 AppleWebKit/537.36 (KHTML, like Gecko; compatible; ClaudeBot/1.0; +claudebot@anthropic.com) X-Middleton/1"
3.90.39.225 - - [23/Feb/2025:07:16:23 -0500] "GET /yamaha-f310-acoustic-guitar-review-2020/?file=/proc//19/io HTTP/1.1" 200 6291 "-" "Mozilla/5.0 AppleWebKit/537.36 (KHTML, like Gecko; compatible; Amazonbot/0.1; +https://developer.amazon.com/support/amazonbot) Chrome/119.0.6045.214 Safari/537.36 X-Middleton/1"
35.173.180.132 - - [23/Feb/2025:07:16:23 -0500] "GET /well-known/q87?pid=47493 HTTP/1.1" 200 43282 "-" "Mozilla/5.0 AppleWebKit/537.36 (KHTML, like Gecko; compatible; ClaudeBot/1.0; +claudebot@anthropic.com) X-Middleton/1"
107.20.82.18 - - [23/Feb/2025:07:16:24 -0500] "GET /outcome/v55?pid=42097 HTTP/1.1" 200 43280 "-" "Mozilla/5.0 AppleWebKit/537.36 (KHTML, like Gecko; compatible; ClaudeBot/1.0; +claudebot@anthropic.com) X-Middleton/1"
3.92.71.7 - - [23/Feb/2025:07:16:24 -0500] "GET /m028026459?srsltid=AfmBOoEzBxDVbTTLf36fDi_zZWS6GgS8l_ihEQCHE4-N-VJ9SVMNno HTTP/1.1" 200 43277 "-" "Mozilla/5.0 AppleWebKit/537.36 (KHTML, like Gecko; compatible; ClaudeBot/1.0; +claudebot@anthropic.com) X-Middleton/1"
54.156.59.106 - - [23/Feb/2025:07:16:25 -0500] "GET /north/n150?pid=32556 HTTP/1.1" 200 43281 "-" "Mozilla/5.0 AppleWebKit/537.36 (KHTML, like Gecko; compatible; ClaudeBot/1.0; +claudebot@anthropic.com) X-Middleton/1"
