54.158.15.14 - - [23/Feb/2025:07:37:18 -0500] "GET /m/jiff62683845.html?s=f_CE_Gga8 HTTP/1.1" 200 43284 "-" "Turnitin (https://bit.ly/2UvnfoQ) X-Middleton/1"
54.157.220.176 - - [23/Feb/2025:07:37:18 -0500] "GET /m081025282?srsltid=AfmBOoSYeyhNbzvsq0dMgj_F8rTaDayxq_HbUTRTi4-J-ZkrkE4Nve HTTP/1.1" 200 43282 "-" "Mozilla/5.0 AppleWebKit/537.36 (KHTML, like Gecko; compatible; ClaudeBot/1.0; +claudebot@anthropic.com) X-Middleton/1"
35.171.189.120 - - [23/Feb/2025:07:37:18 -0500] "GET /m/job40332899.html?s=fwuuIPpi8 HTTP/1.1" 200 43286 "-" "Turnitin (https://bit.ly/2UvnfoQ) X-Middleton/1"
54.164.180.114 - - [23/Feb/2025:07:37:19 -0500] "GET /m/job41960899.html?s=fWD-ZTKUQ HTTP/1.1" 200 43286 "-" "Turnitin (https://bit.ly/2UvnfoQ) X-Middleton/1"
34.229.105.159 - - [23/Feb/2025:07:37:19 -0500] "GET /yamaha-f310-acoustic-guitar-review-2020/?ynzmini=//proc/1 HTTP/1.1" 200 13787 "-" "Mozilla/5.0 AppleWebKit/537.36 (KHTML, like Gecko; compatible; Amazonbot/0.1; +https://developer.amazon.com/support/amazonbot) Chrome/119.0.6045.214 Safari/537.36 X-Middleton/1"
98.83.149.163 - - [23/Feb/2025:07:37:19 -0500] "GET /m/job42328899.html?s=fOTJSF-PG HTTP/1.1" 200 43285 "-" "Turnitin (https://bit.ly/2UvnfoQ) X-Middleton/1"
184.72.213.252 - - [23/Feb/2025:07:37:20 -0500] "GET /m/job42792899.html?s=fZiLbE5Zo HTTP/1.1" 500 45920 "-" "Turnitin (https://bit.ly/2UvnfoQ) X-Middleton/1"
3.81.133.169 - - [23/Feb/2025:07:37:20 -0500] "GET /dialogue/c28?ynzmini=%2F%2Fusr HTTP/1.1" 200 8083 "-" "Mozilla/5.0 AppleWebKit/537.36 (KHTML, like Gecko; compatible; ClaudeBot/1.0; +claudebot@anthropic.com) X-Middleton/1"
54.196.44.86 - - [23/Feb/2025:07:37:20 -0500] "GET /m/join30836378.html?s=ft0j3vpHC HTTP/1.1" 200 43284 "-" "Turnitin (https://bit.ly/2UvnfoQ) X-Middleton/1"
54.164.180.114 - - [23/Feb/2025:07:37:21 -0500] "GET /m017021520?ynzmini=%2Fhome%2Fguitarlisty%2Fpublic_html%2F.%2Fabout HTTP/1.1" 200 7078 "-" "Mozilla/5.0 AppleWebKit/537.36 (KHTML, like Gecko; compatible; ClaudeBot/1.0; +claudebot@anthropic.com) X-Middleton/1"
52.207.162.105 - - [23/Feb/2025:07:37:21 -0500] "GET /m/join31072378.html?s=fO_F7dyVq HTTP/1.1" 200 43286 "-" "Turnitin (https://bit.ly/2UvnfoQ) X-Middleton/1"
54.162.136.253 - - [23/Feb/2025:07:37:21 -0500] "GET /continue/y180?file=%2Fhome%2Fguitarlisty%2Fpublic_html%2F..%2F.bash_profile HTTP/1.1" 200 6534 "-" "Mozilla/5.0 AppleWebKit/537.36 (KHTML, like Gecko; compatible; ClaudeBot/1.0; +claudebot@anthropic.com) X-Middleton/1"
54.242.51.163 - - [23/Feb/2025:07:37:21 -0500] "GET /allegedly/k149?pid=10191 HTTP/1.1" 200 159556 "-" "Mozilla/5.0 (Linux; Android 6.0.1; Nexus 5X Build/MMB29P) AppleWebKit/537.36 (KHTML, like Gecko) Chrome/133.0.6943.53 Mobile Safari/537.36 (compatible; GoogleOther) X-Middleton/1"
3.90.112.236 - - [23/Feb/2025:07:37:21 -0500] "GET /m/join31572378.html?s=fnpThgNDv HTTP/1.1" 200 43284 "-" "Turnitin (https://bit.ly/2UvnfoQ) X-Middleton/1"
3.81.214.139 - - [23/Feb/2025:07:37:22 -0500] "GET /m297020678?srsltid=AfmBOoiHyRubTgYoCvHUzZ_xAjmyUeYJL_PRqsdAlC-V-5bjLNC2FL HTTP/1.1" 200 43280 "-" "Mozilla/5.0 (Macintosh; Intel Mac OS X 10_6_4) AppleWebKit/535.11 (KHTML, like Gecko) Chrome/17.0.963.65 Safari/535.11 X-Middleton/1"
34.226.215.117 - - [23/Feb/2025:07:37:22 -0500] "GET /m/join31852378.html?s=fiXNbK76B HTTP/1.1" 200 43286 "-" "Turnitin (https://bit.ly/2UvnfoQ) X-Middleton/1"
54.196.44.86 - - [23/Feb/2025:07:37:22 -0500] "GET /dead/w140?ynzmini=%2Fhome%2Fguitarlisty%2Fpublic_html%2F%2Fwp-includes HTTP/1.1" 200 77918 "-" "Mozilla/5.0 AppleWebKit/537.36 (KHTML, like Gecko; compatible; ClaudeBot/1.0; +claudebot@anthropic.com) X-Middleton/1"
107.20.115.131 - - [23/Feb/2025:07:37:22 -0500] "GET /m049012682?file=%2Fhome%2Fguitarlisty%2Fpublic_html%2Fwp-content%2F626af6a4 HTTP/1.1" 200 14250 "-" "Mozilla/5.0 AppleWebKit/537.36 (KHTML, like Gecko; compatible; ClaudeBot/1.0; +claudebot@anthropic.com) X-Middleton/1"
98.83.149.163 - - [23/Feb/2025:07:37:22 -0500] "GET /m/join32788378.html?s=faUn52TGX HTTP/1.1" 200 43285 "-" "Turnitin (https://bit.ly/2UvnfoQ) X-Middleton/1"
54.198.124.77 - - [23/Feb/2025:07:37:23 -0500] "GET /yamaha-f310-acoustic-guitar-review-2020/?file=//proc/1/io HTTP/1.1" 200 6288 "-" "Mozilla/5.0 AppleWebKit/537.36 (KHTML, like Gecko; compatible; Amazonbot/0.1; +https://developer.amazon.com/support/amazonbot) Chrome/119.0.6045.214 Safari/537.36 X-Middleton/1"
54.198.124.77 - - [23/Feb/2025:07:37:23 -0500] "GET /m/joint10942416.html?s=fshZjTMMQ HTTP/1.1" 200 43285 "-" "Turnitin (https://bit.ly/2UvnfoQ) X-Middleton/1"
23.22.111.12 - - [23/Feb/2025:07:37:23 -0500] "GET /m260030979?srsltid=AfmBOoRiPckitGEjBkmO9P_9yBDwpoKlq_i23uhUIp-N-y0FOcgTZR HTTP/1.1" 200 43280 "-" "Mozilla/5.0 AppleWebKit/537.36 (KHTML, like Gecko; compatible; ClaudeBot/1.0; +claudebot@anthropic.com) X-Middleton/1"
3.81.58.205 - - [23/Feb/2025:07:37:23 -0500] "GET /m/joint11226416.html?s=ffa5ilsPL HTTP/1.1" 200 43283 "-" "Turnitin (https://bit.ly/2UvnfoQ) X-Middleton/1"
66.249.79.193 - - [23/Feb/2025:07:37:24 -0500] "GET /?_gl=1*vh58hmr*_ga*EXToAlFJwRYpgVTeJsWplujaYQPc*_ga_WOFYXAAEN*cWLVfT2HeciVwNlziEl6SGfLs2OnGCvHxPtjfCNQnQHqA4vyq0oe840.*_gcl_au=1.1.194640782.172577845*_gcl_aw=THN.179752491.hnZMORCn00MjXvwovv36SeIPgFvoABtNbX9FlansOvRm3oQJbsSkj0zGJzOV1o0Om00exiQXfZlbJuvRNZgGHy86It..&_gz=2.190250077.195087644.175979387-868069975.165188223&_bdsid=e87uh2.n~WLYCM.179843946.179343862&_bd_prev_page=https://www.host.interactivevillages.com/cart.htm?item/u193/3203/ HTTP/1.1" 200 27234 "-" "Mozilla/5.0 (compatible; Googlebot/2.1; +http://www.google.com/bot.html)"
54.158.15.14 - - [23/Feb/2025:07:37:24 -0500] "GET /m/joint11858416.html?s=fH5kerqkV HTTP/1.1" 200 43284 "-" "Turnitin (https://bit.ly/2UvnfoQ) X-Middleton/1"
3.80.165.4 - - [23/Feb/2025:07:37:24 -0500] "GET /airplane/k72?ynzmini=%2F%2Fopt HTTP/1.1" 200 7586 "-" "Mozilla/5.0 AppleWebKit/537.36 (KHTML, like Gecko; compatible; ClaudeBot/1.0; +claudebot@anthropic.com) X-Middleton/1"
18.232.117.100 - - [23/Feb/2025:07:37:24 -0500] "GET /m/joint12470416.html?s=figByMKKf HTTP/1.1" 200 43286 "-" "Turnitin (https://bit.ly/2UvnfoQ) X-Middleton/1"
23.22.111.12 - - [23/Feb/2025:07:37:25 -0500] "GET /m/joint12866416.html?s=ft1PgugN5 HTTP/1.1" 500 45918 "-" "Turnitin (https://bit.ly/2UvnfoQ) X-Middleton/1"
50.17.142.168 - - [23/Feb/2025:07:37:25 -0500] "GET /want/r20?pid=17320/shop/detail?shop_id=1/help/help_04_2.html HTTP/1.1" 200 142245 "-" "Mozilla/5.0 (Linux; Android 6.0.1; Nexus 5X Build/MMB29P) AppleWebKit/537.36 (KHTML, like Gecko) Chrome/133.0.6943.53 Mobile Safari/537.36 (compatible; GoogleOther) X-Middleton/1"
98.83.220.235 - - [23/Feb/2025:07:37:25 -0500] "GET /march/l8?file=%2Fhome%2Fguitarlisty%2Fpublic_html%2Fwp-includes%2Fe7d41b4 HTTP/1.1" 200 14250 "-" "Mozilla/5.0 AppleWebKit/537.36 (KHTML, like Gecko; compatible; ClaudeBot/1.0; +claudebot@anthropic.com) X-Middleton/1"
35.171.189.120 - - [23/Feb/2025:07:37:25 -0500] "GET /m121011296?srsltid=AfmBOooeESJXCKzxzR6FXN_CI3Y0DyaWZ_vZyx8bYu-G-vDafUVNK7 HTTP/1.1" 500 45920 "-" "Mozilla/5.0 (Linux; Android 8.0; Pixel 2 Build/OPD3.170816.012) AppleWebKit/537.36 (KHTML, like Gecko) Chrome/72.0.3626.121 Mobile Safari/537.36 (compatible; EzoicBot-Nicheiq; +http://www.ezoic.com/bot) X-Middleton/1"
3.90.39.225 - - [23/Feb/2025:07:37:25 -0500] "GET /m/joke70372022.html?s=fBTT6rGP8 HTTP/1.1" 200 43283 "-" "Turnitin (https://bit.ly/2UvnfoQ) X-Middleton/1"
3.87.139.20 - - [23/Feb/2025:07:37:26 -0500] "GET /class/r79?file=%2Fhome%2Fguitarlisty%2Fpublic_html%2Fwp-admin%2F%2Form.php HTTP/1.1" 200 184242 "-" "Mozilla/5.0 AppleWebKit/537.36 (KHTML, like Gecko; compatible; ClaudeBot/1.0; +claudebot@anthropic.com) X-Middleton/1"
98.83.220.235 - - [23/Feb/2025:07:37:26 -0500] "GET /m/joke72800022.html?s=fWXmIPipz HTTP/1.1" 200 43285 "-" "Turnitin (https://bit.ly/2UvnfoQ) X-Middleton/1"
34.226.215.117 - - [23/Feb/2025:07:37:26 -0500] "GET /pages.php?product/edit/hn-2023xspirealfacesilver-i32 HTTP/1.1" 200 43282 "-" "Mozilla/5.0 AppleWebKit/537.36 (KHTML, like Gecko; compatible; GPTBot/1.2; +https://openai.com/gptbot) X-Middleton/1"
3.94.247.247 - - [23/Feb/2025:07:37:27 -0500] "GET /heavily/e262?ynzmini=%2F%2Fvar HTTP/1.1" 200 10228 "-" "Mozilla/5.0 AppleWebKit/537.36 (KHTML, like Gecko; compatible; ClaudeBot/1.0; +claudebot@anthropic.com) X-Middleton/1"
54.198.85.7 - - [23/Feb/2025:07:37:26 -0500] "GET /m/jolly50387316.html?s=fAXlRR0PA HTTP/1.1" 200 43283 "-" "Turnitin (https://bit.ly/2UvnfoQ) X-Middleton/1"
54.226.129.235 - - [23/Feb/2025:07:37:27 -0500] "GET /m/jolly51667316.html?s=fO_vAOhih HTTP/1.1" 200 43286 "-" "Turnitin (https://bit.ly/2UvnfoQ) X-Middleton/1"
98.83.149.163 - - [23/Feb/2025:07:37:27 -0500] "GET /yamaha-f310-acoustic-guitar-review-2020/?file=//proc/1/mem HTTP/1.1" 200 6291 "-" "Mozilla/5.0 AppleWebKit/537.36 (KHTML, like Gecko; compatible; Amazonbot/0.1; +https://developer.amazon.com/support/amazonbot) Chrome/119.0.6045.214 Safari/537.36 X-Middleton/1"
3.92.71.7 - - [23/Feb/2025:07:37:27 -0500] "GET /m/third60637221.html?ynzmini=%2Fhome%2Fguitarlisty%2Fpublic_html%2F.tmb HTTP/1.1" 200 7311 "-" "Mozilla/5.0 AppleWebKit/537.36 (KHTML, like Gecko; compatible; ClaudeBot/1.0; +claudebot@anthropic.com) X-Middleton/1"
35.173.219.106 - - [23/Feb/2025:07:37:27 -0500] "GET /stay/l98?file=%2Fhome%2Fguitarlisty%2Fpublic_html%2Fwp-admin%2Fupdate-core.php HTTP/1.1" 200 57859 "-" "Mozilla/5.0 AppleWebKit/537.36 (KHTML, like Gecko; compatible; ClaudeBot/1.0; +claudebot@anthropic.com) X-Middleton/1"
52.205.171.15 - - [23/Feb/2025:07:37:27 -0500] "GET /m/jolly52315316.html?s=f5JYcni1E HTTP/1.1" 200 43285 "-" "Turnitin (https://bit.ly/2UvnfoQ) X-Middleton/1"
3.90.112.236 - - [23/Feb/2025:07:37:28 -0500] "GET /m/jolly52883316.html?s=fCy5dc2mP HTTP/1.1" 200 43284 "-" "Turnitin (https://bit.ly/2UvnfoQ) X-Middleton/1"
54.198.124.77 - - [23/Feb/2025:07:37:28 -0500] "GET /m260031691?file=%2Fhome%2Fguitarlisty%2Fpublic_html%2Fwp-content%2Fe31347 HTTP/1.1" 200 14244 "-" "Mozilla/5.0 AppleWebKit/537.36 (KHTML, like Gecko; compatible; ClaudeBot/1.0; +claudebot@anthropic.com) X-Middleton/1"
54.234.205.77 - - [23/Feb/2025:07:37:28 -0500] "GET /m295047270?srsltid=AfmBOoHPtOxDTamRasNrUY_5gIhn5UCKe_SUPLF4qY-C-CbmApZTrF HTTP/1.1" 200 43281 "-" "Mozilla/5.0 AppleWebKit/537.36 (KHTML, like Gecko; compatible; ClaudeBot/1.0; +claudebot@anthropic.com) X-Middleton/1"
3.81.110.12 - - [23/Feb/2025:07:37:28 -0500] "GET /m/jolly52895316.html?s=f3Nxr3Ae_ HTTP/1.1" 500 45917 "-" "Turnitin (https://bit.ly/2UvnfoQ) X-Middleton/1"
54.158.15.14 - - [23/Feb/2025:07:37:29 -0500] "GET /m/journ20362601.html?s=fsLja8ZJH HTTP/1.1" 200 43284 "-" "Turnitin (https://bit.ly/2UvnfoQ) X-Middleton/1"
3.81.110.12 - - [23/Feb/2025:07:37:29 -0500] "GET /gifted/s154?ynzmini=%2F%2Fsbin HTTP/1.1" 200 77537 "-" "Mozilla/5.0 AppleWebKit/537.36 (KHTML, like Gecko; compatible; ClaudeBot/1.0; +claudebot@anthropic.com) X-Middleton/1"
98.83.149.163 - - [23/Feb/2025:07:37:29 -0500] "GET /envision/r20?pid=17320/shop/detail?shop_id=1 HTTP/1.1" 200 157830 "-" "Mozilla/5.0 (Linux; Android 6.0.1; Nexus 5X Build/MMB29P) AppleWebKit/537.36 (KHTML, like Gecko) Chrome/133.0.6943.53 Mobile Safari/537.36 (compatible; GoogleOther) X-Middleton/1"
54.144.101.254 - - [23/Feb/2025:07:37:29 -0500] "GET /m/journ20642601.html?s=fmsrJ69K8 HTTP/1.1" 200 43286 "-" "Turnitin (https://bit.ly/2UvnfoQ) X-Middleton/1"
3.94.247.247 - - [23/Feb/2025:07:37:30 -0500] "GET /m/journ20786601.html?s=fr4I54BA- HTTP/1.1" 200 43284 "-" "Turnitin (https://bit.ly/2UvnfoQ) X-Middleton/1"
3.82.56.176 - - [23/Feb/2025:07:37:30 -0500] "GET /m004029021?file=/home/guitarlisty/public_html/wp-comments-post.php HTTP/1.1" 200 8799 "-" "Mozilla/5.0 (X11; U; Linux i686; en-GB; rv:2.0) Gecko/20110404 Fedora/16-dev Firefox/4.0 X-Middleton/1"
98.83.220.235 - - [23/Feb/2025:07:37:30 -0500] "GET /him/e164?file=%2Fhome%2Fguitarlisty%2Fpublic_html%2Fwp-admin%2Fthemes.php HTTP/1.1" 200 61386 "-" "Mozilla/5.0 AppleWebKit/537.36 (KHTML, like Gecko; compatible; ClaudeBot/1.0; +claudebot@anthropic.com) X-Middleton/1"
35.173.180.132 - - [23/Feb/2025:07:37:30 -0500] "GET /m/journ20910601.html?s=fOlc2Ektb HTTP/1.1" 200 43286 "-" "Turnitin (https://bit.ly/2UvnfoQ) X-Middleton/1"
3.92.71.7 - - [23/Feb/2025:07:37:31 -0500] "GET /graduate/o14?ynzmini=%2Fhome%2Fguitarlisty%2Fpublic_html%2F.tmb%2F768483 HTTP/1.1" 200 7468 "-" "Mozilla/5.0 AppleWebKit/537.36 (KHTML, like Gecko; compatible; ClaudeBot/1.0; +claudebot@anthropic.com) X-Middleton/1"
35.171.189.120 - - [23/Feb/2025:07:37:31 -0500] "GET /pages.php?211lpd2236.html HTTP/1.1" 200 43286 "-" "Mozilla/5.0 AppleWebKit/537.36 (KHTML, like Gecko; compatible; GPTBot/1.2; +https://openai.com/gptbot) X-Middleton/1"
54.157.220.176 - - [23/Feb/2025:07:37:31 -0500] "GET /m/journ21378601.html?s=fqvbg_pNB HTTP/1.1" 200 43286 "-" "Turnitin (https://bit.ly/2UvnfoQ) X-Middleton/1"
35.173.180.132 - - [23/Feb/2025:07:37:31 -0500] "GET /yamaha-f310-acoustic-guitar-review-2020/?rmfolder=//proc/1 HTTP/1.1" 200 43286 "-" "Mozilla/5.0 AppleWebKit/537.36 (KHTML, like Gecko; compatible; Amazonbot/0.1; +https://developer.amazon.com/support/amazonbot) Chrome/119.0.6045.214 Safari/537.36 X-Middleton/1"
35.175.240.220 - - [23/Feb/2025:07:37:31 -0500] "GET /workout/c89?ynzmini=%2Fhome%2F%2Fhomestay HTTP/1.1" 200 6213 "-" "Mozilla/5.0 AppleWebKit/537.36 (KHTML, like Gecko; compatible; ClaudeBot/1.0; +claudebot@anthropic.com) X-Middleton/1"
3.80.165.4 - - [23/Feb/2025:07:37:31 -0500] "GET /m/journ21650601.html?s=f2RdKNWtC HTTP/1.1" 200 43282 "-" "Turnitin (https://bit.ly/2UvnfoQ) X-Middleton/1"
54.158.15.14 - - [23/Feb/2025:07:37:32 -0500] "GET /m/journ22846601.html?s=fDp7_TBxX HTTP/1.1" 500 45918 "-" "Turnitin (https://bit.ly/2UvnfoQ) X-Middleton/1"
98.83.149.163 - - [23/Feb/2025:07:37:32 -0500] "GET /stay/l98?file=%2Fhome%2Fguitarlisty%2Fpublic_html%2Fwp-admin%2Fms-delete-site.php HTTP/1.1" 404 11084 "-" "Mozilla/5.0 AppleWebKit/537.36 (KHTML, like Gecko; compatible; ClaudeBot/1.0; +claudebot@anthropic.com) X-Middleton/1"
54.226.129.235 - - [23/Feb/2025:07:37:32 -0500] "GET /m/joy81329015.html?s=fdpXHK_c6 HTTP/1.1" 200 43286 "-" "Turnitin (https://bit.ly/2UvnfoQ) X-Middleton/1"
3.81.214.139 - - [23/Feb/2025:07:37:33 -0500] "GET /pass/k149?pid=8463 HTTP/1.1" 200 145251 "-" "Mozilla/5.0 (Linux; Android 6.0.1; Nexus 5X Build/MMB29P) AppleWebKit/537.36 (KHTML, like Gecko) Chrome/133.0.6943.53 Mobile Safari/537.36 (compatible; GoogleOther) X-Middleton/1"
35.171.189.120 - - [23/Feb/2025:07:37:33 -0500] "GET /budget/q190?edit=true&file=%2Fhome%2Fguitarlisty%2Fpublic_html%2Fabout.php HTTP/1.1" 200 11419 "-" "Mozilla/5.0 AppleWebKit/537.36 (KHTML, like Gecko; compatible; ClaudeBot/1.0; +claudebot@anthropic.com) X-Middleton/1"
35.175.240.220 - - [23/Feb/2025:07:37:33 -0500] "GET /m260031691?file=%2Fhome%2Fguitarlisty%2Fpublic_html%2Fwp-content%2F70a77e HTTP/1.1" 200 14244 "-" "Mozilla/5.0 AppleWebKit/537.36 (KHTML, like Gecko; compatible; ClaudeBot/1.0; +claudebot@anthropic.com) X-Middleton/1"
54.158.15.14 - - [23/Feb/2025:07:37:33 -0500] "GET /m/joy81881015.html?s=fHoLdV48n HTTP/1.1" 200 43284 "-" "Turnitin (https://bit.ly/2UvnfoQ) X-Middleton/1"
54.158.139.140 - - [23/Feb/2025:07:37:33 -0500] "GET /hate/e48?pid=37188 HTTP/1.1" 200 43286 "-" "Mozilla/5.0 (Linux; Android 8.0; Pixel 2 Build/OPD3.170816.012) AppleWebKit/537.36 (KHTML, like Gecko) Chrome/72.0.3626.121 Mobile Safari/537.36 (compatible; EzoicBot-Nicheiq; +http://www.ezoic.com/bot) X-Middleton/1"
35.175.240.220 - - [23/Feb/2025:07:37:33 -0500] "GET /m/joy82553015.html?s=faAx_1n7k HTTP/1.1" 200 43286 "-" "Turnitin (https://bit.ly/2UvnfoQ) X-Middleton/1"
54.242.51.163 - - [23/Feb/2025:07:37:34 -0500] "GET /m/joyfu50155484.html?s=f3giVk4-v HTTP/1.1" 200 43285 "-" "Turnitin (https://bit.ly/2UvnfoQ) X-Middleton/1"
3.81.133.169 - - [23/Feb/2025:07:37:34 -0500] "GET /m129009172?edit=true&file=%2Fetc%2Fpasswd HTTP/1.1" 200 10423 "-" "Mozilla/5.0 AppleWebKit/537.36 (KHTML, like Gecko; compatible; ClaudeBot/1.0; +claudebot@anthropic.com) X-Middleton/1"
3.80.165.4 - - [23/Feb/2025:07:37:34 -0500] "GET /m/joyfu51463484.html?s=fjsCveYHy HTTP/1.1" 200 43282 "-" "Turnitin (https://bit.ly/2UvnfoQ) X-Middleton/1"
3.92.71.7 - - [23/Feb/2025:07:37:35 -0500] "GET /m/joyfu51923484.html?s=ftnMiJPWS HTTP/1.1" 200 43281 "-" "Turnitin (https://bit.ly/2UvnfoQ) X-Middleton/1"
3.90.112.236 - - [23/Feb/2025:07:37:35 -0500] "GET /yamaha-f310-acoustic-guitar-review-2020/?ynzmini=//proc/1/ HTTP/1.1" 200 13840 "-" "Mozilla/5.0 AppleWebKit/537.36 (KHTML, like Gecko; compatible; Amazonbot/0.1; +https://developer.amazon.com/support/amazonbot) Chrome/119.0.6045.214 Safari/537.36 X-Middleton/1"
3.90.39.225 - - [23/Feb/2025:07:37:35 -0500] "GET /universe/m124?file=%2Fhome%2Fguitarlisty%2Fpublic_html%2F..%2F.bash_logout HTTP/1.1" 200 6408 "-" "Mozilla/5.0 AppleWebKit/537.36 (KHTML, like Gecko; compatible; ClaudeBot/1.0; +claudebot@anthropic.com) X-Middleton/1"
54.198.7.139 - - [23/Feb/2025:07:37:35 -0500] "GET /m/joyfu52167484.html?s=f0UIYbqRT HTTP/1.1" 200 43284 "-" "Turnitin (https://bit.ly/2UvnfoQ) X-Middleton/1"
35.173.219.106 - - [23/Feb/2025:07:37:36 -0500] "GET /m280047515?ynzmini=%2Fhome%2Fguitarlisty%2Fpublic_html%2Fwp-admin%2Fmaint HTTP/1.1" 200 8836 "-" "Mozilla/5.0 AppleWebKit/537.36 (KHTML, like Gecko; compatible; ClaudeBot/1.0; +claudebot@anthropic.com) X-Middleton/1"
3.81.110.12 - - [23/Feb/2025:07:37:36 -0500] "GET /m/joyfu52655484.html?s=fai2U78An HTTP/1.1" 200 43283 "-" "Turnitin (https://bit.ly/2UvnfoQ) X-Middleton/1"
35.171.189.120 - - [23/Feb/2025:07:37:36 -0500] "GET /relatively/k149?pid=10191/help/help_04_2.html/86699help/help_04_2.html HTTP/1.1" 200 154429 "-" "Mozilla/5.0 (Linux; Android 6.0.1; Nexus 5X Build/MMB29P) AppleWebKit/537.36 (KHTML, like Gecko) Chrome/133.0.6943.53 Mobile Safari/537.36 (compatible; GoogleOther) X-Middleton/1"
34.229.105.159 - - [23/Feb/2025:07:37:36 -0500] "GET /quarter/k159?ynzmini=%2Fhome%2F%2F.rapid-scan-db HTTP/1.1" 200 6246 "-" "Mozilla/5.0 AppleWebKit/537.36 (KHTML, like Gecko; compatible; ClaudeBot/1.0; +claudebot@anthropic.com) X-Middleton/1"
3.90.39.225 - - [23/Feb/2025:07:37:36 -0500] "GET /m/joyfu52747484.html?s=fKgMJvOYd HTTP/1.1" 200 43283 "-" "Turnitin (https://bit.ly/2UvnfoQ) X-Middleton/1"
54.164.180.114 - - [23/Feb/2025:07:37:37 -0500] "GET /m/joyfu52819484.html?s=fmkAC5WAR HTTP/1.1" 200 43286 "-" "Turnitin (https://bit.ly/2UvnfoQ) X-Middleton/1"
54.198.7.139 - - [23/Feb/2025:07:37:37 -0500] "GET /m135049574?file=%2Fhome%2Fguitarlisty%2Fpublic_html%2Fwp-blog-header.php&rename=true HTTP/1.1" 404 6596 "-" "Mozilla/5.0 AppleWebKit/537.36 (KHTML, like Gecko; compatible; ClaudeBot/1.0; +claudebot@anthropic.com) X-Middleton/1"
52.207.162.105 - - [23/Feb/2025:07:37:37 -0500] "GET /m/judge80710327.html?s=fVW2N9sWa HTTP/1.1" 200 43286 "-" "Turnitin (https://bit.ly/2UvnfoQ) X-Middleton/1"
35.171.189.120 - - [23/Feb/2025:07:37:38 -0500] "GET /m/judge81198327.html?s=fKHyVHSjZ HTTP/1.1" 200 43286 "-" "Turnitin (https://bit.ly/2UvnfoQ) X-Middleton/1"
34.226.215.117 - - [23/Feb/2025:07:37:38 -0500] "GET /meter/z250?rmfolder=%2Ftmp HTTP/1.1" 200 43282 "-" "Mozilla/5.0 AppleWebKit/537.36 (KHTML, like Gecko; compatible; ClaudeBot/1.0; +claudebot@anthropic.com) X-Middleton/1"
54.196.44.86 - - [23/Feb/2025:07:37:38 -0500] "GET /m/juice20068961.html?s=fDtDnP1Xn HTTP/1.1" 200 43284 "-" "Turnitin (https://bit.ly/2UvnfoQ) X-Middleton/1"
54.198.7.139 - - [23/Feb/2025:07:37:39 -0500] "GET /yamaha-f310-acoustic-guitar-review-2020/?file=//proc/1//io HTTP/1.1" 200 6291 "-" "Mozilla/5.0 AppleWebKit/537.36 (KHTML, like Gecko; compatible; Amazonbot/0.1; +https://developer.amazon.com/support/amazonbot) Chrome/119.0.6045.214 Safari/537.36 X-Middleton/1"
54.208.214.128 - - [23/Feb/2025:07:37:39 -0500] "GET /m/juice20788961.html?s=frOiSma1F HTTP/1.1" 200 43286 "-" "Turnitin (https://bit.ly/2UvnfoQ) X-Middleton/1"
34.226.215.117 - - [23/Feb/2025:07:37:39 -0500] "GET /difficult/e142?ynzmini=%2Fhome%2Fguitarlisty%2F%2F.softaculous HTTP/1.1" 200 7887 "-" "Mozilla/5.0 AppleWebKit/537.36 (KHTML, like Gecko; compatible; ClaudeBot/1.0; +claudebot@anthropic.com) X-Middleton/1"
184.72.213.252 - - [23/Feb/2025:07:37:39 -0500] "GET /m/juice21364961.html?s=fJSW6s1gj HTTP/1.1" 200 43286 "-" "Turnitin (https://bit.ly/2UvnfoQ) X-Middleton/1"
35.175.240.220 - - [23/Feb/2025:07:37:40 -0500] "GET /m/juice21624961.html?s=fBDO0MdYm HTTP/1.1" 200 43286 "-" "Turnitin (https://bit.ly/2UvnfoQ) X-Middleton/1"
54.198.7.139 - - [23/Feb/2025:07:37:40 -0500] "GET /fatal/r20?pid=17320/shop/detail?shop_id=1 HTTP/1.1" 200 147061 "-" "Mozilla/5.0 (Linux; Android 6.0.1; Nexus 5X Build/MMB29P) AppleWebKit/537.36 (KHTML, like Gecko) Chrome/133.0.6943.53 Mobile Safari/537.36 (compatible; GoogleOther) X-Middleton/1"
3.81.214.139 - - [23/Feb/2025:07:37:40 -0500] "GET /m028016887?file=%2Fhome%2Fguitarlisty%2Fpublic_html%2Fwp-content%2F277f2ffe HTTP/1.1" 200 14250 "-" "Mozilla/5.0 AppleWebKit/537.36 (KHTML, like Gecko; compatible; ClaudeBot/1.0; +claudebot@anthropic.com) X-Middleton/1"
54.208.214.128 - - [23/Feb/2025:07:37:40 -0500] "GET /m/juice21812961.html?s=fYeWF-N3J HTTP/1.1" 200 43286 "-" "Turnitin (https://bit.ly/2UvnfoQ) X-Middleton/1"
3.82.56.176 - - [23/Feb/2025:07:37:41 -0500] "GET /bend/r46?file=%2Fhome%2Fguitarlisty%2Fpublic_html%2F%2Fwp-mail.php HTTP/1.1" 200 15191 "-" "Mozilla/5.0 AppleWebKit/537.36 (KHTML, like Gecko; compatible; ClaudeBot/1.0; +claudebot@anthropic.com) X-Middleton/1"
107.20.115.131 - - [23/Feb/2025:07:37:41 -0500] "GET /m/juice21944961.html?s=fuAYHY6UY HTTP/1.1" 200 43286 "-" "Turnitin (https://bit.ly/2UvnfoQ) X-Middleton/1"
3.87.139.20 - - [23/Feb/2025:07:37:41 -0500] "GET /m138043655?srsltid=AfmBOodEfMbqdyhUhn03Em_bmHw90lMti_S2RstiXQ-H-JW9pIvRGC HTTP/1.1" 200 43283 "-" "Mozilla/5.0 (Linux; Android 8.0; Pixel 2 Build/OPD3.170816.012) AppleWebKit/537.36 (KHTML, like Gecko) Chrome/72.0.3626.121 Mobile Safari/537.36 (compatible; EzoicBot-Nicheiq; +http://www.ezoic.com/bot) X-Middleton/1"
107.20.115.131 - - [23/Feb/2025:07:37:41 -0500] "GET /m/juice22236961.html?s=fOVTL585k HTTP/1.1" 200 43286 "-" "Turnitin (https://bit.ly/2UvnfoQ) X-Middleton/1"
54.196.44.86 - - [23/Feb/2025:07:37:42 -0500] "GET /m/juice22484961.html?s=fE2yAYGDV HTTP/1.1" 200 43284 "-" "Turnitin (https://bit.ly/2UvnfoQ) X-Middleton/1"
54.158.139.140 - - [23/Feb/2025:07:37:42 -0500] "GET /m/juice22616961.html?s=fkEWi9LVz HTTP/1.1" 500 45920 "-" "Turnitin (https://bit.ly/2UvnfoQ) X-Middleton/1"
54.234.205.77 - - [23/Feb/2025:07:37:43 -0500] "GET /m184028813?file=%2Fhome%2Fguitarlisty%2Fpublic_html%2Fwp-mail.php HTTP/1.1" 200 15188 "-" "Mozilla/5.0 AppleWebKit/537.36 (KHTML, like Gecko; compatible; ClaudeBot/1.0; +claudebot@anthropic.com) X-Middleton/1"
98.83.220.235 - - [23/Feb/2025:07:37:43 -0500] "GET /m/juice22752961.html?s=ffY8aasQM HTTP/1.1" 200 43285 "-" "Turnitin (https://bit.ly/2UvnfoQ) X-Middleton/1"
107.20.82.18 - - [23/Feb/2025:07:37:43 -0500] "GET /yamaha-f310-acoustic-guitar-review-2020/?ynzmini=//./../. HTTP/1.1" 200 10441 "-" "Mozilla/5.0 AppleWebKit/537.36 (KHTML, like Gecko; compatible; Amazonbot/0.1; +https://developer.amazon.com/support/amazonbot) Chrome/119.0.6045.214 Safari/537.36 X-Middleton/1"
54.156.59.106 - - [23/Feb/2025:07:37:43 -0500] "GET /professional/r20?pid=17320 HTTP/1.1" 200 154013 "-" "Mozilla/5.0 (Linux; Android 6.0.1; Nexus 5X Build/MMB29P) AppleWebKit/537.36 (KHTML, like Gecko) Chrome/133.0.6943.53 Mobile Safari/537.36 (compatible; GoogleOther) X-Middleton/1"
3.90.112.236 - - [23/Feb/2025:07:37:43 -0500] "GET /m/juice22864961.html?s=fBq5Fdn6U HTTP/1.1" 200 43284 "-" "Turnitin (https://bit.ly/2UvnfoQ) X-Middleton/1"
18.209.166.209 - - [23/Feb/2025:07:37:44 -0500] "GET /m/july21873561.html?s=fqg3u2GLF HTTP/1.1" 200 43286 "-" "Turnitin (https://bit.ly/2UvnfoQ) X-Middleton/1"
3.81.58.205 - - [23/Feb/2025:07:37:44 -0500] "GET /equipment/s242?file=%2Fhome%2Fguitarlisty%2Fpublic_html%2F.%2Fex.php HTTP/1.1" 200 11240 "-" "Mozilla/5.0 AppleWebKit/537.36 (KHTML, like Gecko; compatible; ClaudeBot/1.0; +claudebot@anthropic.com) X-Middleton/1"
34.229.105.159 - - [23/Feb/2025:07:37:44 -0500] "GET /m/july21901561.html?s=fJytF7RRS HTTP/1.1" 200 43286 "-" "Turnitin (https://bit.ly/2UvnfoQ) X-Middleton/1"
18.212.120.70 - - [23/Feb/2025:07:37:45 -0500] "GET /m/july21933561.html?s=faJdLH4fC HTTP/1.1" 200 43285 "-" "Turnitin (https://bit.ly/2UvnfoQ) X-Middleton/1"
52.207.162.105 - - [23/Feb/2025:07:37:45 -0500] "GET /m081046052?file=%2Fhome%2Fguitarlisty%2Fpublic_html%2F.%2Fwp-links-opml.php HTTP/1.1" 200 9205 "-" "Mozilla/5.0 AppleWebKit/537.36 (KHTML, like Gecko; compatible; ClaudeBot/1.0; +claudebot@anthropic.com) X-Middleton/1"
52.71.251.0 - - [23/Feb/2025:07:37:45 -0500] "GET /m/jump20373161.html?s=fJ4Apn7Q9 HTTP/1.1" 200 43283 "-" "Turnitin (https://bit.ly/2UvnfoQ) X-Middleton/1"
54.144.101.254 - - [23/Feb/2025:07:37:46 -0500] "GET /resemble/z72?ynzmini=%2Fhome%2Fguitarlisty%2Fpublic_html%2F%2Fhome HTTP/1.1" 200 8132 "-" "Mozilla/5.0 AppleWebKit/537.36 (KHTML, like Gecko; compatible; ClaudeBot/1.0; +claudebot@anthropic.com) X-Middleton/1"
18.209.166.209 - - [23/Feb/2025:07:37:46 -0500] "GET /m/jump20625161.html?s=fvyCnFYuA HTTP/1.1" 200 43286 "-" "Turnitin (https://bit.ly/2UvnfoQ) X-Middleton/1"
3.81.133.169 - - [23/Feb/2025:07:37:46 -0500] "GET /till/v273?file=%2Ftmp%2FphpE8AqVg HTTP/1.1" 200 177661 "-" "Mozilla/5.0 AppleWebKit/537.36 (KHTML, like Gecko; compatible; ClaudeBot/1.0; +claudebot@anthropic.com) X-Middleton/1"
54.226.129.235 - - [23/Feb/2025:07:37:46 -0500] "GET /m/jump21121161.html?s=fmb72LGej HTTP/1.1" 200 43286 "-" "Turnitin (https://bit.ly/2UvnfoQ) X-Middleton/1"
23.22.111.12 - - [23/Feb/2025:07:37:47 -0500] "GET /verdict/r20?pid=17320/shop/detail?shop_id=1 HTTP/1.1" 200 145582 "-" "Mozilla/5.0 (Linux; Android 6.0.1; Nexus 5X Build/MMB29P) AppleWebKit/537.36 (KHTML, like Gecko) Chrome/133.0.6943.53 Mobile Safari/537.36 (compatible; GoogleOther) X-Middleton/1"
3.81.133.169 - - [23/Feb/2025:07:37:47 -0500] "GET /m/jump21425161.html?s=fDUuyVrFw HTTP/1.1" 200 43284 "-" "Turnitin (https://bit.ly/2UvnfoQ) X-Middleton/1"
54.196.44.86 - - [23/Feb/2025:07:37:47 -0500] "GET /m/june30112146.html?s=fW5YlDwGw HTTP/1.1" 500 45918 "-" "Turnitin (https://bit.ly/2UvnfoQ) X-Middleton/1"
52.71.251.0 - - [23/Feb/2025:07:37:48 -0500] "GET /yamaha-f310-acoustic-guitar-review-2020/?file=//./.././.mp HTTP/1.1" 404 6293 "-" "Mozilla/5.0 AppleWebKit/537.36 (KHTML, like Gecko; compatible; Amazonbot/0.1; +https://developer.amazon.com/support/amazonbot) Chrome/119.0.6045.214 Safari/537.36 X-Middleton/1"
3.81.214.139 - - [23/Feb/2025:07:37:48 -0500] "GET /m004029021?ynzmini=/home/guitarlisty/public_html/wp-includes HTTP/1.1" 200 77554 "-" "Mozilla/5.0 (Windows NT 5.1; rv:15.0) Gecko/20100101 Firefox/13.0.1 X-Middleton/1"
54.164.180.114 - - [23/Feb/2025:07:37:48 -0500] "GET /exploration/v75?file=%2Fhome%2Fguitarlisty%2Fpublic_html%2F.%2Fradio.php HTTP/1.1" 200 11249 "-" "Mozilla/5.0 AppleWebKit/537.36 (KHTML, like Gecko; compatible; ClaudeBot/1.0; +claudebot@anthropic.com) X-Middleton/1"
54.242.51.163 - - [23/Feb/2025:07:37:48 -0500] "GET /m/june30636146.html?s=fpP6YtyPv HTTP/1.1" 200 43285 "-" "Turnitin (https://bit.ly/2UvnfoQ) X-Middleton/1"
98.83.220.235 - - [23/Feb/2025:07:37:48 -0500] "GET /m/june31424146.html?s=fyCTbEEKC HTTP/1.1" 200 43285 "-" "Turnitin (https://bit.ly/2UvnfoQ) X-Middleton/1"
66.249.79.168 - - [23/Feb/2025:07:37:49 -0500] "GET /m094010631?srsltid=AfmBOotihavJrYgX483Uzf_QD3ka6CJM3_X6dsf2Nx-T-6USB1mpDr HTTP/1.1" 200 25412 "-" "Mozilla/5.0 (Linux; Android 6.0.1; Nexus 5X Build/MMB29P) AppleWebKit/537.36 (KHTML, like Gecko) Chrome/133.0.6943.126 Mobile Safari/537.36 (compatible; Googlebot/2.1; +http://www.google.com/bot.html)"
54.234.205.77 - - [23/Feb/2025:07:37:49 -0500] "GET /threat/x53?ynzmini=%2Fhome%2F%2Fivillag HTTP/1.1" 200 6209 "-" "Mozilla/5.0 AppleWebKit/537.36 (KHTML, like Gecko; compatible; ClaudeBot/1.0; +claudebot@anthropic.com) X-Middleton/1"
34.229.105.159 - - [23/Feb/2025:07:37:49 -0500] "GET /m/june32204146.html?s=fCsPPR9eR HTTP/1.1" 200 43286 "-" "Turnitin (https://bit.ly/2UvnfoQ) X-Middleton/1"
23.22.111.12 - - [23/Feb/2025:07:37:49 -0500] "GET /m275025088?ynzmini=%2Fhome%2Fguitarlisty%2Fpublic_html%2Fsym404%2Frpc-IPB.txt404 HTTP/1.1" 200 6985 "-" "Mozilla/5.0 AppleWebKit/537.36 (KHTML, like Gecko; compatible; ClaudeBot/1.0; +claudebot@anthropic.com) X-Middleton/1"
54.208.214.128 - - [23/Feb/2025:07:37:49 -0500] "GET /m126006371?srsltid=AfmBOoKhuIQHzwzoGL7yLs_XLEXP2o3m1_rLnPJ52O-R-CFQTsnbKI HTTP/1.1" 200 43286 "-" "Mozilla/5.0 (Linux; Android 8.0; Pixel 2 Build/OPD3.170816.012) AppleWebKit/537.36 (KHTML, like Gecko) Chrome/72.0.3626.121 Mobile Safari/537.36 (compatible; EzoicBot-Nicheiq; +http://www.ezoic.com/bot) X-Middleton/1"
54.162.136.253 - - [23/Feb/2025:07:37:49 -0500] "GET /m/jungl70121654.html?s=frzxGEIGN HTTP/1.1" 200 43286 "-" "Turnitin (https://bit.ly/2UvnfoQ) X-Middleton/1"
50.17.142.168 - - [23/Feb/2025:07:37:50 -0500] "GET /m/jungl70257654.html?s=fq2sjGHcH HTTP/1.1" 200 43285 "-" "Turnitin (https://bit.ly/2UvnfoQ) X-Middleton/1"
35.175.240.220 - - [23/Feb/2025:07:37:50 -0500] "GET /rack/r20?pid=17320/help/help_04_2.html/shop/detail?shop_id=1/86699help/help_04_2.html HTTP/1.1" 200 145938 "-" "Mozilla/5.0 (Linux; Android 6.0.1; Nexus 5X Build/MMB29P) AppleWebKit/537.36 (KHTML, like Gecko) Chrome/133.0.6943.53 Mobile Safari/537.36 (compatible; GoogleOther) X-Middleton/1"
35.171.189.120 - - [23/Feb/2025:07:37:50 -0500] "GET /m/jungl70337654.html?s=fgjhAzH-7 HTTP/1.1" 200 43286 "-" "Turnitin (https://bit.ly/2UvnfoQ) X-Middleton/1"
35.173.180.132 - - [23/Feb/2025:07:37:51 -0500] "GET /upstairs/z86?ynzmini=%2Fhome%2Fguitarlisty%2Fpublic_html%2Fsym404%2Froot HTTP/1.1" 200 11696 "-" "Mozilla/5.0 AppleWebKit/537.36 (KHTML, like Gecko; compatible; ClaudeBot/1.0; +claudebot@anthropic.com) X-Middleton/1"
35.173.219.106 - - [23/Feb/2025:07:37:51 -0500] "GET /silence/u192?ynzmini=%2Fhome%2Fguitarlisty%2Fpublic_html%2Fplugins%2F. HTTP/1.1" 200 7098 "-" "Mozilla/5.0 AppleWebKit/537.36 (KHTML, like Gecko; compatible; ClaudeBot/1.0; +claudebot@anthropic.com) X-Middleton/1"
54.226.129.235 - - [23/Feb/2025:07:37:51 -0500] "GET /m/jungl71417654.html?s=fOIrrGaPQ HTTP/1.1" 200 43286 "-" "Turnitin (https://bit.ly/2UvnfoQ) X-Middleton/1"
3.81.58.205 - - [23/Feb/2025:07:37:51 -0500] "GET /yamaha-f310-acoustic-guitar-review-2020/?rmfolder=//./../. HTTP/1.1" 200 43283 "-" "Mozilla/5.0 AppleWebKit/537.36 (KHTML, like Gecko; compatible; Amazonbot/0.1; +https://developer.amazon.com/support/amazonbot) Chrome/119.0.6045.214 Safari/537.36 X-Middleton/1"
3.81.58.205 - - [23/Feb/2025:07:37:51 -0500] "GET /key/f125?ynzmini=%2Fhome%2F%2FcPanelInstall HTTP/1.1" 200 6535 "-" "Mozilla/5.0 AppleWebKit/537.36 (KHTML, like Gecko; compatible; ClaudeBot/1.0; +claudebot@anthropic.com) X-Middleton/1"
18.232.117.100 - - [23/Feb/2025:07:37:51 -0500] "GET /m/jungl71693654.html?s=fz1yguZY0 HTTP/1.1" 200 43286 "-" "Turnitin (https://bit.ly/2UvnfoQ) X-Middleton/1"
18.212.120.70 - - [23/Feb/2025:07:37:52 -0500] "GET /m/jungl72461654.html?s=foGoGKRb3 HTTP/1.1" 200 43285 "-" "Turnitin (https://bit.ly/2UvnfoQ) X-Middleton/1"
3.89.44.170 - - [23/Feb/2025:07:37:52 -0500] "GET /m/jungl72581654.html?s=fcB85Hjnj HTTP/1.1" 200 43283 "-" "Turnitin (https://bit.ly/2UvnfoQ) X-Middleton/1"
52.207.162.105 - - [23/Feb/2025:07:37:53 -0500] "GET /m229020160?ynzmini=%2Ftmp%2F HTTP/1.1" 404 6817 "-" "Mozilla/5.0 AppleWebKit/537.36 (KHTML, like Gecko; compatible; ClaudeBot/1.0; +claudebot@anthropic.com) X-Middleton/1"
54.162.136.253 - - [23/Feb/2025:07:37:53 -0500] "GET /somewhere/y270?file=%2Fhome%2Fguitarlisty%2Fpublic_html%2Fwp-admin%2Fot.php HTTP/1.1" 200 124810 "-" "Mozilla/5.0 AppleWebKit/537.36 (KHTML, like Gecko; compatible; ClaudeBot/1.0; +claudebot@anthropic.com) X-Middleton/1"
54.156.59.106 - - [23/Feb/2025:07:37:53 -0500] "GET /m/jungl72689654.html?s=fPzaeFyUk HTTP/1.1" 200 43285 "-" "Turnitin (https://bit.ly/2UvnfoQ) X-Middleton/1"
3.89.44.170 - - [23/Feb/2025:07:37:53 -0500] "GET /sculpture/r20?pid=17320/shop/detail?shop_id=1/help/help_04_2.html HTTP/1.1" 200 155012 "-" "Mozilla/5.0 (Linux; Android 6.0.1; Nexus 5X Build/MMB29P) AppleWebKit/537.36 (KHTML, like Gecko) Chrome/133.0.6943.53 Mobile Safari/537.36 (compatible; GoogleOther) X-Middleton/1"
54.156.59.106 - - [23/Feb/2025:07:37:53 -0500] "GET /m/junio40059467.html?s=fBqziB5rY HTTP/1.1" 200 43285 "-" "Turnitin (https://bit.ly/2UvnfoQ) X-Middleton/1"
35.171.189.120 - - [23/Feb/2025:07:37:54 -0500] "GET /coming/i228?file=%2Fhome%2Fguitarlisty%2F%2F.bash_profile HTTP/1.1" 200 6492 "-" "Mozilla/5.0 AppleWebKit/537.36 (KHTML, like Gecko; compatible; ClaudeBot/1.0; +claudebot@anthropic.com) X-Middleton/1"
98.83.149.163 - - [23/Feb/2025:07:37:54 -0500] "GET /m/junio40823467.html?s=fhn3CkPga HTTP/1.1" 200 43285 "-" "Turnitin (https://bit.ly/2UvnfoQ) X-Middleton/1"
3.81.133.169 - - [23/Feb/2025:07:37:54 -0500] "GET /m/junio41443467.html?s=fBEbIIG14 HTTP/1.1" 200 43284 "-" "Turnitin (https://bit.ly/2UvnfoQ) X-Middleton/1"
34.226.215.117 - - [23/Feb/2025:07:37:55 -0500] "GET /yamaha-f310-acoustic-guitar-review-2020/?ynzmini=//./.././ HTTP/1.1" 404 10471 "-" "Mozilla/5.0 AppleWebKit/537.36 (KHTML, like Gecko; compatible; Amazonbot/0.1; +https://developer.amazon.com/support/amazonbot) Chrome/119.0.6045.214 Safari/537.36 X-Middleton/1"
35.173.180.132 - - [23/Feb/2025:07:37:55 -0500] "GET /m/junio42059467.html?s=fWkZMg5Z4 HTTP/1.1" 200 43286 "-" "Turnitin (https://bit.ly/2UvnfoQ) X-Middleton/1"
54.196.44.86 - - [23/Feb/2025:07:37:55 -0500] "GET /m/junio42379467.html?s=f5jAspMy_ HTTP/1.1" 200 43284 "-" "Turnitin (https://bit.ly/2UvnfoQ) X-Middleton/1"
98.83.149.163 - - [23/Feb/2025:07:37:56 -0500] "GET /few/p277?ynzmini=%2Fhome%2Fguitarlisty%2Fpublic_html%2Fsym404%2Fadm-Lokomedia.txt404 HTTP/1.1" 200 7021 "-" "Mozilla/5.0 AppleWebKit/537.36 (KHTML, like Gecko; compatible; ClaudeBot/1.0; +claudebot@anthropic.com) X-Middleton/1"
54.198.124.77 - - [23/Feb/2025:07:37:56 -0500] "GET /pan/j157?file=%2Fhome%2Fguitarlisty%2Fpublic_html%2Fwp-admin%2Fexport.php HTTP/1.1" 200 20076 "-" "Mozilla/5.0 AppleWebKit/537.36 (KHTML, like Gecko; compatible; ClaudeBot/1.0; +claudebot@anthropic.com) X-Middleton/1"
54.198.7.139 - - [23/Feb/2025:07:37:56 -0500] "GET /m/junio42851467.html?s=fID9RPob6 HTTP/1.1" 200 43284 "-" "Turnitin (https://bit.ly/2UvnfoQ) X-Middleton/1"
3.90.42.123 - - [23/Feb/2025:07:37:56 -0500] "GET /us/t269?ynzmini=%2Fhome%2Fguitarlisty%2F%2F.koality HTTP/1.1" 200 6822 "-" "Mozilla/5.0 AppleWebKit/537.36 (KHTML, like Gecko; compatible; ClaudeBot/1.0; +claudebot@anthropic.com) X-Middleton/1"
54.242.51.163 - - [23/Feb/2025:07:37:56 -0500] "GET /m/junio42883467.html?s=f-bNDI-Ej HTTP/1.1" 200 43285 "-" "Turnitin (https://bit.ly/2UvnfoQ) X-Middleton/1"
3.81.58.205 - - [23/Feb/2025:07:37:57 -0500] "GET /suit/k149?pid=10191 HTTP/1.1" 200 144965 "-" "Mozilla/5.0 (Linux; Android 6.0.1; Nexus 5X Build/MMB29P) AppleWebKit/537.36 (KHTML, like Gecko) Chrome/133.0.6943.53 Mobile Safari/537.36 (compatible; GoogleOther) X-Middleton/1"
54.162.136.253 - - [23/Feb/2025:07:37:57 -0500] "GET /m/junk30213450.html?s=fjuyNyjzR HTTP/1.1" 200 43286 "-" "Turnitin (https://bit.ly/2UvnfoQ) X-Middleton/1"
52.205.171.15 - - [23/Feb/2025:07:37:57 -0500] "GET /m149023558?srsltid=AfmBOoQBOLbAxWFvsyczP2_bmsyeDtEPJ_6PVCrDHa-L-Po5VfSamK HTTP/1.1" 200 43285 "-" "Mozilla/5.0 (Linux; Android 8.0; Pixel 2 Build/OPD3.170816.012) AppleWebKit/537.36 (KHTML, like Gecko) Chrome/72.0.3626.121 Mobile Safari/537.36 (compatible; EzoicBot-Nicheiq; +http://www.ezoic.com/bot) X-Middleton/1"
54.208.214.128 - - [23/Feb/2025:07:37:57 -0500] "GET /m235048422?file=%2F%2Fquota.user HTTP/1.1" 200 6291 "-" "Mozilla/5.0 AppleWebKit/537.36 (KHTML, like Gecko; compatible; ClaudeBot/1.0; +claudebot@anthropic.com) X-Middleton/1"
3.82.56.176 - - [23/Feb/2025:07:37:57 -0500] "GET /m/junk30437450.html?s=f7YbKu-eV HTTP/1.1" 200 43283 "-" "Turnitin (https://bit.ly/2UvnfoQ) X-Middleton/1"
3.81.133.169 - - [23/Feb/2025:07:37:58 -0500] "GET /medal/d22?ynzmini=%2Fhome%2Fguitarlisty%2Fpublic_html%2Fsym404%2Flp-Hostbills.txt404 HTTP/1.1" 200 7015 "-" "Mozilla/5.0 AppleWebKit/537.36 (KHTML, like Gecko; compatible; ClaudeBot/1.0; +claudebot@anthropic.com) X-Middleton/1"
3.94.247.247 - - [23/Feb/2025:07:37:58 -0500] "GET /m/junk30489450.html?s=f0TotfZv2 HTTP/1.1" 200 43284 "-" "Turnitin (https://bit.ly/2UvnfoQ) X-Middleton/1"
3.90.39.225 - - [23/Feb/2025:07:37:58 -0500] "GET /m/junk30793450.html?s=fojrZ1so4 HTTP/1.1" 200 43283 "-" "Turnitin (https://bit.ly/2UvnfoQ) X-Middleton/1"
23.22.111.12 - - [23/Feb/2025:07:37:59 -0500] "GET /yamaha-f310-acoustic-guitar-review-2020/?ynzmini=//./../.. HTTP/1.1" 200 10473 "-" "Mozilla/5.0 AppleWebKit/537.36 (KHTML, like Gecko; compatible; Amazonbot/0.1; +https://developer.amazon.com/support/amazonbot) Chrome/119.0.6045.214 Safari/537.36 X-Middleton/1"
52.205.171.15 - - [23/Feb/2025:07:37:59 -0500] "GET /lose/y219?file=%2Fhome%2Fguitarlisty%2Fpublic_html%2F123%2Ferror_log HTTP/1.1" 200 6442602 "-" "Mozilla/5.0 AppleWebKit/537.36 (KHTML, like Gecko; compatible; ClaudeBot/1.0; +claudebot@anthropic.com) X-Middleton/1"
52.205.171.15 - - [23/Feb/2025:07:37:59 -0500] "GET /m/junk31705450.html?s=fHzR8XwNe HTTP/1.1" 200 43285 "-" "Turnitin (https://bit.ly/2UvnfoQ) X-Middleton/1"
54.196.44.86 - - [23/Feb/2025:07:37:59 -0500] "GET /home/000~ROOT~000/usr/share/mime/application/x-slp.xml HTTP/1.1" 404 161606 "-" "Mozilla/5.0 (Linux; Android 5.0) AppleWebKit/537.36 (KHTML, like Gecko) Mobile Safari/537.36 (compatible; Bytespider; spider-feedback@bytedance.com) X-Middleton/1"
54.226.129.235 - - [23/Feb/2025:07:37:59 -0500] "GET /m/junk32301450.html?s=fZY46iiSe HTTP/1.1" 200 43286 "-" "Turnitin (https://bit.ly/2UvnfoQ) X-Middleton/1"
34.229.105.159 - - [23/Feb/2025:07:38:00 -0500] "GET /m/junk32613450.html?s=ftqc_YjBo HTTP/1.1" 500 45920 "-" "Turnitin (https://bit.ly/2UvnfoQ) X-Middleton/1"
50.17.142.168 - - [23/Feb/2025:07:38:00 -0500] "GET /m/jury41358843.html?s=fmn2fPoD3 HTTP/1.1" 200 43285 "-" "Turnitin (https://bit.ly/2UvnfoQ) X-Middleton/1"
98.83.149.163 - - [23/Feb/2025:07:38:01 -0500] "GET /earth/t201?file=%2Fhome%2Fguitarlisty%2Fpublic_html%2Fitem.php&rename=true HTTP/1.1" 200 6556 "-" "Mozilla/5.0 AppleWebKit/537.36 (KHTML, like Gecko; compatible; ClaudeBot/1.0; +claudebot@anthropic.com) X-Middleton/1"
54.158.15.14 - - [23/Feb/2025:07:38:01 -0500] "GET /few/p277?ynzmini=%2Fhome%2Fguitarlisty%2Fpublic_html%2Fsym404%2Funbound-Wordpress.txt404 HTTP/1.1" 200 7045 "-" "Mozilla/5.0 AppleWebKit/537.36 (KHTML, like Gecko; compatible; ClaudeBot/1.0; +claudebot@anthropic.com) X-Middleton/1"
54.234.205.77 - - [23/Feb/2025:07:38:01 -0500] "GET /m/jury41998843.html?s=fQy6Y-aFO HTTP/1.1" 200 43285 "-" "Turnitin (https://bit.ly/2UvnfoQ) X-Middleton/1"
54.158.15.14 - - [23/Feb/2025:07:38:01 -0500] "GET /m273037044?delete=true&file=%2Fhome%2Fguitarlisty%2Fpublic_html%2Fradio.php HTTP/1.1" 200 6455 "-" "Mozilla/5.0 AppleWebKit/537.36 (KHTML, like Gecko; compatible; ClaudeBot/1.0; +claudebot@anthropic.com) X-Middleton/1"
18.232.117.100 - - [23/Feb/2025:07:38:01 -0500] "GET /m/jury42402843.html?s=fZOSGS9EC HTTP/1.1" 200 43286 "-" "Turnitin (https://bit.ly/2UvnfoQ) X-Middleton/1"
54.196.44.86 - - [23/Feb/2025:07:38:01 -0500] "GET /privacy/r20?pid=17320 HTTP/1.1" 200 144598 "-" "Mozilla/5.0 (Linux; Android 6.0.1; Nexus 5X Build/MMB29P) AppleWebKit/537.36 (KHTML, like Gecko) Chrome/133.0.6943.53 Mobile Safari/537.36 (compatible; GoogleOther) X-Middleton/1"
35.175.240.220 - - [23/Feb/2025:07:38:02 -0500] "GET /m007001654?file=/home/guitarlisty/public_html/wp-config-sample.php HTTP/1.1" 200 9461 "-" "Mozilla/5.0 (Windows; U; Windows NT 5.2; en-US) AppleWebKit/532.1 (KHTML, like Gecko) Chrome/4.0.213.0 Safari/532.1 X-Middleton/1"
54.234.205.77 - - [23/Feb/2025:07:38:02 -0500] "GET /m/jury42550843.html?s=fLB7uMJKV HTTP/1.1" 200 43285 "-" "Turnitin (https://bit.ly/2UvnfoQ) X-Middleton/1"
18.232.117.100 - - [23/Feb/2025:07:38:02 -0500] "GET /strictly/p29?file=%2Ftmp%2FphpyTXbSu HTTP/1.1" 200 177661 "-" "Mozilla/5.0 AppleWebKit/537.36 (KHTML, like Gecko; compatible; ClaudeBot/1.0; +claudebot@anthropic.com) X-Middleton/1"
3.89.44.170 - - [23/Feb/2025:07:38:02 -0500] "GET /m/jury42702843.html?s=fvv8kvrXk HTTP/1.1" 200 43283 "-" "Turnitin (https://bit.ly/2UvnfoQ) X-Middleton/1"
54.198.85.7 - - [23/Feb/2025:07:38:03 -0500] "GET /yamaha-f310-acoustic-guitar-review-2020/?ynzmini=//lib//. HTTP/1.1" 200 12304 "-" "Mozilla/5.0 AppleWebKit/537.36 (KHTML, like Gecko; compatible; Amazonbot/0.1; +https://developer.amazon.com/support/amazonbot) Chrome/119.0.6045.214 Safari/537.36 X-Middleton/1"
18.232.117.100 - - [23/Feb/2025:07:38:03 -0500] "GET /m267018068?file=%2Fhome%2Fguitarlisty%2Fpublic_html%2F%2Fgoogle0a881b34d3ea1dfb.html HTTP/1.1" 200 6482 "-" "Mozilla/5.0 AppleWebKit/537.36 (KHTML, like Gecko; compatible; ClaudeBot/1.0; +claudebot@anthropic.com) X-Middleton/1"
3.82.56.176 - - [23/Feb/2025:07:38:03 -0500] "GET /m/just41153083.html?s=fqe4nvWPK HTTP/1.1" 200 43283 "-" "Turnitin (https://bit.ly/2UvnfoQ) X-Middleton/1"
54.209.250.19 - - [23/Feb/2025:07:38:03 -0500] "GET /m/just41325083.html?s=fgLWQksvq HTTP/1.1" 200 43285 "-" "Turnitin (https://bit.ly/2UvnfoQ) X-Middleton/1"
23.22.111.12 - - [23/Feb/2025:07:38:04 -0500] "GET /m188043701?ynzmini=%2Fhome%2Fguitarlisty%2Fpublic_html%2Fsym404%2Fmailnull-IPB.txt404 HTTP/1.1" 200 7015 "-" "Mozilla/5.0 AppleWebKit/537.36 (KHTML, like Gecko; compatible; ClaudeBot/1.0; +claudebot@anthropic.com) X-Middleton/1"
184.72.213.252 - - [23/Feb/2025:07:38:04 -0500] "GET /m/just42225083.html?s=fP6PZudTK HTTP/1.1" 200 43286 "-" "Turnitin (https://bit.ly/2UvnfoQ) X-Middleton/1"
54.242.51.163 - - [23/Feb/2025:07:38:05 -0500] "GET /m/succe21772321.html?ynzmini=%2F HTTP/1.1" 200 10027 "-" "Mozilla/5.0 AppleWebKit/537.36 (KHTML, like Gecko; compatible; ClaudeBot/1.0; +claudebot@anthropic.com) X-Middleton/1"
18.212.120.70 - - [23/Feb/2025:07:38:04 -0500] "GET /m/just42561083.html?s=fHRLsuuut HTTP/1.1" 200 43285 "-" "Turnitin (https://bit.ly/2UvnfoQ) X-Middleton/1"
54.144.101.254 - - [23/Feb/2025:07:38:05 -0500] "GET /m/justi30282338.html?s=fgH0YhLwC HTTP/1.1" 500 45920 "-" "Turnitin (https://bit.ly/2UvnfoQ) X-Middleton/1"
52.205.171.15 - - [23/Feb/2025:07:38:05 -0500] "GET /squeeze/r20?pid=17320/shop/detail?shop_id=1 HTTP/1.1" 200 455864 "-" "Mozilla/5.0 (Linux; Android 6.0.1; Nexus 5X Build/MMB29P) AppleWebKit/537.36 (KHTML, like Gecko) Chrome/133.0.6943.53 Mobile Safari/537.36 (compatible; GoogleOther) X-Middleton/1"
3.87.139.20 - - [23/Feb/2025:07:38:05 -0500] "GET /bad/e300?pid=558 HTTP/1.1" 200 43283 "-" "Mozilla/5.0 (Linux; Android 8.0; Pixel 2 Build/OPD3.170816.012) AppleWebKit/537.36 (KHTML, like Gecko) Chrome/72.0.3626.121 Mobile Safari/537.36 (compatible; EzoicBot-Nicheiq; +http://www.ezoic.com/bot) X-Middleton/1"
3.90.42.123 - - [23/Feb/2025:07:38:05 -0500] "GET /m/justi30306338.html?s=fdVMWLffG HTTP/1.1" 200 43283 "-" "Turnitin (https://bit.ly/2UvnfoQ) X-Middleton/1"
54.157.220.176 - - [23/Feb/2025:07:38:06 -0500] "GET /pan/j157?file=%2Fhome%2Fguitarlisty%2Fpublic_html%2Fwp-admin%2Fupdate-core.php HTTP/1.1" 200 57859 "-" "Mozilla/5.0 AppleWebKit/537.36 (KHTML, like Gecko; compatible; ClaudeBot/1.0; +claudebot@anthropic.com) X-Middleton/1"
54.156.59.106 - - [23/Feb/2025:07:38:06 -0500] "GET /few/p277?ynzmini=%2Fhome%2Fguitarlisty%2Fpublic_html%2Fsym404%2Fnscd-WHM-accesshash.txt404 HTTP/1.1" 404 7057 "-" "Mozilla/5.0 AppleWebKit/537.36 (KHTML, like Gecko; compatible; ClaudeBot/1.0; +claudebot@anthropic.com) X-Middleton/1"
54.164.180.114 - - [23/Feb/2025:07:38:06 -0500] "GET /m/justi30818338.html?s=f1hAZIpTe HTTP/1.1" 200 43286 "-" "Turnitin (https://bit.ly/2UvnfoQ) X-Middleton/1"
66.249.68.32 - - [23/Feb/2025:07:38:06 -0500] "GET /m022032929?srsltid=AfmBOoAPwLvMthIXQzndYP_F3eTkIyqaY_9YCztHey-Z-Y2AsBFHyo HTTP/1.1" 200 25573 "-" "Mozilla/5.0 (Linux; Android 6.0.1; Nexus 5X Build/MMB29P) AppleWebKit/537.36 (KHTML, like Gecko) Chrome/133.0.6943.126 Mobile Safari/537.36 (compatible; Googlebot/2.1; +http://www.google.com/bot.html)"
52.71.251.0 - - [23/Feb/2025:07:38:06 -0500] "GET /m118029827?file=%2Fhome%2Fguitarlisty%2Fpublic_html%2Fwp-admin%2Foptions-general.php HTTP/1.1" 200 31881 "-" "Mozilla/5.0 AppleWebKit/537.36 (KHTML, like Gecko; compatible; ClaudeBot/1.0; +claudebot@anthropic.com) X-Middleton/1"
98.83.220.235 - - [23/Feb/2025:07:38:06 -0500] "GET /m/justi31014338.html?s=fRLYWYeoB HTTP/1.1" 200 43285 "-" "Turnitin (https://bit.ly/2UvnfoQ) X-Middleton/1"
54.198.85.7 - - [23/Feb/2025:07:38:07 -0500] "GET /m/justi31882338.html?s=fcWc0MJ1q HTTP/1.1" 200 43283 "-" "Turnitin (https://bit.ly/2UvnfoQ) X-Middleton/1"
3.94.247.247 - - [23/Feb/2025:07:38:07 -0500] "GET /yamaha-f310-acoustic-guitar-review-2020/?file=//lib//./cpp HTTP/1.1" 200 6291 "-" "Mozilla/5.0 AppleWebKit/537.36 (KHTML, like Gecko; compatible; Amazonbot/0.1; +https://developer.amazon.com/support/amazonbot) Chrome/119.0.6045.214 Safari/537.36 X-Middleton/1"
35.175.240.220 - - [23/Feb/2025:07:38:07 -0500] "GET /m250047093?ynzmini=%2Fhome%2Fguitarlisty%2Fpublic_html%2F%2Fas HTTP/1.1" 200 7124 "-" "Mozilla/5.0 AppleWebKit/537.36 (KHTML, like Gecko; compatible; ClaudeBot/1.0; +claudebot@anthropic.com) X-Middleton/1"
18.212.120.70 - - [23/Feb/2025:07:38:07 -0500] "GET /m/justi32110338.html?s=fD4uxVm8X HTTP/1.1" 200 43285 "-" "Turnitin (https://bit.ly/2UvnfoQ) X-Middleton/1"
3.81.214.139 - - [23/Feb/2025:07:38:08 -0500] "GET /m/justi32242338.html?s=fo1Raur2z HTTP/1.1" 200 43284 "-" "Turnitin (https://bit.ly/2UvnfoQ) X-Middleton/1"
54.198.85.7 - - [23/Feb/2025:07:38:08 -0500] "GET /talent/k149?pid=10191/help/help_04_2.html/86699help/help_04_2.html HTTP/1.1" 200 152169 "-" "Mozilla/5.0 (Linux; Android 6.0.1; Nexus 5X Build/MMB29P) AppleWebKit/537.36 (KHTML, like Gecko) Chrome/133.0.6943.53 Mobile Safari/537.36 (compatible; GoogleOther) X-Middleton/1"
35.173.180.132 - - [23/Feb/2025:07:38:08 -0500] "GET /m/kanga60669557.html?s=fnDTTQcjh HTTP/1.1" 200 43286 "-" "Turnitin (https://bit.ly/2UvnfoQ) X-Middleton/1"
50.17.142.168 - - [23/Feb/2025:07:38:09 -0500] "GET /m188043701?ynzmini=%2Fhome%2Fguitarlisty%2Fpublic_html%2Fsym404%2Fmemcached-Joomla.txt404 HTTP/1.1" 200 7039 "-" "Mozilla/5.0 AppleWebKit/537.36 (KHTML, like Gecko; compatible; ClaudeBot/1.0; +claudebot@anthropic.com) X-Middleton/1"
98.83.149.163 - - [23/Feb/2025:07:38:09 -0500] "GET /m/kanga61009557.html?s=f42Fe5Hh1 HTTP/1.1" 200 43285 "-" "Turnitin (https://bit.ly/2UvnfoQ) X-Middleton/1"
35.173.180.132 - - [23/Feb/2025:07:38:10 -0500] "GET /owe/a99?file=%2F%2Fquota.user HTTP/1.1" 200 6291 "-" "Mozilla/5.0 AppleWebKit/537.36 (KHTML, like Gecko; compatible; ClaudeBot/1.0; +claudebot@anthropic.com) X-Middleton/1"
54.196.44.86 - - [23/Feb/2025:07:38:09 -0500] "GET /m/kanga61133557.html?s=fWc0RGEHf HTTP/1.1" 500 45918 "-" "Turnitin (https://bit.ly/2UvnfoQ) X-Middleton/1"
54.156.59.106 - - [23/Feb/2025:07:38:10 -0500] "GET /m/kanga62309557.html?s=fw4BW5aDc HTTP/1.1" 200 43285 "-" "Turnitin (https://bit.ly/2UvnfoQ) X-Middleton/1"
52.207.162.105 - - [23/Feb/2025:07:38:10 -0500] "GET /m/kanga62385557.html?s=fUBsPrPNm HTTP/1.1" 200 43286 "-" "Turnitin (https://bit.ly/2UvnfoQ) X-Middleton/1"
54.242.51.163 - - [23/Feb/2025:07:38:11 -0500] "GET /way/z45?ynzmini=%2Fhome%2F%2Fguitarlisty HTTP/1.1" 200 10802 "-" "Mozilla/5.0 AppleWebKit/537.36 (KHTML, like Gecko; compatible; ClaudeBot/1.0; +claudebot@anthropic.com) X-Middleton/1"
54.198.124.77 - - [23/Feb/2025:07:38:11 -0500] "GET /m/kanga62677557.html?s=f4sxmrLDP HTTP/1.1" 200 43285 "-" "Turnitin (https://bit.ly/2UvnfoQ) X-Middleton/1"
54.209.250.19 - - [23/Feb/2025:07:38:11 -0500] "GET /yamaha-f310-acoustic-guitar-review-2020/?rmfolder=//lib//. HTTP/1.1" 200 43285 "-" "Mozilla/5.0 AppleWebKit/537.36 (KHTML, like Gecko; compatible; Amazonbot/0.1; +https://developer.amazon.com/support/amazonbot) Chrome/119.0.6045.214 Safari/537.36 X-Middleton/1"
52.207.162.105 - - [23/Feb/2025:07:38:11 -0500] "GET /m205037448?ynzmini=%2Fhome%2Fguitarlisty%2Fpublic_html%2Fsym404%2Fcpanelphppgadmin-Zencart.txt404 HTTP/1.1" 200 7087 "-" "Mozilla/5.0 AppleWebKit/537.36 (KHTML, like Gecko; compatible; ClaudeBot/1.0; +claudebot@anthropic.com) X-Middleton/1"
3.81.214.139 - - [23/Feb/2025:07:38:11 -0500] "GET /m/kanga62689557.html?s=fG38icYM5 HTTP/1.1" 200 43284 "-" "Turnitin (https://bit.ly/2UvnfoQ) X-Middleton/1"
184.72.213.252 - - [23/Feb/2025:07:38:12 -0500] "GET /could/r20?pid=17320 HTTP/1.1" 200 147399 "-" "Mozilla/5.0 (Linux; Android 6.0.1; Nexus 5X Build/MMB29P) AppleWebKit/537.36 (KHTML, like Gecko) Chrome/133.0.6943.53 Mobile Safari/537.36 (compatible; GoogleOther) X-Middleton/1"
35.173.219.106 - - [23/Feb/2025:07:38:12 -0500] "GET /m/karen61107989.html?s=fKnPYcoFe HTTP/1.1" 200 43286 "-" "Turnitin (https://bit.ly/2UvnfoQ) X-Middleton/1"
52.205.171.15 - - [23/Feb/2025:07:38:13 -0500] "GET /m/chees41852931.html?ynzmini=%2Fhome%2Fguitarlisty%2Fpublic_html%2Fplugins HTTP/1.1" 200 6989 "-" "Mozilla/5.0 AppleWebKit/537.36 (KHTML, like Gecko; compatible; ClaudeBot/1.0; +claudebot@anthropic.com) X-Middleton/1"
3.80.165.4 - - [23/Feb/2025:07:38:12 -0500] "GET /m/karen61119989.html?s=fNzNKDIXz HTTP/1.1" 500 45916 "-" "Turnitin (https://bit.ly/2UvnfoQ) X-Middleton/1"
52.205.171.15 - - [23/Feb/2025:07:38:13 -0500] "GET /m/karen61707989.html?s=fgrol-cx4 HTTP/1.1" 200 43285 "-" "Turnitin (https://bit.ly/2UvnfoQ) X-Middleton/1"
3.90.39.225 - - [23/Feb/2025:07:38:13 -0500] "GET /m005049592?srsltid=AfmBOoUvSOCOvLXUJda3NH_mQkN0J5vdw_RClq5UVA-C-fT58yA2LJ HTTP/1.1" 200 43283 "-" "Mozilla/5.0 (Linux; Android 8.0; Pixel 2 Build/OPD3.170816.012) AppleWebKit/537.36 (KHTML, like Gecko) Chrome/72.0.3626.121 Mobile Safari/537.36 (compatible; EzoicBot-Nicheiq; +http://www.ezoic.com/bot) X-Middleton/1"
54.162.136.253 - - [23/Feb/2025:07:38:13 -0500] "GET /m/karen62371989.html?s=fze341X0D HTTP/1.1" 200 43286 "-" "Turnitin (https://bit.ly/2UvnfoQ) X-Middleton/1"
