52.207.162.105 - - [23/Feb/2025:07:23:47 -0500] "GET /m162041045?file=%2Fhome%2Fguitarlisty%2Fpublic_html%2F%2Fmah.php HTTP/1.1" 200 9781 "-" "Mozilla/5.0 AppleWebKit/537.36 (KHTML, like Gecko; compatible; ClaudeBot/1.0; +claudebot@anthropic.com) X-Middleton/1"
35.173.180.132 - - [23/Feb/2025:07:23:47 -0500] "GET /yamaha-f310-acoustic-guitar-review-2020/?ynzmini=/proc/23 HTTP/1.1" 200 13788 "-" "Mozilla/5.0 AppleWebKit/537.36 (KHTML, like Gecko; compatible; Amazonbot/0.1; +https://developer.amazon.com/support/amazonbot) Chrome/119.0.6045.214 Safari/537.36 X-Middleton/1"
3.81.110.12 - - [23/Feb/2025:07:23:47 -0500] "GET /m024019599?ynzmini=%2Fhome%2Fguitarlisty%2Fpublic_html%2Fsym404%2F HTTP/1.1" 200 265759 "-" "Mozilla/5.0 AppleWebKit/537.36 (KHTML, like Gecko; compatible; ClaudeBot/1.0; +claudebot@anthropic.com) X-Middleton/1"
54.158.15.14 - - [23/Feb/2025:07:23:47 -0500] "GET /and/g216?file=%2Fhome%2Fguitarlisty%2Fpublic_html%2Fwp-admin%2Fmailer.php HTTP/1.1" 200 182065 "-" "Mozilla/5.0 AppleWebKit/537.36 (KHTML, like Gecko; compatible; ClaudeBot/1.0; +claudebot@anthropic.com) X-Middleton/1"
3.82.56.176 - - [23/Feb/2025:07:23:47 -0500] "GET /blue/u52?file=%2Fhome%2Fguitarlisty%2Fpublic_html%2Fwp-includes%2F3763bff7 HTTP/1.1" 200 14253 "-" "Mozilla/5.0 AppleWebKit/537.36 (KHTML, like Gecko; compatible; ClaudeBot/1.0; +claudebot@anthropic.com) X-Middleton/1"
3.90.39.225 - - [23/Feb/2025:07:23:47 -0500] "GET /various/f177?edit=true&file=%2Fhome%2Fguitarlisty%2Fpublic_html%2Ferror_log HTTP/1.1" 200 144248 "-" "Mozilla/5.0 AppleWebKit/537.36 (KHTML, like Gecko; compatible; ClaudeBot/1.0; +claudebot@anthropic.com) X-Middleton/1"
54.158.139.140 - - [23/Feb/2025:07:23:47 -0500] "GET /m063009436?file=%2Fhome%2Fguitarlisty%2Fpublic_html%2Fwp-includes%2Fhttp.php HTTP/1.1" 200 32173 "-" "Mozilla/5.0 AppleWebKit/537.36 (KHTML, like Gecko; compatible; ClaudeBot/1.0; +claudebot@anthropic.com) X-Middleton/1"
107.20.82.18 - - [23/Feb/2025:07:23:48 -0500] "GET /m063009436?file=%2Fhome%2Fguitarlisty%2Fpublic_html%2Fwp-includes%2Fembed.php HTTP/1.1" 200 46372 "-" "Mozilla/5.0 AppleWebKit/537.36 (KHTML, like Gecko; compatible; ClaudeBot/1.0; +claudebot@anthropic.com) X-Middleton/1"
54.198.248.107 - - [23/Feb/2025:07:23:48 -0500] "GET /hazard/r75?file=%2Fhome%2Fguitarlisty%2Fpublic_html%2Fwp-admin%2F%2Fuser-edit.php HTTP/1.1" 200 54032 "-" "Mozilla/5.0 AppleWebKit/537.36 (KHTML, like Gecko; compatible; ClaudeBot/1.0; +claudebot@anthropic.com) X-Middleton/1"
54.198.7.139 - - [23/Feb/2025:07:23:48 -0500] "GET /m079030782?file=%2Fhome%2Fguitarlisty%2Fpublic_html%2Fwp-admin%2Fload-scripts.php HTTP/1.1" 404 8806 "-" "Mozilla/5.0 AppleWebKit/537.36 (KHTML, like Gecko; compatible; ClaudeBot/1.0; +claudebot@anthropic.com) X-Middleton/1"
3.90.39.225 - - [23/Feb/2025:07:23:48 -0500] "GET /flat/g47?ynzmini=%2Fhome%2Fguitarlisty%2Fpublic_html%2Fabout%2F.. HTTP/1.1" 200 16232 "-" "Mozilla/5.0 AppleWebKit/537.36 (KHTML, like Gecko; compatible; ClaudeBot/1.0; +claudebot@anthropic.com) X-Middleton/1"
3.81.110.12 - - [23/Feb/2025:07:23:48 -0500] "GET /m274037093?ynzmini=%2Fhome%2Fguitarlisty%2Fpublic_html%2Fsym404%2Fclamav-MyBB.txt404 HTTP/1.1" 200 7009 "-" "Mozilla/5.0 AppleWebKit/537.36 (KHTML, like Gecko; compatible; ClaudeBot/1.0; +claudebot@anthropic.com) X-Middleton/1"
23.22.111.12 - - [23/Feb/2025:07:23:48 -0500] "GET /m/local71137590.html?file=%2Fhome%2Fguitarlisty%2Fpublic_html%2Fdefaults.php HTTP/1.1" 200 8737 "-" "Mozilla/5.0 AppleWebKit/537.36 (KHTML, like Gecko; compatible; ClaudeBot/1.0; +claudebot@anthropic.com) X-Middleton/1"
54.196.44.86 - - [23/Feb/2025:07:23:48 -0500] "GET /group/k149?pid=10191/shop/detail?shop_id=1 HTTP/1.1" 200 151881 "-" "Mozilla/5.0 (Linux; Android 6.0.1; Nexus 5X Build/MMB29P) AppleWebKit/537.36 (KHTML, like Gecko) Chrome/133.0.6943.53 Mobile Safari/537.36 (compatible; GoogleOther) X-Middleton/1"
18.232.117.100 - - [23/Feb/2025:07:23:48 -0500] "GET /m030013885?ynzmini=%2Fhome%2Fguitarlisty%2Fpublic_html%2Fsym404%2F_imunify-IPB.txt404 HTTP/1.1" 200 7015 "-" "Mozilla/5.0 AppleWebKit/537.36 (KHTML, like Gecko; compatible; ClaudeBot/1.0; +claudebot@anthropic.com) X-Middleton/1"
3.82.56.176 - - [23/Feb/2025:07:23:48 -0500] "GET /m024019599?ynzmini=%2Fhome%2Fguitarlisty%2Fpublic_html%2Fsym404%2Fcpses-Zencart.txt404 HTTP/1.1" 200 7021 "-" "Mozilla/5.0 AppleWebKit/537.36 (KHTML, like Gecko; compatible; ClaudeBot/1.0; +claudebot@anthropic.com) X-Middleton/1"
50.17.142.168 - - [23/Feb/2025:07:23:48 -0500] "GET /m030013885?ynzmini=%2Fhome%2Fguitarlisty%2Fpublic_html%2Fsym404%2Fftp-Wordpress.txt404 HTTP/1.1" 200 7021 "-" "Mozilla/5.0 AppleWebKit/537.36 (KHTML, like Gecko; compatible; ClaudeBot/1.0; +claudebot@anthropic.com) X-Middleton/1"
98.83.149.163 - - [23/Feb/2025:07:23:49 -0500] "GET /m274037093?ynzmini=%2Fhome%2Fguitarlisty%2Fpublic_html%2Fsym404%2Frpcuser-OpenCart.txt404 HTTP/1.1" 200 7039 "-" "Mozilla/5.0 AppleWebKit/537.36 (KHTML, like Gecko; compatible; ClaudeBot/1.0; +claudebot@anthropic.com) X-Middleton/1"
107.20.115.131 - - [23/Feb/2025:07:23:49 -0500] "GET /m274037093?ynzmini=%2Fhome%2Fguitarlisty%2Fpublic_html%2Fsym404%2Ftelegraf-Ellislab.txt404 HTTP/1.1" 200 7045 "-" "Mozilla/5.0 AppleWebKit/537.36 (KHTML, like Gecko; compatible; ClaudeBot/1.0; +claudebot@anthropic.com) X-Middleton/1"
54.157.220.176 - - [23/Feb/2025:07:23:49 -0500] "GET /m030013885?ynzmini=%2Fhome%2Fguitarlisty%2Fpublic_html%2Fsym404%2Fbainbrid-Wordpress.txt404 HTTP/1.1" 200 7051 "-" "Mozilla/5.0 AppleWebKit/537.36 (KHTML, like Gecko; compatible; ClaudeBot/1.0; +claudebot@anthropic.com) X-Middleton/1"
18.209.166.209 - - [23/Feb/2025:07:23:49 -0500] "GET /m274037093?ynzmini=%2Fhome%2Fguitarlisty%2Fpublic_html%2Fsym404%2Fshutdown-Hostbills.txt404 HTTP/1.1" 200 7051 "-" "Mozilla/5.0 AppleWebKit/537.36 (KHTML, like Gecko; compatible; ClaudeBot/1.0; +claudebot@anthropic.com) X-Middleton/1"
107.20.82.18 - - [23/Feb/2025:07:23:49 -0500] "GET /behavior/o155?file=%2Fhome%2Fguitarlisty%2Fpublic_html%2Fwp-includes%2Fms-default-constants.php HTTP/1.1" 200 11520 "-" "Mozilla/5.0 AppleWebKit/537.36 (KHTML, like Gecko; compatible; ClaudeBot/1.0; +claudebot@anthropic.com) X-Middleton/1"
54.158.15.14 - - [23/Feb/2025:07:23:49 -0500] "GET /open/l67?pid=149 HTTP/1.1" 200 43280 "-" "Mozilla/5.0 AppleWebKit/537.36 (KHTML, like Gecko; compatible; ClaudeBot/1.0; +claudebot@anthropic.com) X-Middleton/1"
54.234.205.77 - - [23/Feb/2025:07:23:49 -0500] "GET /yes/n66?pid=45164 HTTP/1.1" 200 43281 "-" "Mozilla/5.0 AppleWebKit/537.36 (KHTML, like Gecko; compatible; ClaudeBot/1.0; +claudebot@anthropic.com) X-Middleton/1"
3.94.247.247 - - [23/Feb/2025:07:23:49 -0500] "GET /heart/z209?pid=43859 HTTP/1.1" 200 43280 "-" "Mozilla/5.0 AppleWebKit/537.36 (KHTML, like Gecko; compatible; ClaudeBot/1.0; +claudebot@anthropic.com) X-Middleton/1"
3.81.58.205 - - [23/Feb/2025:07:23:49 -0500] "GET /test/z30?pid=10450 HTTP/1.1" 200 43279 "-" "Mozilla/5.0 AppleWebKit/537.36 (KHTML, like Gecko; compatible; ClaudeBot/1.0; +claudebot@anthropic.com) X-Middleton/1"
54.209.250.19 - - [23/Feb/2025:07:23:50 -0500] "GET /area/u177?pid=26935 HTTP/1.1" 200 43281 "-" "Mozilla/5.0 AppleWebKit/537.36 (KHTML, like Gecko; compatible; ClaudeBot/1.0; +claudebot@anthropic.com) X-Middleton/1"
34.229.105.159 - - [23/Feb/2025:07:23:50 -0500] "GET /skin/d178?pid=49844 HTTP/1.1" 200 43282 "-" "Mozilla/5.0 AppleWebKit/537.36 (KHTML, like Gecko; compatible; ClaudeBot/1.0; +claudebot@anthropic.com) X-Middleton/1"
3.94.247.247 - - [23/Feb/2025:07:23:50 -0500] "GET /draft/j119?pid=25729 HTTP/1.1" 200 43280 "-" "Mozilla/5.0 AppleWebKit/537.36 (KHTML, like Gecko; compatible; ClaudeBot/1.0; +claudebot@anthropic.com) X-Middleton/1"
3.81.133.169 - - [23/Feb/2025:07:23:50 -0500] "GET /decorate/q83?pid=8867 HTTP/1.1" 200 43280 "-" "Mozilla/5.0 AppleWebKit/537.36 (KHTML, like Gecko; compatible; ClaudeBot/1.0; +claudebot@anthropic.com) X-Middleton/1"
3.81.133.169 - - [23/Feb/2025:07:23:50 -0500] "GET /m274000871?ynzmini=%2Fhome%2Fguitarlisty%2Fpublic_html%2Fsym404%2Flp-WHMCS.txt404 HTTP/1.1" 200 6991 "-" "Mozilla/5.0 AppleWebKit/537.36 (KHTML, like Gecko; compatible; ClaudeBot/1.0; +claudebot@anthropic.com) X-Middleton/1"
54.156.59.106 - - [23/Feb/2025:07:23:50 -0500] "GET /balloon/d20?pid=42064 HTTP/1.1" 200 43281 "-" "Mozilla/5.0 AppleWebKit/537.36 (KHTML, like Gecko; compatible; ClaudeBot/1.0; +claudebot@anthropic.com) X-Middleton/1"
54.209.250.19 - - [23/Feb/2025:07:23:50 -0500] "GET /vacuum/r199?pid=24317 HTTP/1.1" 200 43281 "-" "Mozilla/5.0 AppleWebKit/537.36 (KHTML, like Gecko; compatible; ClaudeBot/1.0; +claudebot@anthropic.com) X-Middleton/1"
98.83.149.163 - - [23/Feb/2025:07:23:50 -0500] "GET /Spanish/w121?pid=26691 HTTP/1.1" 200 43281 "-" "Mozilla/5.0 AppleWebKit/537.36 (KHTML, like Gecko; compatible; ClaudeBot/1.0; +claudebot@anthropic.com) X-Middleton/1"
35.175.240.220 - - [23/Feb/2025:07:23:50 -0500] "GET /everything/e261?pid=7415 HTTP/1.1" 200 43282 "-" "Mozilla/5.0 AppleWebKit/537.36 (KHTML, like Gecko; compatible; ClaudeBot/1.0; +claudebot@anthropic.com) X-Middleton/1"
107.20.115.131 - - [23/Feb/2025:07:23:50 -0500] "GET /enterprise/r201?pid=30261 HTTP/1.1" 200 43282 "-" "Mozilla/5.0 AppleWebKit/537.36 (KHTML, like Gecko; compatible; ClaudeBot/1.0; +claudebot@anthropic.com) X-Middleton/1"
3.81.214.139 - - [23/Feb/2025:07:23:51 -0500] "GET /resistance/r100?pid=17428 HTTP/1.1" 200 43280 "-" "Mozilla/5.0 AppleWebKit/537.36 (KHTML, like Gecko; compatible; ClaudeBot/1.0; +claudebot@anthropic.com) X-Middleton/1"
54.226.129.235 - - [23/Feb/2025:07:23:51 -0500] "GET /neighborhood/c236?pid=6768 HTTP/1.1" 200 43282 "-" "Mozilla/5.0 AppleWebKit/537.36 (KHTML, like Gecko; compatible; ClaudeBot/1.0; +claudebot@anthropic.com) X-Middleton/1"
3.81.133.169 - - [23/Feb/2025:07:23:51 -0500] "GET /yamaha-f310-acoustic-guitar-review-2020/?file=/proc/23/io HTTP/1.1" 200 6288 "-" "Mozilla/5.0 AppleWebKit/537.36 (KHTML, like Gecko; compatible; Amazonbot/0.1; +https://developer.amazon.com/support/amazonbot) Chrome/119.0.6045.214 Safari/537.36 X-Middleton/1"
54.198.85.7 - - [23/Feb/2025:07:23:51 -0500] "GET /m278011539?srsltid=AfmBOowXZTLKDxKd5O4Fsw_DB2hG402uA_NHhacpHr-L-NmdvyjS7z HTTP/1.1" 200 43279 "-" "Mozilla/5.0 AppleWebKit/537.36 (KHTML, like Gecko; compatible; ClaudeBot/1.0; +claudebot@anthropic.com) X-Middleton/1"
52.71.251.0 - - [23/Feb/2025:07:23:51 -0500] "GET /m035049784?srsltid=AfmBOoYebNChySqMKPSP6n_7z7qSHmDZe_9O7vRlQF-Z-9aLyVx4Je HTTP/1.1" 200 43283 "-" "Mozilla/5.0 (Linux; Android 8.0; Pixel 2 Build/OPD3.170816.012) AppleWebKit/537.36 (KHTML, like Gecko) Chrome/72.0.3626.121 Mobile Safari/537.36 (compatible; EzoicBot-Nicheiq; +http://www.ezoic.com/bot) X-Middleton/1"
54.209.250.19 - - [23/Feb/2025:07:23:51 -0500] "GET /m214010155?srsltid=AfmBOopmSdiTPrZtLftf1S_4D4f5txUsm_Anbuw5MU-H-nfUXiy96g HTTP/1.1" 200 43281 "-" "Mozilla/5.0 AppleWebKit/537.36 (KHTML, like Gecko; compatible; ClaudeBot/1.0; +claudebot@anthropic.com) X-Middleton/1"
3.92.71.7 - - [23/Feb/2025:07:23:51 -0500] "GET /m029028406?srsltid=AfmBOohqIKJkffmNsl573Z_x2vJ1hoDoz_wR4E9kXk-E-n5c7S7rqh HTTP/1.1" 200 43277 "-" "Mozilla/5.0 AppleWebKit/537.36 (KHTML, like Gecko; compatible; ClaudeBot/1.0; +claudebot@anthropic.com) X-Middleton/1"
3.89.44.170 - - [23/Feb/2025:07:23:51 -0500] "GET /m112004789?srsltid=AfmBOoWGDkopDHwRO8fK9P_T8NtbNwrto_yUraUXbr-B-9Kdms9gIg HTTP/1.1" 200 43279 "-" "Mozilla/5.0 AppleWebKit/537.36 (KHTML, like Gecko; compatible; ClaudeBot/1.0; +claudebot@anthropic.com) X-Middleton/1"
3.82.56.176 - - [23/Feb/2025:07:23:51 -0500] "GET /m162043067?srsltid=AfmBOoruzjmRWOLBR23mts_iNJHGkmU0l_HTNx83vd-R-w8cupOYYw HTTP/1.1" 200 43279 "-" "Mozilla/5.0 AppleWebKit/537.36 (KHTML, like Gecko; compatible; ClaudeBot/1.0; +claudebot@anthropic.com) X-Middleton/1"
54.196.44.86 - - [23/Feb/2025:07:23:51 -0500] "GET /m164025565?srsltid=AfmBOoAGcGPWPlZlS4HYfo_RYdcBPrIwU_ndLrjHpJ-V-O9H4mRCGj HTTP/1.1" 200 43280 "-" "Mozilla/5.0 AppleWebKit/537.36 (KHTML, like Gecko; compatible; ClaudeBot/1.0; +claudebot@anthropic.com) X-Middleton/1"
35.171.189.120 - - [23/Feb/2025:07:23:51 -0500] "GET /m/pierc30161754.html HTTP/1.1" 200 43282 "-" "Mozilla/5.0 AppleWebKit/537.36 (KHTML, like Gecko; compatible; ClaudeBot/1.0; +claudebot@anthropic.com) X-Middleton/1"
18.232.117.100 - - [23/Feb/2025:07:23:51 -0500] "GET /m129041534?srsltid=AfmBOohbecldPOMh0TrZuc_2aM6bP0r62_BtYrEaiY-I-kFPRok6BX HTTP/1.1" 200 43282 "-" "Mozilla/5.0 AppleWebKit/537.36 (KHTML, like Gecko; compatible; ClaudeBot/1.0; +claudebot@anthropic.com) X-Middleton/1"
3.89.44.170 - - [23/Feb/2025:07:23:51 -0500] "GET /map/l235?pid=47687 HTTP/1.1" 500 45913 "-" "Mozilla/5.0 AppleWebKit/537.36 (KHTML, like Gecko; compatible; ClaudeBot/1.0; +claudebot@anthropic.com) X-Middleton/1"
34.229.105.159 - - [23/Feb/2025:07:23:51 -0500] "GET /announcement/r20?pid=17320/help/help_04_2.html/help/help_04_2.html HTTP/1.1" 200 156805 "-" "Mozilla/5.0 (Linux; Android 6.0.1; Nexus 5X Build/MMB29P) AppleWebKit/537.36 (KHTML, like Gecko) Chrome/133.0.6943.53 Mobile Safari/537.36 (compatible; GoogleOther) X-Middleton/1"
3.94.247.247 - - [23/Feb/2025:07:23:51 -0500] "GET /alive/u260?pid=9930 HTTP/1.1" 200 43280 "-" "Mozilla/5.0 AppleWebKit/537.36 (KHTML, like Gecko; compatible; ClaudeBot/1.0; +claudebot@anthropic.com) X-Middleton/1"
54.144.101.254 - - [23/Feb/2025:07:23:52 -0500] "GET /Christmas/h288?pid=670 HTTP/1.1" 500 45916 "-" "Mozilla/5.0 AppleWebKit/537.36 (KHTML, like Gecko; compatible; ClaudeBot/1.0; +claudebot@anthropic.com) X-Middleton/1"
18.232.117.100 - - [23/Feb/2025:07:23:52 -0500] "GET /motivate/i297?pid=16299 HTTP/1.1" 200 43282 "-" "Mozilla/5.0 AppleWebKit/537.36 (KHTML, like Gecko; compatible; ClaudeBot/1.0; +claudebot@anthropic.com) X-Middleton/1"
3.81.58.205 - - [23/Feb/2025:07:23:52 -0500] "GET /m072015781?srsltid=AfmBOoBGZjGvmoHSomv1Tm_1O9P1vZyXW_cOVyAIKD-Z-nIMbphEpw HTTP/1.1" 200 43279 "-" "Mozilla/5.0 AppleWebKit/537.36 (KHTML, like Gecko; compatible; ClaudeBot/1.0; +claudebot@anthropic.com) X-Middleton/1"
35.173.219.106 - - [23/Feb/2025:07:23:52 -0500] "GET /m014024063?srsltid=AfmBOoufnhuUdmGEF0T5dF_I3dmuf1jZT_BuJ0ySM8-R-MvUt6lkBf HTTP/1.1" 200 43282 "-" "Mozilla/5.0 AppleWebKit/537.36 (KHTML, like Gecko; compatible; ClaudeBot/1.0; +claudebot@anthropic.com) X-Middleton/1"
3.87.139.20 - - [23/Feb/2025:07:23:53 -0500] "GET /range/w166?ynzmini=%2Fhome%2Fguitarlisty%2Fpublic_html%2F.%2Fimages HTTP/1.1" 200 8124 "-" "Mozilla/5.0 AppleWebKit/537.36 (KHTML, like Gecko; compatible; ClaudeBot/1.0; +claudebot@anthropic.com) X-Middleton/1"
54.162.136.253 - - [23/Feb/2025:07:23:53 -0500] "GET /date/u34?file=%2Fhome%2Fguitarlisty%2Fpublic_html%2Fwp-includes%2Fdefaults.php HTTP/1.1" 200 9829 "-" "Mozilla/5.0 AppleWebKit/537.36 (KHTML, like Gecko; compatible; ClaudeBot/1.0; +claudebot@anthropic.com) X-Middleton/1"
54.242.51.163 - - [23/Feb/2025:07:23:54 -0500] "GET /engage/z49?pid=25035 HTTP/1.1" 200 43281 "-" "Mozilla/5.0 AppleWebKit/537.36 (KHTML, like Gecko; compatible; ClaudeBot/1.0; +claudebot@anthropic.com) X-Middleton/1"
18.212.120.70 - - [23/Feb/2025:07:23:55 -0500] "GET /m/trust52888300.html?file=/home/guitarlisty/public_html/defaults.php HTTP/1.1" 200 8737 "-" "Mozilla/5.0 (Macintosh; Intel Mac OS X 10_6_2) AppleWebKit/535.1 (KHTML, like Gecko) Chrome/13.0.782.107 Safari/535.1 X-Middleton/1"
52.71.251.0 - - [23/Feb/2025:07:23:55 -0500] "GET /book/r20?pid=17320 HTTP/1.1" 200 147238 "-" "Mozilla/5.0 (Linux; Android 6.0.1; Nexus 5X Build/MMB29P) AppleWebKit/537.36 (KHTML, like Gecko) Chrome/133.0.6943.53 Mobile Safari/537.36 (compatible; GoogleOther) X-Middleton/1"
35.175.240.220 - - [23/Feb/2025:07:23:55 -0500] "GET /yamaha-f310-acoustic-guitar-review-2020/?file=/proc/23/mem HTTP/1.1" 200 6291 "-" "Mozilla/5.0 AppleWebKit/537.36 (KHTML, like Gecko; compatible; Amazonbot/0.1; +https://developer.amazon.com/support/amazonbot) Chrome/119.0.6045.214 Safari/537.36 X-Middleton/1"
54.164.180.114 - - [23/Feb/2025:07:23:56 -0500] "GET /m/month32937202.html HTTP/1.1" 200 43282 "-" "Mozilla/5.0 AppleWebKit/537.36 (KHTML, like Gecko; compatible; ClaudeBot/1.0; +claudebot@anthropic.com) X-Middleton/1"
54.196.44.86 - - [23/Feb/2025:07:23:57 -0500] "GET /m035032242?rmfolder=%2Ftmp HTTP/1.1" 500 45914 "-" "Mozilla/5.0 AppleWebKit/537.36 (KHTML, like Gecko; compatible; ClaudeBot/1.0; +claudebot@anthropic.com) X-Middleton/1"
3.94.247.247 - - [23/Feb/2025:07:23:57 -0500] "GET /m263038338?srsltid=AfmBOoCGhJWXBbNrH43NHV_1Os79a1d7Z_NpXfJHuX-Z-nzri1naLy HTTP/1.1" 200 43280 "-" "Mozilla/5.0 AppleWebKit/537.36 (KHTML, like Gecko; compatible; ClaudeBot/1.0; +claudebot@anthropic.com) X-Middleton/1"
52.205.171.15 - - [23/Feb/2025:07:23:58 -0500] "GET /behavior/o155?file=%2Fhome%2Fguitarlisty%2Fpublic_html%2Fwp-includes%2F3763bff7 HTTP/1.1" 200 14253 "-" "Mozilla/5.0 AppleWebKit/537.36 (KHTML, like Gecko; compatible; ClaudeBot/1.0; +claudebot@anthropic.com) X-Middleton/1"
3.90.42.123 - - [23/Feb/2025:07:23:58 -0500] "GET /remark/r20?pid=17320 HTTP/1.1" 200 141977 "-" "Mozilla/5.0 (Linux; Android 6.0.1; Nexus 5X Build/MMB29P) AppleWebKit/537.36 (KHTML, like Gecko) Chrome/133.0.6943.53 Mobile Safari/537.36 (compatible; GoogleOther) X-Middleton/1"
3.90.39.225 - - [23/Feb/2025:07:23:59 -0500] "GET /m228034765?srsltid=AfmBOoKAijZsdtsO6skDYM_9TWp1fTKwY_NjvycNH1-N-iIEuKecDF HTTP/1.1" 200 43283 "-" "Mozilla/5.0 (Linux; Android 8.0; Pixel 2 Build/OPD3.170816.012) AppleWebKit/537.36 (KHTML, like Gecko) Chrome/72.0.3626.121 Mobile Safari/537.36 (compatible; EzoicBot-Nicheiq; +http://www.ezoic.com/bot) X-Middleton/1"
3.82.56.176 - - [23/Feb/2025:07:23:59 -0500] "GET /yamaha-f310-acoustic-guitar-review-2020/?rmfolder=/proc/23 HTTP/1.1" 200 43283 "-" "Mozilla/5.0 AppleWebKit/537.36 (KHTML, like Gecko; compatible; Amazonbot/0.1; +https://developer.amazon.com/support/amazonbot) Chrome/119.0.6045.214 Safari/537.36 X-Middleton/1"
18.212.120.70 - - [23/Feb/2025:07:23:59 -0500] "GET /curious/y16?pid=8940 HTTP/1.1" 200 43281 "-" "Mozilla/5.0 AppleWebKit/537.36 (KHTML, like Gecko; compatible; ClaudeBot/1.0; +claudebot@anthropic.com) X-Middleton/1"
34.226.215.117 - - [23/Feb/2025:07:24:00 -0500] "GET /suite/w180?delete=true&file=%2F%2F.mp HTTP/1.1" 200 6319 "-" "Mozilla/5.0 AppleWebKit/537.36 (KHTML, like Gecko; compatible; ClaudeBot/1.0; +claudebot@anthropic.com) X-Middleton/1"
54.242.51.163 - - [23/Feb/2025:07:24:01 -0500] "GET /m/need21312017.html?s=f5jbcbkKm HTTP/1.1" 200 153602 "-" "Mozilla/5.0 (Linux; Android 6.0.1; Nexus 5X Build/MMB29P) AppleWebKit/537.36 (KHTML, like Gecko) Chrome/133.0.6943.53 Mobile Safari/537.36 (compatible; Googlebot/2.1; +http://www.google.com/bot.html) X-Middleton/1"
66.249.79.193 - - [23/Feb/2025:07:24:01 -0500] "GET /detail/athle50870908.shtml?s=fQXiYEYh0 HTTP/1.1" 200 26698 "-" "Mozilla/5.0 (Linux; Android 6.0.1; Nexus 5X Build/MMB29P) AppleWebKit/537.36 (KHTML, like Gecko) Chrome/133.0.6943.53 Mobile Safari/537.36 (compatible; Googlebot/2.1; +http://www.google.com/bot.html)"
3.80.165.4 - - [23/Feb/2025:07:24:01 -0500] "GET /m/trump12718520.html HTTP/1.1" 200 43278 "-" "Mozilla/5.0 AppleWebKit/537.36 (KHTML, like Gecko; compatible; ClaudeBot/1.0; +claudebot@anthropic.com) X-Middleton/1"
107.20.115.131 - - [23/Feb/2025:07:24:02 -0500] "GET /she/l211?ynzmini=%2Fhome%2Fguitarlisty%2Fpublic_html%2Fsym404%2Fmail-IPB.txt404 HTTP/1.1" 404 6991 "-" "Mozilla/5.0 AppleWebKit/537.36 (KHTML, like Gecko; compatible; ClaudeBot/1.0; +claudebot@anthropic.com) X-Middleton/1"
18.212.120.70 - - [23/Feb/2025:07:24:02 -0500] "GET /m188004339?srsltid=AfmBOozpxAsbyeENBXHhR4_wq5PL0Ol9o_LyjRYIKx-B-qoXMtWDlA HTTP/1.1" 200 43281 "-" "Mozilla/5.0 AppleWebKit/537.36 (KHTML, like Gecko; compatible; ClaudeBot/1.0; +claudebot@anthropic.com) X-Middleton/1"
66.249.79.163 - - [23/Feb/2025:07:24:02 -0500] "GET /product/kindn20927641.htm?s=fKsUxdWX8 HTTP/1.1" 200 25445 "-" "Mozilla/5.0 (Linux; Android 6.0.1; Nexus 5X Build/MMB29P) AppleWebKit/537.36 (KHTML, like Gecko) Chrome/133.0.6943.53 Mobile Safari/537.36 (compatible; Googlebot/2.1; +http://www.google.com/bot.html)"
54.157.220.176 - - [23/Feb/2025:07:24:02 -0500] "GET /inevitably/r20?pid=17320/help/help_04_2.html HTTP/1.1" 200 156252 "-" "Mozilla/5.0 (Linux; Android 6.0.1; Nexus 5X Build/MMB29P) AppleWebKit/537.36 (KHTML, like Gecko) Chrome/133.0.6943.53 Mobile Safari/537.36 (compatible; GoogleOther) X-Middleton/1"
18.212.120.70 - - [23/Feb/2025:07:24:03 -0500] "GET /yamaha-f310-acoustic-guitar-review-2020/?ynzmini=/proc/23/ HTTP/1.1" 200 13841 "-" "Mozilla/5.0 AppleWebKit/537.36 (KHTML, like Gecko; compatible; Amazonbot/0.1; +https://developer.amazon.com/support/amazonbot) Chrome/119.0.6045.214 Safari/537.36 X-Middleton/1"
54.158.139.140 - - [23/Feb/2025:07:24:03 -0500] "GET /m246031867?ynzmini=%2Fhome%2Fguitarlisty%2Fpublic_html%2Fsym404%2Fgames-Drupal.txt404 HTTP/1.1" 200 7015 "-" "Mozilla/5.0 AppleWebKit/537.36 (KHTML, like Gecko; compatible; ClaudeBot/1.0; +claudebot@anthropic.com) X-Middleton/1"
66.249.68.66 - - [23/Feb/2025:07:24:04 -0500] "GET /?_gl=1*vh58hmr*_ga*EXToAlFJwRYpgVTeJsWplujaYQPc*_ga_WOFYXAAEN*cWLVfT2HeciVwNlziEl6SGfLs2OnGCvHxPtjfCNQnQHqA4vyq0oe840.*_gcl_au=1.1.194640782.172577845*_gcl_aw=THN.179752491.hnZMORCn00MjXvwovv36SeIPgFvoABtNbX9FlansOvRm3oQJbsSkj0zGJzOV1o0Om00exiQXfZlbJuvRNZgGHy86It..&_gz=2.190250077.195087644.175979387-868069975.165188223&_bdsid=e87uh2.n~WLYCM.179843946.179343862&_bd_prev_page=https://www.host.interactivevillages.com/cart.htm?item/u21/9711/ HTTP/1.1" 200 27227 "-" "Mozilla/5.0 (Linux; Android 6.0.1; Nexus 5X Build/MMB29P) AppleWebKit/537.36 (KHTML, like Gecko) Chrome/133.0.6943.53 Mobile Safari/537.36 (compatible; Googlebot/2.1; +http://www.google.com/bot.html)"
3.90.39.225 - - [23/Feb/2025:07:24:05 -0500] "GET /high/z168?ynzmini=%2Fhome%2Fguitarlisty%2Fpublic_html%2F.%2Fhome HTTP/1.1" 200 8236 "-" "Mozilla/5.0 AppleWebKit/537.36 (KHTML, like Gecko; compatible; ClaudeBot/1.0; +claudebot@anthropic.com) X-Middleton/1"
54.158.15.14 - - [23/Feb/2025:07:24:06 -0500] "GET /potato/r20?pid=17320/shop/detail?shop_id=1/help/help_04_2.html HTTP/1.1" 200 148529 "-" "Mozilla/5.0 (Linux; Android 6.0.1; Nexus 5X Build/MMB29P) AppleWebKit/537.36 (KHTML, like Gecko) Chrome/133.0.6943.53 Mobile Safari/537.36 (compatible; GoogleOther) X-Middleton/1"
54.157.220.176 - - [23/Feb/2025:07:24:06 -0500] "GET /route/c297?file=%2Fhome%2Fguitarlisty%2Fpublic_html%2Fwp-admin%2Fms-options.php HTTP/1.1" 200 6646 "-" "Mozilla/5.0 AppleWebKit/537.36 (KHTML, like Gecko; compatible; ClaudeBot/1.0; +claudebot@anthropic.com) X-Middleton/1"
54.198.248.107 - - [23/Feb/2025:07:24:07 -0500] "GET /m088029041?srsltid=AfmBOoqdHLSFXlxpZQieGx_zMUjDPAXiN_nISrcDXm-H-53q2rPmXM HTTP/1.1" 500 45920 "-" "Mozilla/5.0 (Linux; Android 8.0; Pixel 2 Build/OPD3.170816.012) AppleWebKit/537.36 (KHTML, like Gecko) Chrome/72.0.3626.121 Mobile Safari/537.36 (compatible; EzoicBot-Nicheiq; +http://www.ezoic.com/bot) X-Middleton/1"
54.196.44.86 - - [23/Feb/2025:07:24:07 -0500] "GET /m040034703?srsltid=AfmBOorfcjekpLJfsyeqcq_T1g5gv5NLo_XFRFkRhr-Q-WhGWK3t4b HTTP/1.1" 200 43280 "-" "Mozilla/5.0 AppleWebKit/537.36 (KHTML, like Gecko; compatible; ClaudeBot/1.0; +claudebot@anthropic.com) X-Middleton/1"
98.83.149.163 - - [23/Feb/2025:07:24:07 -0500] "GET /yamaha-f310-acoustic-guitar-review-2020/?file=/proc/23//io HTTP/1.1" 200 6291 "-" "Mozilla/5.0 AppleWebKit/537.36 (KHTML, like Gecko; compatible; Amazonbot/0.1; +https://developer.amazon.com/support/amazonbot) Chrome/119.0.6045.214 Safari/537.36 X-Middleton/1"
54.226.129.235 - - [23/Feb/2025:07:24:08 -0500] "GET /m030013885?ynzmini=%2Fhome%2Fguitarlisty%2Fpublic_html%2Fsym404%2Fdaemon-WHMCS.txt404 HTTP/1.1" 404 7015 "-" "Mozilla/5.0 AppleWebKit/537.36 (KHTML, like Gecko; compatible; ClaudeBot/1.0; +claudebot@anthropic.com) X-Middleton/1"
98.83.220.235 - - [23/Feb/2025:07:24:08 -0500] "GET /tired/o76?pid=33430 HTTP/1.1" 200 43281 "-" "Mozilla/5.0 AppleWebKit/537.36 (KHTML, like Gecko; compatible; ClaudeBot/1.0; +claudebot@anthropic.com) X-Middleton/1"
98.83.149.163 - - [23/Feb/2025:07:24:10 -0500] "GET /m127015676?edit=true&file=%2Fhome%2Fguitarlisty%2Fpublic_html%2Fre.php HTTP/1.1" 200 130536 "-" "Mozilla/5.0 AppleWebKit/537.36 (KHTML, like Gecko; compatible; ClaudeBot/1.0; +claudebot@anthropic.com) X-Middleton/1"
3.90.112.236 - - [23/Feb/2025:07:24:10 -0500] "GET /distract/r20?pid=17320/shop/detail?shop_id=1/help/help_04_2.html HTTP/1.1" 200 148861 "-" "Mozilla/5.0 (Linux; Android 6.0.1; Nexus 5X Build/MMB29P) AppleWebKit/537.36 (KHTML, like Gecko) Chrome/133.0.6943.53 Mobile Safari/537.36 (compatible; GoogleOther) X-Middleton/1"
3.81.110.12 - - [23/Feb/2025:07:24:10 -0500] "GET /m/trust52888300.html?file=/home/guitarlisty/public_html/index.php HTTP/1.1" 200 14269 "-" "Mozilla/5.0 (X11; U; Linux i686; en-US) AppleWebKit/532.2 (KHTML, like Gecko) Chrome/4.0.221.8 Safari/532.2 X-Middleton/1"
107.20.82.18 - - [23/Feb/2025:07:24:11 -0500] "GET /sweat/d80?file=%2Fhome%2Fguitarlisty%2Fpublic_html%2Fwp-admin%2Fcustom-background.php HTTP/1.1" 200 6854 "-" "Mozilla/5.0 AppleWebKit/537.36 (KHTML, like Gecko; compatible; ClaudeBot/1.0; +claudebot@anthropic.com) X-Middleton/1"
66.249.79.193 - - [23/Feb/2025:07:24:12 -0500] "GET /m225004260?srsltid=AfmBOopHGSWSAnZfqBRDFp_AiDlbSYydo_0E4LsWxF-T-JYWySv1jW HTTP/1.1" 200 25985 "-" "Mozilla/5.0 (Linux; Android 6.0.1; Nexus 5X Build/MMB29P) AppleWebKit/537.36 (KHTML, like Gecko) Chrome/133.0.6943.126 Mobile Safari/537.36 (compatible; Googlebot/2.1; +http://www.google.com/bot.html)"
54.198.248.107 - - [23/Feb/2025:07:24:12 -0500] "GET /m134016227?srsltid=AfmBOoCWoxHlCnvYZ5zhVt_vQVKEgZrCe_aXonkGfp-M-Cwuy4nRpv HTTP/1.1" 200 43282 "-" "Mozilla/5.0 AppleWebKit/537.36 (KHTML, like Gecko; compatible; ClaudeBot/1.0; +claudebot@anthropic.com) X-Middleton/1"
54.164.180.114 - - [23/Feb/2025:07:24:13 -0500] "GET /m/awry70687822.html HTTP/1.1" 200 43282 "-" "Mozilla/5.0 AppleWebKit/537.36 (KHTML, like Gecko; compatible; ClaudeBot/1.0; +claudebot@anthropic.com) X-Middleton/1"
34.229.105.159 - - [23/Feb/2025:07:24:13 -0500] "GET /link/w127?pid=15267 HTTP/1.1" 500 45916 "-" "Mozilla/5.0 AppleWebKit/537.36 (KHTML, like Gecko; compatible; ClaudeBot/1.0; +claudebot@anthropic.com) X-Middleton/1"
35.175.240.220 - - [23/Feb/2025:07:24:13 -0500] "GET /yamaha-f310-acoustic-guitar-review-2020/?ynzmini=/proc/236 HTTP/1.1" 200 13844 "-" "Mozilla/5.0 AppleWebKit/537.36 (KHTML, like Gecko; compatible; Amazonbot/0.1; +https://developer.amazon.com/support/amazonbot) Chrome/119.0.6045.214 Safari/537.36 X-Middleton/1"
54.234.205.77 - - [23/Feb/2025:07:24:13 -0500] "GET /sorry/r20?pid=17320/shop/detail?shop_id=1/help/help_04_2.html/help/help_04_2.html HTTP/1.1" 200 457174 "-" "Mozilla/5.0 (Linux; Android 6.0.1; Nexus 5X Build/MMB29P) AppleWebKit/537.36 (KHTML, like Gecko) Chrome/133.0.6943.53 Mobile Safari/537.36 (compatible; GoogleOther) X-Middleton/1"
52.207.162.105 - - [23/Feb/2025:07:24:14 -0500] "GET /m080040921?ynzmini=%2Fhome%2Fguitarlisty%2Fpublic_html%2F%2Fwp-admin HTTP/1.1" 200 28411 "-" "Mozilla/5.0 AppleWebKit/537.36 (KHTML, like Gecko; compatible; ClaudeBot/1.0; +claudebot@anthropic.com) X-Middleton/1"
54.234.205.77 - - [23/Feb/2025:07:24:14 -0500] "GET /pages.php?7whp42058.html HTTP/1.1" 200 43281 "-" "Mozilla/5.0 AppleWebKit/537.36 (KHTML, like Gecko; compatible; GPTBot/1.2; +https://openai.com/gptbot) X-Middleton/1"
35.175.240.220 - - [23/Feb/2025:07:24:15 -0500] "GET /signature/x288?file=%2Fhome%2Fguitarlisty%2Fpublic_html%2F%2Fradio.php HTTP/1.1" 200 11246 "-" "Mozilla/5.0 AppleWebKit/537.36 (KHTML, like Gecko; compatible; ClaudeBot/1.0; +claudebot@anthropic.com) X-Middleton/1"
54.198.7.139 - - [23/Feb/2025:07:24:15 -0500] "GET /sense/y255?pid=42331 HTTP/1.1" 200 43284 "-" "Mozilla/5.0 (Linux; Android 8.0; Pixel 2 Build/OPD3.170816.012) AppleWebKit/537.36 (KHTML, like Gecko) Chrome/72.0.3626.121 Mobile Safari/537.36 (compatible; EzoicBot-Nicheiq; +http://www.ezoic.com/bot) X-Middleton/1"
107.20.115.131 - - [23/Feb/2025:07:24:15 -0500] "GET /yamaha-f310-acoustic-guitar-review-2020/?ynzmini=/proc/24 HTTP/1.1" 200 13788 "-" "Mozilla/5.0 AppleWebKit/537.36 (KHTML, like Gecko; compatible; Amazonbot/0.1; +https://developer.amazon.com/support/amazonbot) Chrome/119.0.6045.214 Safari/537.36 X-Middleton/1"
34.226.215.117 - - [23/Feb/2025:07:24:16 -0500] "GET /she/l211?ynzmini=%2Fhome%2Fguitarlisty%2Fpublic_html%2Fsym404%2Fclamav-OpenCart.txt404 HTTP/1.1" 200 7033 "-" "Mozilla/5.0 AppleWebKit/537.36 (KHTML, like Gecko; compatible; ClaudeBot/1.0; +claudebot@anthropic.com) X-Middleton/1"
107.20.115.131 - - [23/Feb/2025:07:24:17 -0500] "GET /m176019079?srsltid=AfmBOoubXHBPyltVev0VEt_W2ZiwIbVwR_yGuHAsQH-X-dyoi1yuZ3 HTTP/1.1" 200 43282 "-" "Mozilla/5.0 AppleWebKit/537.36 (KHTML, like Gecko; compatible; ClaudeBot/1.0; +claudebot@anthropic.com) X-Middleton/1"
35.175.240.220 - - [23/Feb/2025:07:24:17 -0500] "GET /punishment/r20?pid=17320/help/help_04_2.html/help/help_04_2.html HTTP/1.1" 200 147137 "-" "Mozilla/5.0 (Linux; Android 6.0.1; Nexus 5X Build/MMB29P) AppleWebKit/537.36 (KHTML, like Gecko) Chrome/133.0.6943.53 Mobile Safari/537.36 (compatible; GoogleOther) X-Middleton/1"
35.173.219.106 - - [23/Feb/2025:07:24:17 -0500] "GET /goal/m75?pid=30361 HTTP/1.1" 200 43282 "-" "Mozilla/5.0 AppleWebKit/537.36 (KHTML, like Gecko; compatible; ClaudeBot/1.0; +claudebot@anthropic.com) X-Middleton/1"
54.162.136.253 - - [23/Feb/2025:07:24:17 -0500] "GET /m/carro41529555.html HTTP/1.1" 200 43282 "-" "Mozilla/5.0 AppleWebKit/537.36 (KHTML, like Gecko; compatible; ClaudeBot/1.0; +claudebot@anthropic.com) X-Middleton/1"
3.81.110.12 - - [23/Feb/2025:07:24:18 -0500] "GET /continuous/n180?pid=15506 HTTP/1.1" 500 45913 "-" "Mozilla/5.0 AppleWebKit/537.36 (KHTML, like Gecko; compatible; ClaudeBot/1.0; +claudebot@anthropic.com) X-Middleton/1"
35.173.180.132 - - [23/Feb/2025:07:24:19 -0500] "GET /nonetheless/k185?file=%2Fhome%2Fguitarlisty%2Fpublic_html%2F%2Fadminer.php HTTP/1.1" 200 6381 "-" "Mozilla/5.0 AppleWebKit/537.36 (KHTML, like Gecko; compatible; ClaudeBot/1.0; +claudebot@anthropic.com) X-Middleton/1"
54.164.180.114 - - [23/Feb/2025:07:24:19 -0500] "GET /yamaha-f310-acoustic-guitar-review-2020/?file=/proc/24/io HTTP/1.1" 200 6288 "-" "Mozilla/5.0 AppleWebKit/537.36 (KHTML, like Gecko; compatible; Amazonbot/0.1; +https://developer.amazon.com/support/amazonbot) Chrome/119.0.6045.214 Safari/537.36 X-Middleton/1"
3.90.39.225 - - [23/Feb/2025:07:24:19 -0500] "GET /legislator/d296?rmfolder=%2Fhome%2F HTTP/1.1" 200 43279 "-" "Mozilla/5.0 AppleWebKit/537.36 (KHTML, like Gecko; compatible; ClaudeBot/1.0; +claudebot@anthropic.com) X-Middleton/1"
54.198.7.139 - - [23/Feb/2025:07:24:20 -0500] "GET /barn/p247?file=%2Fhome%2Fguitarlisty%2Fpublic_html%2Fwp-includes%2Ftheme.json HTTP/1.1" 200 19585 "-" "Mozilla/5.0 AppleWebKit/537.36 (KHTML, like Gecko; compatible; ClaudeBot/1.0; +claudebot@anthropic.com) X-Middleton/1"
3.87.139.20 - - [23/Feb/2025:07:24:20 -0500] "GET /willingness/k149?pid=10191 HTTP/1.1" 200 154596 "-" "Mozilla/5.0 (Linux; Android 6.0.1; Nexus 5X Build/MMB29P) AppleWebKit/537.36 (KHTML, like Gecko) Chrome/133.0.6943.53 Mobile Safari/537.36 (compatible; GoogleOther) X-Middleton/1"
54.198.85.7 - - [23/Feb/2025:07:24:21 -0500] "GET /m190017673?ynzmini=%2Fhome%2Fguitarlisty%2Fpublic_html%2Fsym404%2Fnamed-%5EWHMCS.txt404 HTTP/1.1" 200 7015 "-" "Mozilla/5.0 AppleWebKit/537.36 (KHTML, like Gecko; compatible; ClaudeBot/1.0; +claudebot@anthropic.com) X-Middleton/1"
34.229.105.159 - - [23/Feb/2025:07:24:22 -0500] "GET /pcmypage?callback=/product%2Fdetail%2B000h308p2 HTTP/1.1" 200 153754 "-" "Mozilla/5.0 (Linux; Android 6.0.1; Nexus 5X Build/MMB29P) AppleWebKit/537.36 (KHTML, like Gecko) Chrome/133.0.6943.126 Mobile Safari/537.36 (compatible; Googlebot/2.1; +http://www.google.com/bot.html) X-Middleton/1"
54.158.15.14 - - [23/Feb/2025:07:24:22 -0500] "GET /revelation/g83?pid=49777 HTTP/1.1" 200 43280 "-" "Mozilla/5.0 AppleWebKit/537.36 (KHTML, like Gecko; compatible; ClaudeBot/1.0; +claudebot@anthropic.com) X-Middleton/1"
3.94.247.247 - - [23/Feb/2025:07:24:22 -0500] "GET /m/convi71561942.html HTTP/1.1" 200 43280 "-" "Mozilla/5.0 AppleWebKit/537.36 (KHTML, like Gecko; compatible; ClaudeBot/1.0; +claudebot@anthropic.com) X-Middleton/1"
34.229.105.159 - - [23/Feb/2025:07:24:23 -0500] "GET /yamaha-f310-acoustic-guitar-review-2020/?file=/proc/24/mem HTTP/1.1" 200 6291 "-" "Mozilla/5.0 AppleWebKit/537.36 (KHTML, like Gecko; compatible; Amazonbot/0.1; +https://developer.amazon.com/support/amazonbot) Chrome/119.0.6045.214 Safari/537.36 X-Middleton/1"
18.209.166.209 - - [23/Feb/2025:07:24:23 -0500] "GET /m098040575?srsltid=AfmBOolttuvvGvJSzMOXLW_sd1uVshgK8_8O14ype6-R-HSBmh9Y22 HTTP/1.1" 200 43286 "-" "Mozilla/5.0 (Linux; Android 8.0; Pixel 2 Build/OPD3.170816.012) AppleWebKit/537.36 (KHTML, like Gecko) Chrome/72.0.3626.121 Mobile Safari/537.36 (compatible; EzoicBot-Nicheiq; +http://www.ezoic.com/bot) X-Middleton/1"
54.198.124.77 - - [23/Feb/2025:07:24:23 -0500] "GET /conspiracy/z286?pid=24142 HTTP/1.1" 500 45915 "-" "Mozilla/5.0 AppleWebKit/537.36 (KHTML, like Gecko; compatible; ClaudeBot/1.0; +claudebot@anthropic.com) X-Middleton/1"
35.175.240.220 - - [23/Feb/2025:07:24:23 -0500] "GET /m/snap11183816.html?s=f0USHseSK HTTP/1.1" 200 43286 "-" "Mozilla/5.0 (compatible; SemrushBot/7~bl; +http://www.semrush.com/bot.html) X-Middleton/1"
23.22.111.12 - - [23/Feb/2025:07:24:24 -0500] "GET /face/r20?pid=17320/shop/detail?shop_id=1/help/help_04_2.html HTTP/1.1" 200 148990 "-" "Mozilla/5.0 (Linux; Android 6.0.1; Nexus 5X Build/MMB29P) AppleWebKit/537.36 (KHTML, like Gecko) Chrome/133.0.6943.53 Mobile Safari/537.36 (compatible; GoogleOther) X-Middleton/1"
52.207.162.105 - - [23/Feb/2025:07:24:24 -0500] "GET /angry/d214?ynzmini=%2Fhome%2Fguitarlisty%2Fpublic_html%2Fsym404%2Fgames-Hostbills.txt404 HTTP/1.1" 200 7033 "-" "Mozilla/5.0 AppleWebKit/537.36 (KHTML, like Gecko; compatible; ClaudeBot/1.0; +claudebot@anthropic.com) X-Middleton/1"
54.158.15.14 - - [23/Feb/2025:07:24:24 -0500] "GET /m060038275?rmfolder=%2Fhome%2Fguitarlisty%2Fpublic_html%2Fwp-admin HTTP/1.1" 200 43280 "-" "Mozilla/5.0 AppleWebKit/537.36 (KHTML, like Gecko; compatible; ClaudeBot/1.0; +claudebot@anthropic.com) X-Middleton/1"
3.81.110.12 - - [23/Feb/2025:07:24:25 -0500] "GET /of/u3?ynzmini=%2Fhome%2Fguitarlisty%2Fpublic_html%2Fsym404%2Fbin-BoxBilling.txt404 HTTP/1.1" 200 7027 "-" "Mozilla/5.0 AppleWebKit/537.36 (KHTML, like Gecko; compatible; ClaudeBot/1.0; +claudebot@anthropic.com) X-Middleton/1"
54.196.44.86 - - [23/Feb/2025:07:24:26 -0500] "GET /m/trust52888300.html?file=/home/guitarlisty/public_html/wp-load.php HTTP/1.1" 200 10488 "-" "Mozilla/5.0 (Macintosh; Intel Mac OS X 10_6_3) AppleWebKit/535.1 (KHTML, like Gecko) Chrome/13.0.782.32 Safari/535.1 X-Middleton/1"
3.90.112.236 - - [23/Feb/2025:07:24:27 -0500] "GET /yamaha-f310-acoustic-guitar-review-2020/?rmfolder=/proc/24 HTTP/1.1" 200 43284 "-" "Mozilla/5.0 AppleWebKit/537.36 (KHTML, like Gecko; compatible; Amazonbot/0.1; +https://developer.amazon.com/support/amazonbot) Chrome/119.0.6045.214 Safari/537.36 X-Middleton/1"
34.226.215.117 - - [23/Feb/2025:07:24:27 -0500] "GET /m099002310?srsltid=AfmBOolkYwgJaNqMCb15p6_2gLKSk64gz_Rzvq7QrR-F-qojwIElih HTTP/1.1" 200 43282 "-" "Mozilla/5.0 AppleWebKit/537.36 (KHTML, like Gecko; compatible; ClaudeBot/1.0; +claudebot@anthropic.com) X-Middleton/1"
54.196.44.86 - - [23/Feb/2025:07:24:27 -0500] "GET /indicate/r20?pid=17320/help/help_04_2.html/86699help/help_04_2.html HTTP/1.1" 200 145842 "-" "Mozilla/5.0 (Linux; Android 6.0.1; Nexus 5X Build/MMB29P) AppleWebKit/537.36 (KHTML, like Gecko) Chrome/133.0.6943.53 Mobile Safari/537.36 (compatible; GoogleOther) X-Middleton/1"
52.71.251.0 - - [23/Feb/2025:07:24:27 -0500] "GET /m/hopef30795346.html HTTP/1.1" 200 43279 "-" "Mozilla/5.0 AppleWebKit/537.36 (KHTML, like Gecko; compatible; ClaudeBot/1.0; +claudebot@anthropic.com) X-Middleton/1"
54.156.59.106 - - [23/Feb/2025:07:24:28 -0500] "GET /sustainable/z265?pid=31729 HTTP/1.1" 500 45915 "-" "Mozilla/5.0 AppleWebKit/537.36 (KHTML, like Gecko; compatible; ClaudeBot/1.0; +claudebot@anthropic.com) X-Middleton/1"
54.158.139.140 - - [23/Feb/2025:07:24:29 -0500] "GET /yet/t129?pid=6351 HTTP/1.1" 200 43282 "-" "Mozilla/5.0 AppleWebKit/537.36 (KHTML, like Gecko; compatible; ClaudeBot/1.0; +claudebot@anthropic.com) X-Middleton/1"
52.207.162.105 - - [23/Feb/2025:07:24:29 -0500] "GET /angry/d214?ynzmini=%2Fhome%2Fguitarlisty%2Fpublic_html%2Fsym404%2Fhomestay-%5EWHMCS.txt404 HTTP/1.1" 200 7033 "-" "Mozilla/5.0 AppleWebKit/537.36 (KHTML, like Gecko; compatible; ClaudeBot/1.0; +claudebot@anthropic.com) X-Middleton/1"
3.94.247.247 - - [23/Feb/2025:07:24:29 -0500] "GET /m116046017?ynzmini=%2Fhome%2Fguitarlisty%2Fpublic_html%2F.tmb%2F.. HTTP/1.1" 200 16175 "-" "Mozilla/5.0 AppleWebKit/537.36 (KHTML, like Gecko; compatible; ClaudeBot/1.0; +claudebot@anthropic.com) X-Middleton/1"
54.196.44.86 - - [23/Feb/2025:07:24:31 -0500] "GET /m051016602?srsltid=AfmBOorEgikGYsnA7gQwlX_G0SXn1X7Fx_mrvCbv0w-W-XOuXEBkPf HTTP/1.1" 200 43284 "-" "Mozilla/5.0 (Linux; Android 8.0; Pixel 2 Build/OPD3.170816.012) AppleWebKit/537.36 (KHTML, like Gecko) Chrome/72.0.3626.121 Mobile Safari/537.36 (compatible; EzoicBot-Nicheiq; +http://www.ezoic.com/bot) X-Middleton/1"
54.198.124.77 - - [23/Feb/2025:07:24:31 -0500] "GET /casual/k149?pid=10191 HTTP/1.1" 200 159227 "-" "Mozilla/5.0 (Linux; Android 6.0.1; Nexus 5X Build/MMB29P) AppleWebKit/537.36 (KHTML, like Gecko) Chrome/133.0.6943.53 Mobile Safari/537.36 (compatible; GoogleOther) X-Middleton/1"
23.22.111.12 - - [23/Feb/2025:07:24:31 -0500] "GET /yamaha-f310-acoustic-guitar-review-2020/?ynzmini=/proc/24/ HTTP/1.1" 200 13841 "-" "Mozilla/5.0 AppleWebKit/537.36 (KHTML, like Gecko; compatible; Amazonbot/0.1; +https://developer.amazon.com/support/amazonbot) Chrome/119.0.6045.214 Safari/537.36 X-Middleton/1"
3.92.71.7 - - [23/Feb/2025:07:24:32 -0500] "GET /m050026057?srsltid=AfmBOoUgiUNzUWfEuT5KVJ_DhSVWHyN4n_FraVDZoP-F-ZugkCXxVJ HTTP/1.1" 200 43277 "-" "Mozilla/5.0 AppleWebKit/537.36 (KHTML, like Gecko; compatible; ClaudeBot/1.0; +claudebot@anthropic.com) X-Middleton/1"
18.232.117.100 - - [23/Feb/2025:07:24:33 -0500] "GET /m/stare42867683.html HTTP/1.1" 200 43282 "-" "Mozilla/5.0 AppleWebKit/537.36 (KHTML, like Gecko; compatible; ClaudeBot/1.0; +claudebot@anthropic.com) X-Middleton/1"
54.158.139.140 - - [23/Feb/2025:07:24:33 -0500] "GET /traditionally/t17?pid=14619 HTTP/1.1" 500 45916 "-" "Mozilla/5.0 AppleWebKit/537.36 (KHTML, like Gecko; compatible; ClaudeBot/1.0; +claudebot@anthropic.com) X-Middleton/1"
54.198.85.7 - - [23/Feb/2025:07:24:34 -0500] "GET /dry/r262?pid=7796 HTTP/1.1" 200 43279 "-" "Mozilla/5.0 AppleWebKit/537.36 (KHTML, like Gecko; compatible; ClaudeBot/1.0; +claudebot@anthropic.com) X-Middleton/1"
54.144.101.254 - - [23/Feb/2025:07:24:34 -0500] "GET /testify/k64?pid=9834 HTTP/1.1" 200 43282 "-" "Mozilla/5.0 AppleWebKit/537.36 (KHTML, like Gecko; compatible; ClaudeBot/1.0; +claudebot@anthropic.com) X-Middleton/1"
52.71.251.0 - - [23/Feb/2025:07:24:34 -0500] "GET /high/z168?file=%2F%2Fquota.user HTTP/1.1" 200 6291 "-" "Mozilla/5.0 AppleWebKit/537.36 (KHTML, like Gecko; compatible; ClaudeBot/1.0; +claudebot@anthropic.com) X-Middleton/1"
3.82.56.176 - - [23/Feb/2025:07:24:34 -0500] "GET /historical/z113?file=%2Fhome%2Fguitarlisty%2Fpublic_html%2Fwp-includes%2Fb69 HTTP/1.1" 200 14238 "-" "Mozilla/5.0 AppleWebKit/537.36 (KHTML, like Gecko; compatible; ClaudeBot/1.0; +claudebot@anthropic.com) X-Middleton/1"
107.20.82.18 - - [23/Feb/2025:07:24:34 -0500] "GET /corruption/r20?pid=17320 HTTP/1.1" 200 152255 "-" "Mozilla/5.0 (Linux; Android 6.0.1; Nexus 5X Build/MMB29P) AppleWebKit/537.36 (KHTML, like Gecko) Chrome/133.0.6943.53 Mobile Safari/537.36 (compatible; GoogleOther) X-Middleton/1"
3.81.214.139 - - [23/Feb/2025:07:24:34 -0500] "GET /maintain/c177?ynzmini=%2Fhome%2Fguitarlisty%2Fpublic_html%2Fimages%2Fprivate HTTP/1.1" 200 12654 "-" "Mozilla/5.0 AppleWebKit/537.36 (KHTML, like Gecko; compatible; ClaudeBot/1.0; +claudebot@anthropic.com) X-Middleton/1"
54.164.180.114 - - [23/Feb/2025:07:24:35 -0500] "GET /yamaha-f310-acoustic-guitar-review-2020/?file=/proc/24//io HTTP/1.1" 200 6291 "-" "Mozilla/5.0 AppleWebKit/537.36 (KHTML, like Gecko; compatible; Amazonbot/0.1; +https://developer.amazon.com/support/amazonbot) Chrome/119.0.6045.214 Safari/537.36 X-Middleton/1"
3.87.139.20 - - [23/Feb/2025:07:24:37 -0500] "GET /m095033272?srsltid=AfmBOowDpjMyvdcSXOZebT_M7dGOA7gto_DXaQbDv3-I-OnIl4YxWp HTTP/1.1" 500 45913 "-" "Mozilla/5.0 AppleWebKit/537.36 (KHTML, like Gecko; compatible; ClaudeBot/1.0; +claudebot@anthropic.com) X-Middleton/1"
35.173.219.106 - - [23/Feb/2025:07:24:38 -0500] "GET /m/facto32880834.html HTTP/1.1" 200 43282 "-" "Mozilla/5.0 AppleWebKit/537.36 (KHTML, like Gecko; compatible; ClaudeBot/1.0; +claudebot@anthropic.com) X-Middleton/1"
54.198.7.139 - - [23/Feb/2025:07:24:37 -0500] "GET /mud/r20?pid=17320/help/help_04_2.html/86699help/help_04_2.html HTTP/1.1" 200 148727 "-" "Mozilla/5.0 (Linux; Android 6.0.1; Nexus 5X Build/MMB29P) AppleWebKit/537.36 (KHTML, like Gecko) Chrome/133.0.6943.53 Mobile Safari/537.36 (compatible; GoogleOther) X-Middleton/1"
34.229.105.159 - - [23/Feb/2025:07:24:39 -0500] "GET /moon/h268?pid=37708 HTTP/1.1" 200 43282 "-" "Mozilla/5.0 AppleWebKit/537.36 (KHTML, like Gecko; compatible; ClaudeBot/1.0; +claudebot@anthropic.com) X-Middleton/1"
3.90.39.225 - - [23/Feb/2025:07:24:39 -0500] "GET /m015016632?srsltid=AfmBOoErILNSEImnNRWr5q_RT7ABdYo6O_ZmeX20GS-T-pwXPUCv01 HTTP/1.1" 200 43283 "-" "Mozilla/5.0 (Linux; Android 8.0; Pixel 2 Build/OPD3.170816.012) AppleWebKit/537.36 (KHTML, like Gecko) Chrome/72.0.3626.121 Mobile Safari/537.36 (compatible; EzoicBot-Nicheiq; +http://www.ezoic.com/bot) X-Middleton/1"
35.173.180.132 - - [23/Feb/2025:07:24:39 -0500] "GET /maker/k112?pid=18318 HTTP/1.1" 200 43282 "-" "Mozilla/5.0 AppleWebKit/537.36 (KHTML, like Gecko; compatible; ClaudeBot/1.0; +claudebot@anthropic.com) X-Middleton/1"
54.164.180.114 - - [23/Feb/2025:07:24:39 -0500] "GET /yamaha-f310-acoustic-guitar-review-2020/?file=/proc/236/io HTTP/1.1" 200 6291 "-" "Mozilla/5.0 AppleWebKit/537.36 (KHTML, like Gecko; compatible; Amazonbot/0.1; +https://developer.amazon.com/support/amazonbot) Chrome/119.0.6045.214 Safari/537.36 X-Middleton/1"
18.212.120.70 - - [23/Feb/2025:07:24:39 -0500] "GET /smart/z54?file=%2Fhome%2Fguitarlisty%2Fpublic_html%2Fwp-includes%2Fwp-diff.php HTTP/1.1" 200 7064 "-" "Mozilla/5.0 AppleWebKit/537.36 (KHTML, like Gecko; compatible; ClaudeBot/1.0; +claudebot@anthropic.com) X-Middleton/1"
35.175.240.220 - - [23/Feb/2025:07:24:39 -0500] "GET /m148009071?delete=true&file=%2Fhome%2Fguitarlisty%2Fpublic_html%2Findex.php0 HTTP/1.1" 200 6459 "-" "Mozilla/5.0 AppleWebKit/537.36 (KHTML, like Gecko; compatible; ClaudeBot/1.0; +claudebot@anthropic.com) X-Middleton/1"
3.81.110.12 - - [23/Feb/2025:07:24:40 -0500] "GET /rest/k132?ynzmini=%2F%2Ftmp HTTP/1.1" 200 6818 "-" "Mozilla/5.0 AppleWebKit/537.36 (KHTML, like Gecko; compatible; ClaudeBot/1.0; +claudebot@anthropic.com) X-Middleton/1"
3.90.39.225 - - [23/Feb/2025:07:24:41 -0500] "GET /note/r20?pid=17320 HTTP/1.1" 200 455827 "-" "Mozilla/5.0 (Linux; Android 6.0.1; Nexus 5X Build/MMB29P) AppleWebKit/537.36 (KHTML, like Gecko) Chrome/133.0.6943.53 Mobile Safari/537.36 (compatible; GoogleOther) X-Middleton/1"
52.71.251.0 - - [23/Feb/2025:07:24:41 -0500] "GET /home/000~ROOT~000/sys/devices/virtual/tty/tty58/uevent HTTP/1.1" 500 45913 "-" "Mozilla/5.0 (Linux; Android 5.0) AppleWebKit/537.36 (KHTML, like Gecko) Mobile Safari/537.36 (compatible; Bytespider; spider-feedback@bytedance.com) X-Middleton/1"
3.80.165.4 - - [23/Feb/2025:07:24:42 -0500] "GET /m026026695?srsltid=AfmBOoQrImizyhjOZPe6Pv_Y51Y2kpFix_PkcHw7Yx-G-FC1bBrdjy HTTP/1.1" 200 43278 "-" "Mozilla/5.0 AppleWebKit/537.36 (KHTML, like Gecko; compatible; ClaudeBot/1.0; +claudebot@anthropic.com) X-Middleton/1"
3.81.133.169 - - [23/Feb/2025:07:24:43 -0500] "GET /m/shoot72489398.html HTTP/1.1" 500 45914 "-" "Mozilla/5.0 AppleWebKit/537.36 (KHTML, like Gecko; compatible; ClaudeBot/1.0; +claudebot@anthropic.com) X-Middleton/1"
35.175.240.220 - - [23/Feb/2025:07:24:43 -0500] "GET /yamaha-f310-acoustic-guitar-review-2020/?ynzmini=/proc/25 HTTP/1.1" 200 13788 "-" "Mozilla/5.0 AppleWebKit/537.36 (KHTML, like Gecko; compatible; Amazonbot/0.1; +https://developer.amazon.com/support/amazonbot) Chrome/119.0.6045.214 Safari/537.36 X-Middleton/1"
3.81.133.169 - - [23/Feb/2025:07:24:43 -0500] "GET /m/trust52888300.html?ynzmini=/ HTTP/1.1" 200 10027 "-" "Mozilla/5.0 (Macintosh; U; Intel Mac OS X 10_6_1; en-US) AppleWebKit/534.3 (KHTML, like Gecko) Chrome/6.0.472.63 Safari/534.3 X-Middleton/1"
54.164.180.114 - - [23/Feb/2025:07:24:44 -0500] "GET /banking/g48?pid=33168 HTTP/1.1" 200 43282 "-" "Mozilla/5.0 AppleWebKit/537.36 (KHTML, like Gecko; compatible; ClaudeBot/1.0; +claudebot@anthropic.com) X-Middleton/1"
23.22.111.12 - - [23/Feb/2025:07:24:44 -0500] "GET /learn/g223?pid=45211 HTTP/1.1" 200 43280 "-" "Mozilla/5.0 AppleWebKit/537.36 (KHTML, like Gecko; compatible; ClaudeBot/1.0; +claudebot@anthropic.com) X-Middleton/1"
54.198.7.139 - - [23/Feb/2025:07:24:44 -0500] "GET /mill/d113?file=%2Fhome%2Fguitarlisty%2Fpublic_html%2Fwp-admin%2Fupdate-core.php HTTP/1.1" 200 57859 "-" "Mozilla/5.0 AppleWebKit/537.36 (KHTML, like Gecko; compatible; ClaudeBot/1.0; +claudebot@anthropic.com) X-Middleton/1"
3.81.110.12 - - [23/Feb/2025:07:24:44 -0500] "GET /m184045063?delete=true&file=%2Fhome%2Fguitarlisty%2Fpublic_html%2Finputs.php HTTP/1.1" 200 6459 "-" "Mozilla/5.0 AppleWebKit/537.36 (KHTML, like Gecko; compatible; ClaudeBot/1.0; +claudebot@anthropic.com) X-Middleton/1"
3.94.247.247 - - [23/Feb/2025:07:24:44 -0500] "GET /test/r20?pid=17320 HTTP/1.1" 200 155651 "-" "Mozilla/5.0 (Linux; Android 6.0.1; Nexus 5X Build/MMB29P) AppleWebKit/537.36 (KHTML, like Gecko) Chrome/133.0.6943.53 Mobile Safari/537.36 (compatible; GoogleOther) X-Middleton/1"
34.229.105.159 - - [23/Feb/2025:07:24:45 -0500] "GET /m270048761?ynzmini=%2F%2Ftmp HTTP/1.1" 200 6818 "-" "Mozilla/5.0 AppleWebKit/537.36 (KHTML, like Gecko; compatible; ClaudeBot/1.0; +claudebot@anthropic.com) X-Middleton/1"
3.90.42.123 - - [23/Feb/2025:07:24:45 -0500] "GET /m084041819?file=%2Fhome%2Fguitarlisty%2Fpublic_html%2F.htaccess&rename=true HTTP/1.1" 200 6560 "-" "Mozilla/5.0 AppleWebKit/537.36 (KHTML, like Gecko; compatible; ClaudeBot/1.0; +claudebot@anthropic.com) X-Middleton/1"
34.229.105.159 - - [23/Feb/2025:07:24:47 -0500] "GET /achievement/f235?pid=13619 HTTP/1.1" 500 45920 "-" "Mozilla/5.0 (Linux; Android 8.0; Pixel 2 Build/OPD3.170816.012) AppleWebKit/537.36 (KHTML, like Gecko) Chrome/72.0.3626.121 Mobile Safari/537.36 (compatible; EzoicBot-Nicheiq; +http://www.ezoic.com/bot) X-Middleton/1"
3.90.112.236 - - [23/Feb/2025:07:24:48 -0500] "GET /at/z288?pid=20760 HTTP/1.1" 500 45914 "-" "Mozilla/5.0 AppleWebKit/537.36 (KHTML, like Gecko; compatible; ClaudeBot/1.0; +claudebot@anthropic.com) X-Middleton/1"
3.81.110.12 - - [23/Feb/2025:07:24:48 -0500] "GET /who/k149?pid=10191 HTTP/1.1" 200 150897 "-" "Mozilla/5.0 (Linux; Android 6.0.1; Nexus 5X Build/MMB29P) AppleWebKit/537.36 (KHTML, like Gecko) Chrome/133.0.6943.53 Mobile Safari/537.36 (compatible; GoogleOther) X-Middleton/1"
98.83.220.235 - - [23/Feb/2025:07:24:49 -0500] "GET /prisoner/u157?pid=37949 HTTP/1.1" 200 43281 "-" "Mozilla/5.0 AppleWebKit/537.36 (KHTML, like Gecko; compatible; ClaudeBot/1.0; +claudebot@anthropic.com) X-Middleton/1"
34.229.105.159 - - [23/Feb/2025:07:24:48 -0500] "GET /m156020389?srsltid=AfmBOoIRuktVcwdHFItDr3_L3oO5MfHCU_I7rj61xO-W-Uniy98Yfs HTTP/1.1" 200 152767 "-" "Mozilla/5.0 (Linux; Android 6.0.1; Nexus 5X Build/MMB29P) AppleWebKit/537.36 (KHTML, like Gecko) Chrome/133.0.6943.53 Mobile Safari/537.36 (compatible; Googlebot/2.1; +http://www.google.com/bot.html) X-Middleton/1"
98.83.149.163 - - [23/Feb/2025:07:24:49 -0500] "GET /truth/z209?pid=35413 HTTP/1.1" 200 43281 "-" "Mozilla/5.0 AppleWebKit/537.36 (KHTML, like Gecko; compatible; ClaudeBot/1.0; +claudebot@anthropic.com) X-Middleton/1"
18.232.117.100 - - [23/Feb/2025:07:24:49 -0500] "GET /m190017673?ynzmini=%2Fhome%2Fguitarlisty%2Fpublic_html%2Fsym404%2Fivillag-IPB.txt404 HTTP/1.1" 200 7009 "-" "Mozilla/5.0 AppleWebKit/537.36 (KHTML, like Gecko; compatible; ClaudeBot/1.0; +claudebot@anthropic.com) X-Middleton/1"
54.208.214.128 - - [23/Feb/2025:07:24:49 -0500] "GET /pages.php?products/252gs30891 HTTP/1.1" 200 144383 "-" "Mozilla/5.0 (Linux; Android 6.0.1; Nexus 5X Build/MMB29P) AppleWebKit/537.36 (KHTML, like Gecko) Chrome/133.0.6943.53 Mobile Safari/537.36 (compatible; Googlebot/2.1; +http://www.google.com/bot.html) X-Middleton/1"
54.162.136.253 - - [23/Feb/2025:07:24:50 -0500] "GET /fighting/x94?file=%2Ftmp%2FphpvdN5pE HTTP/1.1" 200 6297 "-" "Mozilla/5.0 AppleWebKit/537.36 (KHTML, like Gecko; compatible; ClaudeBot/1.0; +claudebot@anthropic.com) X-Middleton/1"
3.81.133.169 - - [23/Feb/2025:07:24:50 -0500] "GET /m/visib42066331.html?s=fayBiIVwG HTTP/1.1" 200 149542 "-" "Mozilla/5.0 (Linux; Android 6.0.1; Nexus 5X Build/MMB29P) AppleWebKit/537.36 (KHTML, like Gecko) Chrome/133.0.6943.53 Mobile Safari/537.36 (compatible; Googlebot/2.1; +http://www.google.com/bot.html) X-Middleton/1"
54.198.85.7 - - [23/Feb/2025:07:24:50 -0500] "GET /m028030649?srsltid=AfmBOoWZaPzeADeQPeQPwT_kBICgqoTg0_PL8CrpZC-Z-234Mr3UYY HTTP/1.1" 200 43279 "-" "Mozilla/5.0 AppleWebKit/537.36 (KHTML, like Gecko; compatible; ClaudeBot/1.0; +claudebot@anthropic.com) X-Middleton/1"
54.242.51.163 - - [23/Feb/2025:07:24:51 -0500] "GET /?_g=15845602 HTTP/1.1" 200 148379 "-" "Mozilla/5.0 (Linux; Android 6.0.1; Nexus 5X Build/MMB29P) AppleWebKit/537.36 (KHTML, like Gecko) Chrome/133.0.6943.53 Mobile Safari/537.36 (compatible; Googlebot/2.1; +http://www.google.com/bot.html) X-Middleton/1"
