54.226.129.235 - - [23/Feb/2025:07:58:37 -0500] "GET /m272005605?ynzmini=%2Fhome%2Fguitarlisty%2F%2Ftmp HTTP/1.1" 200 7619 "-" "Mozilla/5.0 AppleWebKit/537.36 (KHTML, like Gecko; compatible; ClaudeBot/1.0; +claudebot@anthropic.com) X-Middleton/1"
54.208.214.128 - - [23/Feb/2025:07:58:39 -0500] "GET /yamaha-f310-acoustic-guitar-review-2020/?file=//usr/bin/du HTTP/1.1" 200 6291 "-" "Mozilla/5.0 AppleWebKit/537.36 (KHTML, like Gecko; compatible; Amazonbot/0.1; +https://developer.amazon.com/support/amazonbot) Chrome/119.0.6045.214 Safari/537.36 X-Middleton/1"
54.158.15.14 - - [23/Feb/2025:07:58:40 -0500] "GET /m058009107?ynzmini=%2Fhome%2Fguitarlisty%2F%2F.. HTTP/1.1" 200 9955 "-" "Mozilla/5.0 AppleWebKit/537.36 (KHTML, like Gecko; compatible; ClaudeBot/1.0; +claudebot@anthropic.com) X-Middleton/1"
54.242.51.163 - - [23/Feb/2025:07:58:40 -0500] "GET /m049001384?file=%2Fhome%2Fguitarlisty%2Fpublic_html%2F%2Fradio.php HTTP/1.1" 200 11246 "-" "Mozilla/5.0 AppleWebKit/537.36 (KHTML, like Gecko; compatible; ClaudeBot/1.0; +claudebot@anthropic.com) X-Middleton/1"
18.209.166.209 - - [23/Feb/2025:07:58:40 -0500] "GET /?_gl=1*k4hwph1*_ga*XbtaWdlkXcWXyqYHwaOMkrxhNoyX*_ga_XUEIPLSWA*Z4PrqnUi7jcGKahAeLywvECCuG6VQymYcdpF5aQEi46EFrZRcNGFSJt.*_gcl_au=1.1.199309670.171246508*_gcl_aw=HRA.172207154.T113vndvw5VGRUESwnCjcyTvzk3lBi7x1gHVcmamlA1MQ6v9cJ4xl8C6KQS1Yed91qEApoxMihzn18TJKDPw2hGaoW..&_gz=2.195859657.196897876.176586697-868404552.160047340&_bdsid=a6hjla.n~RQUDK.171599289.173208778&_bd_prev_page=https://www.guitarlisty.com/get.aspx?item/u25/36645/ HTTP/1.1" 200 162179 "-" "Mozilla/5.0 (Linux; Android 6.0.1; Nexus 5X Build/MMB29P) AppleWebKit/537.36 (KHTML, like Gecko) Chrome/133.0.6943.53 Mobile Safari/537.36 (compatible; Googlebot/2.1; +http://www.google.com/bot.html) X-Middleton/1"
54.158.15.14 - - [23/Feb/2025:07:58:40 -0500] "GET /ash/r20?pid=17320/help/help_04_2.html/86699help/help_04_2.html HTTP/1.1" 200 155033 "-" "Mozilla/5.0 (Linux; Android 6.0.1; Nexus 5X Build/MMB29P) AppleWebKit/537.36 (KHTML, like Gecko) Chrome/133.0.6943.53 Mobile Safari/537.36 (compatible; GoogleOther) X-Middleton/1"
54.226.129.235 - - [23/Feb/2025:07:58:41 -0500] "GET /march/l8?file=%2Fhome%2Fguitarlisty%2Fpublic_html%2F%2Frobots.txt HTTP/1.1" 200 6711 "-" "Mozilla/5.0 AppleWebKit/537.36 (KHTML, like Gecko; compatible; ClaudeBot/1.0; +claudebot@anthropic.com) X-Middleton/1"
54.198.85.7 - - [23/Feb/2025:07:58:41 -0500] "GET /m/licen61652397.html?s=fP44hCIIB HTTP/1.1" 200 43283 "-" "Mozilla/5.0 (compatible; SemrushBot/7~bl; +http://www.semrush.com/bot.html) X-Middleton/1"
35.175.240.220 - - [23/Feb/2025:07:58:42 -0500] "GET /comfortable/o136?pid=20226 HTTP/1.1" 500 45920 "-" "Mozilla/5.0 (Linux; Android 8.0; Pixel 2 Build/OPD3.170816.012) AppleWebKit/537.36 (KHTML, like Gecko) Chrome/72.0.3626.121 Mobile Safari/537.36 (compatible; EzoicBot-Nicheiq; +http://www.ezoic.com/bot) X-Middleton/1"
3.80.165.4 - - [23/Feb/2025:07:58:42 -0500] "GET /m297047496?rmfolder=%2Fhome%2Fguitarlisty%2Fpublic_html%2F289f6 HTTP/1.1" 200 43278 "-" "Mozilla/5.0 AppleWebKit/537.36 (KHTML, like Gecko; compatible; ClaudeBot/1.0; +claudebot@anthropic.com) X-Middleton/1"
18.232.117.100 - - [23/Feb/2025:07:58:43 -0500] "GET /m046015413?ynzmini=%2Ftmp HTTP/1.1" 200 6811 "-" "Mozilla/5.0 AppleWebKit/537.36 (KHTML, like Gecko; compatible; ClaudeBot/1.0; +claudebot@anthropic.com) X-Middleton/1"
3.90.39.225 - - [23/Feb/2025:07:58:43 -0500] "GET /yamaha-f310-acoustic-guitar-review-2020/?file=//usr/bin/ed HTTP/1.1" 200 6291 "-" "Mozilla/5.0 AppleWebKit/537.36 (KHTML, like Gecko; compatible; Amazonbot/0.1; +https://developer.amazon.com/support/amazonbot) Chrome/119.0.6045.214 Safari/537.36 X-Middleton/1"
98.83.149.163 - - [23/Feb/2025:07:58:44 -0500] "GET /pause/k149?pid=10191/help/help_04_2.html/86699help/help_04_2.html HTTP/1.1" 200 144684 "-" "Mozilla/5.0 (Linux; Android 6.0.1; Nexus 5X Build/MMB29P) AppleWebKit/537.36 (KHTML, like Gecko) Chrome/133.0.6943.53 Mobile Safari/537.36 (compatible; GoogleOther) X-Middleton/1"
50.17.142.168 - - [23/Feb/2025:07:58:44 -0500] "GET /tube/h183?ynzmini=%2Fhome%2Fguitarlisty%2Fpublic_html%2F%2F289f6 HTTP/1.1" 200 6974 "-" "Mozilla/5.0 AppleWebKit/537.36 (KHTML, like Gecko; compatible; ClaudeBot/1.0; +claudebot@anthropic.com) X-Middleton/1"
54.198.85.7 - - [23/Feb/2025:07:58:45 -0500] "GET /m030032697?file=%2Fhome%2Fguitarlisty%2Fpublic_html%2Fwp-content%2F1a956929 HTTP/1.1" 200 14250 "-" "Mozilla/5.0 AppleWebKit/537.36 (KHTML, like Gecko; compatible; ClaudeBot/1.0; +claudebot@anthropic.com) X-Middleton/1"
54.156.59.106 - - [23/Feb/2025:07:58:45 -0500] "GET /pages.php?21mhag9508.html HTTP/1.1" 200 43281 "-" "Mozilla/5.0 AppleWebKit/537.36 (KHTML, like Gecko; compatible; GPTBot/1.2; +https://openai.com/gptbot) X-Middleton/1"
98.83.149.163 - - [23/Feb/2025:07:58:47 -0500] "GET /m125042012?ynzmini=%2Fhome%2Fguitarlisty%2Fpublic_html%2F..%2F. HTTP/1.1" 404 11557 "-" "Mozilla/5.0 AppleWebKit/537.36 (KHTML, like Gecko; compatible; ClaudeBot/1.0; +claudebot@anthropic.com) X-Middleton/1"
3.92.71.7 - - [23/Feb/2025:07:58:47 -0500] "GET /captain/r20?pid=17320/help/help_04_2.html/86699help/help_04_2.html HTTP/1.1" 200 145505 "-" "Mozilla/5.0 (Linux; Android 6.0.1; Nexus 5X Build/MMB29P) AppleWebKit/537.36 (KHTML, like Gecko) Chrome/133.0.6943.53 Mobile Safari/537.36 (compatible; GoogleOther) X-Middleton/1"
18.212.120.70 - - [23/Feb/2025:07:58:48 -0500] "GET /yamaha-f310-acoustic-guitar-review-2020/?file=//usr/bin/ex HTTP/1.1" 200 6291 "-" "Mozilla/5.0 AppleWebKit/537.36 (KHTML, like Gecko; compatible; Amazonbot/0.1; +https://developer.amazon.com/support/amazonbot) Chrome/119.0.6045.214 Safari/537.36 X-Middleton/1"
54.234.205.77 - - [23/Feb/2025:07:58:48 -0500] "GET /m164017241?ynzmini=%2F%2Fusr HTTP/1.1" 200 8083 "-" "Mozilla/5.0 AppleWebKit/537.36 (KHTML, like Gecko; compatible; ClaudeBot/1.0; +claudebot@anthropic.com) X-Middleton/1"
54.162.136.253 - - [23/Feb/2025:07:58:49 -0500] "GET /somewhere/y270?file=%2Fhome%2Fguitarlisty%2Fpublic_html%2Fwp-admin%2Foptions-permalink.php HTTP/1.1" 200 31356 "-" "Mozilla/5.0 AppleWebKit/537.36 (KHTML, like Gecko; compatible; ClaudeBot/1.0; +claudebot@anthropic.com) X-Middleton/1"
3.90.42.123 - - [23/Feb/2025:07:58:50 -0500] "GET /m280000547?file=%2Fhome%2Fguitarlisty%2Fpublic_html%2Fwp-mail.php&rename=true HTTP/1.1" 200 6568 "-" "Mozilla/5.0 AppleWebKit/537.36 (KHTML, like Gecko; compatible; ClaudeBot/1.0; +claudebot@anthropic.com) X-Middleton/1"
54.158.139.140 - - [23/Feb/2025:07:58:50 -0500] "GET /m170044177?ynzmini=/home/guitarlisty/public_html/images HTTP/1.1" 200 8011 "-" "Mozilla/5.0 (X11; Linux x86_64) AppleWebKit/534.24 (KHTML, like Gecko) Chrome/11.0.696.34 Safari/534.24 X-Middleton/1"
34.226.215.117 - - [23/Feb/2025:07:58:50 -0500] "GET /m238038851?srsltid=AfmBOoapaRUVLUgKoBBpvs_EECSv5OKgy_HKk6B5Yw-P-XT2VwtvgV HTTP/1.1" 200 43286 "-" "Mozilla/5.0 (Linux; Android 8.0; Pixel 2 Build/OPD3.170816.012) AppleWebKit/537.36 (KHTML, like Gecko) Chrome/72.0.3626.121 Mobile Safari/537.36 (compatible; EzoicBot-Nicheiq; +http://www.ezoic.com/bot) X-Middleton/1"
54.158.139.140 - - [23/Feb/2025:07:58:51 -0500] "GET /yamaha-f310-acoustic-guitar-review-2020/?file=//usr/bin/fc HTTP/1.1" 200 6327 "-" "Mozilla/5.0 AppleWebKit/537.36 (KHTML, like Gecko; compatible; Amazonbot/0.1; +https://developer.amazon.com/support/amazonbot) Chrome/119.0.6045.214 Safari/537.36 X-Middleton/1"
34.226.215.117 - - [23/Feb/2025:07:58:51 -0500] "GET /ribbon/r20?pid=17320/help/help_04_2.html/86699help/help_04_2.html HTTP/1.1" 200 151410 "-" "Mozilla/5.0 (Linux; Android 6.0.1; Nexus 5X Build/MMB29P) AppleWebKit/537.36 (KHTML, like Gecko) Chrome/133.0.6943.53 Mobile Safari/537.36 (compatible; GoogleOther) X-Middleton/1"
18.209.166.209 - - [23/Feb/2025:07:58:52 -0500] "GET /biology/e285?rmfolder=%2Fhome%2Fguitarlisty%2Fpublic_html%2F289f6 HTTP/1.1" 500 45916 "-" "Mozilla/5.0 AppleWebKit/537.36 (KHTML, like Gecko; compatible; ClaudeBot/1.0; +claudebot@anthropic.com) X-Middleton/1"
3.81.214.139 - - [23/Feb/2025:07:58:53 -0500] "GET /revolution/q195?ynzmini=%2F%2Fproc HTTP/1.1" 200 43680 "-" "Mozilla/5.0 AppleWebKit/537.36 (KHTML, like Gecko; compatible; ClaudeBot/1.0; +claudebot@anthropic.com) X-Middleton/1"
54.234.205.77 - - [23/Feb/2025:07:58:53 -0500] "GET /m/caref61800837.html?page=upload HTTP/1.1" 200 6252 "-" "Mozilla/5.0 AppleWebKit/537.36 (KHTML, like Gecko; compatible; ClaudeBot/1.0; +claudebot@anthropic.com) X-Middleton/1"
23.22.111.12 - - [23/Feb/2025:07:58:54 -0500] "GET /m/chees41852931.html?ynzmini=%2F HTTP/1.1" 200 10027 "-" "Mozilla/5.0 AppleWebKit/537.36 (KHTML, like Gecko; compatible; ClaudeBot/1.0; +claudebot@anthropic.com) X-Middleton/1"
54.242.51.163 - - [23/Feb/2025:07:58:54 -0500] "GET /stick/k238?ynzmini=%2Fhome%2Fguitarlisty%2Fpublic_html%2Fsym404%2Fgvillages-OpenCart.txt404 HTTP/1.1" 200 7051 "-" "Mozilla/5.0 AppleWebKit/537.36 (KHTML, like Gecko; compatible; ClaudeBot/1.0; +claudebot@anthropic.com) X-Middleton/1"
54.156.59.106 - - [23/Feb/2025:07:58:55 -0500] "GET /airport/r20?pid=17320/shop/detail?shop_id=1/help/help_04_2.html HTTP/1.1" 200 147907 "-" "Mozilla/5.0 (Linux; Android 6.0.1; Nexus 5X Build/MMB29P) AppleWebKit/537.36 (KHTML, like Gecko) Chrome/133.0.6943.53 Mobile Safari/537.36 (compatible; GoogleOther) X-Middleton/1"
66.249.79.100 - - [23/Feb/2025:07:58:55 -0500] "GET /m017032596?srsltid=AfmBOoPkrWbHOaoUsZlZsT_eUeNDYe0SB_5T1zPTxU-X-SbBxuWdQq HTTP/1.1" 200 73424 "-" "Mozilla/5.0 (Linux; Android 6.0.1; Nexus 5X Build/MMB29P) AppleWebKit/537.36 (KHTML, like Gecko) Chrome/133.0.6943.53 Mobile Safari/537.36 (compatible; Googlebot/2.1; +http://www.google.com/bot.html)"
3.90.42.123 - - [23/Feb/2025:07:58:55 -0500] "GET /yamaha-f310-acoustic-guitar-review-2020/?file=//usr/bin/fg HTTP/1.1" 404 6327 "-" "Mozilla/5.0 AppleWebKit/537.36 (KHTML, like Gecko; compatible; Amazonbot/0.1; +https://developer.amazon.com/support/amazonbot) Chrome/119.0.6045.214 Safari/537.36 X-Middleton/1"
54.157.220.176 - - [23/Feb/2025:07:58:57 -0500] "GET /m273025552?file=%2Fhome%2Fguitarlisty%2Fpublic_html%2F%2Fradio.php HTTP/1.1" 200 11246 "-" "Mozilla/5.0 AppleWebKit/537.36 (KHTML, like Gecko; compatible; ClaudeBot/1.0; +claudebot@anthropic.com) X-Middleton/1"
52.205.171.15 - - [23/Feb/2025:07:58:58 -0500] "GET /m078040901?srsltid=AfmBOouPcyBpTxKPwg3sJ7_m3jJEbRfZT_b9UY7TVK-F-DATo0NYWc HTTP/1.1" 200 43285 "-" "Mozilla/5.0 (Linux; Android 8.0; Pixel 2 Build/OPD3.170816.012) AppleWebKit/537.36 (KHTML, like Gecko) Chrome/72.0.3626.121 Mobile Safari/537.36 (compatible; EzoicBot-Nicheiq; +http://www.ezoic.com/bot) X-Middleton/1"
98.83.149.163 - - [23/Feb/2025:07:58:58 -0500] "GET /m108005837?file=%2Fhome%2F%2Ffixperms.sh HTTP/1.1" 200 18553 "-" "Mozilla/5.0 AppleWebKit/537.36 (KHTML, like Gecko; compatible; ClaudeBot/1.0; +claudebot@anthropic.com) X-Middleton/1"
54.158.139.140 - - [23/Feb/2025:07:58:58 -0500] "GET /pages.php?73qee34364.html HTTP/1.1" 200 43286 "-" "Mozilla/5.0 AppleWebKit/537.36 (KHTML, like Gecko; compatible; GPTBot/1.2; +https://openai.com/gptbot) X-Middleton/1"
35.171.189.120 - - [23/Feb/2025:07:58:59 -0500] "GET /dog/b12?ynzmini=%2Fhome%2Fguitarlisty%2Fpublic_html%2Fimages%2F HTTP/1.1" 200 8020 "-" "Mozilla/5.0 AppleWebKit/537.36 (KHTML, like Gecko; compatible; ClaudeBot/1.0; +claudebot@anthropic.com) X-Middleton/1"
3.92.71.7 - - [23/Feb/2025:07:58:58 -0500] "GET /fault/r20?pid=17320/shop/detail?shop_id=1/help/help_04_2.html HTTP/1.1" 200 152306 "-" "Mozilla/5.0 (Linux; Android 6.0.1; Nexus 5X Build/MMB29P) AppleWebKit/537.36 (KHTML, like Gecko) Chrome/133.0.6943.53 Mobile Safari/537.36 (compatible; GoogleOther) X-Middleton/1"
18.232.117.100 - - [23/Feb/2025:07:58:59 -0500] "GET /yamaha-f310-acoustic-guitar-review-2020/?file=//usr/bin/gc HTTP/1.1" 200 6291 "-" "Mozilla/5.0 AppleWebKit/537.36 (KHTML, like Gecko; compatible; Amazonbot/0.1; +https://developer.amazon.com/support/amazonbot) Chrome/119.0.6045.214 Safari/537.36 X-Middleton/1"
35.175.240.220 - - [23/Feb/2025:07:58:59 -0500] "GET /somewhere/y270?file=%2Fhome%2Fguitarlisty%2Fpublic_html%2Fwp-admin%2Ferase-personal-data.php HTTP/1.1" 200 15203 "-" "Mozilla/5.0 AppleWebKit/537.36 (KHTML, like Gecko; compatible; ClaudeBot/1.0; +claudebot@anthropic.com) X-Middleton/1"
54.144.101.254 - - [23/Feb/2025:07:59:02 -0500] "GET /pick/k149?pid=10191/shop/detail?shop_id=1/86699help/help_04_2.html HTTP/1.1" 200 468727 "-" "Mozilla/5.0 (Linux; Android 6.0.1; Nexus 5X Build/MMB29P) AppleWebKit/537.36 (KHTML, like Gecko) Chrome/133.0.6943.53 Mobile Safari/537.36 (compatible; GoogleOther) X-Middleton/1"
50.17.142.168 - - [23/Feb/2025:07:59:02 -0500] "GET /m267018068?file=%2Fhome%2Fguitarlisty%2Fpublic_html%2F%2Ferror_log HTTP/1.1" 404 144254 "-" "Mozilla/5.0 AppleWebKit/537.36 (KHTML, like Gecko; compatible; ClaudeBot/1.0; +claudebot@anthropic.com) X-Middleton/1"
52.205.171.15 - - [23/Feb/2025:07:59:03 -0500] "GET /yamaha-f310-acoustic-guitar-review-2020/?ynzmini=//usr/src HTTP/1.1" 200 7439 "-" "Mozilla/5.0 AppleWebKit/537.36 (KHTML, like Gecko; compatible; Amazonbot/0.1; +https://developer.amazon.com/support/amazonbot) Chrome/119.0.6045.214 Safari/537.36 X-Middleton/1"
54.198.85.7 - - [23/Feb/2025:07:59:03 -0500] "GET /gay/i293?ynzmini=%2Fhome%2Fguitarlisty%2Fpublic_html%2F.%2F. HTTP/1.1" 200 15948 "-" "Mozilla/5.0 AppleWebKit/537.36 (KHTML, like Gecko; compatible; ClaudeBot/1.0; +claudebot@anthropic.com) X-Middleton/1"
3.90.42.123 - - [23/Feb/2025:07:59:04 -0500] "GET /persist/a240?ynzmini=%2Fhome%2Fguitarlisty%2Fpublic_html%2F%2F123 HTTP/1.1" 200 8375 "-" "Mozilla/5.0 AppleWebKit/537.36 (KHTML, like Gecko; compatible; ClaudeBot/1.0; +claudebot@anthropic.com) X-Middleton/1"
107.20.82.18 - - [23/Feb/2025:07:59:05 -0500] "GET /bar/r20?pid=17320 HTTP/1.1" 200 156653 "-" "Mozilla/5.0 (Linux; Android 6.0.1; Nexus 5X Build/MMB29P) AppleWebKit/537.36 (KHTML, like Gecko) Chrome/133.0.6943.53 Mobile Safari/537.36 (compatible; GoogleOther) X-Middleton/1"
3.82.56.176 - - [23/Feb/2025:07:59:06 -0500] "GET /rare/u129?edit=true&file=%2Fetc%2Fshadow HTTP/1.1" 200 6464 "-" "Mozilla/5.0 AppleWebKit/537.36 (KHTML, like Gecko; compatible; ClaudeBot/1.0; +claudebot@anthropic.com) X-Middleton/1"
3.90.42.123 - - [23/Feb/2025:07:59:06 -0500] "GET /m180001793?srsltid=AfmBOoBxPsgPLRXqyd5qz4_9hn5ALW2nD_f4Ei7wK4-V-PiGMcE7id HTTP/1.1" 200 43283 "-" "Mozilla/5.0 (Linux; Android 8.0; Pixel 2 Build/OPD3.170816.012) AppleWebKit/537.36 (KHTML, like Gecko) Chrome/72.0.3626.121 Mobile Safari/537.36 (compatible; EzoicBot-Nicheiq; +http://www.ezoic.com/bot) X-Middleton/1"
35.175.240.220 - - [23/Feb/2025:07:59:06 -0500] "GET /m174019761?file=/home/guitarlisty/public_html/mah.php HTTP/1.1" 200 9778 "-" "Mozilla/5.0 (Windows NT 6.1) AppleWebKit/535.1 (KHTML, like Gecko) Chrome/14.0.815.10913 Safari/535.1 X-Middleton/1"
107.20.115.131 - - [23/Feb/2025:07:59:08 -0500] "GET /yamaha-f310-acoustic-guitar-review-2020/?ynzmini=//usr/tmp HTTP/1.1" 404 6469 "-" "Mozilla/5.0 AppleWebKit/537.36 (KHTML, like Gecko; compatible; Amazonbot/0.1; +https://developer.amazon.com/support/amazonbot) Chrome/119.0.6045.214 Safari/537.36 X-Middleton/1"
52.207.162.105 - - [23/Feb/2025:07:59:08 -0500] "GET /m150037491?rmfolder=%2Fhome%2Fguitarlisty%2Fpublic_html%2Fas HTTP/1.1" 500 45916 "-" "Mozilla/5.0 AppleWebKit/537.36 (KHTML, like Gecko; compatible; ClaudeBot/1.0; +claudebot@anthropic.com) X-Middleton/1"
54.158.139.140 - - [23/Feb/2025:07:59:09 -0500] "GET /singer/z289?ynzmini=%2Fhome%2Fguitarlisty%2Fpublic_html%2Fas%2Fas HTTP/1.1" 200 8705 "-" "Mozilla/5.0 AppleWebKit/537.36 (KHTML, like Gecko; compatible; ClaudeBot/1.0; +claudebot@anthropic.com) X-Middleton/1"
3.89.44.170 - - [23/Feb/2025:07:59:09 -0500] "GET /comprehensive/r20?pid=17320/help/help_04_2.html/86699help/help_04_2.html HTTP/1.1" 200 143986 "-" "Mozilla/5.0 (Linux; Android 6.0.1; Nexus 5X Build/MMB29P) AppleWebKit/537.36 (KHTML, like Gecko) Chrome/133.0.6943.53 Mobile Safari/537.36 (compatible; GoogleOther) X-Middleton/1"
18.209.166.209 - - [23/Feb/2025:07:59:11 -0500] "GET /grow/q37?ynzmini=%2Fhome%2Fguitarlisty%2Fpublic_html%2Fsym404%2Frpc-Lokomedia.txt404 HTTP/1.1" 200 7021 "-" "Mozilla/5.0 AppleWebKit/537.36 (KHTML, like Gecko; compatible; ClaudeBot/1.0; +claudebot@anthropic.com) X-Middleton/1"
54.198.85.7 - - [23/Feb/2025:07:59:11 -0500] "GET /generate/b248?ynzmini=%2Fhome%2Fguitarlisty%2F%2F.. HTTP/1.1" 200 9955 "-" "Mozilla/5.0 AppleWebKit/537.36 (KHTML, like Gecko; compatible; ClaudeBot/1.0; +claudebot@anthropic.com) X-Middleton/1"
98.83.220.235 - - [23/Feb/2025:07:59:13 -0500] "GET /lend/k149?pid=10191 HTTP/1.1" 200 152490 "-" "Mozilla/5.0 (Linux; Android 6.0.1; Nexus 5X Build/MMB29P) AppleWebKit/537.36 (KHTML, like Gecko) Chrome/133.0.6943.53 Mobile Safari/537.36 (compatible; GoogleOther) X-Middleton/1"
3.81.133.169 - - [23/Feb/2025:07:59:14 -0500] "GET /yamaha-f310-acoustic-guitar-review-2020/?ynzmini=//usr/.. HTTP/1.1" 404 10377 "-" "Mozilla/5.0 AppleWebKit/537.36 (KHTML, like Gecko; compatible; Amazonbot/0.1; +https://developer.amazon.com/support/amazonbot) Chrome/119.0.6045.214 Safari/537.36 X-Middleton/1"
3.81.133.169 - - [23/Feb/2025:07:59:14 -0500] "GET /singer/z289?ynzmini=%2Fhome%2Fguitarlisty%2Fpublic_html%2Fas%2F.. HTTP/1.1" 200 16061 "-" "Mozilla/5.0 AppleWebKit/537.36 (KHTML, like Gecko; compatible; ClaudeBot/1.0; +claudebot@anthropic.com) X-Middleton/1"
54.208.214.128 - - [23/Feb/2025:07:59:14 -0500] "GET /everybody/j224?pid=8772 HTTP/1.1" 200 43286 "-" "Mozilla/5.0 (Linux; Android 8.0; Pixel 2 Build/OPD3.170816.012) AppleWebKit/537.36 (KHTML, like Gecko) Chrome/72.0.3626.121 Mobile Safari/537.36 (compatible; EzoicBot-Nicheiq; +http://www.ezoic.com/bot) X-Middleton/1"
23.22.111.12 - - [23/Feb/2025:07:59:15 -0500] "GET /yamaha-f310-acoustic-guitar-review-2020/?ynzmini=//tmp/.. HTTP/1.1" 200 10377 "-" "Mozilla/5.0 AppleWebKit/537.36 (KHTML, like Gecko; compatible; Amazonbot/0.1; +https://developer.amazon.com/support/amazonbot) Chrome/119.0.6045.214 Safari/537.36 X-Middleton/1"
54.208.214.128 - - [23/Feb/2025:07:59:15 -0500] "GET /peel/z249?ynzmini=%2Fhome%2Fguitarlisty%2Fpublic_html%2Fsym404%2Fsssd-OpenCart.txt404 HTTP/1.1" 200 7021 "-" "Mozilla/5.0 AppleWebKit/537.36 (KHTML, like Gecko; compatible; ClaudeBot/1.0; +claudebot@anthropic.com) X-Middleton/1"
52.205.171.15 - - [23/Feb/2025:07:59:16 -0500] "GET /slam/r81?ynzmini=%2Fhome%2Fguitarlisty%2F%2Fpublic_html HTTP/1.1" 200 15599 "-" "Mozilla/5.0 AppleWebKit/537.36 (KHTML, like Gecko; compatible; ClaudeBot/1.0; +claudebot@anthropic.com) X-Middleton/1"
54.156.59.106 - - [23/Feb/2025:07:59:16 -0500] "GET /home/000~ROOT~000/sys/kernel/slab/kvm_async_pf/cpu_slabs HTTP/1.1" 403 43281 "-" "Mozilla/5.0 (Linux; Android 5.0) AppleWebKit/537.36 (KHTML, like Gecko) Mobile Safari/537.36 (compatible; Bytespider; spider-feedback@bytedance.com) X-Middleton/1"
3.81.214.139 - - [23/Feb/2025:07:59:16 -0500] "GET /comfortable/r20?pid=17320 HTTP/1.1" 200 143047 "-" "Mozilla/5.0 (Linux; Android 6.0.1; Nexus 5X Build/MMB29P) AppleWebKit/537.36 (KHTML, like Gecko) Chrome/133.0.6943.53 Mobile Safari/537.36 (compatible; GoogleOther) X-Middleton/1"
54.156.59.106 - - [23/Feb/2025:07:59:19 -0500] "GET /mix/h13?ynzmini=%2Fhome%2Fguitarlisty%2Fpublic_html%2F..%2F.subaccounts HTTP/1.1" 404 7312 "-" "Mozilla/5.0 AppleWebKit/537.36 (KHTML, like Gecko; compatible; ClaudeBot/1.0; +claudebot@anthropic.com) X-Middleton/1"
3.90.42.123 - - [23/Feb/2025:07:59:19 -0500] "GET /yamaha-f310-acoustic-guitar-review-2020/?file=//tmp/../.mp HTTP/1.1" 200 6293 "-" "Mozilla/5.0 AppleWebKit/537.36 (KHTML, like Gecko; compatible; Amazonbot/0.1; +https://developer.amazon.com/support/amazonbot) Chrome/119.0.6045.214 Safari/537.36 X-Middleton/1"
54.234.205.77 - - [23/Feb/2025:07:59:20 -0500] "GET /peel/z249?ynzmini=%2Fhome%2Fguitarlisty%2Fpublic_html%2Fsym404%2Fshutdown-Hostbills.txt404 HTTP/1.1" 200 7051 "-" "Mozilla/5.0 AppleWebKit/537.36 (KHTML, like Gecko; compatible; ClaudeBot/1.0; +claudebot@anthropic.com) X-Middleton/1"
52.207.162.105 - - [23/Feb/2025:07:59:21 -0500] "GET /same/z101?ynzmini=%2Fhome%2Fguitarlisty%2Fpublic_html%2F%2Fimages HTTP/1.1" 200 8021 "-" "Mozilla/5.0 AppleWebKit/537.36 (KHTML, like Gecko; compatible; ClaudeBot/1.0; +claudebot@anthropic.com) X-Middleton/1"
3.81.58.205 - - [23/Feb/2025:07:59:22 -0500] "GET /m174019761?page=about HTTP/1.1" 200 6253 "-" "Mozilla/5.0 (Windows; U; Windows NT 5.2; en-US) AppleWebKit/534.3 (KHTML, like Gecko) Chrome/6.0.458.0 Safari/534.3 X-Middleton/1"
50.17.142.168 - - [23/Feb/2025:07:59:22 -0500] "GET /total/u241?pid=1531 HTTP/1.1" 200 43285 "-" "Mozilla/5.0 (Linux; Android 8.0; Pixel 2 Build/OPD3.170816.012) AppleWebKit/537.36 (KHTML, like Gecko) Chrome/72.0.3626.121 Mobile Safari/537.36 (compatible; EzoicBot-Nicheiq; +http://www.ezoic.com/bot) X-Middleton/1"
52.207.162.105 - - [23/Feb/2025:07:59:23 -0500] "GET /yamaha-f310-acoustic-guitar-review-2020/?rmfolder=//tmp/.. HTTP/1.1" 200 43286 "-" "Mozilla/5.0 AppleWebKit/537.36 (KHTML, like Gecko; compatible; Amazonbot/0.1; +https://developer.amazon.com/support/amazonbot) Chrome/119.0.6045.214 Safari/537.36 X-Middleton/1"
3.81.133.169 - - [23/Feb/2025:07:59:23 -0500] "GET /lifetime/r20?pid=17320/help/help_04_2.html/shop/detail?shop_id=1 HTTP/1.1" 200 155373 "-" "Mozilla/5.0 (Linux; Android 6.0.1; Nexus 5X Build/MMB29P) AppleWebKit/537.36 (KHTML, like Gecko) Chrome/133.0.6943.53 Mobile Safari/537.36 (compatible; GoogleOther) X-Middleton/1"
3.81.58.205 - - [23/Feb/2025:07:59:25 -0500] "GET /peel/z249?ynzmini=%2Fhome%2Fguitarlisty%2Fpublic_html%2Fsym404%2Fmarkaust-OsCommerce.txt404 HTTP/1.1" 404 7057 "-" "Mozilla/5.0 AppleWebKit/537.36 (KHTML, like Gecko; compatible; ClaudeBot/1.0; +claudebot@anthropic.com) X-Middleton/1"
3.81.133.169 - - [23/Feb/2025:07:59:26 -0500] "GET /progress/i282?ynzmini=%2Fhome%2Fguitarlisty%2Fpublic_html%2F%2Fhome HTTP/1.1" 200 8132 "-" "Mozilla/5.0 AppleWebKit/537.36 (KHTML, like Gecko; compatible; ClaudeBot/1.0; +claudebot@anthropic.com) X-Middleton/1"
107.20.82.18 - - [23/Feb/2025:07:59:26 -0500] "GET /suggestion/r20?pid=17320/help/help_04_2.html/shop/detail?shop_id=1/86699help/help_04_2.html HTTP/1.1" 200 149748 "-" "Mozilla/5.0 (Linux; Android 6.0.1; Nexus 5X Build/MMB29P) AppleWebKit/537.36 (KHTML, like Gecko) Chrome/133.0.6943.53 Mobile Safari/537.36 (compatible; GoogleOther) X-Middleton/1"
54.198.248.107 - - [23/Feb/2025:07:59:27 -0500] "GET /yamaha-f310-acoustic-guitar-review-2020/?ynzmini=//tmp/../ HTTP/1.1" 200 10407 "-" "Mozilla/5.0 AppleWebKit/537.36 (KHTML, like Gecko; compatible; Amazonbot/0.1; +https://developer.amazon.com/support/amazonbot) Chrome/119.0.6045.214 Safari/537.36 X-Middleton/1"
54.164.180.114 - - [23/Feb/2025:07:59:27 -0500] "GET /sym404/amp.php?69qfmp11331.html HTTP/1.1" 200 328960 "-" "Mozilla/5.0 (Linux; Android 6.0.1; Nexus 5X Build/MMB29P) AppleWebKit/537.36 (KHTML, like Gecko) Chrome/133.0.6943.53 Mobile Safari/537.36 (compatible; Googlebot/2.1; +http://www.google.com/bot.html) X-Middleton/1"
54.198.7.139 - - [23/Feb/2025:07:59:30 -0500] "GET /m008046397?srsltid=AfmBOoSMJXoidaWfoztspK_fTsW78vlyq_Hbg9CIc6-S-u5n6B04nc HTTP/1.1" 200 43284 "-" "Mozilla/5.0 (Linux; Android 8.0; Pixel 2 Build/OPD3.170816.012) AppleWebKit/537.36 (KHTML, like Gecko) Chrome/72.0.3626.121 Mobile Safari/537.36 (compatible; EzoicBot-Nicheiq; +http://www.ezoic.com/bot) X-Middleton/1"
3.89.44.170 - - [23/Feb/2025:07:59:30 -0500] "GET /peel/z249?ynzmini=%2Fhome%2Fguitarlisty%2Fpublic_html%2Fsym404%2Fcpaneleximfilter-OpenCart.txt404 HTTP/1.1" 404 7093 "-" "Mozilla/5.0 AppleWebKit/537.36 (KHTML, like Gecko; compatible; ClaudeBot/1.0; +claudebot@anthropic.com) X-Middleton/1"
54.198.7.139 - - [23/Feb/2025:07:59:31 -0500] "GET /workshop/g61?file=%2Fhome%2Fguitarlisty%2Fpublic_html%2F%2Findex.php HTTP/1.1" 404 14272 "-" "Mozilla/5.0 AppleWebKit/537.36 (KHTML, like Gecko; compatible; ClaudeBot/1.0; +claudebot@anthropic.com) X-Middleton/1"
54.198.124.77 - - [23/Feb/2025:07:59:32 -0500] "GET /seize/k149?pid=10191 HTTP/1.1" 200 143100 "-" "Mozilla/5.0 (Linux; Android 6.0.1; Nexus 5X Build/MMB29P) AppleWebKit/537.36 (KHTML, like Gecko) Chrome/133.0.6943.53 Mobile Safari/537.36 (compatible; GoogleOther) X-Middleton/1"
18.209.166.209 - - [23/Feb/2025:07:59:32 -0500] "GET /yamaha-f310-acoustic-guitar-review-2020/?ynzmini=/sys//.. HTTP/1.1" 200 10376 "-" "Mozilla/5.0 AppleWebKit/537.36 (KHTML, like Gecko; compatible; Amazonbot/0.1; +https://developer.amazon.com/support/amazonbot) Chrome/119.0.6045.214 Safari/537.36 X-Middleton/1"
54.209.250.19 - - [23/Feb/2025:07:59:32 -0500] "GET /m/form41132763.html?s=fvUZC7L1f HTTP/1.1" 200 153504 "-" "Mozilla/5.0 (Linux; Android 6.0.1; Nexus 5X Build/MMB29P) AppleWebKit/537.36 (KHTML, like Gecko) Chrome/133.0.6943.53 Mobile Safari/537.36 (compatible; Googlebot/2.1; +http://www.google.com/bot.html) X-Middleton/1"
54.196.44.86 - - [23/Feb/2025:07:59:33 -0500] "GET /Israeli/y125?pid=8379 HTTP/1.1" 200 147947 "-" "Mozilla/5.0 (Linux; Android 6.0.1; Nexus 5X Build/MMB29P) AppleWebKit/537.36 (KHTML, like Gecko) Chrome/133.0.6943.53 Mobile Safari/537.36 (compatible; Googlebot/2.1; +http://www.google.com/bot.html) X-Middleton/1"
54.234.205.77 - - [23/Feb/2025:07:59:35 -0500] "GET /yamaha-f310-acoustic-guitar-review-2020/?file=/sys//../.mp HTTP/1.1" 404 6293 "-" "Mozilla/5.0 AppleWebKit/537.36 (KHTML, like Gecko; compatible; Amazonbot/0.1; +https://developer.amazon.com/support/amazonbot) Chrome/119.0.6045.214 Safari/537.36 X-Middleton/1"
18.212.120.70 - - [23/Feb/2025:07:59:35 -0500] "GET /m046015413?page=upload HTTP/1.1" 200 6252 "-" "Mozilla/5.0 AppleWebKit/537.36 (KHTML, like Gecko; compatible; ClaudeBot/1.0; +claudebot@anthropic.com) X-Middleton/1"
3.87.139.20 - - [23/Feb/2025:07:59:36 -0500] "GET /listen/r20?pid=17320/shop/detail?shop_id=1 HTTP/1.1" 200 144549 "-" "Mozilla/5.0 (Linux; Android 6.0.1; Nexus 5X Build/MMB29P) AppleWebKit/537.36 (KHTML, like Gecko) Chrome/133.0.6943.53 Mobile Safari/537.36 (compatible; GoogleOther) X-Middleton/1"
35.175.240.220 - - [23/Feb/2025:07:59:38 -0500] "GET /m174019761?ynzmini=/home/guitarlisty/public_html/sym404 HTTP/1.1" 200 264536 "-" "Mozilla/5.0 (X11; U; Linux i686; en-US; rv:1.9.2.2pre) Gecko/20100312 Ubuntu/9.04 (jaunty) Firefox/3.6 X-Middleton/1"
54.144.101.254 - - [23/Feb/2025:07:59:38 -0500] "GET /quote/m163?pid=8203 HTTP/1.1" 200 43286 "-" "Mozilla/5.0 (Linux; Android 8.0; Pixel 2 Build/OPD3.170816.012) AppleWebKit/537.36 (KHTML, like Gecko) Chrome/72.0.3626.121 Mobile Safari/537.36 (compatible; EzoicBot-Nicheiq; +http://www.ezoic.com/bot) X-Middleton/1"
54.209.250.19 - - [23/Feb/2025:07:59:39 -0500] "GET /yamaha-f310-acoustic-guitar-review-2020/?rmfolder=/sys//.. HTTP/1.1" 500 45919 "-" "Mozilla/5.0 AppleWebKit/537.36 (KHTML, like Gecko; compatible; Amazonbot/0.1; +https://developer.amazon.com/support/amazonbot) Chrome/119.0.6045.214 Safari/537.36 X-Middleton/1"
3.90.39.225 - - [23/Feb/2025:07:59:39 -0500] "GET /desert/r20?pid=17320/shop/detail?shop_id=1 HTTP/1.1" 200 152773 "-" "Mozilla/5.0 (Linux; Android 6.0.1; Nexus 5X Build/MMB29P) AppleWebKit/537.36 (KHTML, like Gecko) Chrome/133.0.6943.53 Mobile Safari/537.36 (compatible; GoogleOther) X-Middleton/1"
35.173.180.132 - - [23/Feb/2025:07:59:40 -0500] "GET /m260009001?ynzmini=%2Fhome%2F%2Fivillag HTTP/1.1" 200 6209 "-" "Mozilla/5.0 AppleWebKit/537.36 (KHTML, like Gecko; compatible; ClaudeBot/1.0; +claudebot@anthropic.com) X-Middleton/1"
54.158.15.14 - - [23/Feb/2025:07:59:40 -0500] "GET /outline/b165?rmfolder=%2Fhome%2Fguitarlisty%2Fpublic_html%2F. HTTP/1.1" 200 43280 "-" "Mozilla/5.0 AppleWebKit/537.36 (KHTML, like Gecko; compatible; ClaudeBot/1.0; +claudebot@anthropic.com) X-Middleton/1"
98.83.149.163 - - [23/Feb/2025:07:59:43 -0500] "GET /yamaha-f310-acoustic-guitar-review-2020/?ynzmini=/sys//../ HTTP/1.1" 200 10406 "-" "Mozilla/5.0 AppleWebKit/537.36 (KHTML, like Gecko; compatible; Amazonbot/0.1; +https://developer.amazon.com/support/amazonbot) Chrome/119.0.6045.214 Safari/537.36 X-Middleton/1"
34.226.215.117 - - [23/Feb/2025:07:59:43 -0500] "GET /chain/r20?pid=17320/help/help_04_2.html/86699help/help_04_2.html HTTP/1.1" 200 146399 "-" "Mozilla/5.0 (Linux; Android 6.0.1; Nexus 5X Build/MMB29P) AppleWebKit/537.36 (KHTML, like Gecko) Chrome/133.0.6943.53 Mobile Safari/537.36 (compatible; GoogleOther) X-Middleton/1"
184.72.213.252 - - [23/Feb/2025:07:59:43 -0500] "GET /pages.php?14fyct4949.html HTTP/1.1" 200 43282 "-" "Mozilla/5.0 AppleWebKit/537.36 (KHTML, like Gecko; compatible; GPTBot/1.2; +https://openai.com/gptbot) X-Middleton/1"
35.173.219.106 - - [23/Feb/2025:07:59:45 -0500] "GET /else/w293?ynzmini=%2Fhome%2Fguitarlisty%2Fpublic_html%2F..%2Ftmp HTTP/1.1" 404 7955 "-" "Mozilla/5.0 AppleWebKit/537.36 (KHTML, like Gecko; compatible; ClaudeBot/1.0; +claudebot@anthropic.com) X-Middleton/1"
18.232.117.100 - - [23/Feb/2025:07:59:45 -0500] "GET /cue/s119?file=%2Fhome%2Fguitarlisty%2F%2F.bash_profile HTTP/1.1" 200 6492 "-" "Mozilla/5.0 AppleWebKit/537.36 (KHTML, like Gecko; compatible; ClaudeBot/1.0; +claudebot@anthropic.com) X-Middleton/1"
107.20.115.131 - - [23/Feb/2025:07:59:46 -0500] "GET /consent/f204?pid=22796 HTTP/1.1" 200 43286 "-" "Mozilla/5.0 (Linux; Android 8.0; Pixel 2 Build/OPD3.170816.012) AppleWebKit/537.36 (KHTML, like Gecko) Chrome/72.0.3626.121 Mobile Safari/537.36 (compatible; EzoicBot-Nicheiq; +http://www.ezoic.com/bot) X-Middleton/1"
3.81.58.205 - - [23/Feb/2025:07:59:46 -0500] "GET /fortune/r20?pid=17320 HTTP/1.1" 200 154489 "-" "Mozilla/5.0 (Linux; Android 6.0.1; Nexus 5X Build/MMB29P) AppleWebKit/537.36 (KHTML, like Gecko) Chrome/133.0.6943.53 Mobile Safari/537.36 (compatible; GoogleOther) X-Middleton/1"
18.212.120.70 - - [23/Feb/2025:07:59:47 -0500] "GET /yamaha-f310-acoustic-guitar-review-2020/?ynzmini=/sys//bus HTTP/1.1" 200 11258 "-" "Mozilla/5.0 AppleWebKit/537.36 (KHTML, like Gecko; compatible; Amazonbot/0.1; +https://developer.amazon.com/support/amazonbot) Chrome/119.0.6045.214 Safari/537.36 X-Middleton/1"
3.81.58.205 - - [23/Feb/2025:07:59:50 -0500] "GET /aid/v143?pid=19463 HTTP/1.1" 500 45913 "-" "Mozilla/5.0 AppleWebKit/537.36 (KHTML, like Gecko; compatible; ClaudeBot/1.0; +claudebot@anthropic.com) X-Middleton/1"
50.17.142.168 - - [23/Feb/2025:07:59:50 -0500] "GET /information/r20?pid=17320/shop/detail?shop_id=1 HTTP/1.1" 200 144892 "-" "Mozilla/5.0 (Linux; Android 6.0.1; Nexus 5X Build/MMB29P) AppleWebKit/537.36 (KHTML, like Gecko) Chrome/133.0.6943.53 Mobile Safari/537.36 (compatible; GoogleOther) X-Middleton/1"
54.158.15.14 - - [23/Feb/2025:07:59:50 -0500] "GET /herself/z283?file=%2Fhome%2Fguitarlisty%2Fpublic_html%2F%2Finputs.php HTTP/1.1" 200 11249 "-" "Mozilla/5.0 AppleWebKit/537.36 (KHTML, like Gecko; compatible; ClaudeBot/1.0; +claudebot@anthropic.com) X-Middleton/1"
54.226.129.235 - - [23/Feb/2025:07:59:50 -0500] "GET /alter/h72?file=%2Fhome%2Fguitarlisty%2Fpublic_html%2F%2Fwp-signup.php HTTP/1.1" 200 44274 "-" "Mozilla/5.0 AppleWebKit/537.36 (KHTML, like Gecko; compatible; ClaudeBot/1.0; +claudebot@anthropic.com) X-Middleton/1"
3.81.133.169 - - [23/Feb/2025:07:59:51 -0500] "GET /pages.php?26pek20767.html HTTP/1.1" 200 43284 "-" "Mozilla/5.0 AppleWebKit/537.36 (KHTML, like Gecko; compatible; GPTBot/1.2; +https://openai.com/gptbot) X-Middleton/1"
3.81.110.12 - - [23/Feb/2025:07:59:51 -0500] "GET /yamaha-f310-acoustic-guitar-review-2020/?ynzmini=/sys//dev HTTP/1.1" 200 6760 "-" "Mozilla/5.0 AppleWebKit/537.36 (KHTML, like Gecko; compatible; Amazonbot/0.1; +https://developer.amazon.com/support/amazonbot) Chrome/119.0.6045.214 Safari/537.36 X-Middleton/1"
54.164.180.114 - - [23/Feb/2025:07:59:53 -0500] "GET /accelerate/r20?pid=17320/86699help/help_04_2.html HTTP/1.1" 200 455172 "-" "Mozilla/5.0 (Linux; Android 6.0.1; Nexus 5X Build/MMB29P) AppleWebKit/537.36 (KHTML, like Gecko) Chrome/133.0.6943.53 Mobile Safari/537.36 (compatible; GoogleOther) X-Middleton/1"
3.81.214.139 - - [23/Feb/2025:07:59:54 -0500] "GET /m174019761?ynzmini=/home/guitarlisty/public_html/wp-includes HTTP/1.1" 404 77554 "-" "Mozilla/5.0 (Windows; U; Windows NT 6.1; en-GB; rv:1.9.2.8) Gecko/20100722 Firefox/3.6.8 ( .NET CLR 3.5.30729; .NET4.0C) X-Middleton/1"
107.20.82.18 - - [23/Feb/2025:07:59:54 -0500] "GET /m075015790?srsltid=AfmBOoVPvknLRSFEyhj2qL_Y6EN3vlT22_OwdJlan6-W-YySrzRRwt HTTP/1.1" 200 43284 "-" "Mozilla/5.0 (Linux; Android 8.0; Pixel 2 Build/OPD3.170816.012) AppleWebKit/537.36 (KHTML, like Gecko) Chrome/72.0.3626.121 Mobile Safari/537.36 (compatible; EzoicBot-Nicheiq; +http://www.ezoic.com/bot) X-Middleton/1"
3.90.112.236 - - [23/Feb/2025:07:59:55 -0500] "GET /fraud/k297?pid=33907 HTTP/1.1" 200 43280 "-" "Mozilla/5.0 AppleWebKit/537.36 (KHTML, like Gecko; compatible; ClaudeBot/1.0; +claudebot@anthropic.com) X-Middleton/1"
23.22.111.12 - - [23/Feb/2025:07:59:55 -0500] "GET /outer/n66?edit=true&file=%2Fhome%2Fguitarlisty%2Fpublic_html%2Fitem.php HTTP/1.1" 200 8901 "-" "Mozilla/5.0 AppleWebKit/537.36 (KHTML, like Gecko; compatible; ClaudeBot/1.0; +claudebot@anthropic.com) X-Middleton/1"
3.89.44.170 - - [23/Feb/2025:07:59:55 -0500] "GET /or/p287?delete=true&file=%2Fhome%2Fguitarlisty%2Fpublic_html%2Findex.php HTTP/1.1" 200 6455 "-" "Mozilla/5.0 AppleWebKit/537.36 (KHTML, like Gecko; compatible; ClaudeBot/1.0; +claudebot@anthropic.com) X-Middleton/1"
54.164.180.114 - - [23/Feb/2025:07:59:56 -0500] "GET /yamaha-f310-acoustic-guitar-review-2020/?ynzmini=/sys//fs HTTP/1.1" 200 7044 "-" "Mozilla/5.0 AppleWebKit/537.36 (KHTML, like Gecko; compatible; Amazonbot/0.1; +https://developer.amazon.com/support/amazonbot) Chrome/119.0.6045.214 Safari/537.36 X-Middleton/1"
3.92.71.7 - - [23/Feb/2025:07:59:57 -0500] "GET /swallow/r20?pid=17320/shop/detail?shop_id=1/help/help_04_2.html HTTP/1.1" 200 163285 "-" "Mozilla/5.0 (Linux; Android 6.0.1; Nexus 5X Build/MMB29P) AppleWebKit/537.36 (KHTML, like Gecko) Chrome/133.0.6943.53 Mobile Safari/537.36 (compatible; GoogleOther) X-Middleton/1"
54.198.248.107 - - [23/Feb/2025:07:59:58 -0500] "GET /cry/l262?file=%2Fhome%2Fguitarlisty%2Fpublic_html%2F.%2Fcookie.txt HTTP/1.1" 404 6585 "-" "Mozilla/5.0 AppleWebKit/537.36 (KHTML, like Gecko; compatible; ClaudeBot/1.0; +claudebot@anthropic.com) X-Middleton/1"
54.158.15.14 - - [23/Feb/2025:07:59:59 -0500] "GET /yamaha-f310-acoustic-guitar-review-2020/?rmfolder=/sys//fs HTTP/1.1" 500 45918 "-" "Mozilla/5.0 AppleWebKit/537.36 (KHTML, like Gecko; compatible; Amazonbot/0.1; +https://developer.amazon.com/support/amazonbot) Chrome/119.0.6045.214 Safari/537.36 X-Middleton/1"
3.94.247.247 - - [23/Feb/2025:08:00:00 -0500] "GET /m137002516?ynzmini=%2F%2Fopt HTTP/1.1" 200 7586 "-" "Mozilla/5.0 AppleWebKit/537.36 (KHTML, like Gecko; compatible; ClaudeBot/1.0; +claudebot@anthropic.com) X-Middleton/1"
3.81.110.12 - - [23/Feb/2025:08:00:00 -0500] "GET /producer/d233?pid=22103 HTTP/1.1" 200 43279 "-" "Mozilla/5.0 AppleWebKit/537.36 (KHTML, like Gecko; compatible; ClaudeBot/1.0; +claudebot@anthropic.com) X-Middleton/1"
54.144.101.254 - - [23/Feb/2025:08:00:00 -0500] "GET /agent/c28?delete=true&file=%2Fhome%2Fguitarlisty%2Fpublic_html%2Frobots.txt HTTP/1.1" 200 6459 "-" "Mozilla/5.0 AppleWebKit/537.36 (KHTML, like Gecko; compatible; ClaudeBot/1.0; +claudebot@anthropic.com) X-Middleton/1"
18.212.120.70 - - [23/Feb/2025:08:00:00 -0500] "GET /talk/z155?file=%2Fhome%2Fguitarlisty%2Fpublic_html%2Findex.php0&rename=true HTTP/1.1" 200 6564 "-" "Mozilla/5.0 AppleWebKit/537.36 (KHTML, like Gecko; compatible; ClaudeBot/1.0; +claudebot@anthropic.com) X-Middleton/1"
3.90.112.236 - - [23/Feb/2025:08:00:01 -0500] "GET /influence/r20?pid=17320/help/help_04_2.html/shop/detail?shop_id=1 HTTP/1.1" 200 148594 "-" "Mozilla/5.0 (Linux; Android 6.0.1; Nexus 5X Build/MMB29P) AppleWebKit/537.36 (KHTML, like Gecko) Chrome/133.0.6943.53 Mobile Safari/537.36 (compatible; GoogleOther) X-Middleton/1"
98.83.220.235 - - [23/Feb/2025:08:00:02 -0500] "GET /m282020993?srsltid=AfmBOokFqYDJTVMfmn3aFV_CP2MclUSGV_LwmexYCz-Y-AZTcaV0JI HTTP/1.1" 500 45919 "-" "Mozilla/5.0 (Linux; Android 8.0; Pixel 2 Build/OPD3.170816.012) AppleWebKit/537.36 (KHTML, like Gecko) Chrome/72.0.3626.121 Mobile Safari/537.36 (compatible; EzoicBot-Nicheiq; +http://www.ezoic.com/bot) X-Middleton/1"
54.242.51.163 - - [23/Feb/2025:08:00:03 -0500] "GET /m070033115?delete=true&file=%2Fhome%2Fguitarlisty%2Fpublic_html%2Fcookie.txt HTTP/1.1" 200 6459 "-" "Mozilla/5.0 AppleWebKit/537.36 (KHTML, like Gecko; compatible; ClaudeBot/1.0; +claudebot@anthropic.com) X-Middleton/1"
54.156.59.106 - - [23/Feb/2025:08:00:03 -0500] "GET /yamaha-f310-acoustic-guitar-review-2020/?ynzmini=/sys//fs/ HTTP/1.1" 200 7051 "-" "Mozilla/5.0 AppleWebKit/537.36 (KHTML, like Gecko; compatible; Amazonbot/0.1; +https://developer.amazon.com/support/amazonbot) Chrome/119.0.6045.214 Safari/537.36 X-Middleton/1"
54.156.59.106 - - [23/Feb/2025:08:00:04 -0500] "GET /sound/r20?pid=17320/shop/detail?shop_id=1/help/help_04_2.html HTTP/1.1" 200 146434 "-" "Mozilla/5.0 (Linux; Android 6.0.1; Nexus 5X Build/MMB29P) AppleWebKit/537.36 (KHTML, like Gecko) Chrome/133.0.6943.53 Mobile Safari/537.36 (compatible; GoogleOther) X-Middleton/1"
35.173.219.106 - - [23/Feb/2025:08:00:05 -0500] "GET /net/s17?edit=true&file=%2Fetc%2Fresolv.conf HTTP/1.1" 200 6543 "-" "Mozilla/5.0 AppleWebKit/537.36 (KHTML, like Gecko; compatible; ClaudeBot/1.0; +claudebot@anthropic.com) X-Middleton/1"
184.72.213.252 - - [23/Feb/2025:08:00:05 -0500] "GET /sleeve/j111?ynzmini=%2F%2Flost+found HTTP/1.1" 200 6154 "-" "Mozilla/5.0 AppleWebKit/537.36 (KHTML, like Gecko; compatible; ClaudeBot/1.0; +claudebot@anthropic.com) X-Middleton/1"
107.20.82.18 - - [23/Feb/2025:08:00:05 -0500] "GET /viewer/d56?ynzmini=%2Fhome%2Fguitarlisty%2Fpublic_html%2Fsym404%2Fmarkaust-IPB.txt404 HTTP/1.1" 200 7015 "-" "Mozilla/5.0 AppleWebKit/537.36 (KHTML, like Gecko; compatible; ClaudeBot/1.0; +claudebot@anthropic.com) X-Middleton/1"
35.175.240.220 - - [23/Feb/2025:08:00:07 -0500] "GET /m/yes61389269.html?page=newfile HTTP/1.1" 404 6318 "-" "Mozilla/5.0 (Windows; U; Windows NT 5.1; nb-NO; rv:1.9.2.4) Gecko/20100611 Firefox/3.6.4 (.NET CLR 3.5.30729) X-Middleton/1"
52.207.162.105 - - [23/Feb/2025:08:00:08 -0500] "GET /m157000732?file=%2Fhome%2Fguitarlisty%2Fpublic_html%2Fwp-signup.php&rename=true HTTP/1.1" 404 6576 "-" "Mozilla/5.0 AppleWebKit/537.36 (KHTML, like Gecko; compatible; ClaudeBot/1.0; +claudebot@anthropic.com) X-Middleton/1"
3.89.44.170 - - [23/Feb/2025:08:00:08 -0500] "GET /yamaha-f310-acoustic-guitar-review-2020/?ynzmini=/sys/bus HTTP/1.1" 200 11222 "-" "Mozilla/5.0 AppleWebKit/537.36 (KHTML, like Gecko; compatible; Amazonbot/0.1; +https://developer.amazon.com/support/amazonbot) Chrome/119.0.6045.214 Safari/537.36 X-Middleton/1"
3.81.133.169 - - [23/Feb/2025:08:00:08 -0500] "GET /eighth/r20?pid=17320/86699help/help_04_2.html/help/help_04_2.html HTTP/1.1" 200 456699 "-" "Mozilla/5.0 (Linux; Android 6.0.1; Nexus 5X Build/MMB29P) AppleWebKit/537.36 (KHTML, like Gecko) Chrome/133.0.6943.53 Mobile Safari/537.36 (compatible; GoogleOther) X-Middleton/1"
54.234.205.77 - - [23/Feb/2025:08:00:08 -0500] "GET /never/e34?edit=true&file=%2Fetc%2Fresolv.conf HTTP/1.1" 200 6543 "-" "Mozilla/5.0 AppleWebKit/537.36 (KHTML, like Gecko; compatible; ClaudeBot/1.0; +claudebot@anthropic.com) X-Middleton/1"
107.20.115.131 - - [23/Feb/2025:08:00:10 -0500] "GET /front/r282?ynzmini=%2Fhome%2Fguitarlisty%2F%2F.koality HTTP/1.1" 200 6822 "-" "Mozilla/5.0 AppleWebKit/537.36 (KHTML, like Gecko; compatible; ClaudeBot/1.0; +claudebot@anthropic.com) X-Middleton/1"
3.81.133.169 - - [23/Feb/2025:08:00:10 -0500] "GET /pit/n71?ynzmini=%2Fhome%2F%2Fflamingo HTTP/1.1" 200 6213 "-" "Mozilla/5.0 AppleWebKit/537.36 (KHTML, like Gecko; compatible; ClaudeBot/1.0; +claudebot@anthropic.com) X-Middleton/1"
54.144.101.254 - - [23/Feb/2025:08:00:10 -0500] "GET /m201008512?srsltid=AfmBOoCkPorAfYkmnyWpFI_7qpPKoEVtk_sEdwl0ca-V-rnseVbFli HTTP/1.1" 200 43286 "-" "Mozilla/5.0 (Linux; Android 8.0; Pixel 2 Build/OPD3.170816.012) AppleWebKit/537.36 (KHTML, like Gecko) Chrome/72.0.3626.121 Mobile Safari/537.36 (compatible; EzoicBot-Nicheiq; +http://www.ezoic.com/bot) X-Middleton/1"
54.164.180.114 - - [23/Feb/2025:08:00:11 -0500] "GET /yamaha-f310-acoustic-guitar-review-2020/?rmfolder=/sys/bus HTTP/1.1" 200 43286 "-" "Mozilla/5.0 AppleWebKit/537.36 (KHTML, like Gecko; compatible; Amazonbot/0.1; +https://developer.amazon.com/support/amazonbot) Chrome/119.0.6045.214 Safari/537.36 X-Middleton/1"
54.242.51.163 - - [23/Feb/2025:08:00:11 -0500] "GET /wrap/r20?pid=17320 HTTP/1.1" 200 149380 "-" "Mozilla/5.0 (Linux; Android 6.0.1; Nexus 5X Build/MMB29P) AppleWebKit/537.36 (KHTML, like Gecko) Chrome/133.0.6943.53 Mobile Safari/537.36 (compatible; GoogleOther) X-Middleton/1"
66.249.79.37 - - [23/Feb/2025:08:00:12 -0500] "GET /m028001063?srsltid=AfmBOoJpMycZkItIBUSGnd_Ydr5xK9XnD_DgPXNEKz-N-jQ4UA8Y8n HTTP/1.1" 200 25833 "-" "Mozilla/5.0 (Linux; Android 6.0.1; Nexus 5X Build/MMB29P) AppleWebKit/537.36 (KHTML, like Gecko) Chrome/133.0.6943.53 Mobile Safari/537.36 (compatible; Googlebot/2.1; +http://www.google.com/bot.html)"
54.198.124.77 - - [23/Feb/2025:08:00:13 -0500] "GET /m225028014?ynzmini=%2Fhome%2Fguitarlisty%2Fpublic_html%2Fsym404%2Fpolkitd-WHMCS.txt404 HTTP/1.1" 404 7021 "-" "Mozilla/5.0 AppleWebKit/537.36 (KHTML, like Gecko; compatible; ClaudeBot/1.0; +claudebot@anthropic.com) X-Middleton/1"
54.234.205.77 - - [23/Feb/2025:08:00:13 -0500] "GET /m017001608?ynzmini=%2Fhome%2Fguitarlisty%2F%2F.htpasswds HTTP/1.1" 404 7015 "-" "Mozilla/5.0 AppleWebKit/537.36 (KHTML, like Gecko; compatible; ClaudeBot/1.0; +claudebot@anthropic.com) X-Middleton/1"
18.232.117.100 - - [23/Feb/2025:08:00:15 -0500] "GET /instinct/f250?ynzmini=%2Fhome%2Fguitarlisty%2F%2Faccess-logs HTTP/1.1" 404 7061 "-" "Mozilla/5.0 AppleWebKit/537.36 (KHTML, like Gecko; compatible; ClaudeBot/1.0; +claudebot@anthropic.com) X-Middleton/1"
34.226.215.117 - - [23/Feb/2025:08:00:15 -0500] "GET /liquid/u253?ynzmini=%2Fhome%2Fguitarlisty%2F%2Fpublic_html HTTP/1.1" 200 15599 "-" "Mozilla/5.0 AppleWebKit/537.36 (KHTML, like Gecko; compatible; ClaudeBot/1.0; +claudebot@anthropic.com) X-Middleton/1"
35.171.189.120 - - [23/Feb/2025:08:00:15 -0500] "GET /yamaha-f310-acoustic-guitar-review-2020/?ynzmini=/sys/bus/ HTTP/1.1" 200 11257 "-" "Mozilla/5.0 AppleWebKit/537.36 (KHTML, like Gecko; compatible; Amazonbot/0.1; +https://developer.amazon.com/support/amazonbot) Chrome/119.0.6045.214 Safari/537.36 X-Middleton/1"
54.164.180.114 - - [23/Feb/2025:08:00:15 -0500] "GET /away/k149?pid=10191/help/help_04_2.html/86699help/help_04_2.html HTTP/1.1" 200 164096 "-" "Mozilla/5.0 (Linux; Android 6.0.1; Nexus 5X Build/MMB29P) AppleWebKit/537.36 (KHTML, like Gecko) Chrome/133.0.6943.53 Mobile Safari/537.36 (compatible; GoogleOther) X-Middleton/1"
3.81.214.139 - - [23/Feb/2025:08:00:18 -0500] "GET /type/w5?ynzmini=%2F%2Fusr HTTP/1.1" 200 8083 "-" "Mozilla/5.0 AppleWebKit/537.36 (KHTML, like Gecko; compatible; ClaudeBot/1.0; +claudebot@anthropic.com) X-Middleton/1"
35.173.180.132 - - [23/Feb/2025:08:00:18 -0500] "GET /texture/k161?pid=34557 HTTP/1.1" 500 45920 "-" "Mozilla/5.0 (Linux; Android 8.0; Pixel 2 Build/OPD3.170816.012) AppleWebKit/537.36 (KHTML, like Gecko) Chrome/72.0.3626.121 Mobile Safari/537.36 (compatible; EzoicBot-Nicheiq; +http://www.ezoic.com/bot) X-Middleton/1"
54.158.15.14 - - [23/Feb/2025:08:00:18 -0500] "GET /m057048458?ynzmini=%2Fhome%2Fguitarlisty%2Fpublic_html%2Fabout%2F.. HTTP/1.1" 200 16232 "-" "Mozilla/5.0 AppleWebKit/537.36 (KHTML, like Gecko; compatible; ClaudeBot/1.0; +claudebot@anthropic.com) X-Middleton/1"
18.232.117.100 - - [23/Feb/2025:08:00:19 -0500] "GET /yamaha-f310-acoustic-guitar-review-2020/?ynzmini=/sys/dev HTTP/1.1" 200 6754 "-" "Mozilla/5.0 AppleWebKit/537.36 (KHTML, like Gecko; compatible; Amazonbot/0.1; +https://developer.amazon.com/support/amazonbot) Chrome/119.0.6045.214 Safari/537.36 X-Middleton/1"
54.196.44.86 - - [23/Feb/2025:08:00:19 -0500] "GET /seminar/r20?pid=17320 HTTP/1.1" 200 142261 "-" "Mozilla/5.0 (Linux; Android 6.0.1; Nexus 5X Build/MMB29P) AppleWebKit/537.36 (KHTML, like Gecko) Chrome/133.0.6943.53 Mobile Safari/537.36 (compatible; GoogleOther) X-Middleton/1"
54.196.44.86 - - [23/Feb/2025:08:00:20 -0500] "GET /m/your60117261.html?file=/home/guitarlisty/public_html/options.php HTTP/1.1" 200 8782 "-" "Mozilla/5.0 (Windows NT 5.0; WOW64; rv:6.0) Gecko/20100101 Firefox/6.0 X-Middleton/1"
18.212.120.70 - - [23/Feb/2025:08:00:20 -0500] "GET /m105015008?ynzmini=%2Fhome%2Fguitarlisty%2Fpublic_html%2F%2F. HTTP/1.1" 200 15800 "-" "Mozilla/5.0 AppleWebKit/537.36 (KHTML, like Gecko; compatible; ClaudeBot/1.0; +claudebot@anthropic.com) X-Middleton/1"
3.81.110.12 - - [23/Feb/2025:08:00:20 -0500] "GET /m/queue82801791.html?ynzmini=%2Fhome%2Fguitarlisty%2Fpublic_html HTTP/1.1" 200 15544 "-" "Mozilla/5.0 AppleWebKit/537.36 (KHTML, like Gecko; compatible; ClaudeBot/1.0; +claudebot@anthropic.com) X-Middleton/1"
54.198.124.77 - - [23/Feb/2025:08:00:22 -0500] "GET /twelve/k149?pid=10191/86699help/help_04_2.html HTTP/1.1" 200 148084 "-" "Mozilla/5.0 (Linux; Android 6.0.1; Nexus 5X Build/MMB29P) AppleWebKit/537.36 (KHTML, like Gecko) Chrome/133.0.6943.53 Mobile Safari/537.36 (compatible; GoogleOther) X-Middleton/1"
18.209.166.209 - - [23/Feb/2025:08:00:23 -0500] "GET /flood/f74?ynzmini=%2F%2Fbin HTTP/1.1" 200 208014 "-" "Mozilla/5.0 AppleWebKit/537.36 (KHTML, like Gecko; compatible; ClaudeBot/1.0; +claudebot@anthropic.com) X-Middleton/1"
3.92.71.7 - - [23/Feb/2025:08:00:23 -0500] "GET /yamaha-f310-acoustic-guitar-review-2020/?rmfolder=/sys/dev HTTP/1.1" 200 43281 "-" "Mozilla/5.0 AppleWebKit/537.36 (KHTML, like Gecko; compatible; Amazonbot/0.1; +https://developer.amazon.com/support/amazonbot) Chrome/119.0.6045.214 Safari/537.36 X-Middleton/1"
52.205.171.15 - - [23/Feb/2025:08:00:23 -0500] "GET /m071017496?file=%2Fhome%2Fguitarlisty%2Fpublic_html%2F.%2Fadminer.php HTTP/1.1" 200 6384 "-" "Mozilla/5.0 AppleWebKit/537.36 (KHTML, like Gecko; compatible; ClaudeBot/1.0; +claudebot@anthropic.com) X-Middleton/1"
35.173.219.106 - - [23/Feb/2025:08:00:25 -0500] "GET /m008042337?ynzmini=%2Fhome%2Fguitarlisty%2Fpublic_html%2Fabout%2F HTTP/1.1" 200 6979 "-" "Mozilla/5.0 AppleWebKit/537.36 (KHTML, like Gecko; compatible; ClaudeBot/1.0; +claudebot@anthropic.com) X-Middleton/1"
54.144.101.254 - - [23/Feb/2025:08:00:25 -0500] "GET /practical/c288?ynzmini=%2Fhome%2Fguitarlisty%2Fpublic_html%2F..%2F.trash HTTP/1.1" 200 7074 "-" "Mozilla/5.0 AppleWebKit/537.36 (KHTML, like Gecko; compatible; ClaudeBot/1.0; +claudebot@anthropic.com) X-Middleton/1"
54.158.15.14 - - [23/Feb/2025:08:00:26 -0500] "GET /alleged/a34?pid=43602 HTTP/1.1" 200 43284 "-" "Mozilla/5.0 (Linux; Android 8.0; Pixel 2 Build/OPD3.170816.012) AppleWebKit/537.36 (KHTML, like Gecko) Chrome/72.0.3626.121 Mobile Safari/537.36 (compatible; EzoicBot-Nicheiq; +http://www.ezoic.com/bot) X-Middleton/1"
54.234.205.77 - - [23/Feb/2025:08:00:26 -0500] "GET /together/k149?pid=10191 HTTP/1.1" 200 145341 "-" "Mozilla/5.0 (Linux; Android 6.0.1; Nexus 5X Build/MMB29P) AppleWebKit/537.36 (KHTML, like Gecko) Chrome/133.0.6943.53 Mobile Safari/537.36 (compatible; GoogleOther) X-Middleton/1"
54.196.44.86 - - [23/Feb/2025:08:00:27 -0500] "GET /yamaha-f310-acoustic-guitar-review-2020/?ynzmini=/sys/dev/ HTTP/1.1" 200 6759 "-" "Mozilla/5.0 AppleWebKit/537.36 (KHTML, like Gecko; compatible; Amazonbot/0.1; +https://developer.amazon.com/support/amazonbot) Chrome/119.0.6045.214 Safari/537.36 X-Middleton/1"
54.234.205.77 - - [23/Feb/2025:08:00:27 -0500] "GET /m218042407?ynzmini=%2Ftmp%2F.. HTTP/1.1" 200 10345 "-" "Mozilla/5.0 AppleWebKit/537.36 (KHTML, like Gecko; compatible; ClaudeBot/1.0; +claudebot@anthropic.com) X-Middleton/1"
54.226.129.235 - - [23/Feb/2025:08:00:28 -0500] "GET /heavily/e262?ynzmini=%2F%2Fscripts HTTP/1.1" 200 81630 "-" "Mozilla/5.0 AppleWebKit/537.36 (KHTML, like Gecko; compatible; ClaudeBot/1.0; +claudebot@anthropic.com) X-Middleton/1"
3.89.44.170 - - [23/Feb/2025:08:00:28 -0500] "GET /m258040401?ynzmini=%2Fhome%2Fguitarlisty%2Fpublic_html%2F.well-known.tmp%2F HTTP/1.1" 200 7884 "-" "Mozilla/5.0 AppleWebKit/537.36 (KHTML, like Gecko; compatible; ClaudeBot/1.0; +claudebot@anthropic.com) X-Middleton/1"
54.156.59.106 - - [23/Feb/2025:08:00:30 -0500] "GET /begin/j176?delete=true&file=%2Fhome%2Fguitarlisty%2Fpublic_html%2Fclick.php HTTP/1.1" 404 6455 "-" "Mozilla/5.0 AppleWebKit/537.36 (KHTML, like Gecko; compatible; ClaudeBot/1.0; +claudebot@anthropic.com) X-Middleton/1"
52.205.171.15 - - [23/Feb/2025:08:00:30 -0500] "GET /extra/r20?pid=17320/help/help_04_2.html/shop/detail?shop_id=1 HTTP/1.1" 200 456178 "-" "Mozilla/5.0 (Linux; Android 6.0.1; Nexus 5X Build/MMB29P) AppleWebKit/537.36 (KHTML, like Gecko) Chrome/133.0.6943.53 Mobile Safari/537.36 (compatible; GoogleOther) X-Middleton/1"
3.90.39.225 - - [23/Feb/2025:08:00:31 -0500] "GET /m/affir81546015.html?ynzmini=%2Ftmp HTTP/1.1" 200 6811 "-" "Mozilla/5.0 AppleWebKit/537.36 (KHTML, like Gecko; compatible; ClaudeBot/1.0; +claudebot@anthropic.com) X-Middleton/1"
54.158.15.14 - - [23/Feb/2025:08:00:31 -0500] "GET /yamaha-f310-acoustic-guitar-review-2020/?ynzmini=//sys/.. HTTP/1.1" 200 10377 "-" "Mozilla/5.0 AppleWebKit/537.36 (KHTML, like Gecko; compatible; Amazonbot/0.1; +https://developer.amazon.com/support/amazonbot) Chrome/119.0.6045.214 Safari/537.36 X-Middleton/1"
34.229.105.159 - - [23/Feb/2025:08:00:32 -0500] "GET /scream/y19?file=%2Fhome%2Fguitarlisty%2F%2F.wp-toolkit-identifier HTTP/1.1" 200 7062 "-" "Mozilla/5.0 AppleWebKit/537.36 (KHTML, like Gecko; compatible; ClaudeBot/1.0; +claudebot@anthropic.com) X-Middleton/1"
54.144.101.254 - - [23/Feb/2025:08:00:33 -0500] "GET /shuttle/j86?ynzmini=%2Fhome%2Fguitarlisty%2Fpublic_html%2F%2F123 HTTP/1.1" 200 8375 "-" "Mozilla/5.0 AppleWebKit/537.36 (KHTML, like Gecko; compatible; ClaudeBot/1.0; +claudebot@anthropic.com) X-Middleton/1"
23.22.111.12 - - [23/Feb/2025:08:00:33 -0500] "GET /pages.php?51mhag9478.html HTTP/1.1" 500 45914 "-" "Mozilla/5.0 AppleWebKit/537.36 (KHTML, like Gecko; compatible; GPTBot/1.2; +https://openai.com/gptbot) X-Middleton/1"
