54.196.44.86 - - [23/Feb/2025:07:28:51 -0500] "GET /yamaha-f310-acoustic-guitar-review-2020/?file=/proc/145/io HTTP/1.1" 200 6291 "-" "Mozilla/5.0 AppleWebKit/537.36 (KHTML, like Gecko; compatible; Amazonbot/0.1; +https://developer.amazon.com/support/amazonbot) Chrome/119.0.6045.214 Safari/537.36 X-Middleton/1"
35.171.189.120 - - [23/Feb/2025:07:28:51 -0500] "GET /riot/r265?rmfolder=%2Fhome%2Fguitarlisty%2Fpublic_html%2F289f6 HTTP/1.1" 200 43282 "-" "Mozilla/5.0 AppleWebKit/537.36 (KHTML, like Gecko; compatible; ClaudeBot/1.0; +claudebot@anthropic.com) X-Middleton/1"
54.198.124.77 - - [23/Feb/2025:07:28:51 -0500] "GET /m277010696?file=%2Fhome%2Fguitarlisty%2F%2F.bash_profile HTTP/1.1" 404 6492 "-" "Mozilla/5.0 AppleWebKit/537.36 (KHTML, like Gecko; compatible; ClaudeBot/1.0; +claudebot@anthropic.com) X-Middleton/1"
54.234.205.77 - - [23/Feb/2025:07:28:52 -0500] "GET /cloud/k65?ynzmini=%2Fhome%2Fguitarlisty%2Fpublic_html%2Fwp-includes%2Frest-api HTTP/1.1" 404 9797 "-" "Mozilla/5.0 AppleWebKit/537.36 (KHTML, like Gecko; compatible; ClaudeBot/1.0; +claudebot@anthropic.com) X-Middleton/1"
18.212.120.70 - - [23/Feb/2025:07:28:53 -0500] "GET /m130038381?srsltid=AfmBOotBIiIWccJkJFtes0_ywiahNvWI9_iCm6hlJH-F-mKPIUB39v HTTP/1.1" 200 43281 "-" "Mozilla/5.0 AppleWebKit/537.36 (KHTML, like Gecko; compatible; ClaudeBot/1.0; +claudebot@anthropic.com) X-Middleton/1"
54.208.214.128 - - [23/Feb/2025:07:28:53 -0500] "GET /m188013251?srsltid=AfmBOoEYwKbDIQWI7k7raQ_fLZFCW2wXn_70pXF5yv-I-hHEF4QjPi HTTP/1.1" 200 43282 "-" "Mozilla/5.0 AppleWebKit/537.36 (KHTML, like Gecko; compatible; ClaudeBot/1.0; +claudebot@anthropic.com) X-Middleton/1"
3.94.247.247 - - [23/Feb/2025:07:28:54 -0500] "GET /pages.php?86lht9703.html HTTP/1.1" 200 43280 "-" "Mozilla/5.0 AppleWebKit/537.36 (KHTML, like Gecko; compatible; GPTBot/1.2; +https://openai.com/gptbot) X-Middleton/1"
54.198.85.7 - - [23/Feb/2025:07:28:55 -0500] "GET /yamaha-f310-acoustic-guitar-review-2020/?ynzmini=/proc/146 HTTP/1.1" 200 13844 "-" "Mozilla/5.0 AppleWebKit/537.36 (KHTML, like Gecko; compatible; Amazonbot/0.1; +https://developer.amazon.com/support/amazonbot) Chrome/119.0.6045.214 Safari/537.36 X-Middleton/1"
54.196.44.86 - - [23/Feb/2025:07:28:55 -0500] "GET /segment/r20?pid=17320 HTTP/1.1" 200 141308 "-" "Mozilla/5.0 (Linux; Android 6.0.1; Nexus 5X Build/MMB29P) AppleWebKit/537.36 (KHTML, like Gecko) Chrome/133.0.6943.53 Mobile Safari/537.36 (compatible; GoogleOther) X-Middleton/1"
54.198.248.107 - - [23/Feb/2025:07:28:55 -0500] "GET /m017043978?srsltid=AfmBOonxOVlfCZmXAFS99T_rKPPxvW9IW_u66xeTIE-S-imsZIPZAe HTTP/1.1" 200 43286 "-" "Mozilla/5.0 (Linux; Android 8.0; Pixel 2 Build/OPD3.170816.012) AppleWebKit/537.36 (KHTML, like Gecko) Chrome/72.0.3626.121 Mobile Safari/537.36 (compatible; EzoicBot-Nicheiq; +http://www.ezoic.com/bot) X-Middleton/1"
3.94.247.247 - - [23/Feb/2025:07:28:56 -0500] "GET /lake/m179?rmfolder=%2Fhome%2Fguitarlisty%2Fpublic_html%2Fsym404 HTTP/1.1" 200 43280 "-" "Mozilla/5.0 AppleWebKit/537.36 (KHTML, like Gecko; compatible; ClaudeBot/1.0; +claudebot@anthropic.com) X-Middleton/1"
54.144.101.254 - - [23/Feb/2025:07:28:56 -0500] "GET /genre/x126?edit=true&file=%2Fhome%2Fguitarlisty%2F%2F.myimunify_id HTTP/1.1" 200 6629 "-" "Mozilla/5.0 AppleWebKit/537.36 (KHTML, like Gecko; compatible; ClaudeBot/1.0; +claudebot@anthropic.com) X-Middleton/1"
54.209.250.19 - - [23/Feb/2025:07:28:57 -0500] "GET /cloud/k65?file=%2Fhome%2Fguitarlisty%2Fpublic_html%2Fwp-includes%2Ffeed-rss.php HTTP/1.1" 200 7870 "-" "Mozilla/5.0 AppleWebKit/537.36 (KHTML, like Gecko; compatible; ClaudeBot/1.0; +claudebot@anthropic.com) X-Middleton/1"
3.90.42.123 - - [23/Feb/2025:07:28:57 -0500] "GET /m/integ81202191.html?s=fGj3gu8pq HTTP/1.1" 500 43717 "-" "Mozilla/5.0 (compatible; SemrushBot/7~bl; +http://www.semrush.com/bot.html) X-Middleton/1"
34.229.105.159 - - [23/Feb/2025:07:28:58 -0500] "GET /m004007797?srsltid=AfmBOowYkzPiQuZlIwiAb7_nwDOB9MDnI_MOfUDgOK-L-9pTV2lDJ3 HTTP/1.1" 500 45916 "-" "Mozilla/5.0 AppleWebKit/537.36 (KHTML, like Gecko; compatible; ClaudeBot/1.0; +claudebot@anthropic.com) X-Middleton/1"
54.208.214.128 - - [23/Feb/2025:07:28:58 -0500] "GET /airport/r20?pid=17320/help/help_04_2.html/help/help_04_2.html HTTP/1.1" 200 152674 "-" "Mozilla/5.0 (Linux; Android 6.0.1; Nexus 5X Build/MMB29P) AppleWebKit/537.36 (KHTML, like Gecko) Chrome/133.0.6943.53 Mobile Safari/537.36 (compatible; GoogleOther) X-Middleton/1"
52.205.171.15 - - [23/Feb/2025:07:28:58 -0500] "GET /m/very11992008.html?ynzmini=/home/guitarlisty/public_html/wp-includes HTTP/1.1" 200 77554 "-" "Mozilla/5.0 (Windows; U; Windows NT 5.1; en-US) AppleWebKit/532.2 (KHTML, like Gecko) Chrome/4.0.222.4 Safari/532.2 X-Middleton/1"
54.196.44.86 - - [23/Feb/2025:07:28:59 -0500] "GET /yamaha-f310-acoustic-guitar-review-2020/?file=/proc/146/io HTTP/1.1" 200 6291 "-" "Mozilla/5.0 AppleWebKit/537.36 (KHTML, like Gecko; compatible; Amazonbot/0.1; +https://developer.amazon.com/support/amazonbot) Chrome/119.0.6045.214 Safari/537.36 X-Middleton/1"
3.82.56.176 - - [23/Feb/2025:07:29:00 -0500] "GET /blond/r20?pid=17320/shop/detail?shop_id=1/help/help_04_2.html HTTP/1.1" 200 142627 "-" "Mozilla/5.0 (Linux; Android 6.0.1; Nexus 5X Build/MMB29P) AppleWebKit/537.36 (KHTML, like Gecko) Chrome/133.0.6943.53 Mobile Safari/537.36 (compatible; GoogleOther) X-Middleton/1"
54.164.180.114 - - [23/Feb/2025:07:29:01 -0500] "GET /pole/x65?file=%2Fhome%2Fguitarlisty%2Fpublic_html%2F%2Fproduct.php HTTP/1.1" 200 8873 "-" "Mozilla/5.0 AppleWebKit/537.36 (KHTML, like Gecko; compatible; ClaudeBot/1.0; +claudebot@anthropic.com) X-Middleton/1"
34.229.105.159 - - [23/Feb/2025:07:29:01 -0500] "GET /reasonable/d179?ynzmini=%2Fhome%2Fguitarlisty%2F%2Fwordpress-backups HTTP/1.1" 200 6885 "-" "Mozilla/5.0 AppleWebKit/537.36 (KHTML, like Gecko; compatible; ClaudeBot/1.0; +claudebot@anthropic.com) X-Middleton/1"
98.83.220.235 - - [23/Feb/2025:07:29:02 -0500] "GET /m180002535?file=%2Ftmp%2FphpfL5uMv HTTP/1.1" 200 6297 "-" "Mozilla/5.0 AppleWebKit/537.36 (KHTML, like Gecko; compatible; ClaudeBot/1.0; +claudebot@anthropic.com) X-Middleton/1"
23.22.111.12 - - [23/Feb/2025:07:29:03 -0500] "GET /m163046864?srsltid=AfmBOoPwxdUepiMnuhecg9_SBf8JlFiKS_hsdobUDC-P-CfZetDk4D HTTP/1.1" 200 43280 "-" "Mozilla/5.0 AppleWebKit/537.36 (KHTML, like Gecko; compatible; ClaudeBot/1.0; +claudebot@anthropic.com) X-Middleton/1"
54.242.51.163 - - [23/Feb/2025:07:29:03 -0500] "GET /yamaha-f310-acoustic-guitar-review-2020/?ynzmini=/proc/147 HTTP/1.1" 200 13844 "-" "Mozilla/5.0 AppleWebKit/537.36 (KHTML, like Gecko; compatible; Amazonbot/0.1; +https://developer.amazon.com/support/amazonbot) Chrome/119.0.6045.214 Safari/537.36 X-Middleton/1"
54.198.7.139 - - [23/Feb/2025:07:29:03 -0500] "GET /civil/e25?pid=2337 HTTP/1.1" 200 43284 "-" "Mozilla/5.0 (Linux; Android 8.0; Pixel 2 Build/OPD3.170816.012) AppleWebKit/537.36 (KHTML, like Gecko) Chrome/72.0.3626.121 Mobile Safari/537.36 (compatible; EzoicBot-Nicheiq; +http://www.ezoic.com/bot) X-Middleton/1"
54.157.220.176 - - [23/Feb/2025:07:29:05 -0500] "GET /outfit/k149?pid=10191 HTTP/1.1" 200 467869 "-" "Mozilla/5.0 (Linux; Android 6.0.1; Nexus 5X Build/MMB29P) AppleWebKit/537.36 (KHTML, like Gecko) Chrome/133.0.6943.53 Mobile Safari/537.36 (compatible; GoogleOther) X-Middleton/1"
107.20.115.131 - - [23/Feb/2025:07:29:06 -0500] "GET /m/bicyc50073556.html?file=%2Fhome%2Fguitarlisty%2Fpublic_html%2Fradio.php HTTP/1.1" 404 11243 "-" "Mozilla/5.0 AppleWebKit/537.36 (KHTML, like Gecko; compatible; ClaudeBot/1.0; +claudebot@anthropic.com) X-Middleton/1"
3.82.56.176 - - [23/Feb/2025:07:29:06 -0500] "GET /m096017707?file=%2Fhome%2Fguitarlisty%2Fpublic_html%2Fwp-includes%2F68c HTTP/1.1" 200 14238 "-" "Mozilla/5.0 AppleWebKit/537.36 (KHTML, like Gecko; compatible; ClaudeBot/1.0; +claudebot@anthropic.com) X-Middleton/1"
54.162.136.253 - - [23/Feb/2025:07:29:07 -0500] "GET /theater/j297?file=%2Fhome%2Fguitarlisty%2Fpublic_html%2F%2Fradio.php HTTP/1.1" 404 11246 "-" "Mozilla/5.0 AppleWebKit/537.36 (KHTML, like Gecko; compatible; ClaudeBot/1.0; +claudebot@anthropic.com) X-Middleton/1"
54.164.180.114 - - [23/Feb/2025:07:29:07 -0500] "GET /yamaha-f310-acoustic-guitar-review-2020/?file=/proc/147/io HTTP/1.1" 200 6291 "-" "Mozilla/5.0 AppleWebKit/537.36 (KHTML, like Gecko; compatible; Amazonbot/0.1; +https://developer.amazon.com/support/amazonbot) Chrome/119.0.6045.214 Safari/537.36 X-Middleton/1"
23.22.111.12 - - [23/Feb/2025:07:29:08 -0500] "GET /m231040192?srsltid=AfmBOogSFlYRPbvNfUysW9_KtfmF5hMf2_zlNwokPl-Z-nFC14riP7 HTTP/1.1" 200 43280 "-" "Mozilla/5.0 AppleWebKit/537.36 (KHTML, like Gecko; compatible; ClaudeBot/1.0; +claudebot@anthropic.com) X-Middleton/1"
54.198.248.107 - - [23/Feb/2025:07:29:08 -0500] "GET /act/k149?pid=10191/shop/detail?shop_id=1 HTTP/1.1" 200 144492 "-" "Mozilla/5.0 (Linux; Android 6.0.1; Nexus 5X Build/MMB29P) AppleWebKit/537.36 (KHTML, like Gecko) Chrome/133.0.6943.53 Mobile Safari/537.36 (compatible; GoogleOther) X-Middleton/1"
3.87.139.20 - - [23/Feb/2025:07:29:09 -0500] "GET /awful/l158?pid=36312 HTTP/1.1" 200 43279 "-" "Mozilla/5.0 AppleWebKit/537.36 (KHTML, like Gecko; compatible; ClaudeBot/1.0; +claudebot@anthropic.com) X-Middleton/1"
3.81.58.205 - - [23/Feb/2025:07:29:11 -0500] "GET /wound/l245?file=%2Fhome%2Fguitarlisty%2Fpublic_html%2F%2Fwp-includes%2Fe164d5e4 HTTP/1.1" 404 14256 "-" "Mozilla/5.0 AppleWebKit/537.36 (KHTML, like Gecko; compatible; ClaudeBot/1.0; +claudebot@anthropic.com) X-Middleton/1"
35.173.180.132 - - [23/Feb/2025:07:29:11 -0500] "GET /yamaha-f310-acoustic-guitar-review-2020/?ynzmini=/proc/148 HTTP/1.1" 200 13844 "-" "Mozilla/5.0 AppleWebKit/537.36 (KHTML, like Gecko; compatible; Amazonbot/0.1; +https://developer.amazon.com/support/amazonbot) Chrome/119.0.6045.214 Safari/537.36 X-Middleton/1"
52.207.162.105 - - [23/Feb/2025:07:29:11 -0500] "GET /m170004697?srsltid=AfmBOoGoDdZOFbiLhP4Bha_qj40RRvCgN_et5GGiXc-V-byyt0z9Rd HTTP/1.1" 200 43286 "-" "Mozilla/5.0 (Linux; Android 8.0; Pixel 2 Build/OPD3.170816.012) AppleWebKit/537.36 (KHTML, like Gecko) Chrome/72.0.3626.121 Mobile Safari/537.36 (compatible; EzoicBot-Nicheiq; +http://www.ezoic.com/bot) X-Middleton/1"
52.205.171.15 - - [23/Feb/2025:07:29:11 -0500] "GET /following/h139?file=%2Fhome%2Fguitarlisty%2Fpublic_html%2F.%2Fplugins.php HTTP/1.1" 200 8700 "-" "Mozilla/5.0 AppleWebKit/537.36 (KHTML, like Gecko; compatible; ClaudeBot/1.0; +claudebot@anthropic.com) X-Middleton/1"
54.198.7.139 - - [23/Feb/2025:07:29:11 -0500] "GET /plunge/k149?pid=10191/help/help_04_2.html/shop/detail?shop_id=1 HTTP/1.1" 200 145612 "-" "Mozilla/5.0 (Linux; Android 6.0.1; Nexus 5X Build/MMB29P) AppleWebKit/537.36 (KHTML, like Gecko) Chrome/133.0.6943.53 Mobile Safari/537.36 (compatible; GoogleOther) X-Middleton/1"
3.81.110.12 - - [23/Feb/2025:07:29:12 -0500] "GET /spread/i260?file=%2Fhome%2Fguitarlisty%2Fpublic_html%2Fwp-admin%2Foptions-general.php HTTP/1.1" 200 31881 "-" "Mozilla/5.0 AppleWebKit/537.36 (KHTML, like Gecko; compatible; ClaudeBot/1.0; +claudebot@anthropic.com) X-Middleton/1"
54.226.129.235 - - [23/Feb/2025:07:29:12 -0500] "GET /site/e52?ynzmini=%2Fhome%2F%2Fivillag HTTP/1.1" 200 6209 "-" "Mozilla/5.0 AppleWebKit/537.36 (KHTML, like Gecko; compatible; ClaudeBot/1.0; +claudebot@anthropic.com) X-Middleton/1"
35.173.180.132 - - [23/Feb/2025:07:29:13 -0500] "GET /bronze/q109?file=%2Fhome%2Fguitarlisty%2Fpublic_html%2F.%2Fcookie.txt HTTP/1.1" 200 6585 "-" "Mozilla/5.0 AppleWebKit/537.36 (KHTML, like Gecko; compatible; ClaudeBot/1.0; +claudebot@anthropic.com) X-Middleton/1"
35.175.240.220 - - [23/Feb/2025:07:29:14 -0500] "GET /m/via10785936.html?file=/home/guitarlisty/public_html/about.php HTTP/1.1" 200 11243 "-" "Mozilla/5.0 (Windows; U; Windows NT 5.1; tr; rv:1.9.2.8) Gecko/20100722 Firefox/3.6.8 ( .NET CLR 3.5.30729; .NET4.0E) X-Middleton/1"
54.196.44.86 - - [23/Feb/2025:07:29:14 -0500] "GET /whereas/z115?pid=42707 HTTP/1.1" 200 43280 "-" "Mozilla/5.0 AppleWebKit/537.36 (KHTML, like Gecko; compatible; ClaudeBot/1.0; +claudebot@anthropic.com) X-Middleton/1"
50.17.142.168 - - [23/Feb/2025:07:29:15 -0500] "GET /decent/r20?pid=17320/help/help_04_2.html/shop/detail?shop_id=1/86699help/help_04_2.html HTTP/1.1" 200 151766 "-" "Mozilla/5.0 (Linux; Android 6.0.1; Nexus 5X Build/MMB29P) AppleWebKit/537.36 (KHTML, like Gecko) Chrome/133.0.6943.53 Mobile Safari/537.36 (compatible; GoogleOther) X-Middleton/1"
23.22.111.12 - - [23/Feb/2025:07:29:15 -0500] "GET /yamaha-f310-acoustic-guitar-review-2020/?file=/proc/148/io HTTP/1.1" 200 6291 "-" "Mozilla/5.0 AppleWebKit/537.36 (KHTML, like Gecko; compatible; Amazonbot/0.1; +https://developer.amazon.com/support/amazonbot) Chrome/119.0.6045.214 Safari/537.36 X-Middleton/1"
3.90.42.123 - - [23/Feb/2025:07:29:16 -0500] "GET /m054044437?ynzmini=%2Fhome%2Fguitarlisty%2Fpublic_html%2Fwp-includes%2Frest-api HTTP/1.1" 404 9797 "-" "Mozilla/5.0 AppleWebKit/537.36 (KHTML, like Gecko; compatible; ClaudeBot/1.0; +claudebot@anthropic.com) X-Middleton/1"
23.22.111.12 - - [23/Feb/2025:07:29:16 -0500] "GET /m/recen40820035.html?file=%2Fhome%2Fguitarlisty%2Fpublic_html%2Finisim.php HTTP/1.1" 200 159612 "-" "Mozilla/5.0 AppleWebKit/537.36 (KHTML, like Gecko; compatible; ClaudeBot/1.0; +claudebot@anthropic.com) X-Middleton/1"
3.81.214.139 - - [23/Feb/2025:07:29:17 -0500] "GET /subject/r160?ynzmini=%2Fhome%2Fguitarlisty%2Fpublic_html%2Fsym404%2Foperator-MyBB.txt404 HTTP/1.1" 404 7021 "-" "Mozilla/5.0 AppleWebKit/537.36 (KHTML, like Gecko; compatible; ClaudeBot/1.0; +claudebot@anthropic.com) X-Middleton/1"
52.205.171.15 - - [23/Feb/2025:07:29:17 -0500] "GET /m071006458?ynzmini=%2Fhome%2Fguitarlisty%2Fpublic_html%2F.tmb%2F.. HTTP/1.1" 404 16175 "-" "Mozilla/5.0 AppleWebKit/537.36 (KHTML, like Gecko; compatible; ClaudeBot/1.0; +claudebot@anthropic.com) X-Middleton/1"
35.175.240.220 - - [23/Feb/2025:07:29:18 -0500] "GET /m116041233?edit=true&file=%2Fhome%2Fguitarlisty%2Fpublic_html%2Ferror_log HTTP/1.1" 404 144248 "-" "Mozilla/5.0 AppleWebKit/537.36 (KHTML, like Gecko; compatible; ClaudeBot/1.0; +claudebot@anthropic.com) X-Middleton/1"
18.209.166.209 - - [23/Feb/2025:07:29:18 -0500] "GET /at/k149?pid=10191/shop/detail?shop_id=1/help/help_04_2.html/86699help/help_04_2.html HTTP/1.1" 200 468111 "-" "Mozilla/5.0 (Linux; Android 6.0.1; Nexus 5X Build/MMB29P) AppleWebKit/537.36 (KHTML, like Gecko) Chrome/133.0.6943.53 Mobile Safari/537.36 (compatible; GoogleOther) X-Middleton/1"
66.249.79.168 - - [23/Feb/2025:07:29:18 -0500] "GET /m046027601?srsltid=AfmBOosPFYgYHBrVHWlYzT_jhvtJJrDPj_clhUUk3g-X-91180EHwb HTTP/1.1" 200 25928 "-" "Mozilla/5.0 (Linux; Android 6.0.1; Nexus 5X Build/MMB29P) AppleWebKit/537.36 (KHTML, like Gecko) Chrome/133.0.6943.126 Mobile Safari/537.36 (compatible; Googlebot/2.1; +http://www.google.com/bot.html)"
50.17.142.168 - - [23/Feb/2025:07:29:19 -0500] "GET /m076009537?srsltid=AfmBOoAswMtaDLpHkLRYwP_2n4q1tGLJG_lZMYF8We-J-k3IncunOS HTTP/1.1" 200 43285 "-" "Mozilla/5.0 (Linux; Android 8.0; Pixel 2 Build/OPD3.170816.012) AppleWebKit/537.36 (KHTML, like Gecko) Chrome/72.0.3626.121 Mobile Safari/537.36 (compatible; EzoicBot-Nicheiq; +http://www.ezoic.com/bot) X-Middleton/1"
3.90.39.225 - - [23/Feb/2025:07:29:19 -0500] "GET /complain/r21?pid=46075 HTTP/1.1" 200 43279 "-" "Mozilla/5.0 AppleWebKit/537.36 (KHTML, like Gecko; compatible; ClaudeBot/1.0; +claudebot@anthropic.com) X-Middleton/1"
54.198.124.77 - - [23/Feb/2025:07:29:21 -0500] "GET /yamaha-f310-acoustic-guitar-review-2020/?ynzmini=/proc/15 HTTP/1.1" 200 13788 "-" "Mozilla/5.0 AppleWebKit/537.36 (KHTML, like Gecko; compatible; Amazonbot/0.1; +https://developer.amazon.com/support/amazonbot) Chrome/119.0.6045.214 Safari/537.36 X-Middleton/1"
3.87.139.20 - - [23/Feb/2025:07:29:21 -0500] "GET /romance/k149?pid=10191/help/help_04_2.html/shop/detail?shop_id=1 HTTP/1.1" 200 154900 "-" "Mozilla/5.0 (Linux; Android 6.0.1; Nexus 5X Build/MMB29P) AppleWebKit/537.36 (KHTML, like Gecko) Chrome/133.0.6943.53 Mobile Safari/537.36 (compatible; GoogleOther) X-Middleton/1"
35.173.219.106 - - [23/Feb/2025:07:29:22 -0500] "GET /deal/v22?ynzmini=%2F%2Fsys HTTP/1.1" 200 7963 "-" "Mozilla/5.0 AppleWebKit/537.36 (KHTML, like Gecko; compatible; ClaudeBot/1.0; +claudebot@anthropic.com) X-Middleton/1"
66.249.68.34 - - [23/Feb/2025:07:29:22 -0500] "GET /m046026927?srsltid=AfmBOoIDaGyCUXoT6qetpA_1ygeOpGM0b_aJs2rOH8-Y-r7FvCukxo HTTP/1.1" 200 26535 "-" "Mozilla/5.0 (Linux; Android 6.0.1; Nexus 5X Build/MMB29P) AppleWebKit/537.36 (KHTML, like Gecko) Chrome/133.0.6943.126 Mobile Safari/537.36 (compatible; Googlebot/2.1; +http://www.google.com/bot.html)"
35.173.180.132 - - [23/Feb/2025:07:29:22 -0500] "GET /subject/r160?ynzmini=%2Fhome%2Fguitarlisty%2Fpublic_html%2Fsym404%2Fcpses-Zencart.txt404 HTTP/1.1" 200 7021 "-" "Mozilla/5.0 AppleWebKit/537.36 (KHTML, like Gecko; compatible; ClaudeBot/1.0; +claudebot@anthropic.com) X-Middleton/1"
98.83.149.163 - - [23/Feb/2025:07:29:22 -0500] "GET /pages.php?23sgm11392.html HTTP/1.1" 200 43285 "-" "Mozilla/5.0 AppleWebKit/537.36 (KHTML, like Gecko; compatible; GPTBot/1.2; +https://openai.com/gptbot) X-Middleton/1"
3.81.58.205 - - [23/Feb/2025:07:29:22 -0500] "GET /m122019021?file=%2Fhome%2Fguitarlisty%2Fpublic_html%2Fwp-includes%2Ffonts.php HTTP/1.1" 200 15946 "-" "Mozilla/5.0 AppleWebKit/537.36 (KHTML, like Gecko; compatible; ClaudeBot/1.0; +claudebot@anthropic.com) X-Middleton/1"
52.71.251.0 - - [23/Feb/2025:07:29:23 -0500] "GET /article/s79?file=%2Fhome%2Fguitarlisty%2Fpublic_html%2Fwp-content%2Fd54efb HTTP/1.1" 404 14244 "-" "Mozilla/5.0 AppleWebKit/537.36 (KHTML, like Gecko; compatible; ClaudeBot/1.0; +claudebot@anthropic.com) X-Middleton/1"
3.81.110.12 - - [23/Feb/2025:07:29:23 -0500] "GET /yamaha-f310-acoustic-guitar-review-2020/?file=/proc/15/io HTTP/1.1" 200 6288 "-" "Mozilla/5.0 AppleWebKit/537.36 (KHTML, like Gecko; compatible; Amazonbot/0.1; +https://developer.amazon.com/support/amazonbot) Chrome/119.0.6045.214 Safari/537.36 X-Middleton/1"
3.90.112.236 - - [23/Feb/2025:07:29:24 -0500] "GET /meaningful/u128?pid=24654 HTTP/1.1" 200 43280 "-" "Mozilla/5.0 AppleWebKit/537.36 (KHTML, like Gecko; compatible; ClaudeBot/1.0; +claudebot@anthropic.com) X-Middleton/1"
54.209.250.19 - - [23/Feb/2025:07:29:24 -0500] "GET /shortly/k149?pid=10191 HTTP/1.1" 200 145623 "-" "Mozilla/5.0 (Linux; Android 6.0.1; Nexus 5X Build/MMB29P) AppleWebKit/537.36 (KHTML, like Gecko) Chrome/133.0.6943.53 Mobile Safari/537.36 (compatible; GoogleOther) X-Middleton/1"
54.144.101.254 - - [23/Feb/2025:07:29:26 -0500] "GET /join/i78?ynzmini=%2F%2F..%2Fetc HTTP/1.1" 404 61664 "-" "Mozilla/5.0 AppleWebKit/537.36 (KHTML, like Gecko; compatible; ClaudeBot/1.0; +claudebot@anthropic.com) X-Middleton/1"
3.82.56.176 - - [23/Feb/2025:07:29:27 -0500] "GET /m/sacri80798727.html?ynzmini=%2Fhome%2Fguitarlisty%2F HTTP/1.1" 404 10801 "-" "Mozilla/5.0 AppleWebKit/537.36 (KHTML, like Gecko; compatible; ClaudeBot/1.0; +claudebot@anthropic.com) X-Middleton/1"
3.92.71.7 - - [23/Feb/2025:07:29:27 -0500] "GET /subject/r160?ynzmini=%2Fhome%2Fguitarlisty%2Fpublic_html%2Fsym404%2Fnobody-BoxBilling.txt404 HTTP/1.1" 200 7045 "-" "Mozilla/5.0 AppleWebKit/537.36 (KHTML, like Gecko; compatible; ClaudeBot/1.0; +claudebot@anthropic.com) X-Middleton/1"
54.198.7.139 - - [23/Feb/2025:07:29:27 -0500] "GET /m023020456?srsltid=AfmBOoVcuvhfIldOVAyGrQ_M9UFPatRtb_EDxoA0d0-Z-awqL1L93E HTTP/1.1" 200 43284 "-" "Mozilla/5.0 (Linux; Android 8.0; Pixel 2 Build/OPD3.170816.012) AppleWebKit/537.36 (KHTML, like Gecko) Chrome/72.0.3626.121 Mobile Safari/537.36 (compatible; EzoicBot-Nicheiq; +http://www.ezoic.com/bot) X-Middleton/1"
54.156.59.106 - - [23/Feb/2025:07:29:27 -0500] "GET /m225028014?ynzmini=%2Fhome%2Fguitarlisty%2Fpublic_html%2Fsym404%2Fadm-WHMCS.txt404 HTTP/1.1" 200 6997 "-" "Mozilla/5.0 AppleWebKit/537.36 (KHTML, like Gecko; compatible; ClaudeBot/1.0; +claudebot@anthropic.com) X-Middleton/1"
52.71.251.0 - - [23/Feb/2025:07:29:27 -0500] "GET /yamaha-f310-acoustic-guitar-review-2020/?file=/proc/15/mem HTTP/1.1" 200 6291 "-" "Mozilla/5.0 AppleWebKit/537.36 (KHTML, like Gecko; compatible; Amazonbot/0.1; +https://developer.amazon.com/support/amazonbot) Chrome/119.0.6045.214 Safari/537.36 X-Middleton/1"
18.209.166.209 - - [23/Feb/2025:07:29:28 -0500] "GET /article/s79?file=%2Fhome%2Fguitarlisty%2Fpublic_html%2Fwp-content%2Fmah.php HTTP/1.1" 200 8797 "-" "Mozilla/5.0 AppleWebKit/537.36 (KHTML, like Gecko; compatible; ClaudeBot/1.0; +claudebot@anthropic.com) X-Middleton/1"
3.82.56.176 - - [23/Feb/2025:07:29:28 -0500] "GET /oppose/k149?pid=10191 HTTP/1.1" 200 142265 "-" "Mozilla/5.0 (Linux; Android 6.0.1; Nexus 5X Build/MMB29P) AppleWebKit/537.36 (KHTML, like Gecko) Chrome/133.0.6943.53 Mobile Safari/537.36 (compatible; GoogleOther) X-Middleton/1"
35.175.240.220 - - [23/Feb/2025:07:29:29 -0500] "GET /m173034424?srsltid=AfmBOoaUJLSeIddgISMMt7_eii7v5p8Ug_IILWsntv-Z-WZvbVEKQp HTTP/1.1" 200 43282 "-" "Mozilla/5.0 AppleWebKit/537.36 (KHTML, like Gecko; compatible; ClaudeBot/1.0; +claudebot@anthropic.com) X-Middleton/1"
3.81.110.12 - - [23/Feb/2025:07:29:31 -0500] "GET /m/via10785936.html?file=/home/guitarlisty/public_html/xmlrpc.php HTTP/1.1" 200 9974 "-" "Mozilla/5.0 (Macintosh; U; Intel Mac OS X 10_6_3; en-US) AppleWebKit/534.16 (KHTML, like Gecko) Chrome/10.0.648.133 Safari/534.16 X-Middleton/1"
54.198.124.77 - - [23/Feb/2025:07:29:31 -0500] "GET /yamaha-f310-acoustic-guitar-review-2020/?rmfolder=/proc/15 HTTP/1.1" 200 43285 "-" "Mozilla/5.0 AppleWebKit/537.36 (KHTML, like Gecko; compatible; Amazonbot/0.1; +https://developer.amazon.com/support/amazonbot) Chrome/119.0.6045.214 Safari/537.36 X-Middleton/1"
54.242.51.163 - - [23/Feb/2025:07:29:31 -0500] "GET /survive/z80?file=%2Fhome%2Fguitarlisty%2Fpublic_html%2F.%2Flicense.txt HTTP/1.1" 200 26403 "-" "Mozilla/5.0 AppleWebKit/537.36 (KHTML, like Gecko; compatible; ClaudeBot/1.0; +claudebot@anthropic.com) X-Middleton/1"
54.162.136.253 - - [23/Feb/2025:07:29:31 -0500] "GET /look/k149?pid=10191/shop/detail?shop_id=1 HTTP/1.1" 200 142190 "-" "Mozilla/5.0 (Linux; Android 6.0.1; Nexus 5X Build/MMB29P) AppleWebKit/537.36 (KHTML, like Gecko) Chrome/133.0.6943.53 Mobile Safari/537.36 (compatible; GoogleOther) X-Middleton/1"
52.71.251.0 - - [23/Feb/2025:07:29:32 -0500] "GET /quarter/k159?ynzmini=%2Fhome%2Fguitarlisty%2Fpublic_html%2F%2Fas HTTP/1.1" 404 7124 "-" "Mozilla/5.0 AppleWebKit/537.36 (KHTML, like Gecko; compatible; ClaudeBot/1.0; +claudebot@anthropic.com) X-Middleton/1"
18.212.120.70 - - [23/Feb/2025:07:29:32 -0500] "GET /ceremony/e171?rmfolder=%2F HTTP/1.1" 200 43281 "-" "Mozilla/5.0 AppleWebKit/537.36 (KHTML, like Gecko; compatible; ClaudeBot/1.0; +claudebot@anthropic.com) X-Middleton/1"
98.83.149.163 - - [23/Feb/2025:07:29:32 -0500] "GET /subject/r160?ynzmini=%2Fhome%2Fguitarlisty%2Fpublic_html%2Fsym404%2Fcpanelanalytics-PrestaShop.txt404 HTTP/1.1" 404 7099 "-" "Mozilla/5.0 AppleWebKit/537.36 (KHTML, like Gecko; compatible; ClaudeBot/1.0; +claudebot@anthropic.com) X-Middleton/1"
3.82.56.176 - - [23/Feb/2025:07:29:32 -0500] "GET /m225028014?ynzmini=%2Fhome%2Fguitarlisty%2Fpublic_html%2Fsym404%2Funbound-%5EWHMCS.txt404 HTTP/1.1" 200 7027 "-" "Mozilla/5.0 AppleWebKit/537.36 (KHTML, like Gecko; compatible; ClaudeBot/1.0; +claudebot@anthropic.com) X-Middleton/1"
35.175.240.220 - - [23/Feb/2025:07:29:33 -0500] "GET /timber/s50?file=%2Fhome%2Fguitarlisty%2Fpublic_html%2Fadminer.php&rename=true HTTP/1.1" 200 6568 "-" "Mozilla/5.0 AppleWebKit/537.36 (KHTML, like Gecko; compatible; ClaudeBot/1.0; +claudebot@anthropic.com) X-Middleton/1"
54.156.59.106 - - [23/Feb/2025:07:29:34 -0500] "GET /m017017742?srsltid=AfmBOosWPORnoYvZTDhAxt_98HdByW2CC_3Gf0l5Sy-T-b1snATTxC HTTP/1.1" 200 43281 "-" "Mozilla/5.0 AppleWebKit/537.36 (KHTML, like Gecko; compatible; ClaudeBot/1.0; +claudebot@anthropic.com) X-Middleton/1"
3.82.56.176 - - [23/Feb/2025:07:29:34 -0500] "GET /suppose/k149?pid=10191/help/help_04_2.html/86699help/help_04_2.html HTTP/1.1" 200 144728 "-" "Mozilla/5.0 (Linux; Android 6.0.1; Nexus 5X Build/MMB29P) AppleWebKit/537.36 (KHTML, like Gecko) Chrome/133.0.6943.53 Mobile Safari/537.36 (compatible; GoogleOther) X-Middleton/1"
34.226.215.117 - - [23/Feb/2025:07:29:35 -0500] "GET /yamaha-f310-acoustic-guitar-review-2020/?ynzmini=/proc/15/ HTTP/1.1" 200 13841 "-" "Mozilla/5.0 AppleWebKit/537.36 (KHTML, like Gecko; compatible; Amazonbot/0.1; +https://developer.amazon.com/support/amazonbot) Chrome/119.0.6045.214 Safari/537.36 X-Middleton/1"
54.234.205.77 - - [23/Feb/2025:07:29:35 -0500] "GET /m171034604?srsltid=AfmBOoWAIGGtbMSpIhBTD1_DS2kyYVa8Y_d2ixscRI-L-ACdlNZdLV HTTP/1.1" 200 43285 "-" "Mozilla/5.0 (Linux; Android 8.0; Pixel 2 Build/OPD3.170816.012) AppleWebKit/537.36 (KHTML, like Gecko) Chrome/72.0.3626.121 Mobile Safari/537.36 (compatible; EzoicBot-Nicheiq; +http://www.ezoic.com/bot) X-Middleton/1"
3.90.39.225 - - [23/Feb/2025:07:29:36 -0500] "GET /heat/s41?file=%2Fhome%2Fguitarlisty%2Fpublic_html%2Fwp-includes%2Fd024ff HTTP/1.1" 200 14247 "-" "Mozilla/5.0 AppleWebKit/537.36 (KHTML, like Gecko; compatible; ClaudeBot/1.0; +claudebot@anthropic.com) X-Middleton/1"
34.226.215.117 - - [23/Feb/2025:07:29:37 -0500] "GET /lesson/w231?ynzmini=%2Fhome%2Fguitarlisty%2Fpublic_html%2F%2Fc4485 HTTP/1.1" 200 6974 "-" "Mozilla/5.0 AppleWebKit/537.36 (KHTML, like Gecko; compatible; ClaudeBot/1.0; +claudebot@anthropic.com) X-Middleton/1"
50.17.142.168 - - [23/Feb/2025:07:29:37 -0500] "GET /hunter/t24?ynzmini=%2F%2Fproc HTTP/1.1" 200 43680 "-" "Mozilla/5.0 AppleWebKit/537.36 (KHTML, like Gecko; compatible; ClaudeBot/1.0; +claudebot@anthropic.com) X-Middleton/1"
54.164.180.114 - - [23/Feb/2025:07:29:37 -0500] "GET /m225028014?ynzmini=%2Fhome%2Fguitarlisty%2Fpublic_html%2Fsym404%2Fsalmonca-Magento.txt404 HTTP/1.1" 404 7039 "-" "Mozilla/5.0 AppleWebKit/537.36 (KHTML, like Gecko; compatible; ClaudeBot/1.0; +claudebot@anthropic.com) X-Middleton/1"
54.198.7.139 - - [23/Feb/2025:07:29:37 -0500] "GET /damn/u41?pid=161 HTTP/1.1" 200 467897 "-" "Mozilla/5.0 (Linux; Android 6.0.1; Nexus 5X Build/MMB29P) AppleWebKit/537.36 (KHTML, like Gecko) Chrome/133.0.6943.53 Mobile Safari/537.36 (compatible; Googlebot/2.1; +http://www.google.com/bot.html) X-Middleton/1"
34.229.105.159 - - [23/Feb/2025:07:29:38 -0500] "GET /of/u3?ynzmini=%2Fhome%2Fguitarlisty%2Fpublic_html%2Fsym404%2Fchrony-IPB.txt404 HTTP/1.1" 200 7003 "-" "Mozilla/5.0 AppleWebKit/537.36 (KHTML, like Gecko; compatible; ClaudeBot/1.0; +claudebot@anthropic.com) X-Middleton/1"
35.175.240.220 - - [23/Feb/2025:07:29:38 -0500] "GET /player/k149?pid=10191/shop/detail?shop_id=1 HTTP/1.1" 200 138203 "-" "Mozilla/5.0 (Linux; Android 6.0.1; Nexus 5X Build/MMB29P) AppleWebKit/537.36 (KHTML, like Gecko) Chrome/133.0.6943.53 Mobile Safari/537.36 (compatible; GoogleOther) X-Middleton/1"
3.92.71.7 - - [23/Feb/2025:07:29:39 -0500] "GET /yamaha-f310-acoustic-guitar-review-2020/?file=/proc/15//io HTTP/1.1" 200 6291 "-" "Mozilla/5.0 AppleWebKit/537.36 (KHTML, like Gecko; compatible; Amazonbot/0.1; +https://developer.amazon.com/support/amazonbot) Chrome/119.0.6045.214 Safari/537.36 X-Middleton/1"
54.198.248.107 - - [23/Feb/2025:07:29:41 -0500] "GET /announcement/r20?pid=17320/shop/detail?shop_id=1/help/help_04_2.html/help/help_04_2.html HTTP/1.1" 200 151734 "-" "Mozilla/5.0 (Linux; Android 6.0.1; Nexus 5X Build/MMB29P) AppleWebKit/537.36 (KHTML, like Gecko) Chrome/133.0.6943.53 Mobile Safari/537.36 (compatible; GoogleOther) X-Middleton/1"
54.198.248.107 - - [23/Feb/2025:07:29:41 -0500] "GET /m/appet50598132.html?file=%2Fhome%2Fguitarlisty%2Fpublic_html%2F.htaccess HTTP/1.1" 200 7125 "-" "Mozilla/5.0 AppleWebKit/537.36 (KHTML, like Gecko; compatible; ClaudeBot/1.0; +claudebot@anthropic.com) X-Middleton/1"
52.71.251.0 - - [23/Feb/2025:07:29:42 -0500] "GET /m219003380?file=%2Fhome%2Fguitarlisty%2Fpublic_html%2F%2Fnetworks.php HTTP/1.1" 200 8742 "-" "Mozilla/5.0 AppleWebKit/537.36 (KHTML, like Gecko; compatible; ClaudeBot/1.0; +claudebot@anthropic.com) X-Middleton/1"
18.232.117.100 - - [23/Feb/2025:07:29:42 -0500] "GET /hunter/t24?ynzmini=%2F%2Fmedia HTTP/1.1" 200 6392 "-" "Mozilla/5.0 AppleWebKit/537.36 (KHTML, like Gecko; compatible; ClaudeBot/1.0; +claudebot@anthropic.com) X-Middleton/1"
98.83.149.163 - - [23/Feb/2025:07:29:43 -0500] "GET /yamaha-f310-acoustic-guitar-review-2020/?ynzmini=/proc/16 HTTP/1.1" 404 13788 "-" "Mozilla/5.0 AppleWebKit/537.36 (KHTML, like Gecko; compatible; Amazonbot/0.1; +https://developer.amazon.com/support/amazonbot) Chrome/119.0.6045.214 Safari/537.36 X-Middleton/1"
18.209.166.209 - - [23/Feb/2025:07:29:43 -0500] "GET /m033002656?srsltid=AfmBOoXXePglZeolatb5Vb_VuBpuYYKX7_OQrOggx1-Y-1PggEruOg HTTP/1.1" 200 43286 "-" "Mozilla/5.0 (Linux; Android 8.0; Pixel 2 Build/OPD3.170816.012) AppleWebKit/537.36 (KHTML, like Gecko) Chrome/72.0.3626.121 Mobile Safari/537.36 (compatible; EzoicBot-Nicheiq; +http://www.ezoic.com/bot) X-Middleton/1"
18.209.166.209 - - [23/Feb/2025:07:29:43 -0500] "GET /m136013189?ynzmini=%2F%2Fboot HTTP/1.1" 200 11038 "-" "Mozilla/5.0 AppleWebKit/537.36 (KHTML, like Gecko; compatible; ClaudeBot/1.0; +claudebot@anthropic.com) X-Middleton/1"
54.234.205.77 - - [23/Feb/2025:07:29:44 -0500] "GET /ease/r20?pid=17320/help/help_04_2.html/shop/detail?shop_id=1 HTTP/1.1" 200 144275 "-" "Mozilla/5.0 (Linux; Android 6.0.1; Nexus 5X Build/MMB29P) AppleWebKit/537.36 (KHTML, like Gecko) Chrome/133.0.6943.53 Mobile Safari/537.36 (compatible; GoogleOther) X-Middleton/1"
54.198.7.139 - - [23/Feb/2025:07:29:46 -0500] "GET /m134032223?file=%2Fhome%2Fguitarlisty%2Fpublic_html%2Fwp-admin%2Fnetwork.php HTTP/1.1" 404 12255 "-" "Mozilla/5.0 AppleWebKit/537.36 (KHTML, like Gecko; compatible; ClaudeBot/1.0; +claudebot@anthropic.com) X-Middleton/1"
54.198.248.107 - - [23/Feb/2025:07:29:47 -0500] "GET /m248026027?ynzmini=%2Fhome%2Fguitarlisty%2Fpublic_html%2Fwp-content%2F HTTP/1.1" 200 20163 "-" "Mozilla/5.0 AppleWebKit/537.36 (KHTML, like Gecko; compatible; ClaudeBot/1.0; +claudebot@anthropic.com) X-Middleton/1"
52.71.251.0 - - [23/Feb/2025:07:29:47 -0500] "GET /m/via10785936.html?ynzmini=/home/guitarlisty/ HTTP/1.1" 200 10801 "-" "Mozilla/5.0 (Macintosh; Intel Mac OS X 10_8_0) AppleWebKit/536.3 (KHTML, like Gecko) Chrome/19.0.1063.0 Safari/536.3 X-Middleton/1"
3.80.165.4 - - [23/Feb/2025:07:29:47 -0500] "GET /across/c250?ynzmini=%2Fhome%2F%2Fmarkaust HTTP/1.1" 200 6213 "-" "Mozilla/5.0 AppleWebKit/537.36 (KHTML, like Gecko; compatible; ClaudeBot/1.0; +claudebot@anthropic.com) X-Middleton/1"
3.92.71.7 - - [23/Feb/2025:07:29:47 -0500] "GET /yamaha-f310-acoustic-guitar-review-2020/?ynzmini=/proc/17 HTTP/1.1" 200 13788 "-" "Mozilla/5.0 AppleWebKit/537.36 (KHTML, like Gecko; compatible; Amazonbot/0.1; +https://developer.amazon.com/support/amazonbot) Chrome/119.0.6045.214 Safari/537.36 X-Middleton/1"
3.80.165.4 - - [23/Feb/2025:07:29:47 -0500] "GET /self/r20?pid=17320/shop/detail?shop_id=1/help/help_04_2.html HTTP/1.1" 200 142657 "-" "Mozilla/5.0 (Linux; Android 6.0.1; Nexus 5X Build/MMB29P) AppleWebKit/537.36 (KHTML, like Gecko) Chrome/133.0.6943.53 Mobile Safari/537.36 (compatible; GoogleOther) X-Middleton/1"
23.22.111.12 - - [23/Feb/2025:07:29:48 -0500] "GET /required/k89?ynzmini=%2F%2Flib HTTP/1.1" 200 12108 "-" "Mozilla/5.0 AppleWebKit/537.36 (KHTML, like Gecko; compatible; ClaudeBot/1.0; +claudebot@anthropic.com) X-Middleton/1"
107.20.82.18 - - [23/Feb/2025:07:29:49 -0500] "GET /weave/o63?file=%2Fhome%2Fguitarlisty%2Fpublic_html%2F%2Fclick.php HTTP/1.1" 404 8655 "-" "Mozilla/5.0 AppleWebKit/537.36 (KHTML, like Gecko; compatible; ClaudeBot/1.0; +claudebot@anthropic.com) X-Middleton/1"
34.229.105.159 - - [23/Feb/2025:07:29:49 -0500] "GET /pages.php?28ovh2803.html HTTP/1.1" 200 43282 "-" "Mozilla/5.0 AppleWebKit/537.36 (KHTML, like Gecko; compatible; GPTBot/1.2; +https://openai.com/gptbot) X-Middleton/1"
54.208.214.128 - - [23/Feb/2025:07:29:51 -0500] "GET /yamaha-f310-acoustic-guitar-review-2020/?file=/proc/17/io HTTP/1.1" 200 6288 "-" "Mozilla/5.0 AppleWebKit/537.36 (KHTML, like Gecko; compatible; Amazonbot/0.1; +https://developer.amazon.com/support/amazonbot) Chrome/119.0.6045.214 Safari/537.36 X-Middleton/1"
54.242.51.163 - - [23/Feb/2025:07:29:51 -0500] "GET /explanation/p63?pid=45007 HTTP/1.1" 200 43285 "-" "Mozilla/5.0 (Linux; Android 8.0; Pixel 2 Build/OPD3.170816.012) AppleWebKit/537.36 (KHTML, like Gecko) Chrome/72.0.3626.121 Mobile Safari/537.36 (compatible; EzoicBot-Nicheiq; +http://www.ezoic.com/bot) X-Middleton/1"
98.83.220.235 - - [23/Feb/2025:07:29:51 -0500] "GET /frustrate/p211?ynzmini=%2Fhome%2F%2F.. HTTP/1.1" 200 10409 "-" "Mozilla/5.0 AppleWebKit/537.36 (KHTML, like Gecko; compatible; ClaudeBot/1.0; +claudebot@anthropic.com) X-Middleton/1"
3.94.247.247 - - [23/Feb/2025:07:29:51 -0500] "GET /provided/w32?delete=true&file=%2Fhome%2Fguitarlisty%2Fpublic_html%2Fxmlrpc.php HTTP/1.1" 200 6459 "-" "Mozilla/5.0 AppleWebKit/537.36 (KHTML, like Gecko; compatible; ClaudeBot/1.0; +claudebot@anthropic.com) X-Middleton/1"
54.162.136.253 - - [23/Feb/2025:07:29:52 -0500] "GET /uncertain/i68?ynzmini=%2Fhome%2F%2Fguitarlisty HTTP/1.1" 200 10802 "-" "Mozilla/5.0 AppleWebKit/537.36 (KHTML, like Gecko; compatible; ClaudeBot/1.0; +claudebot@anthropic.com) X-Middleton/1"
3.80.165.4 - - [23/Feb/2025:07:29:52 -0500] "GET /wing/r20?pid=17320/shop/detail?shop_id=1/help/help_04_2.html/help/help_04_2.html HTTP/1.1" 200 161584 "-" "Mozilla/5.0 (Linux; Android 6.0.1; Nexus 5X Build/MMB29P) AppleWebKit/537.36 (KHTML, like Gecko) Chrome/133.0.6943.53 Mobile Safari/537.36 (compatible; GoogleOther) X-Middleton/1"
66.249.79.193 - - [23/Feb/2025:07:29:53 -0500] "GET /generate/y263?pid=42859/86699help/help_04_2.html HTTP/1.1" 200 26299 "-" "Mozilla/5.0 (Linux; Android 6.0.1; Nexus 5X Build/MMB29P) AppleWebKit/537.36 (KHTML, like Gecko) Chrome/133.0.6943.53 Mobile Safari/537.36 (compatible; Googlebot/2.1; +http://www.google.com/bot.html)"
3.80.165.4 - - [23/Feb/2025:07:29:53 -0500] "GET /shove/o285?ynzmini=%2Fhome%2Fguitarlisty%2Fpublic_html%2F.%2Fprivate HTTP/1.1" 200 7459 "-" "Mozilla/5.0 AppleWebKit/537.36 (KHTML, like Gecko; compatible; ClaudeBot/1.0; +claudebot@anthropic.com) X-Middleton/1"
3.90.42.123 - - [23/Feb/2025:07:29:54 -0500] "GET /union/l266?ynzmini=%2Fhome%2F%2F.cpcpan HTTP/1.1" 404 6225 "-" "Mozilla/5.0 AppleWebKit/537.36 (KHTML, like Gecko; compatible; ClaudeBot/1.0; +claudebot@anthropic.com) X-Middleton/1"
3.82.56.176 - - [23/Feb/2025:07:29:54 -0500] "GET /m141048742?ynzmini=%2Fhome%2Fguitarlisty%2Fpublic_html%2Fsym404%2Fnobody-OpenCart.txt404 HTTP/1.1" 404 7033 "-" "Mozilla/5.0 AppleWebKit/537.36 (KHTML, like Gecko; compatible; ClaudeBot/1.0; +claudebot@anthropic.com) X-Middleton/1"
66.249.68.67 - - [23/Feb/2025:07:29:54 -0500] "GET /product/mercy42666915.htm?s=fJSU9MX6W HTTP/1.1" 200 74304 "-" "Mozilla/5.0 (Linux; Android 6.0.1; Nexus 5X Build/MMB29P) AppleWebKit/537.36 (KHTML, like Gecko) Chrome/133.0.6943.53 Mobile Safari/537.36 (compatible; Googlebot/2.1; +http://www.google.com/bot.html)"
18.212.120.70 - - [23/Feb/2025:07:29:55 -0500] "GET /yamaha-f310-acoustic-guitar-review-2020/?file=/proc/17/mem HTTP/1.1" 200 6291 "-" "Mozilla/5.0 AppleWebKit/537.36 (KHTML, like Gecko; compatible; Amazonbot/0.1; +https://developer.amazon.com/support/amazonbot) Chrome/119.0.6045.214 Safari/537.36 X-Middleton/1"
52.205.171.15 - - [23/Feb/2025:07:29:55 -0500] "GET /brilliant/r20?pid=17320/help/help_04_2.html/shop/detail?shop_id=1 HTTP/1.1" 200 162693 "-" "Mozilla/5.0 (Linux; Android 6.0.1; Nexus 5X Build/MMB29P) AppleWebKit/537.36 (KHTML, like Gecko) Chrome/133.0.6943.53 Mobile Safari/537.36 (compatible; GoogleOther) X-Middleton/1"
66.249.79.100 - - [23/Feb/2025:07:29:55 -0500] "GET /trade/z10?pid=45254 HTTP/1.1" 200 25119 "-" "Mozilla/5.0 (Linux; Android 6.0.1; Nexus 5X Build/MMB29P) AppleWebKit/537.36 (KHTML, like Gecko) Chrome/133.0.6943.53 Mobile Safari/537.36 (compatible; Googlebot/2.1; +http://www.google.com/bot.html)"
3.81.214.139 - - [23/Feb/2025:07:29:56 -0500] "GET /subtle/m182?ynzmini=%2Fhome%2Fguitarlisty%2Fpublic_html%2Fsym404%2Fpolkitd-MyBB.txt404 HTTP/1.1" 200 7015 "-" "Mozilla/5.0 AppleWebKit/537.36 (KHTML, like Gecko; compatible; ClaudeBot/1.0; +claudebot@anthropic.com) X-Middleton/1"
3.80.165.4 - - [23/Feb/2025:07:29:57 -0500] "GET /m176040493?ynzmini=%2Fhome%2Fguitarlisty%2Fpublic_html%2Fabout HTTP/1.1" 200 6975 "-" "Mozilla/5.0 AppleWebKit/537.36 (KHTML, like Gecko; compatible; ClaudeBot/1.0; +claudebot@anthropic.com) X-Middleton/1"
54.158.15.14 - - [23/Feb/2025:07:29:58 -0500] "GET /notebook/y40?file=%2Fetc%2Fpasswd&rename=true HTTP/1.1" 404 6448 "-" "Mozilla/5.0 AppleWebKit/537.36 (KHTML, like Gecko; compatible; ClaudeBot/1.0; +claudebot@anthropic.com) X-Middleton/1"
54.226.129.235 - - [23/Feb/2025:07:29:58 -0500] "GET /m079038138?file=%2Fhome%2Fguitarlisty%2Fpublic_html%2F.%2Fxmlrpc.php HTTP/1.1" 404 9980 "-" "Mozilla/5.0 AppleWebKit/537.36 (KHTML, like Gecko; compatible; ClaudeBot/1.0; +claudebot@anthropic.com) X-Middleton/1"
3.81.110.12 - - [23/Feb/2025:07:29:59 -0500] "GET /m229025156?ynzmini=%2Fhome%2Fguitarlisty%2Fpublic_html%2F%2F.tmb HTTP/1.1" 200 7318 "-" "Mozilla/5.0 AppleWebKit/537.36 (KHTML, like Gecko; compatible; ClaudeBot/1.0; +claudebot@anthropic.com) X-Middleton/1"
54.226.129.235 - - [23/Feb/2025:07:29:58 -0500] "GET /status/r20?pid=17320/shop/detail?shop_id=1/86699help/help_04_2.html/help/help_04_2.html HTTP/1.1" 200 455008 "-" "Mozilla/5.0 (Linux; Android 6.0.1; Nexus 5X Build/MMB29P) AppleWebKit/537.36 (KHTML, like Gecko) Chrome/133.0.6943.53 Mobile Safari/537.36 (compatible; GoogleOther) X-Middleton/1"
35.173.219.106 - - [23/Feb/2025:07:29:59 -0500] "GET /yamaha-f310-acoustic-guitar-review-2020/?rmfolder=/proc/17 HTTP/1.1" 200 43286 "-" "Mozilla/5.0 AppleWebKit/537.36 (KHTML, like Gecko; compatible; Amazonbot/0.1; +https://developer.amazon.com/support/amazonbot) Chrome/119.0.6045.214 Safari/537.36 X-Middleton/1"
3.94.247.247 - - [23/Feb/2025:07:29:59 -0500] "GET /consult/w220?pid=7842 HTTP/1.1" 200 43284 "-" "Mozilla/5.0 (Linux; Android 8.0; Pixel 2 Build/OPD3.170816.012) AppleWebKit/537.36 (KHTML, like Gecko) Chrome/72.0.3626.121 Mobile Safari/537.36 (compatible; EzoicBot-Nicheiq; +http://www.ezoic.com/bot) X-Middleton/1"
54.164.180.114 - - [23/Feb/2025:07:29:59 -0500] "GET /m141048742?ynzmini=%2Fhome%2Fguitarlisty%2Fpublic_html%2Fsym404%2Fmailman-Lokomedia.txt404 HTTP/1.1" 200 7045 "-" "Mozilla/5.0 AppleWebKit/537.36 (KHTML, like Gecko; compatible; ClaudeBot/1.0; +claudebot@anthropic.com) X-Middleton/1"
54.209.250.19 - - [23/Feb/2025:07:30:00 -0500] "GET /home/000~ROOT~000/usr/share/doc/perl-IPC-Cmd/ HTTP/1.1" 200 885 "-" "Mozilla/5.0 (Linux; Android 5.0) AppleWebKit/537.36 (KHTML, like Gecko) Mobile Safari/537.36 (compatible; Bytespider; spider-feedback@bytedance.com) X-Middleton/1"
3.81.58.205 - - [23/Feb/2025:07:30:01 -0500] "GET /subtle/m182?ynzmini=%2Fhome%2Fguitarlisty%2Fpublic_html%2Fsym404%2Frpc-Lokomedia.txt404 HTTP/1.1" 200 7021 "-" "Mozilla/5.0 AppleWebKit/537.36 (KHTML, like Gecko; compatible; ClaudeBot/1.0; +claudebot@anthropic.com) X-Middleton/1"
98.83.220.235 - - [23/Feb/2025:07:30:02 -0500] "GET /m/virtu31077946.html HTTP/1.1" 200 43285 "-" "Mozilla/5.0 (X11; U; Linux i686; en-GB; rv:1.9.2.18) Gecko/20110628 Ubuntu/10.10 (maverick) Firefox/3.6.18 X-Middleton/1"
3.94.247.247 - - [23/Feb/2025:07:30:02 -0500] "GET /circle/r20?pid=17320/shop/detail?shop_id=1 HTTP/1.1" 200 143135 "-" "Mozilla/5.0 (Linux; Android 6.0.1; Nexus 5X Build/MMB29P) AppleWebKit/537.36 (KHTML, like Gecko) Chrome/133.0.6943.53 Mobile Safari/537.36 (compatible; GoogleOther) X-Middleton/1"
3.81.58.205 - - [23/Feb/2025:07:30:03 -0500] "GET /hot/x252?ynzmini=%2Fhome%2Fguitarlisty%2Fpublic_html%2F..%2F.htpasswds HTTP/1.1" 200 7295 "-" "Mozilla/5.0 AppleWebKit/537.36 (KHTML, like Gecko; compatible; ClaudeBot/1.0; +claudebot@anthropic.com) X-Middleton/1"
52.71.251.0 - - [23/Feb/2025:07:30:03 -0500] "GET /yamaha-f310-acoustic-guitar-review-2020/?ynzmini=/proc/17/ HTTP/1.1" 404 13841 "-" "Mozilla/5.0 AppleWebKit/537.36 (KHTML, like Gecko; compatible; Amazonbot/0.1; +https://developer.amazon.com/support/amazonbot) Chrome/119.0.6045.214 Safari/537.36 X-Middleton/1"
35.171.189.120 - - [23/Feb/2025:07:30:03 -0500] "GET /offer/i161?file=%2Fhome%2Fguitarlisty%2Fpublic_html%2F%2F.%2Frobots.txt HTTP/1.1" 200 6717 "-" "Mozilla/5.0 AppleWebKit/537.36 (KHTML, like Gecko; compatible; ClaudeBot/1.0; +claudebot@anthropic.com) X-Middleton/1"
18.232.117.100 - - [23/Feb/2025:07:30:04 -0500] "GET /m/audie11279200.html?ynzmini=%2Fhome%2Fguitarlisty%2Fpublic_html HTTP/1.1" 200 15544 "-" "Mozilla/5.0 AppleWebKit/537.36 (KHTML, like Gecko; compatible; ClaudeBot/1.0; +claudebot@anthropic.com) X-Middleton/1"
54.158.15.14 - - [23/Feb/2025:07:30:04 -0500] "GET /m141048742?ynzmini=%2Fhome%2Fguitarlisty%2Fpublic_html%2Fsym404%2Fdanallen-Wordpress.txt404 HTTP/1.1" 200 7051 "-" "Mozilla/5.0 AppleWebKit/537.36 (KHTML, like Gecko; compatible; ClaudeBot/1.0; +claudebot@anthropic.com) X-Middleton/1"
3.90.39.225 - - [23/Feb/2025:07:30:06 -0500] "GET /suppose/k149?pid=10191/help/help_04_2.html/shop/detail?shop_id=1/86699help/help_04_2.html HTTP/1.1" 200 149176 "-" "Mozilla/5.0 (Linux; Android 6.0.1; Nexus 5X Build/MMB29P) AppleWebKit/537.36 (KHTML, like Gecko) Chrome/133.0.6943.53 Mobile Safari/537.36 (compatible; GoogleOther) X-Middleton/1"
3.80.165.4 - - [23/Feb/2025:07:30:06 -0500] "GET /subtle/m182?ynzmini=%2Fhome%2Fguitarlisty%2Fpublic_html%2Fsym404%2Fdbus-PrestaShop.txt404 HTTP/1.1" 404 7033 "-" "Mozilla/5.0 AppleWebKit/537.36 (KHTML, like Gecko; compatible; ClaudeBot/1.0; +claudebot@anthropic.com) X-Middleton/1"
3.90.112.236 - - [23/Feb/2025:07:30:07 -0500] "GET /yamaha-f310-acoustic-guitar-review-2020/?ynzmini=/proc/18 HTTP/1.1" 200 13788 "-" "Mozilla/5.0 AppleWebKit/537.36 (KHTML, like Gecko; compatible; Amazonbot/0.1; +https://developer.amazon.com/support/amazonbot) Chrome/119.0.6045.214 Safari/537.36 X-Middleton/1"
107.20.115.131 - - [23/Feb/2025:07:30:07 -0500] "GET /m062006951?srsltid=AfmBOoUEPonZJmaGMVUSJG_9NYWcyPqMI_iwELIghT-W-F2NSZogqJ HTTP/1.1" 200 43286 "-" "Mozilla/5.0 (Linux; Android 8.0; Pixel 2 Build/OPD3.170816.012) AppleWebKit/537.36 (KHTML, like Gecko) Chrome/72.0.3626.121 Mobile Safari/537.36 (compatible; EzoicBot-Nicheiq; +http://www.ezoic.com/bot) X-Middleton/1"
35.171.189.120 - - [23/Feb/2025:07:30:08 -0500] "GET /m/unres81445839.html?ynzmini=%2Fhome%2Fguitarlisty%2Fpublic_html%2F.well-known HTTP/1.1" 200 7405 "-" "Mozilla/5.0 AppleWebKit/537.36 (KHTML, like Gecko; compatible; ClaudeBot/1.0; +claudebot@anthropic.com) X-Middleton/1"
52.205.171.15 - - [23/Feb/2025:07:30:08 -0500] "GET /spring/v141?file=%2Fhome%2Fguitarlisty%2Fpublic_html%2Fwp-admin%2Fimport.php HTTP/1.1" 200 14720 "-" "Mozilla/5.0 AppleWebKit/537.36 (KHTML, like Gecko; compatible; ClaudeBot/1.0; +claudebot@anthropic.com) X-Middleton/1"
52.207.162.105 - - [23/Feb/2025:07:30:08 -0500] "GET /pages.php?63qhw36232.html HTTP/1.1" 200 43286 "-" "Mozilla/5.0 AppleWebKit/537.36 (KHTML, like Gecko; compatible; GPTBot/1.2; +https://openai.com/gptbot) X-Middleton/1"
35.173.219.106 - - [23/Feb/2025:07:30:09 -0500] "GET /catch/q4?file=%2Fhome%2Fguitarlisty%2Fpublic_html%2Fitem.php&rename=true HTTP/1.1" 200 6556 "-" "Mozilla/5.0 AppleWebKit/537.36 (KHTML, like Gecko; compatible; ClaudeBot/1.0; +claudebot@anthropic.com) X-Middleton/1"
54.208.214.128 - - [23/Feb/2025:07:30:09 -0500] "GET /m141048742?ynzmini=%2Fhome%2Fguitarlisty%2Fpublic_html%2Fsym404%2Funbound-BoxBilling.txt404 HTTP/1.1" 200 7051 "-" "Mozilla/5.0 AppleWebKit/537.36 (KHTML, like Gecko; compatible; ClaudeBot/1.0; +claudebot@anthropic.com) X-Middleton/1"
34.229.105.159 - - [23/Feb/2025:07:30:09 -0500] "GET /liability/r20?pid=17320/help/help_04_2.html/help/help_04_2.html HTTP/1.1" 200 149260 "-" "Mozilla/5.0 (Linux; Android 6.0.1; Nexus 5X Build/MMB29P) AppleWebKit/537.36 (KHTML, like Gecko) Chrome/133.0.6943.53 Mobile Safari/537.36 (compatible; GoogleOther) X-Middleton/1"
35.171.189.120 - - [23/Feb/2025:07:30:10 -0500] "GET /can/v294?pid=28588 HTTP/1.1" 200 43282 "-" "Mozilla/5.0 AppleWebKit/537.36 (KHTML, like Gecko; compatible; ClaudeBot/1.0; +claudebot@anthropic.com) X-Middleton/1"
98.83.220.235 - - [23/Feb/2025:07:30:11 -0500] "GET /m094043035?ynzmini=%2Fhome%2Fguitarlisty%2Fpublic_html%2Fsym404%2Fbainbrid-Magento.txt404 HTTP/1.1" 404 7039 "-" "Mozilla/5.0 AppleWebKit/537.36 (KHTML, like Gecko; compatible; ClaudeBot/1.0; +claudebot@anthropic.com) X-Middleton/1"
54.198.248.107 - - [23/Feb/2025:07:30:11 -0500] "GET /yamaha-f310-acoustic-guitar-review-2020/?file=/proc/18/io HTTP/1.1" 200 6288 "-" "Mozilla/5.0 AppleWebKit/537.36 (KHTML, like Gecko; compatible; Amazonbot/0.1; +https://developer.amazon.com/support/amazonbot) Chrome/119.0.6045.214 Safari/537.36 X-Middleton/1"
107.20.82.18 - - [23/Feb/2025:07:30:13 -0500] "GET /m237044116?ynzmini=%2Fhome%2Fguitarlisty%2Fpublic_html%2Fsym404%2Fmail-phpBB.txt404 HTTP/1.1" 200 7003 "-" "Mozilla/5.0 AppleWebKit/537.36 (KHTML, like Gecko; compatible; ClaudeBot/1.0; +claudebot@anthropic.com) X-Middleton/1"
35.173.219.106 - - [23/Feb/2025:07:30:13 -0500] "GET /jungle/r20?pid=17320 HTTP/1.1" 200 152794 "-" "Mozilla/5.0 (Linux; Android 6.0.1; Nexus 5X Build/MMB29P) AppleWebKit/537.36 (KHTML, like Gecko) Chrome/133.0.6943.53 Mobile Safari/537.36 (compatible; GoogleOther) X-Middleton/1"
3.82.56.176 - - [23/Feb/2025:07:30:14 -0500] "GET /m105041238?file=%2Fhome%2Fguitarlisty%2Fpublic_html%2Fwp-admin%2Fusers.php HTTP/1.1" 200 32587 "-" "Mozilla/5.0 AppleWebKit/537.36 (KHTML, like Gecko; compatible; ClaudeBot/1.0; +claudebot@anthropic.com) X-Middleton/1"
54.157.220.176 - - [23/Feb/2025:07:30:14 -0500] "GET /on/b130?pid=5680 HTTP/1.1" 200 43282 "-" "Mozilla/5.0 AppleWebKit/537.36 (KHTML, like Gecko; compatible; ClaudeBot/1.0; +claudebot@anthropic.com) X-Middleton/1"
98.83.149.163 - - [23/Feb/2025:07:30:15 -0500] "GET /m088029767?srsltid=AfmBOoSKLjPWnKUBKOWEu3_DxtHhB7aGb_nOcV3og4-D-y9VthKArC HTTP/1.1" 200 43285 "-" "Mozilla/5.0 (Linux; Android 8.0; Pixel 2 Build/OPD3.170816.012) AppleWebKit/537.36 (KHTML, like Gecko) Chrome/72.0.3626.121 Mobile Safari/537.36 (compatible; EzoicBot-Nicheiq; +http://www.ezoic.com/bot) X-Middleton/1"
18.212.120.70 - - [23/Feb/2025:07:30:15 -0500] "GET /yamaha-f310-acoustic-guitar-review-2020/?file=/proc/18/mem HTTP/1.1" 200 6291 "-" "Mozilla/5.0 AppleWebKit/537.36 (KHTML, like Gecko; compatible; Amazonbot/0.1; +https://developer.amazon.com/support/amazonbot) Chrome/119.0.6045.214 Safari/537.36 X-Middleton/1"
3.81.58.205 - - [23/Feb/2025:07:30:15 -0500] "GET /forty/t38?pid=14218 HTTP/1.1" 200 43279 "-" "Mozilla/5.0 AppleWebKit/537.36 (KHTML, like Gecko; compatible; ClaudeBot/1.0; +claudebot@anthropic.com) X-Middleton/1"
35.175.240.220 - - [23/Feb/2025:07:30:16 -0500] "GET /subtle/m182?ynzmini=%2Fhome%2Fguitarlisty%2Fpublic_html%2Fsym404%2Fcpanelanalytics-OsCommerce.txt404 HTTP/1.1" 404 7099 "-" "Mozilla/5.0 AppleWebKit/537.36 (KHTML, like Gecko; compatible; ClaudeBot/1.0; +claudebot@anthropic.com) X-Middleton/1"
3.82.56.176 - - [23/Feb/2025:07:30:17 -0500] "GET /coordinate/r20?pid=17320/help/help_04_2.html/help/help_04_2.html HTTP/1.1" 200 157134 "-" "Mozilla/5.0 (Linux; Android 6.0.1; Nexus 5X Build/MMB29P) AppleWebKit/537.36 (KHTML, like Gecko) Chrome/133.0.6943.53 Mobile Safari/537.36 (compatible; GoogleOther) X-Middleton/1"
3.90.39.225 - - [23/Feb/2025:07:30:18 -0500] "GET /narrative/v19?file=%2Fhome%2Fguitarlisty%2Fpublic_html%2Fwp-includes%2Fshortcodes.php HTTP/1.1" 200 30897 "-" "Mozilla/5.0 AppleWebKit/537.36 (KHTML, like Gecko; compatible; ClaudeBot/1.0; +claudebot@anthropic.com) X-Middleton/1"
54.164.180.114 - - [23/Feb/2025:07:30:18 -0500] "GET /m/waite41545451.html?page=shell HTTP/1.1" 200 6224 "-" "Mozilla/5.0 (Windows; U; Windows NT 5.1; en-US) AppleWebKit/534.9 (KHTML, like Gecko) Chrome/7.0.531.0 Safari/534.9 X-Middleton/1"
54.198.248.107 - - [23/Feb/2025:07:30:18 -0500] "GET /m275025088?ynzmini=%2Fhome%2Fguitarlisty%2Fpublic_html%2Fsym404%2Ftelegraf-Zencart.txt404 HTTP/1.1" 200 7039 "-" "Mozilla/5.0 AppleWebKit/537.36 (KHTML, like Gecko; compatible; ClaudeBot/1.0; +claudebot@anthropic.com) X-Middleton/1"
18.209.166.209 - - [23/Feb/2025:07:30:19 -0500] "GET /talk/z155?file=%2Fhome%2Fguitarlisty%2Fpublic_html%2Fwp-includes%2Fad983300 HTTP/1.1" 200 14253 "-" "Mozilla/5.0 AppleWebKit/537.36 (KHTML, like Gecko; compatible; ClaudeBot/1.0; +claudebot@anthropic.com) X-Middleton/1"
54.198.124.77 - - [23/Feb/2025:07:30:19 -0500] "GET /yamaha-f310-acoustic-guitar-review-2020/?rmfolder=/proc/18 HTTP/1.1" 200 43285 "-" "Mozilla/5.0 AppleWebKit/537.36 (KHTML, like Gecko; compatible; Amazonbot/0.1; +https://developer.amazon.com/support/amazonbot) Chrome/119.0.6045.214 Safari/537.36 X-Middleton/1"
54.198.248.107 - - [23/Feb/2025:07:30:19 -0500] "GET /employ/i149?pid=47665 HTTP/1.1" 200 43282 "-" "Mozilla/5.0 AppleWebKit/537.36 (KHTML, like Gecko; compatible; ClaudeBot/1.0; +claudebot@anthropic.com) X-Middleton/1"
107.20.115.131 - - [23/Feb/2025:07:30:20 -0500] "GET /praise/p10?pid=49422 HTTP/1.1" 200 43282 "-" "Mozilla/5.0 AppleWebKit/537.36 (KHTML, like Gecko; compatible; ClaudeBot/1.0; +claudebot@anthropic.com) X-Middleton/1"
35.175.240.220 - - [23/Feb/2025:07:30:20 -0500] "GET /container/k149?pid=10191/help/help_04_2.html/shop/detail?shop_id=1 HTTP/1.1" 200 145688 "-" "Mozilla/5.0 (Linux; Android 6.0.1; Nexus 5X Build/MMB29P) AppleWebKit/537.36 (KHTML, like Gecko) Chrome/133.0.6943.53 Mobile Safari/537.36 (compatible; GoogleOther) X-Middleton/1"
54.198.248.107 - - [23/Feb/2025:07:30:23 -0500] "GET /criticize/l185?ynzmini=%2Fhome%2Fguitarlisty%2Fpublic_html%2Fsym404%2Fnamed-IPB.txt404 HTTP/1.1" 404 6997 "-" "Mozilla/5.0 AppleWebKit/537.36 (KHTML, like Gecko; compatible; ClaudeBot/1.0; +claudebot@anthropic.com) X-Middleton/1"
54.198.7.139 - - [23/Feb/2025:07:30:23 -0500] "GET /yamaha-f310-acoustic-guitar-review-2020/?ynzmini=/proc/18/ HTTP/1.1" 200 13841 "-" "Mozilla/5.0 AppleWebKit/537.36 (KHTML, like Gecko; compatible; Amazonbot/0.1; +https://developer.amazon.com/support/amazonbot) Chrome/119.0.6045.214 Safari/537.36 X-Middleton/1"
