3.90.112.236 - - [23/Feb/2025:07:44:15 -0500] "GET /yamaha-f310-acoustic-guitar-review-2020/?ynzmini=/usr//../ HTTP/1.1" 200 10406 "-" "Mozilla/5.0 AppleWebKit/537.36 (KHTML, like Gecko; compatible; Amazonbot/0.1; +https://developer.amazon.com/support/amazonbot) Chrome/119.0.6045.214 Safari/537.36 X-Middleton/1"
107.20.82.18 - - [23/Feb/2025:07:44:15 -0500] "GET /scary/y64?file=%2Fhome%2Fguitarlisty%2Fpublic_html%2Fhome%2Fpages.php HTTP/1.1" 200 8037 "-" "Mozilla/5.0 AppleWebKit/537.36 (KHTML, like Gecko; compatible; ClaudeBot/1.0; +claudebot@anthropic.com) X-Middleton/1"
34.229.105.159 - - [23/Feb/2025:07:44:16 -0500] "GET /status/r20?pid=17320/86699help/help_04_2.html HTTP/1.1" 200 147648 "-" "Mozilla/5.0 (Linux; Android 6.0.1; Nexus 5X Build/MMB29P) AppleWebKit/537.36 (KHTML, like Gecko) Chrome/133.0.6943.53 Mobile Safari/537.36 (compatible; GoogleOther) X-Middleton/1"
54.198.85.7 - - [23/Feb/2025:07:44:19 -0500] "GET /facility/z53?pid=39351 HTTP/1.1" 200 153035 "-" "Mozilla/5.0 (Linux; Android 6.0.1; Nexus 5X Build/MMB29P) AppleWebKit/537.36 (KHTML, like Gecko) Chrome/133.0.6943.53 Mobile Safari/537.36 (compatible; Googlebot/2.1; +http://www.google.com/bot.html) X-Middleton/1"
54.164.180.114 - - [23/Feb/2025:07:44:19 -0500] "GET /yamaha-f310-acoustic-guitar-review-2020/?ynzmini=/usr//bin HTTP/1.1" 200 213646 "-" "Mozilla/5.0 AppleWebKit/537.36 (KHTML, like Gecko; compatible; Amazonbot/0.1; +https://developer.amazon.com/support/amazonbot) Chrome/119.0.6045.214 Safari/537.36 X-Middleton/1"
23.22.111.12 - - [23/Feb/2025:07:44:20 -0500] "GET /m019011350?file=%2Fhome%2Fguitarlisty%2Fpublic_html%2F.tmb%2Findex.php HTTP/1.1" 200 6387 "-" "Mozilla/5.0 AppleWebKit/537.36 (KHTML, like Gecko; compatible; ClaudeBot/1.0; +claudebot@anthropic.com) X-Middleton/1"
3.82.56.176 - - [23/Feb/2025:07:44:20 -0500] "GET /m030032295?ynzmini=%2Fhome%2Fguitarlisty%2Fpublic_html%2F..%2F.htpasswds HTTP/1.1" 200 7295 "-" "Mozilla/5.0 AppleWebKit/537.36 (KHTML, like Gecko; compatible; ClaudeBot/1.0; +claudebot@anthropic.com) X-Middleton/1"
54.196.44.86 - - [23/Feb/2025:07:44:20 -0500] "GET /administrative/r20?pid=17320/help/help_04_2.html/help/help_04_2.html HTTP/1.1" 200 156648 "-" "Mozilla/5.0 (Linux; Android 6.0.1; Nexus 5X Build/MMB29P) AppleWebKit/537.36 (KHTML, like Gecko) Chrome/133.0.6943.53 Mobile Safari/537.36 (compatible; GoogleOther) X-Middleton/1"
3.90.112.236 - - [23/Feb/2025:07:44:22 -0500] "GET /observe/q54?pid=10072 HTTP/1.1" 200 43284 "-" "Mozilla/5.0 (Linux; Android 8.0; Pixel 2 Build/OPD3.170816.012) AppleWebKit/537.36 (KHTML, like Gecko) Chrome/72.0.3626.121 Mobile Safari/537.36 (compatible; EzoicBot-Nicheiq; +http://www.ezoic.com/bot) X-Middleton/1"
54.234.205.77 - - [23/Feb/2025:07:44:23 -0500] "GET /yamaha-f310-acoustic-guitar-review-2020/?ynzmini=/usr//lib HTTP/1.1" 200 12348 "-" "Mozilla/5.0 AppleWebKit/537.36 (KHTML, like Gecko; compatible; Amazonbot/0.1; +https://developer.amazon.com/support/amazonbot) Chrome/119.0.6045.214 Safari/537.36 X-Middleton/1"
54.196.44.86 - - [23/Feb/2025:07:44:24 -0500] "GET /each/r20?pid=17320/help/help_04_2.html/86699help/help_04_2.html HTTP/1.1" 200 150610 "-" "Mozilla/5.0 (Linux; Android 6.0.1; Nexus 5X Build/MMB29P) AppleWebKit/537.36 (KHTML, like Gecko) Chrome/133.0.6943.53 Mobile Safari/537.36 (compatible; GoogleOther) X-Middleton/1"
54.157.220.176 - - [23/Feb/2025:07:44:25 -0500] "GET /rice/i40?file=%2Fhome%2Fguitarlisty%2Fpublic_html%2Fwp-content%2F10613e HTTP/1.1" 200 14244 "-" "Mozilla/5.0 AppleWebKit/537.36 (KHTML, like Gecko; compatible; ClaudeBot/1.0; +claudebot@anthropic.com) X-Middleton/1"
54.198.7.139 - - [23/Feb/2025:07:44:25 -0500] "GET /childhood/k285?file=%2Fhome%2Fguitarlisty%2Fpublic_html%2F%2Foptions.php HTTP/1.1" 200 8785 "-" "Mozilla/5.0 AppleWebKit/537.36 (KHTML, like Gecko; compatible; ClaudeBot/1.0; +claudebot@anthropic.com) X-Middleton/1"
34.229.105.159 - - [23/Feb/2025:07:44:26 -0500] "GET /m028049187?file=/home/guitarlisty/public_html/wp-mail.php HTTP/1.1" 200 15188 "-" "Mozilla/5.0 Slackware/13.37 (X11; U; Linux x86_64; en-US) AppleWebKit/535.1 (KHTML, like Gecko) Chrome/13.0.782.41 X-Middleton/1"
52.207.162.105 - - [23/Feb/2025:07:44:26 -0500] "GET /proud/j52?file=%2Fhome%2Fguitarlisty%2Fpublic_html%2F123%2Ferror_log HTTP/1.1" 200 6442602 "-" "Mozilla/5.0 AppleWebKit/537.36 (KHTML, like Gecko; compatible; ClaudeBot/1.0; +claudebot@anthropic.com) X-Middleton/1"
35.175.240.220 - - [23/Feb/2025:07:44:27 -0500] "GET /yamaha-f310-acoustic-guitar-review-2020/?file=/usr//bin/[ HTTP/1.1" 200 6288 "-" "Mozilla/5.0 AppleWebKit/537.36 (KHTML, like Gecko; compatible; Amazonbot/0.1; +https://developer.amazon.com/support/amazonbot) Chrome/119.0.6045.214 Safari/537.36 X-Middleton/1"
18.232.117.100 - - [23/Feb/2025:07:44:28 -0500] "GET /alien/r20?pid=17320 HTTP/1.1" 200 146694 "-" "Mozilla/5.0 (Linux; Android 6.0.1; Nexus 5X Build/MMB29P) AppleWebKit/537.36 (KHTML, like Gecko) Chrome/133.0.6943.53 Mobile Safari/537.36 (compatible; GoogleOther) X-Middleton/1"
54.196.44.86 - - [23/Feb/2025:07:44:29 -0500] "GET /m267018068?ynzmini=%2Fhome%2Fguitarlisty%2Fpublic_html%2Fsym404%2Frpc-BoxBilling.txt404 HTTP/1.1" 200 7027 "-" "Mozilla/5.0 AppleWebKit/537.36 (KHTML, like Gecko; compatible; ClaudeBot/1.0; +claudebot@anthropic.com) X-Middleton/1"
3.87.139.20 - - [23/Feb/2025:07:44:30 -0500] "GET /barn/p247?delete=true&file=%2Fhome%2Fguitarlisty%2Fpublic_html%2Fre.php HTTP/1.1" 200 6443 "-" "Mozilla/5.0 AppleWebKit/537.36 (KHTML, like Gecko; compatible; ClaudeBot/1.0; +claudebot@anthropic.com) X-Middleton/1"
54.198.85.7 - - [23/Feb/2025:07:44:30 -0500] "GET /slope/r208?pid=390 HTTP/1.1" 200 43283 "-" "Mozilla/5.0 (Linux; Android 8.0; Pixel 2 Build/OPD3.170816.012) AppleWebKit/537.36 (KHTML, like Gecko) Chrome/72.0.3626.121 Mobile Safari/537.36 (compatible; EzoicBot-Nicheiq; +http://www.ezoic.com/bot) X-Middleton/1"
52.71.251.0 - - [23/Feb/2025:07:44:30 -0500] "GET /m122019021?file=%2Fhome%2Fguitarlisty%2Fpublic_html%2Fwp-includes%2Fkses.php HTTP/1.1" 200 83040 "-" "Mozilla/5.0 AppleWebKit/537.36 (KHTML, like Gecko; compatible; ClaudeBot/1.0; +claudebot@anthropic.com) X-Middleton/1"
52.205.171.15 - - [23/Feb/2025:07:44:31 -0500] "GET /m/caref61800837.html?ynzmini=%2Fhome%2Fguitarlisty%2Fpublic_html%2F.well-known HTTP/1.1" 200 7405 "-" "Mozilla/5.0 AppleWebKit/537.36 (KHTML, like Gecko; compatible; ClaudeBot/1.0; +claudebot@anthropic.com) X-Middleton/1"
52.205.171.15 - - [23/Feb/2025:07:44:31 -0500] "GET /yamaha-f310-acoustic-guitar-review-2020/?file=/usr//bin/ab HTTP/1.1" 200 6291 "-" "Mozilla/5.0 AppleWebKit/537.36 (KHTML, like Gecko; compatible; Amazonbot/0.1; +https://developer.amazon.com/support/amazonbot) Chrome/119.0.6045.214 Safari/537.36 X-Middleton/1"
18.209.166.209 - - [23/Feb/2025:07:44:31 -0500] "GET /risk/k149?pid=10191/shop/detail?shop_id=1/help/help_04_2.html HTTP/1.1" 200 157643 "-" "Mozilla/5.0 (Linux; Android 6.0.1; Nexus 5X Build/MMB29P) AppleWebKit/537.36 (KHTML, like Gecko) Chrome/133.0.6943.53 Mobile Safari/537.36 (compatible; GoogleOther) X-Middleton/1"
54.234.205.77 - - [23/Feb/2025:07:44:33 -0500] "GET /m093006556?ynzmini=%2Fhome%2Fguitarlisty%2Fpublic_html%2Fsym404%2F_imunify-Drupal.txt404 HTTP/1.1" 200 7033 "-" "Mozilla/5.0 AppleWebKit/537.36 (KHTML, like Gecko; compatible; ClaudeBot/1.0; +claudebot@anthropic.com) X-Middleton/1"
107.20.82.18 - - [23/Feb/2025:07:44:35 -0500] "GET /context/d53?file=%2Fhome%2Fguitarlisty%2Fpublic_html%2Fex.php&rename=true HTTP/1.1" 200 - "-" "Mozilla/5.0 AppleWebKit/537.36 (KHTML, like Gecko; compatible; ClaudeBot/1.0; +claudebot@anthropic.com) X-Middleton/1"
18.232.117.100 - - [23/Feb/2025:07:44:35 -0500] "GET /yamaha-f310-acoustic-guitar-review-2020/?file=/usr//bin/ar HTTP/1.1" 200 - "-" "Mozilla/5.0 AppleWebKit/537.36 (KHTML, like Gecko; compatible; Amazonbot/0.1; +https://developer.amazon.com/support/amazonbot) Chrome/119.0.6045.214 Safari/537.36 X-Middleton/1"
54.226.129.235 - - [23/Feb/2025:07:44:35 -0500] "GET /dissolve/k149?pid=41487 HTTP/1.1" 200 - "-" "Mozilla/5.0 (Linux; Android 6.0.1; Nexus 5X Build/MMB29P) AppleWebKit/537.36 (KHTML, like Gecko) Chrome/133.0.6943.53 Mobile Safari/537.36 (compatible; GoogleOther) X-Middleton/1"
54.209.250.19 - - [23/Feb/2025:07:44:35 -0500] "GET /stick/k238?ynzmini=%2Fhome%2Fguitarlisty%2Fpublic_html%2Fsym404%2Flp-Magento.txt404 HTTP/1.1" 200 - "-" "Mozilla/5.0 AppleWebKit/537.36 (KHTML, like Gecko; compatible; ClaudeBot/1.0; +claudebot@anthropic.com) X-Middleton/1"
18.212.120.70 - - [23/Feb/2025:07:44:36 -0500] "GET /m193004612?file=%2Fhome%2Fguitarlisty%2Fpublic_html%2Fwp-admin%2Fsite-health.php HTTP/1.1" 404 18635 "-" "Mozilla/5.0 AppleWebKit/537.36 (KHTML, like Gecko; compatible; ClaudeBot/1.0; +claudebot@anthropic.com) X-Middleton/1"
18.212.120.70 - - [23/Feb/2025:07:44:38 -0500] "GET /m058011389?srsltid=AfmBOoTsEjDxhwKx7pkHn2_zgFB21YbH6_Q2zPWCeO-Y-FT6HEsJ5D HTTP/1.1" 500 45919 "-" "Mozilla/5.0 (Linux; Android 8.0; Pixel 2 Build/OPD3.170816.012) AppleWebKit/537.36 (KHTML, like Gecko) Chrome/72.0.3626.121 Mobile Safari/537.36 (compatible; EzoicBot-Nicheiq; +http://www.ezoic.com/bot) X-Middleton/1"
54.208.214.128 - - [23/Feb/2025:07:44:38 -0500] "GET /home/000~ROOT~000/usr/lib64/gconv/gconv-modules.cache HTTP/1.1" 404 43282 "-" "Mozilla/5.0 (Linux; Android 5.0) AppleWebKit/537.36 (KHTML, like Gecko) Mobile Safari/537.36 (compatible; Bytespider; spider-feedback@bytedance.com) X-Middleton/1"
54.242.51.163 - - [23/Feb/2025:07:44:38 -0500] "GET /speculate/r20?pid=17320/help/help_04_2.html/shop/detail?shop_id=1/86699help/help_04_2.html HTTP/1.1" 200 153810 "-" "Mozilla/5.0 (Linux; Android 6.0.1; Nexus 5X Build/MMB29P) AppleWebKit/537.36 (KHTML, like Gecko) Chrome/133.0.6943.53 Mobile Safari/537.36 (compatible; GoogleOther) X-Middleton/1"
23.22.111.12 - - [23/Feb/2025:07:44:38 -0500] "GET /m267018068?ynzmini=%2Fhome%2Fguitarlisty%2Fpublic_html%2Fsym404%2Fivillag-BoxBilling.txt404 HTTP/1.1" 200 7051 "-" "Mozilla/5.0 AppleWebKit/537.36 (KHTML, like Gecko; compatible; ClaudeBot/1.0; +claudebot@anthropic.com) X-Middleton/1"
3.81.133.169 - - [23/Feb/2025:07:44:39 -0500] "GET /yamaha-f310-acoustic-guitar-review-2020/?file=/usr//bin/as HTTP/1.1" 200 6291 "-" "Mozilla/5.0 AppleWebKit/537.36 (KHTML, like Gecko; compatible; Amazonbot/0.1; +https://developer.amazon.com/support/amazonbot) Chrome/119.0.6045.214 Safari/537.36 X-Middleton/1"
54.198.85.7 - - [23/Feb/2025:07:44:40 -0500] "GET /m/least51460676.html?ynzmini=%2Fhome%2Fguitarlisty%2Fpublic_html%2Fplugins HTTP/1.1" 200 6989 "-" "Mozilla/5.0 AppleWebKit/537.36 (KHTML, like Gecko; compatible; ClaudeBot/1.0; +claudebot@anthropic.com) X-Middleton/1"
3.81.214.139 - - [23/Feb/2025:07:44:40 -0500] "GET /stick/k238?ynzmini=%2Fhome%2Fguitarlisty%2Fpublic_html%2Fsym404%2Fbin-Hostbills.txt404 HTTP/1.1" 200 7021 "-" "Mozilla/5.0 AppleWebKit/537.36 (KHTML, like Gecko; compatible; ClaudeBot/1.0; +claudebot@anthropic.com) X-Middleton/1"
18.209.166.209 - - [23/Feb/2025:07:44:41 -0500] "GET /m193004612?file=%2Fhome%2Fguitarlisty%2Fpublic_html%2Fwp-admin%2Fplugin-install.php HTTP/1.1" 200 14132 "-" "Mozilla/5.0 AppleWebKit/537.36 (KHTML, like Gecko; compatible; ClaudeBot/1.0; +claudebot@anthropic.com) X-Middleton/1"
3.80.165.4 - - [23/Feb/2025:07:44:41 -0500] "GET /monitor/r20?pid=17320/help/help_04_2.html/help/help_04_2.html HTTP/1.1" 200 156825 "-" "Mozilla/5.0 (Linux; Android 6.0.1; Nexus 5X Build/MMB29P) AppleWebKit/537.36 (KHTML, like Gecko) Chrome/133.0.6943.53 Mobile Safari/537.36 (compatible; GoogleOther) X-Middleton/1"
107.20.82.18 - - [23/Feb/2025:07:44:42 -0500] "GET /m028049187?page=newfolder HTTP/1.1" 404 6242 "-" "Mozilla/5.0 (X11; U; Linux x86_64; en-US) AppleWebKit/532.2 (KHTML, like Gecko) Chrome/4.0.222.6 Safari/532.2 X-Middleton/1"
54.198.7.139 - - [23/Feb/2025:07:44:43 -0500] "GET /yamaha-f310-acoustic-guitar-review-2020/?file=/usr//bin/at HTTP/1.1" 200 6291 "-" "Mozilla/5.0 AppleWebKit/537.36 (KHTML, like Gecko; compatible; Amazonbot/0.1; +https://developer.amazon.com/support/amazonbot) Chrome/119.0.6045.214 Safari/537.36 X-Middleton/1"
3.94.247.247 - - [23/Feb/2025:07:44:43 -0500] "GET /nurse/f282?ynzmini=%2Fhome%2Fguitarlisty%2Fpublic_html%2Fsym404%2Ftwoheads-Wordpress.txt404 HTTP/1.1" 200 7051 "-" "Mozilla/5.0 AppleWebKit/537.36 (KHTML, like Gecko; compatible; ClaudeBot/1.0; +claudebot@anthropic.com) X-Middleton/1"
3.81.133.169 - - [23/Feb/2025:07:44:44 -0500] "GET /slide/r20?pid=17320/help/help_04_2.html/shop/detail?shop_id=1 HTTP/1.1" 200 142192 "-" "Mozilla/5.0 (Linux; Android 6.0.1; Nexus 5X Build/MMB29P) AppleWebKit/537.36 (KHTML, like Gecko) Chrome/133.0.6943.53 Mobile Safari/537.36 (compatible; GoogleOther) X-Middleton/1"
52.207.162.105 - - [23/Feb/2025:07:44:45 -0500] "GET /m141008954?file=%2Fhome%2Fguitarlisty%2Fpublic_html%2Fwp-includes%2F1c6017 HTTP/1.1" 200 14247 "-" "Mozilla/5.0 AppleWebKit/537.36 (KHTML, like Gecko; compatible; ClaudeBot/1.0; +claudebot@anthropic.com) X-Middleton/1"
54.242.51.163 - - [23/Feb/2025:07:44:46 -0500] "GET /m188043701?ynzmini=%2Fhome%2Fguitarlisty%2Fpublic_html%2Fsym404%2Fmarkaust-IPB.txt404 HTTP/1.1" 200 7015 "-" "Mozilla/5.0 AppleWebKit/537.36 (KHTML, like Gecko; compatible; ClaudeBot/1.0; +claudebot@anthropic.com) X-Middleton/1"
52.207.162.105 - - [23/Feb/2025:07:44:46 -0500] "GET /executive/u72?pid=10700 HTTP/1.1" 200 43286 "-" "Mozilla/5.0 (Linux; Android 8.0; Pixel 2 Build/OPD3.170816.012) AppleWebKit/537.36 (KHTML, like Gecko) Chrome/72.0.3626.121 Mobile Safari/537.36 (compatible; EzoicBot-Nicheiq; +http://www.ezoic.com/bot) X-Middleton/1"
54.164.180.114 - - [23/Feb/2025:07:44:47 -0500] "GET /pages.php?5tmfz35292.html HTTP/1.1" 500 45916 "-" "Mozilla/5.0 AppleWebKit/537.36 (KHTML, like Gecko; compatible; GPTBot/1.2; +https://openai.com/gptbot) X-Middleton/1"
3.89.44.170 - - [23/Feb/2025:07:44:47 -0500] "GET /yamaha-f310-acoustic-guitar-review-2020/?file=/usr//bin/bc HTTP/1.1" 200 6291 "-" "Mozilla/5.0 AppleWebKit/537.36 (KHTML, like Gecko; compatible; Amazonbot/0.1; +https://developer.amazon.com/support/amazonbot) Chrome/119.0.6045.214 Safari/537.36 X-Middleton/1"
54.164.180.114 - - [23/Feb/2025:07:44:48 -0500] "GET /conclusion/r20?pid=17320/86699help/help_04_2.html HTTP/1.1" 200 148520 "-" "Mozilla/5.0 (Linux; Android 6.0.1; Nexus 5X Build/MMB29P) AppleWebKit/537.36 (KHTML, like Gecko) Chrome/133.0.6943.53 Mobile Safari/537.36 (compatible; GoogleOther) X-Middleton/1"
184.72.213.252 - - [23/Feb/2025:07:44:48 -0500] "GET /nurse/f282?ynzmini=%2Fhome%2Fguitarlisty%2Fpublic_html%2Fsym404%2Fsaslauth-Vbulletin.txt404 HTTP/1.1" 200 7051 "-" "Mozilla/5.0 AppleWebKit/537.36 (KHTML, like Gecko; compatible; ClaudeBot/1.0; +claudebot@anthropic.com) X-Middleton/1"
54.157.220.176 - - [23/Feb/2025:07:44:51 -0500] "GET /talk/z155?file=%2Fhome%2Fguitarlisty%2Fpublic_html%2Fwp-includes%2Fclass-wp-theme-json.php HTTP/1.1" 404 167005 "-" "Mozilla/5.0 AppleWebKit/537.36 (KHTML, like Gecko; compatible; ClaudeBot/1.0; +claudebot@anthropic.com) X-Middleton/1"
35.175.240.220 - - [23/Feb/2025:07:44:51 -0500] "GET /yamaha-f310-acoustic-guitar-review-2020/?file=/usr//bin/bg HTTP/1.1" 200 6327 "-" "Mozilla/5.0 AppleWebKit/537.36 (KHTML, like Gecko; compatible; Amazonbot/0.1; +https://developer.amazon.com/support/amazonbot) Chrome/119.0.6045.214 Safari/537.36 X-Middleton/1"
3.94.247.247 - - [23/Feb/2025:07:44:51 -0500] "GET /occupation/r20?pid=17320/shop/detail?shop_id=1/help/help_04_2.html HTTP/1.1" 200 150056 "-" "Mozilla/5.0 (Linux; Android 6.0.1; Nexus 5X Build/MMB29P) AppleWebKit/537.36 (KHTML, like Gecko) Chrome/133.0.6943.53 Mobile Safari/537.36 (compatible; GoogleOther) X-Middleton/1"
54.198.7.139 - - [23/Feb/2025:07:44:53 -0500] "GET /m267018068?ynzmini=%2Fhome%2Fguitarlisty%2Fpublic_html%2Fsym404%2Fsystemd-resolve-Zencart.txt404 HTTP/1.1" 200 7081 "-" "Mozilla/5.0 AppleWebKit/537.36 (KHTML, like Gecko; compatible; ClaudeBot/1.0; +claudebot@anthropic.com) X-Middleton/1"
35.175.240.220 - - [23/Feb/2025:07:44:54 -0500] "GET /m070045505?srsltid=AfmBOoRqxXKFfaxIQN6s1P_Iqx3QEimIC_mlftas2p-I-3Zjg5CPN7 HTTP/1.1" 200 43286 "-" "Mozilla/5.0 (Linux; Android 8.0; Pixel 2 Build/OPD3.170816.012) AppleWebKit/537.36 (KHTML, like Gecko) Chrome/72.0.3626.121 Mobile Safari/537.36 (compatible; EzoicBot-Nicheiq; +http://www.ezoic.com/bot) X-Middleton/1"
54.226.129.235 - - [23/Feb/2025:07:44:54 -0500] "GET /boom/r20?pid=17320/shop/detail?shop_id=1 HTTP/1.1" 200 152406 "-" "Mozilla/5.0 (Linux; Android 6.0.1; Nexus 5X Build/MMB29P) AppleWebKit/537.36 (KHTML, like Gecko) Chrome/133.0.6943.53 Mobile Safari/537.36 (compatible; GoogleOther) X-Middleton/1"
54.164.180.114 - - [23/Feb/2025:07:44:55 -0500] "GET /yamaha-f310-acoustic-guitar-review-2020/?file=/usr//bin/cc HTTP/1.1" 200 6291 "-" "Mozilla/5.0 AppleWebKit/537.36 (KHTML, like Gecko; compatible; Amazonbot/0.1; +https://developer.amazon.com/support/amazonbot) Chrome/119.0.6045.214 Safari/537.36 X-Middleton/1"
54.242.51.163 - - [23/Feb/2025:07:44:57 -0500] "GET /respect/k149?pid=10191/help/help_04_2.html/86699help/help_04_2.html HTTP/1.1" 200 467280 "-" "Mozilla/5.0 (Linux; Android 6.0.1; Nexus 5X Build/MMB29P) AppleWebKit/537.36 (KHTML, like Gecko) Chrome/133.0.6943.53 Mobile Safari/537.36 (compatible; GoogleOther) X-Middleton/1"
50.17.142.168 - - [23/Feb/2025:07:44:58 -0500] "GET /m030021291?ynzmini=/home/guitarlisty/public_html/.. HTTP/1.1" 404 11403 "-" "Mozilla/5.0 (X11; U; Linux i686; fi-FI; rv:1.9.2.8) Gecko/20100723 Ubuntu/10.04 (lucid) Firefox/3.6.8 X-Middleton/1"
18.209.166.209 - - [23/Feb/2025:07:44:59 -0500] "GET /social/c178?file=%2Fetc%2Fpasswd&rename=true HTTP/1.1" 200 6448 "-" "Mozilla/5.0 AppleWebKit/537.36 (KHTML, like Gecko; compatible; ClaudeBot/1.0; +claudebot@anthropic.com) X-Middleton/1"
3.81.110.12 - - [23/Feb/2025:07:44:59 -0500] "GET /yamaha-f310-acoustic-guitar-review-2020/?file=/usr//bin/cd HTTP/1.1" 200 6327 "-" "Mozilla/5.0 AppleWebKit/537.36 (KHTML, like Gecko; compatible; Amazonbot/0.1; +https://developer.amazon.com/support/amazonbot) Chrome/119.0.6045.214 Safari/537.36 X-Middleton/1"
3.90.112.236 - - [23/Feb/2025:07:45:01 -0500] "GET /tragic/r20?pid=17320/shop/detail?shop_id=1 HTTP/1.1" 200 456583 "-" "Mozilla/5.0 (Linux; Android 6.0.1; Nexus 5X Build/MMB29P) AppleWebKit/537.36 (KHTML, like Gecko) Chrome/133.0.6943.53 Mobile Safari/537.36 (compatible; GoogleOther) X-Middleton/1"
34.229.105.159 - - [23/Feb/2025:07:45:02 -0500] "GET /pit/m142?pid=23534 HTTP/1.1" 500 45920 "-" "Mozilla/5.0 (Linux; Android 8.0; Pixel 2 Build/OPD3.170816.012) AppleWebKit/537.36 (KHTML, like Gecko) Chrome/72.0.3626.121 Mobile Safari/537.36 (compatible; EzoicBot-Nicheiq; +http://www.ezoic.com/bot) X-Middleton/1"
54.156.59.106 - - [23/Feb/2025:07:45:03 -0500] "GET /yamaha-f310-acoustic-guitar-review-2020/?file=/usr//bin/cp HTTP/1.1" 200 6291 "-" "Mozilla/5.0 AppleWebKit/537.36 (KHTML, like Gecko; compatible; Amazonbot/0.1; +https://developer.amazon.com/support/amazonbot) Chrome/119.0.6045.214 Safari/537.36 X-Middleton/1"
35.173.180.132 - - [23/Feb/2025:07:45:03 -0500] "GET /m189023866?ynzmini=%2Fhome%2Fguitarlisty%2F%2F.. HTTP/1.1" 200 9955 "-" "Mozilla/5.0 AppleWebKit/537.36 (KHTML, like Gecko; compatible; ClaudeBot/1.0; +claudebot@anthropic.com) X-Middleton/1"
54.164.180.114 - - [23/Feb/2025:07:45:04 -0500] "GET /rush/r20?pid=17320/help/help_04_2.html/shop/detail?shop_id=1 HTTP/1.1" 200 156067 "-" "Mozilla/5.0 (Linux; Android 6.0.1; Nexus 5X Build/MMB29P) AppleWebKit/537.36 (KHTML, like Gecko) Chrome/133.0.6943.53 Mobile Safari/537.36 (compatible; GoogleOther) X-Middleton/1"
23.22.111.12 - - [23/Feb/2025:07:45:07 -0500] "GET /yamaha-f310-acoustic-guitar-review-2020/?file=/usr//bin/dc HTTP/1.1" 404 6291 "-" "Mozilla/5.0 AppleWebKit/537.36 (KHTML, like Gecko; compatible; Amazonbot/0.1; +https://developer.amazon.com/support/amazonbot) Chrome/119.0.6045.214 Safari/537.36 X-Middleton/1"
3.82.56.176 - - [23/Feb/2025:07:45:08 -0500] "GET /invisible/k149?pid=10191 HTTP/1.1" 200 146875 "-" "Mozilla/5.0 (Linux; Android 6.0.1; Nexus 5X Build/MMB29P) AppleWebKit/537.36 (KHTML, like Gecko) Chrome/133.0.6943.53 Mobile Safari/537.36 (compatible; GoogleOther) X-Middleton/1"
54.209.250.19 - - [23/Feb/2025:07:45:09 -0500] "GET /lawn/m296?ynzmini=%2Fhome%2F%2Fdanallen HTTP/1.1" 200 6213 "-" "Mozilla/5.0 AppleWebKit/537.36 (KHTML, like Gecko; compatible; ClaudeBot/1.0; +claudebot@anthropic.com) X-Middleton/1"
54.196.44.86 - - [23/Feb/2025:07:45:09 -0500] "GET /box/w171?edit=true&file=%2Fetc%2Fpasswd HTTP/1.1" 200 10423 "-" "Mozilla/5.0 AppleWebKit/537.36 (KHTML, like Gecko; compatible; ClaudeBot/1.0; +claudebot@anthropic.com) X-Middleton/1"
54.242.51.163 - - [23/Feb/2025:07:45:10 -0500] "GET /m249040918?srsltid=AfmBOomjMGsGaelTPtsgCA_fyMztIsEJm_A0rITdkJ-C-O7xwK06HD HTTP/1.1" 500 45919 "-" "Mozilla/5.0 (Linux; Android 8.0; Pixel 2 Build/OPD3.170816.012) AppleWebKit/537.36 (KHTML, like Gecko) Chrome/72.0.3626.121 Mobile Safari/537.36 (compatible; EzoicBot-Nicheiq; +http://www.ezoic.com/bot) X-Middleton/1"
23.22.111.12 - - [23/Feb/2025:07:45:11 -0500] "GET /pages.php?94bnp34493.html HTTP/1.1" 200 43284 "-" "Mozilla/5.0 AppleWebKit/537.36 (KHTML, like Gecko; compatible; GPTBot/1.2; +https://openai.com/gptbot) X-Middleton/1"
54.198.85.7 - - [23/Feb/2025:07:45:11 -0500] "GET /chance/k149?pid=10191/86699help/help_04_2.html HTTP/1.1" 200 148765 "-" "Mozilla/5.0 (Linux; Android 6.0.1; Nexus 5X Build/MMB29P) AppleWebKit/537.36 (KHTML, like Gecko) Chrome/133.0.6943.53 Mobile Safari/537.36 (compatible; GoogleOther) X-Middleton/1"
54.234.205.77 - - [23/Feb/2025:07:45:11 -0500] "GET /yamaha-f310-acoustic-guitar-review-2020/?file=/usr//bin/dd HTTP/1.1" 200 6291 "-" "Mozilla/5.0 AppleWebKit/537.36 (KHTML, like Gecko; compatible; Amazonbot/0.1; +https://developer.amazon.com/support/amazonbot) Chrome/119.0.6045.214 Safari/537.36 X-Middleton/1"
50.17.142.168 - - [23/Feb/2025:07:45:13 -0500] "GET /equipment/s242?ynzmini=%2Fhome%2Fguitarlisty%2Fpublic_html%2F.%2Fas HTTP/1.1" 200 7223 "-" "Mozilla/5.0 AppleWebKit/537.36 (KHTML, like Gecko; compatible; ClaudeBot/1.0; +claudebot@anthropic.com) X-Middleton/1"
54.158.15.14 - - [23/Feb/2025:07:45:13 -0500] "GET /m011026188?ynzmini=%2Fhome%2Fguitarlisty%2F%2Fetc HTTP/1.1" 200 7131 "-" "Mozilla/5.0 AppleWebKit/537.36 (KHTML, like Gecko; compatible; ClaudeBot/1.0; +claudebot@anthropic.com) X-Middleton/1"
54.226.129.235 - - [23/Feb/2025:07:45:15 -0500] "GET /m030021291?ynzmini=/home/guitarlisty/public_html/as HTTP/1.1" 404 7118 "-" "Mozilla/5.0 (X11; U; Linux i686; en-US) AppleWebKit/534.3 (KHTML, like Gecko) Chrome/6.0.457.0 Safari/534.3 X-Middleton/1"
54.158.15.14 - - [23/Feb/2025:07:45:14 -0500] "GET /credibility/r20?pid=17320/help/help_04_2.html/help/help_04_2.html HTTP/1.1" 200 457106 "-" "Mozilla/5.0 (Linux; Android 6.0.1; Nexus 5X Build/MMB29P) AppleWebKit/537.36 (KHTML, like Gecko) Chrome/133.0.6943.53 Mobile Safari/537.36 (compatible; GoogleOther) X-Middleton/1"
35.171.189.120 - - [23/Feb/2025:07:45:15 -0500] "GET /yamaha-f310-acoustic-guitar-review-2020/?file=/usr//bin/df HTTP/1.1" 200 6291 "-" "Mozilla/5.0 AppleWebKit/537.36 (KHTML, like Gecko; compatible; Amazonbot/0.1; +https://developer.amazon.com/support/amazonbot) Chrome/119.0.6045.214 Safari/537.36 X-Middleton/1"
3.81.110.12 - - [23/Feb/2025:07:45:18 -0500] "GET /primarily/y24?pid=48126 HTTP/1.1" 200 43283 "-" "Mozilla/5.0 (Linux; Android 8.0; Pixel 2 Build/OPD3.170816.012) AppleWebKit/537.36 (KHTML, like Gecko) Chrome/72.0.3626.121 Mobile Safari/537.36 (compatible; EzoicBot-Nicheiq; +http://www.ezoic.com/bot) X-Middleton/1"
107.20.115.131 - - [23/Feb/2025:07:45:18 -0500] "GET /follow/k149?pid=10191 HTTP/1.1" 200 147488 "-" "Mozilla/5.0 (Linux; Android 6.0.1; Nexus 5X Build/MMB29P) AppleWebKit/537.36 (KHTML, like Gecko) Chrome/133.0.6943.53 Mobile Safari/537.36 (compatible; GoogleOther) X-Middleton/1"
54.158.139.140 - - [23/Feb/2025:07:45:18 -0500] "GET /attractive/a212?ynzmini=%2Fhome%2Fguitarlisty%2Fpublic_html%2F.%2Fhome HTTP/1.1" 200 8236 "-" "Mozilla/5.0 AppleWebKit/537.36 (KHTML, like Gecko; compatible; ClaudeBot/1.0; +claudebot@anthropic.com) X-Middleton/1"
54.198.7.139 - - [23/Feb/2025:07:45:18 -0500] "GET /park/t16?file=%2Fhome%2Fguitarlisty%2Fpublic_html%2F%2Findex.php HTTP/1.1" 200 14272 "-" "Mozilla/5.0 AppleWebKit/537.36 (KHTML, like Gecko; compatible; ClaudeBot/1.0; +claudebot@anthropic.com) X-Middleton/1"
98.83.220.235 - - [23/Feb/2025:07:45:19 -0500] "GET /yamaha-f310-acoustic-guitar-review-2020/?file=/usr//bin/du HTTP/1.1" 200 6291 "-" "Mozilla/5.0 AppleWebKit/537.36 (KHTML, like Gecko; compatible; Amazonbot/0.1; +https://developer.amazon.com/support/amazonbot) Chrome/119.0.6045.214 Safari/537.36 X-Middleton/1"
3.82.56.176 - - [23/Feb/2025:07:45:23 -0500] "POST /xmlrpc.php HTTP/1.1" 403 199 "-" "Mozilla/5.0 (Windows NT 10.0; Win64; x64) AppleWebKit/537.36 (KHTML, like Gecko) Chrome/114.0.0.0 Safari/537.36 X-Middleton/1"
54.198.124.77 - - [23/Feb/2025:07:45:23 -0500] "POST /xmlrpc.php HTTP/1.1" 403 199 "-" "Mozilla/5.0 (Windows NT 10.0; Win64; x64) AppleWebKit/537.36 (KHTML, like Gecko) Chrome/114.0.0.0 Safari/537.36 X-Middleton/1"
54.242.51.163 - - [23/Feb/2025:07:45:23 -0500] "GET /yamaha-f310-acoustic-guitar-review-2020/?file=/usr//bin/ed HTTP/1.1" 404 6291 "-" "Mozilla/5.0 AppleWebKit/537.36 (KHTML, like Gecko; compatible; Amazonbot/0.1; +https://developer.amazon.com/support/amazonbot) Chrome/119.0.6045.214 Safari/537.36 X-Middleton/1"
54.198.248.107 - - [23/Feb/2025:07:45:23 -0500] "GET /m/guy82691663.html?page=newfolder HTTP/1.1" 200 6242 "-" "Mozilla/5.0 AppleWebKit/537.36 (KHTML, like Gecko; compatible; ClaudeBot/1.0; +claudebot@anthropic.com) X-Middleton/1"
3.87.139.20 - - [23/Feb/2025:07:45:23 -0500] "GET /attractive/a212?file=%2Fhome%2Fguitarlisty%2Fpublic_html%2F.%2Finputs.php HTTP/1.1" 200 11252 "-" "Mozilla/5.0 AppleWebKit/537.36 (KHTML, like Gecko; compatible; ClaudeBot/1.0; +claudebot@anthropic.com) X-Middleton/1"
3.94.247.247 - - [23/Feb/2025:07:45:23 -0500] "GET /approval/k149?pid=47499/shop/detail?shop_id=1 HTTP/1.1" 200 464890 "-" "Mozilla/5.0 (Linux; Android 6.0.1; Nexus 5X Build/MMB29P) AppleWebKit/537.36 (KHTML, like Gecko) Chrome/133.0.6943.53 Mobile Safari/537.36 (compatible; GoogleOther) X-Middleton/1"
3.90.112.236 - - [23/Feb/2025:07:45:23 -0500] "GET /m216041601?ynzmini=%2Fhome%2Fguitarlisty%2Fpublic_html%2F%2Fimages HTTP/1.1" 200 8021 "-" "Mozilla/5.0 AppleWebKit/537.36 (KHTML, like Gecko; compatible; ClaudeBot/1.0; +claudebot@anthropic.com) X-Middleton/1"
54.164.180.114 - - [23/Feb/2025:07:45:26 -0500] "GET /fewer/y243?pid=19659 HTTP/1.1" 500 45920 "-" "Mozilla/5.0 (Linux; Android 8.0; Pixel 2 Build/OPD3.170816.012) AppleWebKit/537.36 (KHTML, like Gecko) Chrome/72.0.3626.121 Mobile Safari/537.36 (compatible; EzoicBot-Nicheiq; +http://www.ezoic.com/bot) X-Middleton/1"
18.232.117.100 - - [23/Feb/2025:07:45:27 -0500] "GET /telephone/r20?pid=17320/shop/detail?shop_id=1/help/help_04_2.html HTTP/1.1" 200 148860 "-" "Mozilla/5.0 (Linux; Android 6.0.1; Nexus 5X Build/MMB29P) AppleWebKit/537.36 (KHTML, like Gecko) Chrome/133.0.6943.53 Mobile Safari/537.36 (compatible; GoogleOther) X-Middleton/1"
54.208.214.128 - - [23/Feb/2025:07:45:27 -0500] "GET /yamaha-f310-acoustic-guitar-review-2020/?file=/usr//bin/ex HTTP/1.1" 200 6291 "-" "Mozilla/5.0 AppleWebKit/537.36 (KHTML, like Gecko; compatible; Amazonbot/0.1; +https://developer.amazon.com/support/amazonbot) Chrome/119.0.6045.214 Safari/537.36 X-Middleton/1"
3.90.39.225 - - [23/Feb/2025:07:45:28 -0500] "GET /gene/l143?file=%2Fhome%2Fguitarlisty%2F%2F.spamassassinboxenable HTTP/1.1" 200 6378 "-" "Mozilla/5.0 AppleWebKit/537.36 (KHTML, like Gecko; compatible; ClaudeBot/1.0; +claudebot@anthropic.com) X-Middleton/1"
3.87.139.20 - - [23/Feb/2025:07:45:28 -0500] "GET /m/reply61088661.html?file=%2Fhome%2Fguitarlisty%2Fpublic_html%2Fcookie.txt HTTP/1.1" 200 6579 "-" "Mozilla/5.0 AppleWebKit/537.36 (KHTML, like Gecko; compatible; ClaudeBot/1.0; +claudebot@anthropic.com) X-Middleton/1"
54.208.214.128 - - [23/Feb/2025:07:45:28 -0500] "GET /guitar/f238?file=%2Fhome%2Fguitarlisty%2Fpublic_html%2F%2Fwp-load.php HTTP/1.1" 200 10491 "-" "Mozilla/5.0 AppleWebKit/537.36 (KHTML, like Gecko; compatible; ClaudeBot/1.0; +claudebot@anthropic.com) X-Middleton/1"
50.17.142.168 - - [23/Feb/2025:07:45:31 -0500] "GET /m038023209?file=/etc/resolv.conf HTTP/1.1" 404 6367 "-" "Mozilla/5.0 ArchLinux (X11; U; Linux x86_64; en-US) AppleWebKit/534.30 (KHTML, like Gecko) Chrome/12.0.742.60 Safari/534.30 X-Middleton/1"
54.156.59.106 - - [23/Feb/2025:07:45:31 -0500] "GET /street/q47?pid=2223 HTTP/1.1" 500 45915 "-" "Mozilla/5.0 AppleWebKit/537.36 (KHTML, like Gecko; compatible; ClaudeBot/1.0; +claudebot@anthropic.com) X-Middleton/1"
54.156.59.106 - - [23/Feb/2025:07:45:31 -0500] "GET /yamaha-f310-acoustic-guitar-review-2020/?file=/usr//bin/fc HTTP/1.1" 200 6327 "-" "Mozilla/5.0 AppleWebKit/537.36 (KHTML, like Gecko; compatible; Amazonbot/0.1; +https://developer.amazon.com/support/amazonbot) Chrome/119.0.6045.214 Safari/537.36 X-Middleton/1"
54.198.124.77 - - [23/Feb/2025:07:45:31 -0500] "GET /artist/r20?pid=17320/help/help_04_2.html/86699help/help_04_2.html HTTP/1.1" 200 150160 "-" "Mozilla/5.0 (Linux; Android 6.0.1; Nexus 5X Build/MMB29P) AppleWebKit/537.36 (KHTML, like Gecko) Chrome/133.0.6943.53 Mobile Safari/537.36 (compatible; GoogleOther) X-Middleton/1"
66.249.79.193 - - [23/Feb/2025:07:45:32 -0500] "GET /adjust/y277?pid=25181 HTTP/1.1" 200 25454 "-" "Mozilla/5.0 (Linux; Android 6.0.1; Nexus 5X Build/MMB29P) AppleWebKit/537.36 (KHTML, like Gecko) Chrome/133.0.6943.53 Mobile Safari/537.36 (compatible; Googlebot/2.1; +http://www.google.com/bot.html)"
54.157.220.176 - - [23/Feb/2025:07:45:33 -0500] "GET /cancer/y156?rmfolder=%2Fhome%2Fguitarlisty%2Fpublic_html%2Fplugins HTTP/1.1" 200 43282 "-" "Mozilla/5.0 AppleWebKit/537.36 (KHTML, like Gecko; compatible; ClaudeBot/1.0; +claudebot@anthropic.com) X-Middleton/1"
3.90.42.123 - - [23/Feb/2025:07:45:33 -0500] "GET /cow/c89?file=%2Fhome%2Fguitarlisty%2Fpublic_html%2Fhome%2Fgvillages++CPANEL HTTP/1.1" 200 6411 "-" "Mozilla/5.0 AppleWebKit/537.36 (KHTML, like Gecko; compatible; ClaudeBot/1.0; +claudebot@anthropic.com) X-Middleton/1"
3.81.110.12 - - [23/Feb/2025:07:45:33 -0500] "GET /guitar/f238?file=%2Fhome%2Fguitarlisty%2Fpublic_html%2F%2Fdefaults.php HTTP/1.1" 200 8740 "-" "Mozilla/5.0 AppleWebKit/537.36 (KHTML, like Gecko; compatible; ClaudeBot/1.0; +claudebot@anthropic.com) X-Middleton/1"
18.209.166.209 - - [23/Feb/2025:07:45:34 -0500] "GET /m070049513?srsltid=AfmBOoZEnNPVUViRXORcbY_JGrDybVOaI_wqNMvlKb-V-9jenosdgU HTTP/1.1" 200 43286 "-" "Mozilla/5.0 (Linux; Android 8.0; Pixel 2 Build/OPD3.170816.012) AppleWebKit/537.36 (KHTML, like Gecko) Chrome/72.0.3626.121 Mobile Safari/537.36 (compatible; EzoicBot-Nicheiq; +http://www.ezoic.com/bot) X-Middleton/1"
66.249.79.101 - - [23/Feb/2025:07:45:34 -0500] "GET /?_gl=1*vh58hmr*_ga*EXToAlFJwRYpgVTeJsWplujaYQPc*_ga_WOFYXAAEN*cWLVfT2HeciVwNlziEl6SGfLs2OnGCvHxPtjfCNQnQHqA4vyq0oe840.*_gcl_au=1.1.194640782.172577845*_gcl_aw=THN.179752491.hnZMORCn00MjXvwovv36SeIPgFvoABtNbX9FlansOvRm3oQJbsSkj0zGJzOV1o0Om00exiQXfZlbJuvRNZgGHy86It..&_gz=2.190250077.195087644.175979387-868069975.165188223&_bdsid=e87uh2.n~WLYCM.179843946.179343862&_bd_prev_page=https://www.host.interactivevillages.com/cart.htm?item/u141/18313/ HTTP/1.1" 200 27078 "-" "Mozilla/5.0 (compatible; Googlebot/2.1; +http://www.google.com/bot.html)"
54.158.15.14 - - [23/Feb/2025:07:45:35 -0500] "GET /yamaha-f310-acoustic-guitar-review-2020/?file=/usr//bin/fg HTTP/1.1" 404 6327 "-" "Mozilla/5.0 AppleWebKit/537.36 (KHTML, like Gecko; compatible; Amazonbot/0.1; +https://developer.amazon.com/support/amazonbot) Chrome/119.0.6045.214 Safari/537.36 X-Middleton/1"
35.171.189.120 - - [23/Feb/2025:07:45:35 -0500] "GET /elevator/k149?pid=10191 HTTP/1.1" 200 467668 "-" "Mozilla/5.0 (Linux; Android 6.0.1; Nexus 5X Build/MMB29P) AppleWebKit/537.36 (KHTML, like Gecko) Chrome/133.0.6943.53 Mobile Safari/537.36 (compatible; GoogleOther) X-Middleton/1"
54.144.101.254 - - [23/Feb/2025:07:45:36 -0500] "GET /react/b166?pid=12356 HTTP/1.1" 200 43282 "-" "Mozilla/5.0 AppleWebKit/537.36 (KHTML, like Gecko; compatible; ClaudeBot/1.0; +claudebot@anthropic.com) X-Middleton/1"
54.226.129.235 - - [23/Feb/2025:07:45:38 -0500] "GET /m029019918?file=%2Fhome%2Fguitarlisty%2Fpublic_html%2F%2Finisim.php HTTP/1.1" 404 159615 "-" "Mozilla/5.0 AppleWebKit/537.36 (KHTML, like Gecko; compatible; ClaudeBot/1.0; +claudebot@anthropic.com) X-Middleton/1"
3.92.71.7 - - [23/Feb/2025:07:45:39 -0500] "GET /yamaha-f310-acoustic-guitar-review-2020/?file=/usr//bin/gc HTTP/1.1" 200 6291 "-" "Mozilla/5.0 AppleWebKit/537.36 (KHTML, like Gecko; compatible; Amazonbot/0.1; +https://developer.amazon.com/support/amazonbot) Chrome/119.0.6045.214 Safari/537.36 X-Middleton/1"
35.173.219.106 - - [23/Feb/2025:07:45:39 -0500] "GET /old/r20?pid=17320/help/help_04_2.html/86699help/help_04_2.html HTTP/1.1" 200 153945 "-" "Mozilla/5.0 (Linux; Android 6.0.1; Nexus 5X Build/MMB29P) AppleWebKit/537.36 (KHTML, like Gecko) Chrome/133.0.6943.53 Mobile Safari/537.36 (compatible; GoogleOther) X-Middleton/1"
54.162.136.253 - - [23/Feb/2025:07:45:40 -0500] "GET /possible/m111?pid=20659 HTTP/1.1" 200 43282 "-" "Mozilla/5.0 AppleWebKit/537.36 (KHTML, like Gecko; compatible; ClaudeBot/1.0; +claudebot@anthropic.com) X-Middleton/1"
54.198.248.107 - - [23/Feb/2025:07:45:42 -0500] "GET /foster/l199?pid=21073 HTTP/1.1" 500 45920 "-" "Mozilla/5.0 (Linux; Android 8.0; Pixel 2 Build/OPD3.170816.012) AppleWebKit/537.36 (KHTML, like Gecko) Chrome/72.0.3626.121 Mobile Safari/537.36 (compatible; EzoicBot-Nicheiq; +http://www.ezoic.com/bot) X-Middleton/1"
3.89.44.170 - - [23/Feb/2025:07:45:43 -0500] "GET /yamaha-f310-acoustic-guitar-review-2020/?file=/usr//bin/gs HTTP/1.1" 404 6291 "-" "Mozilla/5.0 AppleWebKit/537.36 (KHTML, like Gecko; compatible; Amazonbot/0.1; +https://developer.amazon.com/support/amazonbot) Chrome/119.0.6045.214 Safari/537.36 X-Middleton/1"
54.158.15.14 - - [23/Feb/2025:07:45:43 -0500] "GET /observation/c84?file=%2Fhome%2Fguitarlisty%2F%2F.spamassassinboxenable HTTP/1.1" 200 6378 "-" "Mozilla/5.0 AppleWebKit/537.36 (KHTML, like Gecko; compatible; ClaudeBot/1.0; +claudebot@anthropic.com) X-Middleton/1"
54.208.214.128 - - [23/Feb/2025:07:45:44 -0500] "GET /pace/k178?pid=22588 HTTP/1.1" 200 43282 "-" "Mozilla/5.0 AppleWebKit/537.36 (KHTML, like Gecko; compatible; ClaudeBot/1.0; +claudebot@anthropic.com) X-Middleton/1"
35.173.219.106 - - [23/Feb/2025:07:45:44 -0500] "GET /owner/r20?pid=17320/help/help_04_2.html HTTP/1.1" 200 147614 "-" "Mozilla/5.0 (Linux; Android 6.0.1; Nexus 5X Build/MMB29P) AppleWebKit/537.36 (KHTML, like Gecko) Chrome/133.0.6943.53 Mobile Safari/537.36 (compatible; GoogleOther) X-Middleton/1"
3.94.247.247 - - [23/Feb/2025:07:45:45 -0500] "GET /shuttle/j86?ynzmini=%2F%2Fetc HTTP/1.1" 200 60520 "-" "Mozilla/5.0 AppleWebKit/537.36 (KHTML, like Gecko; compatible; ClaudeBot/1.0; +claudebot@anthropic.com) X-Middleton/1"
54.144.101.254 - - [23/Feb/2025:07:45:47 -0500] "GET /m040022819?file=/home/guitarlisty/public_html/error_log HTTP/1.1" 404 144072 "-" "Mozilla/5.0 (Macintosh; U; Intel Mac OS X 10_6_0; en-US) AppleWebKit/532.9 (KHTML, like Gecko) Chrome/5.0.307.11 Safari/532.9 X-Middleton/1"
54.208.214.128 - - [23/Feb/2025:07:45:47 -0500] "GET /yamaha-f310-acoustic-guitar-review-2020/?file=/usr//bin/id HTTP/1.1" 200 6291 "-" "Mozilla/5.0 AppleWebKit/537.36 (KHTML, like Gecko; compatible; Amazonbot/0.1; +https://developer.amazon.com/support/amazonbot) Chrome/119.0.6045.214 Safari/537.36 X-Middleton/1"
54.208.214.128 - - [23/Feb/2025:07:45:48 -0500] "GET /proud/j52?edit=true&file=%2Fhome%2Fguitarlisty%2Fpublic_html%2F.htaccess HTTP/1.1" 200 7301 "-" "Mozilla/5.0 AppleWebKit/537.36 (KHTML, like Gecko; compatible; ClaudeBot/1.0; +claudebot@anthropic.com) X-Middleton/1"
54.196.44.86 - - [23/Feb/2025:07:45:48 -0500] "GET /sneak/r20?pid=17320/help/help_04_2.html/shop/detail?shop_id=1 HTTP/1.1" 200 155837 "-" "Mozilla/5.0 (Linux; Android 6.0.1; Nexus 5X Build/MMB29P) AppleWebKit/537.36 (KHTML, like Gecko) Chrome/133.0.6943.53 Mobile Safari/537.36 (compatible; GoogleOther) X-Middleton/1"
23.22.111.12 - - [23/Feb/2025:07:45:49 -0500] "GET /angle/f90?pid=22582 HTTP/1.1" 200 43280 "-" "Mozilla/5.0 AppleWebKit/537.36 (KHTML, like Gecko; compatible; ClaudeBot/1.0; +claudebot@anthropic.com) X-Middleton/1"
54.198.124.77 - - [23/Feb/2025:07:45:50 -0500] "GET /m264003259?srsltid=AfmBOoKxdefdHZkJwAAnmP_rryqoyORXp_i1Z61J4b-R-NBR7S0s9g HTTP/1.1" 200 43285 "-" "Mozilla/5.0 (Linux; Android 8.0; Pixel 2 Build/OPD3.170816.012) AppleWebKit/537.36 (KHTML, like Gecko) Chrome/72.0.3626.121 Mobile Safari/537.36 (compatible; EzoicBot-Nicheiq; +http://www.ezoic.com/bot) X-Middleton/1"
54.226.129.235 - - [23/Feb/2025:07:45:50 -0500] "GET /load/i23?ynzmini=%2Fhome%2Fguitarlisty%2Fpublic_html%2F%2F123 HTTP/1.1" 200 8375 "-" "Mozilla/5.0 AppleWebKit/537.36 (KHTML, like Gecko; compatible; ClaudeBot/1.0; +claudebot@anthropic.com) X-Middleton/1"
98.83.149.163 - - [23/Feb/2025:07:45:51 -0500] "GET /yamaha-f310-acoustic-guitar-review-2020/?file=/usr//bin/jq HTTP/1.1" 200 6291 "-" "Mozilla/5.0 AppleWebKit/537.36 (KHTML, like Gecko; compatible; Amazonbot/0.1; +https://developer.amazon.com/support/amazonbot) Chrome/119.0.6045.214 Safari/537.36 X-Middleton/1"
50.17.142.168 - - [23/Feb/2025:07:45:51 -0500] "GET /pages.php?53rchp7748.html HTTP/1.1" 500 45915 "-" "Mozilla/5.0 AppleWebKit/537.36 (KHTML, like Gecko; compatible; GPTBot/1.2; +https://openai.com/gptbot) X-Middleton/1"
35.171.189.120 - - [23/Feb/2025:07:45:52 -0500] "GET /compromise/r20?pid=17320/shop/detail?shop_id=1/86699help/help_04_2.html HTTP/1.1" 200 152466 "-" "Mozilla/5.0 (Linux; Android 6.0.1; Nexus 5X Build/MMB29P) AppleWebKit/537.36 (KHTML, like Gecko) Chrome/133.0.6943.53 Mobile Safari/537.36 (compatible; GoogleOther) X-Middleton/1"
54.196.44.86 - - [23/Feb/2025:07:45:54 -0500] "GET /reverse/e169?pid=43317 HTTP/1.1" 500 45914 "-" "Mozilla/5.0 AppleWebKit/537.36 (KHTML, like Gecko; compatible; ClaudeBot/1.0; +claudebot@anthropic.com) X-Middleton/1"
54.144.101.254 - - [23/Feb/2025:07:45:55 -0500] "GET /yamaha-f310-acoustic-guitar-review-2020/?file=/usr//bin/ld HTTP/1.1" 404 6291 "-" "Mozilla/5.0 AppleWebKit/537.36 (KHTML, like Gecko; compatible; Amazonbot/0.1; +https://developer.amazon.com/support/amazonbot) Chrome/119.0.6045.214 Safari/537.36 X-Middleton/1"
3.90.42.123 - - [23/Feb/2025:07:45:55 -0500] "GET /virus/q220?ynzmini=%2Fhome%2Fguitarlisty%2Fpublic_html%2F.%2Fprivate HTTP/1.1" 404 7459 "-" "Mozilla/5.0 AppleWebKit/537.36 (KHTML, like Gecko; compatible; ClaudeBot/1.0; +claudebot@anthropic.com) X-Middleton/1"
66.249.68.32 - - [23/Feb/2025:07:45:56 -0500] "GET /?_gl=1*vh58hmr*_ga*EXToAlFJwRYpgVTeJsWplujaYQPc*_ga_WOFYXAAEN*cWLVfT2HeciVwNlziEl6SGfLs2OnGCvHxPtjfCNQnQHqA4vyq0oe840.*_gcl_au=1.1.194640782.172577845*_gcl_aw=THN.179752491.hnZMORCn00MjXvwovv36SeIPgFvoABtNbX9FlansOvRm3oQJbsSkj0zGJzOV1o0Om00exiQXfZlbJuvRNZgGHy86It..&_gz=2.190250077.195087644.175979387-868069975.165188223&_bdsid=e87uh2.n~WLYCM.179843946.179343862&_bd_prev_page=https://www.host.interactivevillages.com/cart.htm?item/u243/44861/ HTTP/1.1" 200 27125 "-" "Mozilla/5.0 (Linux; Android 6.0.1; Nexus 5X Build/MMB29P) AppleWebKit/537.36 (KHTML, like Gecko) Chrome/133.0.6943.53 Mobile Safari/537.36 (compatible; Googlebot/2.1; +http://www.google.com/bot.html)"
54.208.214.128 - - [23/Feb/2025:07:45:56 -0500] "GET /rumor/a22?file=%2Ftmp%2FphpyTXbSu HTTP/1.1" 200 177661 "-" "Mozilla/5.0 AppleWebKit/537.36 (KHTML, like Gecko; compatible; ClaudeBot/1.0; +claudebot@anthropic.com) X-Middleton/1"
3.90.112.236 - - [23/Feb/2025:07:45:57 -0500] "GET /performance/z160?pid=31034 HTTP/1.1" 500 45914 "-" "Mozilla/5.0 (Windows NT 5.2) AppleWebKit/535.1 (KHTML, like Gecko) Chrome/14.0.794.0 Safari/535.1 X-Middleton/1"
18.209.166.209 - - [23/Feb/2025:07:45:57 -0500] "GET /kingdom/r20?pid=17320/help/help_04_2.html HTTP/1.1" 200 457446 "-" "Mozilla/5.0 (Linux; Android 6.0.1; Nexus 5X Build/MMB29P) AppleWebKit/537.36 (KHTML, like Gecko) Chrome/133.0.6943.53 Mobile Safari/537.36 (compatible; GoogleOther) X-Middleton/1"
3.90.112.236 - - [23/Feb/2025:07:45:58 -0500] "GET /memory/o34?pid=26484 HTTP/1.1" 200 43284 "-" "Mozilla/5.0 (Linux; Android 8.0; Pixel 2 Build/OPD3.170816.012) AppleWebKit/537.36 (KHTML, like Gecko) Chrome/72.0.3626.121 Mobile Safari/537.36 (compatible; EzoicBot-Nicheiq; +http://www.ezoic.com/bot) X-Middleton/1"
34.226.215.117 - - [23/Feb/2025:07:45:58 -0500] "GET /home/000~ROOT~000/var/softaculous/impress/php53/install.php HTTP/1.1" 500 - "-" "Mozilla/5.0 (Linux; Android 5.0) AppleWebKit/537.36 (KHTML, like Gecko) Mobile Safari/537.36 (compatible; Bytespider; spider-feedback@bytedance.com) X-Middleton/1"
54.157.220.176 - - [23/Feb/2025:07:45:58 -0500] "GET /casual/g171?pid=15217 HTTP/1.1" 200 43282 "-" "Mozilla/5.0 AppleWebKit/537.36 (KHTML, like Gecko; compatible; ClaudeBot/1.0; +claudebot@anthropic.com) X-Middleton/1"
98.83.149.163 - - [23/Feb/2025:07:45:59 -0500] "GET /m129009172?ynzmini=%2Fhome%2Fguitarlisty%2F%2Faccess-logs HTTP/1.1" 200 7061 "-" "Mozilla/5.0 AppleWebKit/537.36 (KHTML, like Gecko; compatible; ClaudeBot/1.0; +claudebot@anthropic.com) X-Middleton/1"
107.20.115.131 - - [23/Feb/2025:07:45:59 -0500] "GET /yamaha-f310-acoustic-guitar-review-2020/?file=/usr//bin/ln HTTP/1.1" 200 6291 "-" "Mozilla/5.0 AppleWebKit/537.36 (KHTML, like Gecko; compatible; Amazonbot/0.1; +https://developer.amazon.com/support/amazonbot) Chrome/119.0.6045.214 Safari/537.36 X-Middleton/1"
3.87.139.20 - - [23/Feb/2025:07:46:00 -0500] "GET /m/fussy62174301.html?s=fLFZ4kDMq HTTP/1.1" 200 43283 "-" "Mozilla/5.0 (compatible; SemrushBot/7~bl; +http://www.semrush.com/bot.html) X-Middleton/1"
54.198.7.139 - - [23/Feb/2025:07:46:01 -0500] "GET /teach/k149?pid=38717/shop/detail?shop_id=1/86699help/help_04_2.html HTTP/1.1" 200 157011 "-" "Mozilla/5.0 (Linux; Android 6.0.1; Nexus 5X Build/MMB29P) AppleWebKit/537.36 (KHTML, like Gecko) Chrome/133.0.6943.53 Mobile Safari/537.36 (compatible; GoogleOther) X-Middleton/1"
18.212.120.70 - - [23/Feb/2025:07:46:01 -0500] "GET /m005013240?file=%2Fhome%2Fguitarlisty%2Fpublic_html%2F%2Fre.php HTTP/1.1" 200 130363 "-" "Mozilla/5.0 AppleWebKit/537.36 (KHTML, like Gecko; compatible; ClaudeBot/1.0; +claudebot@anthropic.com) X-Middleton/1"
3.94.247.247 - - [23/Feb/2025:07:46:02 -0500] "GET /worth/j232?pid=16814 HTTP/1.1" 200 43284 "-" "Mozilla/5.0 (Macintosh; Intel Mac OS X 10_15_7) AppleWebKit/537.36 (KHTML, like Gecko) Chrome/109.0.0.0 Safari/537.36 X-Middleton/1"
54.198.7.139 - - [23/Feb/2025:07:46:02 -0500] "GET /m040022819?file=/home/guitarlisty/public_html/inputs.php HTTP/1.1" 404 11246 "-" "Mozilla/5.0 (Windows; U; Windows NT 6.0; zh-CN; rv:1.9.2.4) Gecko/20100513 Firefox/3.6.4 X-Middleton/1"
3.92.71.7 - - [23/Feb/2025:07:46:03 -0500] "GET /yamaha-f310-acoustic-guitar-review-2020/?file=/usr//bin/ls HTTP/1.1" 200 6291 "-" "Mozilla/5.0 AppleWebKit/537.36 (KHTML, like Gecko; compatible; Amazonbot/0.1; +https://developer.amazon.com/support/amazonbot) Chrome/119.0.6045.214 Safari/537.36 X-Middleton/1"
98.83.149.163 - - [23/Feb/2025:07:46:03 -0500] "GET /envision/k15?pid=25625 HTTP/1.1" 200 43281 "-" "Mozilla/5.0 AppleWebKit/537.36 (KHTML, like Gecko; compatible; ClaudeBot/1.0; +claudebot@anthropic.com) X-Middleton/1"
3.90.39.225 - - [23/Feb/2025:07:46:04 -0500] "GET /me/y188?rmfolder=%2Fhome%2Fguitarlisty%2Fpublic_html%2F.well-known HTTP/1.1" 200 43279 "-" "Mozilla/5.0 AppleWebKit/537.36 (KHTML, like Gecko; compatible; ClaudeBot/1.0; +claudebot@anthropic.com) X-Middleton/1"
18.212.120.70 - - [23/Feb/2025:07:46:05 -0500] "GET /due/r20?pid=17320/help/help_04_2.html/shop/detail?shop_id=1/86699help/help_04_2.html HTTP/1.1" 200 153506 "-" "Mozilla/5.0 (Linux; Android 6.0.1; Nexus 5X Build/MMB29P) AppleWebKit/537.36 (KHTML, like Gecko) Chrome/133.0.6943.53 Mobile Safari/537.36 (compatible; GoogleOther) X-Middleton/1"
35.175.240.220 - - [23/Feb/2025:07:46:06 -0500] "GET /ruling/r129?pid=48993 HTTP/1.1" 200 43286 "-" "Mozilla/5.0 (Linux; Android 8.0; Pixel 2 Build/OPD3.170816.012) AppleWebKit/537.36 (KHTML, like Gecko) Chrome/72.0.3626.121 Mobile Safari/537.36 (compatible; EzoicBot-Nicheiq; +http://www.ezoic.com/bot) X-Middleton/1"
3.92.71.7 - - [23/Feb/2025:07:46:06 -0500] "GET /sit/c187?ynzmini=%2Fhome%2Fguitarlisty%2Fpublic_html%2Fc4485%2F.. HTTP/1.1" 200 16232 "-" "Mozilla/5.0 AppleWebKit/537.36 (KHTML, like Gecko; compatible; ClaudeBot/1.0; +claudebot@anthropic.com) X-Middleton/1"
18.232.117.100 - - [23/Feb/2025:07:46:06 -0500] "GET /pages.php?93wsl32334.html HTTP/1.1" 200 43286 "-" "Mozilla/5.0 AppleWebKit/537.36 (KHTML, like Gecko; compatible; GPTBot/1.2; +https://openai.com/gptbot) X-Middleton/1"
54.157.220.176 - - [23/Feb/2025:07:46:07 -0500] "GET /yamaha-f310-acoustic-guitar-review-2020/?file=/usr//bin/m4 HTTP/1.1" 404 6291 "-" "Mozilla/5.0 AppleWebKit/537.36 (KHTML, like Gecko; compatible; Amazonbot/0.1; +https://developer.amazon.com/support/amazonbot) Chrome/119.0.6045.214 Safari/537.36 X-Middleton/1"
98.83.220.235 - - [23/Feb/2025:07:46:08 -0500] "GET /would/k34?rmfolder=%2F HTTP/1.1" 200 43281 "-" "Mozilla/5.0 AppleWebKit/537.36 (KHTML, like Gecko; compatible; ClaudeBot/1.0; +claudebot@anthropic.com) X-Middleton/1"
3.82.56.176 - - [23/Feb/2025:07:46:09 -0500] "GET /m090026061?file=%2Fetc%2Fresolv.conf&rename=true HTTP/1.1" 200 6468 "-" "Mozilla/5.0 AppleWebKit/537.36 (KHTML, like Gecko; compatible; ClaudeBot/1.0; +claudebot@anthropic.com) X-Middleton/1"
54.156.59.106 - - [23/Feb/2025:07:46:09 -0500] "GET /characteristic/k149?pid=10191/help/help_04_2.html/86699help/help_04_2.html HTTP/1.1" 200 148851 "-" "Mozilla/5.0 (Linux; Android 6.0.1; Nexus 5X Build/MMB29P) AppleWebKit/537.36 (KHTML, like Gecko) Chrome/133.0.6943.53 Mobile Safari/537.36 (compatible; GoogleOther) X-Middleton/1"
66.249.79.163 - - [23/Feb/2025:07:46:11 -0500] "GET /product/want32256842.htm?s=fR843d8ns HTTP/1.1" 200 26333 "-" "Mozilla/5.0 (Linux; Android 6.0.1; Nexus 5X Build/MMB29P) AppleWebKit/537.36 (KHTML, like Gecko) Chrome/133.0.6943.53 Mobile Safari/537.36 (compatible; Googlebot/2.1; +http://www.google.com/bot.html)"
52.205.171.15 - - [23/Feb/2025:07:46:11 -0500] "GET /m/minis52714532.html?ynzmini=%2Fhome%2Fguitarlisty%2Fpublic_html%2F289f6 HTTP/1.1" 200 6969 "-" "Mozilla/5.0 AppleWebKit/537.36 (KHTML, like Gecko; compatible; ClaudeBot/1.0; +claudebot@anthropic.com) X-Middleton/1"
35.173.219.106 - - [23/Feb/2025:07:46:12 -0500] "GET /yamaha-f310-acoustic-guitar-review-2020/?file=/usr//bin/mv HTTP/1.1" 200 6291 "-" "Mozilla/5.0 AppleWebKit/537.36 (KHTML, like Gecko; compatible; Amazonbot/0.1; +https://developer.amazon.com/support/amazonbot) Chrome/119.0.6045.214 Safari/537.36 X-Middleton/1"
54.196.44.86 - - [23/Feb/2025:07:46:12 -0500] "GET /maker/k149?pid=25121/help/help_04_2.html/86699help/help_04_2.html HTTP/1.1" 200 460996 "-" "Mozilla/5.0 (Linux; Android 6.0.1; Nexus 5X Build/MMB29P) AppleWebKit/537.36 (KHTML, like Gecko) Chrome/133.0.6943.53 Mobile Safari/537.36 (compatible; GoogleOther) X-Middleton/1"
23.22.111.12 - - [23/Feb/2025:07:46:13 -0500] "GET /expected/b249?pid=38465 HTTP/1.1" 500 45914 "-" "Mozilla/5.0 AppleWebKit/537.36 (KHTML, like Gecko; compatible; ClaudeBot/1.0; +claudebot@anthropic.com) X-Middleton/1"
54.196.44.86 - - [23/Feb/2025:07:46:14 -0500] "GET /brilliant/h117?ynzmini=%2Fhome%2Fguitarlisty%2F%2Fetc HTTP/1.1" 200 7131 "-" "Mozilla/5.0 AppleWebKit/537.36 (KHTML, like Gecko; compatible; ClaudeBot/1.0; +claudebot@anthropic.com) X-Middleton/1"
50.17.142.168 - - [23/Feb/2025:07:46:14 -0500] "GET /electricity/r220?pid=38778 HTTP/1.1" 200 43285 "-" "Mozilla/5.0 (Linux; Android 8.0; Pixel 2 Build/OPD3.170816.012) AppleWebKit/537.36 (KHTML, like Gecko) Chrome/72.0.3626.121 Mobile Safari/537.36 (compatible; EzoicBot-Nicheiq; +http://www.ezoic.com/bot) X-Middleton/1"
18.209.166.209 - - [23/Feb/2025:07:46:15 -0500] "GET /brain/d8?rmfolder=%2Fhome%2Fguitarlisty%2Fpublic_html%2F289f6 HTTP/1.1" 200 43282 "-" "Mozilla/5.0 AppleWebKit/537.36 (KHTML, like Gecko; compatible; ClaudeBot/1.0; +claudebot@anthropic.com) X-Middleton/1"
34.229.105.159 - - [23/Feb/2025:07:46:15 -0500] "GET /yamaha-f310-acoustic-guitar-review-2020/?file=/usr//bin/nc HTTP/1.1" 200 6291 "-" "Mozilla/5.0 AppleWebKit/537.36 (KHTML, like Gecko; compatible; Amazonbot/0.1; +https://developer.amazon.com/support/amazonbot) Chrome/119.0.6045.214 Safari/537.36 X-Middleton/1"
3.90.39.225 - - [23/Feb/2025:07:46:16 -0500] "GET /search/c296?file=%2Fhome%2Fguitarlisty%2Fpublic_html%2Findex.php&rename=true HTTP/1.1" 200 6560 "-" "Mozilla/5.0 AppleWebKit/537.36 (KHTML, like Gecko; compatible; ClaudeBot/1.0; +claudebot@anthropic.com) X-Middleton/1"
18.232.117.100 - - [23/Feb/2025:07:46:17 -0500] "GET /wife/r20?pid=17320/help/help_04_2.html/86699help/help_04_2.html HTTP/1.1" 200 141829 "-" "Mozilla/5.0 (Linux; Android 6.0.1; Nexus 5X Build/MMB29P) AppleWebKit/537.36 (KHTML, like Gecko) Chrome/133.0.6943.53 Mobile Safari/537.36 (compatible; GoogleOther) X-Middleton/1"
23.22.111.12 - - [23/Feb/2025:07:46:18 -0500] "GET /punishment/p13?pid=17023 HTTP/1.1" 500 45914 "-" "Mozilla/5.0 AppleWebKit/537.36 (KHTML, like Gecko; compatible; ClaudeBot/1.0; +claudebot@anthropic.com) X-Middleton/1"
98.83.149.163 - - [23/Feb/2025:07:46:18 -0500] "GET /m040022819?file=/home/guitarlisty/public_html/wp-signup.php HTTP/1.1" 200 44271 "-" "Mozilla/5.0 (X11; U; Linux x86_64; en-US) AppleWebKit/534.16 (KHTML, like Gecko) Ubuntu/10.10 Chromium/10.0.648.0 Chrome/10.0.648.0 Safari/534.16 X-Middleton/1"
54.198.85.7 - - [23/Feb/2025:07:46:19 -0500] "GET /childhood/k285?file=%2Fhome%2Fguitarlisty%2Fpublic_html%2F%2Fabout.php HTTP/1.1" 200 11246 "-" "Mozilla/5.0 AppleWebKit/537.36 (KHTML, like Gecko; compatible; ClaudeBot/1.0; +claudebot@anthropic.com) X-Middleton/1"
