54.198.248.107 - - [23/Feb/2025:07:42:23 -0500] "GET /yamaha-f310-acoustic-guitar-review-2020/?ynzmini=/var/tmp HTTP/1.1" 200 6464 "-" "Mozilla/5.0 AppleWebKit/537.36 (KHTML, like Gecko; compatible; Amazonbot/0.1; +https://developer.amazon.com/support/amazonbot) Chrome/119.0.6045.214 Safari/537.36 X-Middleton/1"
35.175.240.220 - - [23/Feb/2025:07:42:25 -0500] "GET /producer/r20?pid=17320/shop/detail?shop_id=1/help/help_04_2.html HTTP/1.1" 200 456694 "-" "Mozilla/5.0 (Linux; Android 6.0.1; Nexus 5X Build/MMB29P) AppleWebKit/537.36 (KHTML, like Gecko) Chrome/133.0.6943.53 Mobile Safari/537.36 (compatible; GoogleOther) X-Middleton/1"
54.198.124.77 - - [23/Feb/2025:07:42:25 -0500] "GET /state/a277?file=%2Fhome%2Fguitarlisty%2Fpublic_html%2Fwp-includes%2Fdb80b HTTP/1.1" 404 14067 "-" "Mozilla/5.0 AppleWebKit/537.36 (KHTML, like Gecko; compatible; ClaudeBot/1.0; +claudebot@anthropic.com) X-Middleton/1"
54.198.7.139 - - [23/Feb/2025:07:42:27 -0500] "GET /shuttle/j86?file=%2Fhome%2Fguitarlisty%2Fpublic_html%2F%2Fmah.php HTTP/1.1" 200 9781 "-" "Mozilla/5.0 AppleWebKit/537.36 (KHTML, like Gecko; compatible; ClaudeBot/1.0; +claudebot@anthropic.com) X-Middleton/1"
3.90.42.123 - - [23/Feb/2025:07:42:27 -0500] "GET /m/answe20437129.html?ynzmini=%2Fhome%2Fguitarlisty%2Fpublic_html%2Fc4485 HTTP/1.1" 200 6969 "-" "Mozilla/5.0 AppleWebKit/537.36 (KHTML, like Gecko; compatible; ClaudeBot/1.0; +claudebot@anthropic.com) X-Middleton/1"
3.81.110.12 - - [23/Feb/2025:07:42:27 -0500] "GET /yamaha-f310-acoustic-guitar-review-2020/?rmfolder=/var/tmp HTTP/1.1" 200 43283 "-" "Mozilla/5.0 AppleWebKit/537.36 (KHTML, like Gecko; compatible; Amazonbot/0.1; +https://developer.amazon.com/support/amazonbot) Chrome/119.0.6045.214 Safari/537.36 X-Middleton/1"
54.157.220.176 - - [23/Feb/2025:07:42:28 -0500] "GET /pages.php?40pra22425.html HTTP/1.1" 200 43286 "-" "Mozilla/5.0 AppleWebKit/537.36 (KHTML, like Gecko; compatible; GPTBot/1.2; +https://openai.com/gptbot) X-Middleton/1"
3.94.247.247 - - [23/Feb/2025:07:42:29 -0500] "GET /blow/r123?pid=37901 HTTP/1.1" 500 45918 "-" "Mozilla/5.0 (Linux; Android 8.0; Pixel 2 Build/OPD3.170816.012) AppleWebKit/537.36 (KHTML, like Gecko) Chrome/72.0.3626.121 Mobile Safari/537.36 (compatible; EzoicBot-Nicheiq; +http://www.ezoic.com/bot) X-Middleton/1"
18.212.120.70 - - [23/Feb/2025:07:42:29 -0500] "GET /dialogue/r20?pid=17320/help/help_04_2.html/86699help/help_04_2.html HTTP/1.1" 200 455686 "-" "Mozilla/5.0 (Linux; Android 6.0.1; Nexus 5X Build/MMB29P) AppleWebKit/537.36 (KHTML, like Gecko) Chrome/133.0.6943.53 Mobile Safari/537.36 (compatible; GoogleOther) X-Middleton/1"
3.81.214.139 - - [23/Feb/2025:07:42:31 -0500] "GET /yamaha-f310-acoustic-guitar-review-2020/?ynzmini=/var/tmp/ HTTP/1.1" 200 6467 "-" "Mozilla/5.0 AppleWebKit/537.36 (KHTML, like Gecko; compatible; Amazonbot/0.1; +https://developer.amazon.com/support/amazonbot) Chrome/119.0.6045.214 Safari/537.36 X-Middleton/1"
3.94.247.247 - - [23/Feb/2025:07:42:32 -0500] "GET /replace/t270?file=%2Fhome%2Fguitarlisty%2Fpublic_html%2F%2Fclick.php HTTP/1.1" 404 8655 "-" "Mozilla/5.0 AppleWebKit/537.36 (KHTML, like Gecko; compatible; ClaudeBot/1.0; +claudebot@anthropic.com) X-Middleton/1"
107.20.82.18 - - [23/Feb/2025:07:42:32 -0500] "GET /mouth/n134?ynzmini=%2Fhome%2Fguitarlisty%2Fpublic_html%2F289f6%2F HTTP/1.1" 200 6973 "-" "Mozilla/5.0 AppleWebKit/537.36 (KHTML, like Gecko; compatible; ClaudeBot/1.0; +claudebot@anthropic.com) X-Middleton/1"
3.81.110.12 - - [23/Feb/2025:07:42:32 -0500] "GET /class/r79?ynzmini=%2Fhome%2Fguitarlisty%2Fpublic_html%2Fhome%2F..%2Fhome HTTP/1.1" 200 8408 "-" "Mozilla/5.0 AppleWebKit/537.36 (KHTML, like Gecko; compatible; ClaudeBot/1.0; +claudebot@anthropic.com) X-Middleton/1"
54.158.15.14 - - [23/Feb/2025:07:42:35 -0500] "GET /m022043691?file=/home/guitarlisty/public_html/wp-mail.php HTTP/1.1" 404 15188 "-" "Mozilla/5.0 (X11; U; Linux i686; en-US; rv:1.9.2.3) Gecko/20100401 Firefox/3.6.3 GTB7.1 X-Middleton/1"
54.156.59.106 - - [23/Feb/2025:07:42:35 -0500] "GET /yamaha-f310-acoustic-guitar-review-2020/?ynzmini=/var//www HTTP/1.1" 200 6764 "-" "Mozilla/5.0 AppleWebKit/537.36 (KHTML, like Gecko; compatible; Amazonbot/0.1; +https://developer.amazon.com/support/amazonbot) Chrome/119.0.6045.214 Safari/537.36 X-Middleton/1"
52.71.251.0 - - [23/Feb/2025:07:42:33 -0500] "GET /?_gl=1%2Ak4hwph1%2A_ga%2AXbtaWdlkXcWXyqYHwaOMkrxhNoyX%2A_ga_XUEIPLSWA%2AZ4PrqnUi7jcGKahAeLywvECCuG6VQymYcdpF5aQEi46EFrZRcNGFSJt.%2A_gcl_au%3D1.1.199309670.171246508%2A_gcl_aw%3DHRA.172207154.T113vndvw5VGRUESwnCjcyTvzk3lBi7x1gHVcmamlA1MQ6v9cJ4xl8C6KQS1Yed91qEApoxMihzn18TJKDPw2hGaoW..&_gz=2.195859657.196897876.176586697-868404552.160047340&_bdsid=a6hjla.n~RQUDK.171599289.173208778&_bd_prev_page=https%3A%2F%2Fwww.guitarlisty.com%2Fget.aspx%3Fitem%2Fu204%2F20642%2F HTTP/1.1" 200 465325 "-" "Mozilla/5.0 (Linux; Android 6.0.1; Nexus 5X Build/MMB29P) AppleWebKit/537.36 (KHTML, like Gecko) Chrome/133.0.6943.126 Mobile Safari/537.36 (compatible; Googlebot/2.1; +http://www.google.com/bot.html) X-Middleton/1"
3.87.139.20 - - [23/Feb/2025:07:42:37 -0500] "GET /middle/r20?pid=17320/shop/detail?shop_id=1 HTTP/1.1" 200 154579 "-" "Mozilla/5.0 (Linux; Android 6.0.1; Nexus 5X Build/MMB29P) AppleWebKit/537.36 (KHTML, like Gecko) Chrome/133.0.6943.53 Mobile Safari/537.36 (compatible; GoogleOther) X-Middleton/1"
3.94.247.247 - - [23/Feb/2025:07:42:37 -0500] "GET /m266000735?file=%2Fhome%2Fguitarlisty%2Fpublic_html%2F.%2Findex.php0 HTTP/1.1" 200 16515 "-" "Mozilla/5.0 AppleWebKit/537.36 (KHTML, like Gecko; compatible; ClaudeBot/1.0; +claudebot@anthropic.com) X-Middleton/1"
54.162.136.253 - - [23/Feb/2025:07:42:37 -0500] "GET /quarter/k159?file=%2Fhome%2Fguitarlisty%2Fpublic_html%2F%2Fmah.php HTTP/1.1" 200 9781 "-" "Mozilla/5.0 AppleWebKit/537.36 (KHTML, like Gecko; compatible; ClaudeBot/1.0; +claudebot@anthropic.com) X-Middleton/1"
3.87.139.20 - - [23/Feb/2025:07:42:37 -0500] "GET /publisher/e31?edit=true&file=%2Fhome%2Fguitarlisty%2Fpublic_html%2Fre.php HTTP/1.1" 200 130536 "-" "Mozilla/5.0 AppleWebKit/537.36 (KHTML, like Gecko; compatible; ClaudeBot/1.0; +claudebot@anthropic.com) X-Middleton/1"
3.92.71.7 - - [23/Feb/2025:07:42:38 -0500] "GET /m032036693?srsltid=AfmBOotVhrxYsEeJoYVNtL_bBNA0048Tx_EudKKigW-Z-auuw14NaN HTTP/1.1" 200 43281 "-" "Mozilla/5.0 (Linux; Android 8.0; Pixel 2 Build/OPD3.170816.012) AppleWebKit/537.36 (KHTML, like Gecko) Chrome/72.0.3626.121 Mobile Safari/537.36 (compatible; EzoicBot-Nicheiq; +http://www.ezoic.com/bot) X-Middleton/1"
18.209.166.209 - - [23/Feb/2025:07:42:39 -0500] "GET /yamaha-f310-acoustic-guitar-review-2020/?ynzmini=/var/www HTTP/1.1" 404 6758 "-" "Mozilla/5.0 AppleWebKit/537.36 (KHTML, like Gecko; compatible; Amazonbot/0.1; +https://developer.amazon.com/support/amazonbot) Chrome/119.0.6045.214 Safari/537.36 X-Middleton/1"
3.80.165.4 - - [23/Feb/2025:07:42:40 -0500] "GET /alternative/a164?ynzmini=%2Fhome%2Fguitarlisty%2F%2Fwww HTTP/1.1" 200 15151 "-" "Mozilla/5.0 AppleWebKit/537.36 (KHTML, like Gecko; compatible; ClaudeBot/1.0; +claudebot@anthropic.com) X-Middleton/1"
3.81.214.139 - - [23/Feb/2025:07:42:41 -0500] "GET /afraid/k149?pid=30883 HTTP/1.1" 200 472916 "-" "Mozilla/5.0 (Linux; Android 6.0.1; Nexus 5X Build/MMB29P) AppleWebKit/537.36 (KHTML, like Gecko) Chrome/133.0.6943.53 Mobile Safari/537.36 (compatible; GoogleOther) X-Middleton/1"
50.17.142.168 - - [23/Feb/2025:07:42:42 -0500] "GET /oppose/y60?ynzmini=%2Fhome%2F%2Ftemp HTTP/1.1" 200 7334 "-" "Mozilla/5.0 AppleWebKit/537.36 (KHTML, like Gecko; compatible; ClaudeBot/1.0; +claudebot@anthropic.com) X-Middleton/1"
156.59.198.136 - - [23/Feb/2025:07:42:42 -0500] "GET /sites/default/files/installation_instructions/License%20Plate%20Instructions%20SNS%2048%202008-2014%20Jeep%20Wrangler.pdf HTTP/2.0" 500 45922 "-" "Mozilla/5.0 (Linux; Android 5.0) AppleWebKit/537.36 (KHTML, like Gecko) Mobile Safari/537.36 (compatible; Bytespider; spider-feedback@bytedance.com)"
107.20.115.131 - - [23/Feb/2025:07:42:42 -0500] "GET /m126047505?ynzmini=%2Fhome%2Fguitarlisty%2Fpublic_html%2Fsym404%2Froot-IPB.txt404 HTTP/1.1" 200 6991 "-" "Mozilla/5.0 AppleWebKit/537.36 (KHTML, like Gecko; compatible; ClaudeBot/1.0; +claudebot@anthropic.com) X-Middleton/1"
3.90.39.225 - - [23/Feb/2025:07:42:43 -0500] "GET /yamaha-f310-acoustic-guitar-review-2020/?ynzmini=/var//yp HTTP/1.1" 200 6462 "-" "Mozilla/5.0 AppleWebKit/537.36 (KHTML, like Gecko; compatible; Amazonbot/0.1; +https://developer.amazon.com/support/amazonbot) Chrome/119.0.6045.214 Safari/537.36 X-Middleton/1"
23.22.111.12 - - [23/Feb/2025:07:42:45 -0500] "GET /show/a262?rmfolder=%2Fhome%2Fguitarlisty%2Fpublic_html%2Fabout HTTP/1.1" 200 43280 "-" "Mozilla/5.0 AppleWebKit/537.36 (KHTML, like Gecko; compatible; ClaudeBot/1.0; +claudebot@anthropic.com) X-Middleton/1"
54.158.15.14 - - [23/Feb/2025:07:42:45 -0500] "GET /?_g=19924302 HTTP/1.1" 200 152041 "-" "Mozilla/5.0 (Linux; Android 6.0.1; Nexus 5X Build/MMB29P) AppleWebKit/537.36 (KHTML, like Gecko) Chrome/133.0.6943.53 Mobile Safari/537.36 (compatible; Googlebot/2.1; +http://www.google.com/bot.html) X-Middleton/1"
54.198.124.77 - - [23/Feb/2025:07:42:46 -0500] "GET /straight/w14?pid=13852 HTTP/1.1" 200 43285 "-" "Mozilla/5.0 (Linux; Android 8.0; Pixel 2 Build/OPD3.170816.012) AppleWebKit/537.36 (KHTML, like Gecko) Chrome/72.0.3626.121 Mobile Safari/537.36 (compatible; EzoicBot-Nicheiq; +http://www.ezoic.com/bot) X-Middleton/1"
18.232.117.100 - - [23/Feb/2025:07:42:46 -0500] "GET /product/r11?ynzmini=%2Ftmp%2F HTTP/1.1" 404 6817 "-" "Mozilla/5.0 AppleWebKit/537.36 (KHTML, like Gecko; compatible; ClaudeBot/1.0; +claudebot@anthropic.com) X-Middleton/1"
107.20.115.131 - - [23/Feb/2025:07:42:46 -0500] "GET /translate/r20?pid=17320/help/help_04_2.html/shop/detail?shop_id=1/86699help/help_04_2.html HTTP/1.1" 200 456211 "-" "Mozilla/5.0 (Linux; Android 6.0.1; Nexus 5X Build/MMB29P) AppleWebKit/537.36 (KHTML, like Gecko) Chrome/133.0.6943.53 Mobile Safari/537.36 (compatible; GoogleOther) X-Middleton/1"
18.212.120.70 - - [23/Feb/2025:07:42:47 -0500] "GET /m280000547?ynzmini=%2Fhome%2F%2Fflamingo HTTP/1.1" 200 6213 "-" "Mozilla/5.0 AppleWebKit/537.36 (KHTML, like Gecko; compatible; ClaudeBot/1.0; +claudebot@anthropic.com) X-Middleton/1"
3.82.56.176 - - [23/Feb/2025:07:42:47 -0500] "GET /yamaha-f310-acoustic-guitar-review-2020/?ynzmini=/var/yp HTTP/1.1" 200 6458 "-" "Mozilla/5.0 AppleWebKit/537.36 (KHTML, like Gecko; compatible; Amazonbot/0.1; +https://developer.amazon.com/support/amazonbot) Chrome/119.0.6045.214 Safari/537.36 X-Middleton/1"
54.198.85.7 - - [23/Feb/2025:07:42:47 -0500] "GET /m/chees41852931.html?rmfolder=%2Fhome%2Fguitarlisty%2Fpublic_html HTTP/1.1" 200 43279 "-" "Mozilla/5.0 AppleWebKit/537.36 (KHTML, like Gecko; compatible; ClaudeBot/1.0; +claudebot@anthropic.com) X-Middleton/1"
54.198.7.139 - - [23/Feb/2025:07:42:50 -0500] "GET /workshop/g61?file=%2Fhome%2Fguitarlisty%2Fpublic_html%2F%2Fradio.php HTTP/1.1" 200 11246 "-" "Mozilla/5.0 AppleWebKit/537.36 (KHTML, like Gecko; compatible; ClaudeBot/1.0; +claudebot@anthropic.com) X-Middleton/1"
156.59.198.136 - - [23/Feb/2025:07:42:50 -0500] "GET /sites/default/files/installation_instructions/INS17736%281%29_0.pdf HTTP/2.0" 200 43288 "-" "Mozilla/5.0 (Linux; Android 5.0) AppleWebKit/537.36 (KHTML, like Gecko) Mobile Safari/537.36 (compatible; Bytespider; spider-feedback@bytedance.com)"
54.208.214.128 - - [23/Feb/2025:07:42:50 -0500] "GET /m022043691?file=/home/guitarlisty/public_html/wp-settings.php HTTP/1.1" 200 35229 "-" "Mozilla/5.0 (Windows; U; Windows NT 6.1; zh-TW; rv:1.9.2.4) Gecko/20100611 Firefox/3.6.4 ( .NET CLR 3.5.30729) X-Middleton/1"
34.226.215.117 - - [23/Feb/2025:07:42:51 -0500] "GET /yamaha-f310-acoustic-guitar-review-2020/?rmfolder=/var/yp HTTP/1.1" 200 43286 "-" "Mozilla/5.0 AppleWebKit/537.36 (KHTML, like Gecko; compatible; Amazonbot/0.1; +https://developer.amazon.com/support/amazonbot) Chrome/119.0.6045.214 Safari/537.36 X-Middleton/1"
54.198.85.7 - - [23/Feb/2025:07:42:51 -0500] "GET /biology/e285?ynzmini=%2F%2Fmnt HTTP/1.1" 200 6380 "-" "Mozilla/5.0 AppleWebKit/537.36 (KHTML, like Gecko; compatible; ClaudeBot/1.0; +claudebot@anthropic.com) X-Middleton/1"
98.83.149.163 - - [23/Feb/2025:07:42:51 -0500] "GET /tray/r139?pid=43567 HTTP/1.1" 500 45915 "-" "Mozilla/5.0 AppleWebKit/537.36 (KHTML, like Gecko; compatible; ClaudeBot/1.0; +claudebot@anthropic.com) X-Middleton/1"
54.242.51.163 - - [23/Feb/2025:07:42:51 -0500] "GET /romantic/r20?pid=17320 HTTP/1.1" 200 149970 "-" "Mozilla/5.0 (Linux; Android 6.0.1; Nexus 5X Build/MMB29P) AppleWebKit/537.36 (KHTML, like Gecko) Chrome/133.0.6943.53 Mobile Safari/537.36 (compatible; GoogleOther) X-Middleton/1"
54.242.51.163 - - [23/Feb/2025:07:42:52 -0500] "GET /lower/z170?ynzmini=%2Fhome%2Fguitarlisty%2F%2Fpublic_ftp HTTP/1.1" 200 7180 "-" "Mozilla/5.0 AppleWebKit/537.36 (KHTML, like Gecko; compatible; ClaudeBot/1.0; +claudebot@anthropic.com) X-Middleton/1"
34.229.105.159 - - [23/Feb/2025:07:42:52 -0500] "GET /m184028813?file=%2Fhome%2Fguitarlisty%2Fpublic_html%2Fwp-settings.php HTTP/1.1" 404 35229 "-" "Mozilla/5.0 AppleWebKit/537.36 (KHTML, like Gecko; compatible; ClaudeBot/1.0; +claudebot@anthropic.com) X-Middleton/1"
52.207.162.105 - - [23/Feb/2025:07:42:53 -0500] "GET /stop/z35?ynzmini=%2F%2F.. HTTP/1.1" 404 10184 "-" "Mozilla/5.0 AppleWebKit/537.36 (KHTML, like Gecko; compatible; ClaudeBot/1.0; +claudebot@anthropic.com) X-Middleton/1"
66.249.79.193 - - [23/Feb/2025:07:42:53 -0500] "GET /estimate/n100?pid=37958 HTTP/1.1" 200 73091 "-" "Mozilla/5.0 (Linux; Android 6.0.1; Nexus 5X Build/MMB29P) AppleWebKit/537.36 (KHTML, like Gecko) Chrome/133.0.6943.53 Mobile Safari/537.36 (compatible; Googlebot/2.1; +http://www.google.com/bot.html)"
54.242.51.163 - - [23/Feb/2025:07:42:54 -0500] "GET /m227027042?srsltid=AfmBOoacpmObmVarscefRd_4w29h0wzyn_6tFzY65v-V-rmRKnbXYo HTTP/1.1" 200 43285 "-" "Mozilla/5.0 (Linux; Android 8.0; Pixel 2 Build/OPD3.170816.012) AppleWebKit/537.36 (KHTML, like Gecko) Chrome/72.0.3626.121 Mobile Safari/537.36 (compatible; EzoicBot-Nicheiq; +http://www.ezoic.com/bot) X-Middleton/1"
3.82.56.176 - - [23/Feb/2025:07:42:54 -0500] "GET /m/today82853087.html?s=fMFXJxKpG HTTP/1.1" 500 43717 "-" "Mozilla/5.0 (compatible; SemrushBot/7~bl; +http://www.semrush.com/bot.html) X-Middleton/1"
54.208.214.128 - - [23/Feb/2025:07:42:55 -0500] "GET /m/hot12588432.html?file=%2Fhome%2Fguitarlisty%2Fpublic_html%2Foptions.php HTTP/1.1" 200 8782 "-" "Mozilla/5.0 AppleWebKit/537.36 (KHTML, like Gecko; compatible; ClaudeBot/1.0; +claudebot@anthropic.com) X-Middleton/1"
54.209.250.19 - - [23/Feb/2025:07:42:55 -0500] "GET /yamaha-f310-acoustic-guitar-review-2020/?ynzmini=/var/yp/ HTTP/1.1" 200 6461 "-" "Mozilla/5.0 AppleWebKit/537.36 (KHTML, like Gecko; compatible; Amazonbot/0.1; +https://developer.amazon.com/support/amazonbot) Chrome/119.0.6045.214 Safari/537.36 X-Middleton/1"
66.249.79.36 - - [23/Feb/2025:07:42:55 -0500] "GET /?_gl=1*vh58hmr*_ga*EXToAlFJwRYpgVTeJsWplujaYQPc*_ga_WOFYXAAEN*cWLVfT2HeciVwNlziEl6SGfLs2OnGCvHxPtjfCNQnQHqA4vyq0oe840.*_gcl_au=1.1.194640782.172577845*_gcl_aw=THN.179752491.hnZMORCn00MjXvwovv36SeIPgFvoABtNbX9FlansOvRm3oQJbsSkj0zGJzOV1o0Om00exiQXfZlbJuvRNZgGHy86It..&_gz=2.190250077.195087644.175979387-868069975.165188223&_bdsid=e87uh2.n~WLYCM.179843946.179343862&_bd_prev_page=https://www.host.interactivevillages.com/cart.htm?item/u283/27073/ HTTP/1.1" 200 27192 "-" "Mozilla/5.0 (Linux; Android 6.0.1; Nexus 5X Build/MMB29P) AppleWebKit/537.36 (KHTML, like Gecko) Chrome/133.0.6943.53 Mobile Safari/537.36 (compatible; Googlebot/2.1; +http://www.google.com/bot.html)"
54.157.220.176 - - [23/Feb/2025:07:42:56 -0500] "GET /mill/d113?file=%2Fhome%2Fguitarlisty%2Fpublic_html%2F%2Fwp-mail.php HTTP/1.1" 200 15191 "-" "Mozilla/5.0 AppleWebKit/537.36 (KHTML, like Gecko; compatible; ClaudeBot/1.0; +claudebot@anthropic.com) X-Middleton/1"
54.157.220.176 - - [23/Feb/2025:07:42:56 -0500] "GET /urban/i181?pid=28339 HTTP/1.1" 200 43282 "-" "Mozilla/5.0 AppleWebKit/537.36 (KHTML, like Gecko; compatible; ClaudeBot/1.0; +claudebot@anthropic.com) X-Middleton/1"
50.17.142.168 - - [23/Feb/2025:07:42:56 -0500] "GET /discussion/r20?pid=17320/86699help/help_04_2.html HTTP/1.1" 200 149743 "-" "Mozilla/5.0 (Linux; Android 6.0.1; Nexus 5X Build/MMB29P) AppleWebKit/537.36 (KHTML, like Gecko) Chrome/133.0.6943.53 Mobile Safari/537.36 (compatible; GoogleOther) X-Middleton/1"
54.226.129.235 - - [23/Feb/2025:07:42:57 -0500] "GET /rocket/e63?file=%2Fhome%2Fguitarlisty%2Fpublic_html%2F.%2Fex.php HTTP/1.1" 200 11240 "-" "Mozilla/5.0 AppleWebKit/537.36 (KHTML, like Gecko; compatible; ClaudeBot/1.0; +claudebot@anthropic.com) X-Middleton/1"
50.17.142.168 - - [23/Feb/2025:07:42:57 -0500] "GET /alive/p153?file=%2Fhome%2Fguitarlisty%2Fpublic_html%2Fwp-includes%2F97dfb48 HTTP/1.1" 404 14250 "-" "Mozilla/5.0 AppleWebKit/537.36 (KHTML, like Gecko; compatible; ClaudeBot/1.0; +claudebot@anthropic.com) X-Middleton/1"
66.249.68.5 - - [23/Feb/2025:07:42:58 -0500] "GET /product/victi41363667.htm?s=f-LXuHOng HTTP/1.1" 200 25767 "-" "Mozilla/5.0 (Linux; Android 6.0.1; Nexus 5X Build/MMB29P) AppleWebKit/537.36 (KHTML, like Gecko) Chrome/133.0.6943.53 Mobile Safari/537.36 (compatible; Googlebot/2.1; +http://www.google.com/bot.html)"
54.242.51.163 - - [23/Feb/2025:07:42:58 -0500] "GET /shoot/y98?file=%2Fhome%2F%2F0_README_BEFORE_DELETING_VIRTFS HTTP/1.1" 200 6899 "-" "Mozilla/5.0 AppleWebKit/537.36 (KHTML, like Gecko; compatible; ClaudeBot/1.0; +claudebot@anthropic.com) X-Middleton/1"
23.22.111.12 - - [23/Feb/2025:07:42:59 -0500] "GET /pages.php?9dfwya8884.html HTTP/1.1" 200 43280 "-" "Mozilla/5.0 AppleWebKit/537.36 (KHTML, like Gecko; compatible; GPTBot/1.2; +https://openai.com/gptbot) X-Middleton/1"
3.81.214.139 - - [23/Feb/2025:07:42:59 -0500] "GET /yamaha-f310-acoustic-guitar-review-2020/?rmfolder=/var/yp/ HTTP/1.1" 200 43284 "-" "Mozilla/5.0 AppleWebKit/537.36 (KHTML, like Gecko; compatible; Amazonbot/0.1; +https://developer.amazon.com/support/amazonbot) Chrome/119.0.6045.214 Safari/537.36 X-Middleton/1"
18.212.120.70 - - [23/Feb/2025:07:43:00 -0500] "GET /m003029022?delete=true&file=%2Fhome%2Fguitarlisty%2Fpublic_html%2Findex.php HTTP/1.1" 200 6455 "-" "Mozilla/5.0 AppleWebKit/537.36 (KHTML, like Gecko; compatible; ClaudeBot/1.0; +claudebot@anthropic.com) X-Middleton/1"
54.144.101.254 - - [23/Feb/2025:07:43:00 -0500] "GET /m150037491?ynzmini=%2F%2Fboot HTTP/1.1" 200 11038 "-" "Mozilla/5.0 AppleWebKit/537.36 (KHTML, like Gecko; compatible; ClaudeBot/1.0; +claudebot@anthropic.com) X-Middleton/1"
3.92.71.7 - - [23/Feb/2025:07:43:01 -0500] "GET /construct/f30?pid=16042/help/help_04_2.html/help/help_04_2.html HTTP/1.1" 200 141858 "-" "Mozilla/5.0 (Linux; Android 6.0.1; Nexus 5X Build/MMB29P) AppleWebKit/537.36 (KHTML, like Gecko) Chrome/133.0.6943.53 Mobile Safari/537.36 (compatible; GoogleOther) X-Middleton/1"
52.205.171.15 - - [23/Feb/2025:07:43:01 -0500] "GET /impose/f252?pid=13874 HTTP/1.1" 200 43281 "-" "Mozilla/5.0 AppleWebKit/537.36 (KHTML, like Gecko; compatible; ClaudeBot/1.0; +claudebot@anthropic.com) X-Middleton/1"
3.81.110.12 - - [23/Feb/2025:07:43:01 -0500] "GET /m275025088?ynzmini=%2Fhome%2Fguitarlisty%2Fpublic_html%2Fsym404%2Fnobody-Lokomedia.txt404 HTTP/1.1" 404 7039 "-" "Mozilla/5.0 AppleWebKit/537.36 (KHTML, like Gecko; compatible; ClaudeBot/1.0; +claudebot@anthropic.com) X-Middleton/1"
54.196.44.86 - - [23/Feb/2025:07:43:02 -0500] "GET /hand/z49?pid=4603 HTTP/1.1" 200 43284 "-" "Mozilla/5.0 (Linux; Android 8.0; Pixel 2 Build/OPD3.170816.012) AppleWebKit/537.36 (KHTML, like Gecko) Chrome/72.0.3626.121 Mobile Safari/537.36 (compatible; EzoicBot-Nicheiq; +http://www.ezoic.com/bot) X-Middleton/1"
66.249.79.37 - - [23/Feb/2025:07:43:02 -0500] "GET /?_gl=1*vh58hmr*_ga*EXToAlFJwRYpgVTeJsWplujaYQPc*_ga_WOFYXAAEN*cWLVfT2HeciVwNlziEl6SGfLs2OnGCvHxPtjfCNQnQHqA4vyq0oe840.*_gcl_au=1.1.194640782.172577845*_gcl_aw=THN.179752491.hnZMORCn00MjXvwovv36SeIPgFvoABtNbX9FlansOvRm3oQJbsSkj0zGJzOV1o0Om00exiQXfZlbJuvRNZgGHy86It..&_gz=2.190250077.195087644.175979387-868069975.165188223&_bdsid=e87uh2.n~WLYCM.179843946.179343862&_bd_prev_page=https://www.host.interactivevillages.com/cart.htm?item/u136/16484/ HTTP/1.1" 200 27040 "-" "Mozilla/5.0 (compatible; Googlebot/2.1; +http://www.google.com/bot.html)"
98.83.220.235 - - [23/Feb/2025:07:43:02 -0500] "GET /virus/q220?file=%2Fhome%2Fguitarlisty%2Fpublic_html%2F.%2Frobots.txt HTTP/1.1" 200 6714 "-" "Mozilla/5.0 AppleWebKit/537.36 (KHTML, like Gecko; compatible; ClaudeBot/1.0; +claudebot@anthropic.com) X-Middleton/1"
107.20.115.131 - - [23/Feb/2025:07:43:02 -0500] "GET /refuge/z180?file=%2Fhome%2Fguitarlisty%2Fpublic_html%2Fwp-includes%2Fbookmark.php HTTP/1.1" 200 22127 "-" "Mozilla/5.0 AppleWebKit/537.36 (KHTML, like Gecko; compatible; ClaudeBot/1.0; +claudebot@anthropic.com) X-Middleton/1"
54.198.7.139 - - [23/Feb/2025:07:43:03 -0500] "GET /injure/d180?ynzmini=%2Fhome%2Fguitarlisty%2Fpublic_html%2F..%2Fwww HTTP/1.1" 404 16117 "-" "Mozilla/5.0 AppleWebKit/537.36 (KHTML, like Gecko; compatible; ClaudeBot/1.0; +claudebot@anthropic.com) X-Middleton/1"
34.226.215.117 - - [23/Feb/2025:07:43:04 -0500] "GET /yamaha-f310-acoustic-guitar-review-2020/?ynzmini=/var/yp/. HTTP/1.1" 404 6535 "-" "Mozilla/5.0 AppleWebKit/537.36 (KHTML, like Gecko; compatible; Amazonbot/0.1; +https://developer.amazon.com/support/amazonbot) Chrome/119.0.6045.214 Safari/537.36 X-Middleton/1"
107.20.82.18 - - [23/Feb/2025:07:43:05 -0500] "GET /scratch/j20?ynzmini=%2Fhome%2Fguitarlisty%2Fpublic_html%2F.well-known.tmp%2F HTTP/1.1" 404 7884 "-" "Mozilla/5.0 AppleWebKit/537.36 (KHTML, like Gecko; compatible; ClaudeBot/1.0; +claudebot@anthropic.com) X-Middleton/1"
3.90.112.236 - - [23/Feb/2025:07:43:05 -0500] "GET /dried/r20?pid=17320 HTTP/1.1" 200 149548 "-" "Mozilla/5.0 (Linux; Android 6.0.1; Nexus 5X Build/MMB29P) AppleWebKit/537.36 (KHTML, like Gecko) Chrome/133.0.6943.53 Mobile Safari/537.36 (compatible; GoogleOther) X-Middleton/1"
54.226.129.235 - - [23/Feb/2025:07:43:05 -0500] "GET /m093008462?ynzmini=%2Fhome%2F%2Ftemp HTTP/1.1" 404 7334 "-" "Mozilla/5.0 AppleWebKit/537.36 (KHTML, like Gecko; compatible; ClaudeBot/1.0; +claudebot@anthropic.com) X-Middleton/1"
54.198.124.77 - - [23/Feb/2025:07:43:05 -0500] "GET /nurse/f282?rmfolder=%2Fhome%2Fguitarlisty%2Fpublic_html%2Fsym404 HTTP/1.1" 200 43281 "-" "Mozilla/5.0 AppleWebKit/537.36 (KHTML, like Gecko; compatible; ClaudeBot/1.0; +claudebot@anthropic.com) X-Middleton/1"
18.209.166.209 - - [23/Feb/2025:07:43:06 -0500] "GET /m022043691?page=newfile HTTP/1.1" 200 6318 "-" "Mozilla/5.0 (Windows; U; Windows NT 6.1; en-US; rv:1.9.2.6) Gecko/20100625 Firefox/3.6.6 (.NET CLR 3.5.30729) X-Middleton/1"
98.83.220.235 - - [23/Feb/2025:07:43:06 -0500] "GET /grandchild/s43?pid=25773 HTTP/1.1" 200 43281 "-" "Mozilla/5.0 AppleWebKit/537.36 (KHTML, like Gecko; compatible; ClaudeBot/1.0; +claudebot@anthropic.com) X-Middleton/1"
3.82.56.176 - - [23/Feb/2025:07:43:06 -0500] "GET /m275025088?ynzmini=%2Fhome%2Fguitarlisty%2Fpublic_html%2Fsym404%2Fwp-toolkit-Vbulletin.txt404 HTTP/1.1" 200 7063 "-" "Mozilla/5.0 AppleWebKit/537.36 (KHTML, like Gecko; compatible; ClaudeBot/1.0; +claudebot@anthropic.com) X-Middleton/1"
18.209.166.209 - - [23/Feb/2025:07:43:07 -0500] "GET /pro/k93?file=%2Fhome%2Fguitarlisty%2Fpublic_html%2Fwp-content%2Fa1b225 HTTP/1.1" 200 14244 "-" "Mozilla/5.0 AppleWebKit/537.36 (KHTML, like Gecko; compatible; ClaudeBot/1.0; +claudebot@anthropic.com) X-Middleton/1"
54.234.205.77 - - [23/Feb/2025:07:43:07 -0500] "GET /m105041238?file=%2Fhome%2Fguitarlisty%2Fpublic_html%2Fwp-admin%2Fmedia-upload.php HTTP/1.1" 200 10084 "-" "Mozilla/5.0 AppleWebKit/537.36 (KHTML, like Gecko; compatible; ClaudeBot/1.0; +claudebot@anthropic.com) X-Middleton/1"
3.89.44.170 - - [23/Feb/2025:07:43:07 -0500] "GET /yamaha-f310-acoustic-guitar-review-2020/?rmfolder=/var//yp HTTP/1.1" 200 43283 "-" "Mozilla/5.0 AppleWebKit/537.36 (KHTML, like Gecko; compatible; Amazonbot/0.1; +https://developer.amazon.com/support/amazonbot) Chrome/119.0.6045.214 Safari/537.36 X-Middleton/1"
3.81.110.12 - - [23/Feb/2025:07:43:08 -0500] "GET /talk/g108?ynzmini=%2Fhome%2Fguitarlisty%2Fpublic_html%2F.%2Fwp-content HTTP/1.1" 200 20335 "-" "Mozilla/5.0 AppleWebKit/537.36 (KHTML, like Gecko; compatible; ClaudeBot/1.0; +claudebot@anthropic.com) X-Middleton/1"
98.83.220.235 - - [23/Feb/2025:07:43:09 -0500] "GET /vacation/r20?pid=17320/shop/detail?shop_id=1 HTTP/1.1" 200 166821 "-" "Mozilla/5.0 (Linux; Android 6.0.1; Nexus 5X Build/MMB29P) AppleWebKit/537.36 (KHTML, like Gecko) Chrome/133.0.6943.53 Mobile Safari/537.36 (compatible; GoogleOther) X-Middleton/1"
54.158.15.14 - - [23/Feb/2025:07:43:10 -0500] "GET /image/s261?pid=47021 HTTP/1.1" 200 43284 "-" "Mozilla/5.0 (Linux; Android 8.0; Pixel 2 Build/OPD3.170816.012) AppleWebKit/537.36 (KHTML, like Gecko) Chrome/72.0.3626.121 Mobile Safari/537.36 (compatible; EzoicBot-Nicheiq; +http://www.ezoic.com/bot) X-Middleton/1"
54.242.51.163 - - [23/Feb/2025:07:43:10 -0500] "GET /wrong/n288?ynzmini=%2Fhome%2Fguitarlisty%2Fpublic_html%2F.%2F. HTTP/1.1" 404 15948 "-" "Mozilla/5.0 AppleWebKit/537.36 (KHTML, like Gecko; compatible; ClaudeBot/1.0; +claudebot@anthropic.com) X-Middleton/1"
54.198.7.139 - - [23/Feb/2025:07:43:10 -0500] "GET /him/e164?ynzmini=%2Fhome%2Fguitarlisty%2Fpublic_html%2Fwp-admin%2Fjs HTTP/1.1" 404 27634 "-" "Mozilla/5.0 AppleWebKit/537.36 (KHTML, like Gecko; compatible; ClaudeBot/1.0; +claudebot@anthropic.com) X-Middleton/1"
54.226.129.235 - - [23/Feb/2025:07:43:11 -0500] "GET /yamaha-f310-acoustic-guitar-review-2020/?ynzmini=/var//yp/ HTTP/1.1" 200 6465 "-" "Mozilla/5.0 AppleWebKit/537.36 (KHTML, like Gecko; compatible; Amazonbot/0.1; +https://developer.amazon.com/support/amazonbot) Chrome/119.0.6045.214 Safari/537.36 X-Middleton/1"
54.198.124.77 - - [23/Feb/2025:07:43:11 -0500] "GET /independent/i148?pid=2414 HTTP/1.1" 200 43281 "-" "Mozilla/5.0 AppleWebKit/537.36 (KHTML, like Gecko; compatible; ClaudeBot/1.0; +claudebot@anthropic.com) X-Middleton/1"
52.207.162.105 - - [23/Feb/2025:07:43:11 -0500] "GET /m265049022?ynzmini=%2Fhome%2Fguitarlisty%2F%2F.cpanel HTTP/1.1" 200 8042 "-" "Mozilla/5.0 AppleWebKit/537.36 (KHTML, like Gecko; compatible; ClaudeBot/1.0; +claudebot@anthropic.com) X-Middleton/1"
35.171.189.120 - - [23/Feb/2025:07:43:12 -0500] "GET /m275025088?ynzmini=%2Fhome%2Fguitarlisty%2Fpublic_html%2Fsym404%2Fmysql-Wordpress.txt404 HTTP/1.1" 200 7033 "-" "Mozilla/5.0 AppleWebKit/537.36 (KHTML, like Gecko; compatible; ClaudeBot/1.0; +claudebot@anthropic.com) X-Middleton/1"
3.81.133.169 - - [23/Feb/2025:07:43:13 -0500] "GET /mount/k129?edit=true&file=%2Fhome%2Fguitarlisty%2Fpublic_html%2Fwp-settings.php HTTP/1.1" 200 35405 "-" "Mozilla/5.0 AppleWebKit/537.36 (KHTML, like Gecko; compatible; ClaudeBot/1.0; +claudebot@anthropic.com) X-Middleton/1"
35.173.180.132 - - [23/Feb/2025:07:43:13 -0500] "GET /depart/r20?pid=17320/shop/detail?shop_id=1 HTTP/1.1" 200 150592 "-" "Mozilla/5.0 (Linux; Android 6.0.1; Nexus 5X Build/MMB29P) AppleWebKit/537.36 (KHTML, like Gecko) Chrome/133.0.6943.53 Mobile Safari/537.36 (compatible; GoogleOther) X-Middleton/1"
54.198.248.107 - - [23/Feb/2025:07:43:15 -0500] "GET /yamaha-f310-acoustic-guitar-review-2020/?rmfolder=/var/lib HTTP/1.1" 200 43286 "-" "Mozilla/5.0 AppleWebKit/537.36 (KHTML, like Gecko; compatible; Amazonbot/0.1; +https://developer.amazon.com/support/amazonbot) Chrome/119.0.6045.214 Safari/537.36 X-Middleton/1"
54.198.248.107 - - [23/Feb/2025:07:43:15 -0500] "GET /m130009431?ynzmini=%2Fhome%2Fguitarlisty%2Fpublic_html%2F..%2Fwww HTTP/1.1" 200 16117 "-" "Mozilla/5.0 AppleWebKit/537.36 (KHTML, like Gecko; compatible; ClaudeBot/1.0; +claudebot@anthropic.com) X-Middleton/1"
3.92.71.7 - - [23/Feb/2025:07:43:15 -0500] "GET /curriculum/b203?ynzmini=%2Fhome%2Fguitarlisty%2Fpublic_html%2F..%2Fssl HTTP/1.1" 404 8103 "-" "Mozilla/5.0 AppleWebKit/537.36 (KHTML, like Gecko; compatible; ClaudeBot/1.0; +claudebot@anthropic.com) X-Middleton/1"
54.164.180.114 - - [23/Feb/2025:07:43:16 -0500] "GET /unemployment/g160?pid=2346 HTTP/1.1" 200 43282 "-" "Mozilla/5.0 AppleWebKit/537.36 (KHTML, like Gecko; compatible; ClaudeBot/1.0; +claudebot@anthropic.com) X-Middleton/1"
3.82.56.176 - - [23/Feb/2025:07:43:16 -0500] "GET /m018029767?file=%2Fhome%2Fguitarlisty%2Fpublic_html%2F%2Fnetworks.php HTTP/1.1" 200 8742 "-" "Mozilla/5.0 AppleWebKit/537.36 (KHTML, like Gecko; compatible; ClaudeBot/1.0; +claudebot@anthropic.com) X-Middleton/1"
52.71.251.0 - - [23/Feb/2025:07:43:17 -0500] "GET /pages.php?43zzl40494.html HTTP/1.1" 500 45917 "-" "Mozilla/5.0 AppleWebKit/537.36 (KHTML, like Gecko; compatible; GPTBot/1.2; +https://openai.com/gptbot) X-Middleton/1"
54.156.59.106 - - [23/Feb/2025:07:43:17 -0500] "GET /artistic/r20?pid=17320 HTTP/1.1" 200 455860 "-" "Mozilla/5.0 (Linux; Android 6.0.1; Nexus 5X Build/MMB29P) AppleWebKit/537.36 (KHTML, like Gecko) Chrome/133.0.6943.53 Mobile Safari/537.36 (compatible; GoogleOther) X-Middleton/1"
54.198.85.7 - - [23/Feb/2025:07:43:18 -0500] "GET /m110008013?srsltid=AfmBOoCuvPPiRIntDTTtyE_ddeP1uVpMo_1Yuh2UsQ-B-2J7dl36uZ HTTP/1.1" 200 43283 "-" "Mozilla/5.0 (Linux; Android 8.0; Pixel 2 Build/OPD3.170816.012) AppleWebKit/537.36 (KHTML, like Gecko) Chrome/72.0.3626.121 Mobile Safari/537.36 (compatible; EzoicBot-Nicheiq; +http://www.ezoic.com/bot) X-Middleton/1"
35.173.180.132 - - [23/Feb/2025:07:43:18 -0500] "GET /ok/m207?file=%2Fhome%2Fguitarlisty%2Fpublic_html%2Fhome%2FguitarlistyWORDPRESS.txt HTTP/1.1" 404 10038 "-" "Mozilla/5.0 AppleWebKit/537.36 (KHTML, like Gecko; compatible; ClaudeBot/1.0; +claudebot@anthropic.com) X-Middleton/1"
3.80.165.4 - - [23/Feb/2025:07:43:18 -0500] "GET /home/000~ROOT~000/proc/2295/net/rt6_stats HTTP/1.1" 200 43278 "-" "Mozilla/5.0 (Linux; Android 5.0) AppleWebKit/537.36 (KHTML, like Gecko) Mobile Safari/537.36 (compatible; Bytespider; spider-feedback@bytedance.com) X-Middleton/1"
3.80.165.4 - - [23/Feb/2025:07:43:19 -0500] "GET /yamaha-f310-acoustic-guitar-review-2020/?ynzmini=/var/lib/ HTTP/1.1" 200 13356 "-" "Mozilla/5.0 AppleWebKit/537.36 (KHTML, like Gecko; compatible; Amazonbot/0.1; +https://developer.amazon.com/support/amazonbot) Chrome/119.0.6045.214 Safari/537.36 X-Middleton/1"
35.173.219.106 - - [23/Feb/2025:07:43:20 -0500] "GET /m016030357?ynzmini=%2Fhome%2Fguitarlisty%2Fpublic_html%2F.%2F289f6 HTTP/1.1" 200 7072 "-" "Mozilla/5.0 AppleWebKit/537.36 (KHTML, like Gecko; compatible; ClaudeBot/1.0; +claudebot@anthropic.com) X-Middleton/1"
54.198.124.77 - - [23/Feb/2025:07:43:20 -0500] "GET /him/e164?file=%2Fhome%2Fguitarlisty%2Fpublic_html%2Fwp-admin%2Fcomment.php HTTP/1.1" 200 19211 "-" "Mozilla/5.0 AppleWebKit/537.36 (KHTML, like Gecko; compatible; ClaudeBot/1.0; +claudebot@anthropic.com) X-Middleton/1"
54.196.44.86 - - [23/Feb/2025:07:43:21 -0500] "GET /permission/r20?pid=17320/help/help_04_2.html/shop/detail?shop_id=1 HTTP/1.1" 200 141848 "-" "Mozilla/5.0 (Linux; Android 6.0.1; Nexus 5X Build/MMB29P) AppleWebKit/537.36 (KHTML, like Gecko) Chrome/133.0.6943.53 Mobile Safari/537.36 (compatible; GoogleOther) X-Middleton/1"
54.208.214.128 - - [23/Feb/2025:07:43:21 -0500] "GET /m/latte10410960.html?file=%2Fhome%2Fguitarlisty%2Fpublic_html%2Fre.php HTTP/1.1" 200 130360 "-" "Mozilla/5.0 AppleWebKit/537.36 (KHTML, like Gecko; compatible; ClaudeBot/1.0; +claudebot@anthropic.com) X-Middleton/1"
107.20.82.18 - - [23/Feb/2025:07:43:23 -0500] "GET /m181014624?file=%2Fhome%2Fguitarlisty%2F%2F.spamassassinboxenable HTTP/1.1" 200 6378 "-" "Mozilla/5.0 AppleWebKit/537.36 (KHTML, like Gecko; compatible; ClaudeBot/1.0; +claudebot@anthropic.com) X-Middleton/1"
3.87.139.20 - - [23/Feb/2025:07:43:23 -0500] "GET /yamaha-f310-acoustic-guitar-review-2020/?ynzmini=//var/log HTTP/1.1" 404 22994 "-" "Mozilla/5.0 AppleWebKit/537.36 (KHTML, like Gecko; compatible; Amazonbot/0.1; +https://developer.amazon.com/support/amazonbot) Chrome/119.0.6045.214 Safari/537.36 X-Middleton/1"
54.198.85.7 - - [23/Feb/2025:07:43:25 -0500] "GET /given/q59?file=%2Fhome%2Fguitarlisty%2Fpublic_html%2F.%2Fproduct.php HTTP/1.1" 200 8876 "-" "Mozilla/5.0 AppleWebKit/537.36 (KHTML, like Gecko; compatible; ClaudeBot/1.0; +claudebot@anthropic.com) X-Middleton/1"
3.89.44.170 - - [23/Feb/2025:07:43:25 -0500] "GET /sibling/z237?delete=true&file=%2Fhome%2Fguitarlisty%2Fpublic_html%2Fabout.php HTTP/1.1" 200 6455 "-" "Mozilla/5.0 AppleWebKit/537.36 (KHTML, like Gecko; compatible; ClaudeBot/1.0; +claudebot@anthropic.com) X-Middleton/1"
54.196.44.86 - - [23/Feb/2025:07:43:26 -0500] "GET /blow/p112?pid=2872 HTTP/1.1" 200 43284 "-" "Mozilla/5.0 (Linux; Android 8.0; Pixel 2 Build/OPD3.170816.012) AppleWebKit/537.36 (KHTML, like Gecko) Chrome/72.0.3626.121 Mobile Safari/537.36 (compatible; EzoicBot-Nicheiq; +http://www.ezoic.com/bot) X-Middleton/1"
50.17.142.168 - - [23/Feb/2025:07:43:26 -0500] "GET /m/shive50187412.html?ynzmini=%2Fhome%2Fguitarlisty%2Fpublic_html%2Fabout HTTP/1.1" 200 6975 "-" "Mozilla/5.0 AppleWebKit/537.36 (KHTML, like Gecko; compatible; ClaudeBot/1.0; +claudebot@anthropic.com) X-Middleton/1"
54.198.124.77 - - [23/Feb/2025:07:43:26 -0500] "GET /amazing/k149?pid=10191 HTTP/1.1" 200 144365 "-" "Mozilla/5.0 (Linux; Android 6.0.1; Nexus 5X Build/MMB29P) AppleWebKit/537.36 (KHTML, like Gecko) Chrome/133.0.6943.53 Mobile Safari/537.36 (compatible; GoogleOther) X-Middleton/1"
54.158.15.14 - - [23/Feb/2025:07:43:27 -0500] "GET /yamaha-f310-acoustic-guitar-review-2020/?ynzmini=//var/nis HTTP/1.1" 200 6469 "-" "Mozilla/5.0 AppleWebKit/537.36 (KHTML, like Gecko; compatible; Amazonbot/0.1; +https://developer.amazon.com/support/amazonbot) Chrome/119.0.6045.214 Safari/537.36 X-Middleton/1"
54.198.124.77 - - [23/Feb/2025:07:43:27 -0500] "GET /AM/q193?pid=48593 HTTP/1.1" 200 43281 "-" "Mozilla/5.0 AppleWebKit/537.36 (KHTML, like Gecko; compatible; ClaudeBot/1.0; +claudebot@anthropic.com) X-Middleton/1"
54.158.139.140 - - [23/Feb/2025:07:43:28 -0500] "GET /feeling/k14?edit=true&file=%2Fhome%2Fguitarlisty%2Fpublic_html%2Frobots.txt HTTP/1.1" 200 6884 "-" "Mozilla/5.0 AppleWebKit/537.36 (KHTML, like Gecko; compatible; ClaudeBot/1.0; +claudebot@anthropic.com) X-Middleton/1"
54.234.205.77 - - [23/Feb/2025:07:43:30 -0500] "GET /m267018068?ynzmini=%2Fhome%2Fguitarlisty%2Fpublic_html%2Fsym404%2Fmail-phpBB.txt404 HTTP/1.1" 404 7003 "-" "Mozilla/5.0 AppleWebKit/537.36 (KHTML, like Gecko; compatible; ClaudeBot/1.0; +claudebot@anthropic.com) X-Middleton/1"
54.242.51.163 - - [23/Feb/2025:07:43:30 -0500] "GET /introduction/r20?pid=17320/help/help_04_2.html/86699help/help_04_2.html HTTP/1.1" 200 455240 "-" "Mozilla/5.0 (Linux; Android 6.0.1; Nexus 5X Build/MMB29P) AppleWebKit/537.36 (KHTML, like Gecko) Chrome/133.0.6943.53 Mobile Safari/537.36 (compatible; GoogleOther) X-Middleton/1"
3.92.71.7 - - [23/Feb/2025:07:43:31 -0500] "GET /yamaha-f310-acoustic-guitar-review-2020/?ynzmini=//var/opt HTTP/1.1" 404 6469 "-" "Mozilla/5.0 AppleWebKit/537.36 (KHTML, like Gecko; compatible; Amazonbot/0.1; +https://developer.amazon.com/support/amazonbot) Chrome/119.0.6045.214 Safari/537.36 X-Middleton/1"
54.226.129.235 - - [23/Feb/2025:07:43:31 -0500] "GET /m/they30800154.html?file=%2Fhome%2Fguitarlisty%2Fpublic_html%2Finisim.php HTTP/1.1" 200 159612 "-" "Mozilla/5.0 AppleWebKit/537.36 (KHTML, like Gecko; compatible; ClaudeBot/1.0; +claudebot@anthropic.com) X-Middleton/1"
3.82.56.176 - - [23/Feb/2025:07:43:32 -0500] "GET /raise/g134?pid=6762 HTTP/1.1" 200 43279 "-" "Mozilla/5.0 AppleWebKit/537.36 (KHTML, like Gecko; compatible; ClaudeBot/1.0; +claudebot@anthropic.com) X-Middleton/1"
98.83.149.163 - - [23/Feb/2025:07:43:33 -0500] "GET /m047004400?file=%2Fhome%2Fguitarlisty%2Fpublic_html%2Fwp-includes%2Fa9ea564 HTTP/1.1" 404 14250 "-" "Mozilla/5.0 AppleWebKit/537.36 (KHTML, like Gecko; compatible; ClaudeBot/1.0; +claudebot@anthropic.com) X-Middleton/1"
18.232.117.100 - - [23/Feb/2025:07:43:34 -0500] "GET /Supreme/j245?pid=31553 HTTP/1.1" 200 43286 "-" "Mozilla/5.0 (Linux; Android 8.0; Pixel 2 Build/OPD3.170816.012) AppleWebKit/537.36 (KHTML, like Gecko) Chrome/72.0.3626.121 Mobile Safari/537.36 (compatible; EzoicBot-Nicheiq; +http://www.ezoic.com/bot) X-Middleton/1"
107.20.115.131 - - [23/Feb/2025:07:43:34 -0500] "GET /tradition/r20?pid=17320/help/help_04_2.html/help/help_04_2.html HTTP/1.1" 200 156389 "-" "Mozilla/5.0 (Linux; Android 6.0.1; Nexus 5X Build/MMB29P) AppleWebKit/537.36 (KHTML, like Gecko) Chrome/133.0.6943.53 Mobile Safari/537.36 (compatible; GoogleOther) X-Middleton/1"
54.209.250.19 - - [23/Feb/2025:07:43:35 -0500] "GET /yamaha-f310-acoustic-guitar-review-2020/?ynzmini=//var/run HTTP/1.1" 200 25370 "-" "Mozilla/5.0 AppleWebKit/537.36 (KHTML, like Gecko; compatible; Amazonbot/0.1; +https://developer.amazon.com/support/amazonbot) Chrome/119.0.6045.214 Safari/537.36 X-Middleton/1"
18.212.120.70 - - [23/Feb/2025:07:43:36 -0500] "GET /grave/m54?delete=true&file=%2Fhome%2Fguitarlisty%2Fpublic_html%2Frobots.txt HTTP/1.1" 200 6459 "-" "Mozilla/5.0 AppleWebKit/537.36 (KHTML, like Gecko; compatible; ClaudeBot/1.0; +claudebot@anthropic.com) X-Middleton/1"
18.232.117.100 - - [23/Feb/2025:07:43:37 -0500] "GET /heart/k100?pid=42950 HTTP/1.1" 200 43282 "-" "Mozilla/5.0 AppleWebKit/537.36 (KHTML, like Gecko; compatible; ClaudeBot/1.0; +claudebot@anthropic.com) X-Middleton/1"
54.196.44.86 - - [23/Feb/2025:07:43:38 -0500] "GET /m108005837?ynzmini=%2Fhome%2F%2Fvirtfs HTTP/1.1" 404 6205 "-" "Mozilla/5.0 AppleWebKit/537.36 (KHTML, like Gecko; compatible; ClaudeBot/1.0; +claudebot@anthropic.com) X-Middleton/1"
3.81.110.12 - - [23/Feb/2025:07:43:38 -0500] "GET /m022043691?ynzmini=/home/guitarlisty/public_html/about HTTP/1.1" 200 6975 "-" "Mozilla/5.0 (Windows; U; Windows NT 6.0; en-US) AppleWebKit/534.20 (KHTML, like Gecko) Chrome/11.0.672.2 Safari/534.20 X-Middleton/1"
18.232.117.100 - - [23/Feb/2025:07:43:38 -0500] "GET /sand/r20?pid=17320/shop/detail?shop_id=1/help/help_04_2.html HTTP/1.1" 200 169889 "-" "Mozilla/5.0 (Linux; Android 6.0.1; Nexus 5X Build/MMB29P) AppleWebKit/537.36 (KHTML, like Gecko) Chrome/133.0.6943.53 Mobile Safari/537.36 (compatible; GoogleOther) X-Middleton/1"
54.144.101.254 - - [23/Feb/2025:07:43:39 -0500] "GET /yamaha-f310-acoustic-guitar-review-2020/?ynzmini=//var/tmp HTTP/1.1" 200 6469 "-" "Mozilla/5.0 AppleWebKit/537.36 (KHTML, like Gecko; compatible; Amazonbot/0.1; +https://developer.amazon.com/support/amazonbot) Chrome/119.0.6045.214 Safari/537.36 X-Middleton/1"
54.198.7.139 - - [23/Feb/2025:07:43:42 -0500] "GET /those/t98?pid=3560 HTTP/1.1" 200 43284 "-" "Mozilla/5.0 (Linux; Android 8.0; Pixel 2 Build/OPD3.170816.012) AppleWebKit/537.36 (KHTML, like Gecko) Chrome/72.0.3626.121 Mobile Safari/537.36 (compatible; EzoicBot-Nicheiq; +http://www.ezoic.com/bot) X-Middleton/1"
54.144.101.254 - - [23/Feb/2025:07:43:42 -0500] "GET /rocket/e63?ynzmini=%2F%2F.. HTTP/1.1" 200 10184 "-" "Mozilla/5.0 AppleWebKit/537.36 (KHTML, like Gecko; compatible; ClaudeBot/1.0; +claudebot@anthropic.com) X-Middleton/1"
52.207.162.105 - - [23/Feb/2025:07:43:42 -0500] "GET /island/k149?pid=10191 HTTP/1.1" 200 150573 "-" "Mozilla/5.0 (Linux; Android 6.0.1; Nexus 5X Build/MMB29P) AppleWebKit/537.36 (KHTML, like Gecko) Chrome/133.0.6943.53 Mobile Safari/537.36 (compatible; GoogleOther) X-Middleton/1"
98.83.220.235 - - [23/Feb/2025:07:43:43 -0500] "GET /ultimate/d130?delete=true&file=%2Fetc%2Fshadow HTTP/1.1" 404 6216 "-" "Mozilla/5.0 AppleWebKit/537.36 (KHTML, like Gecko; compatible; ClaudeBot/1.0; +claudebot@anthropic.com) X-Middleton/1"
3.90.112.236 - - [23/Feb/2025:07:43:43 -0500] "GET /yamaha-f310-acoustic-guitar-review-2020/?ynzmini=//var/www HTTP/1.1" 404 6765 "-" "Mozilla/5.0 AppleWebKit/537.36 (KHTML, like Gecko; compatible; Amazonbot/0.1; +https://developer.amazon.com/support/amazonbot) Chrome/119.0.6045.214 Safari/537.36 X-Middleton/1"
54.198.85.7 - - [23/Feb/2025:07:43:45 -0500] "GET /wake/z23?file=%2Fhome%2Fguitarlisty%2Fpublic_html%2F.%2Fwp-blog-header.php HTTP/1.1" 200 6759 "-" "Mozilla/5.0 AppleWebKit/537.36 (KHTML, like Gecko; compatible; ClaudeBot/1.0; +claudebot@anthropic.com) X-Middleton/1"
54.234.205.77 - - [23/Feb/2025:07:43:46 -0500] "GET /code/r20?pid=17320/shop/detail?shop_id=1/86699help/help_04_2.html/help/help_04_2.html HTTP/1.1" 200 159718 "-" "Mozilla/5.0 (Linux; Android 6.0.1; Nexus 5X Build/MMB29P) AppleWebKit/537.36 (KHTML, like Gecko) Chrome/133.0.6943.53 Mobile Safari/537.36 (compatible; GoogleOther) X-Middleton/1"
54.198.7.139 - - [23/Feb/2025:07:43:47 -0500] "GET /yamaha-f310-acoustic-guitar-review-2020/?ynzmini=//var/yp HTTP/1.1" 200 6463 "-" "Mozilla/5.0 AppleWebKit/537.36 (KHTML, like Gecko; compatible; Amazonbot/0.1; +https://developer.amazon.com/support/amazonbot) Chrome/119.0.6045.214 Safari/537.36 X-Middleton/1"
54.242.51.163 - - [23/Feb/2025:07:43:47 -0500] "GET /m150037491?ynzmini=%2F%2Flib HTTP/1.1" 200 12108 "-" "Mozilla/5.0 AppleWebKit/537.36 (KHTML, like Gecko; compatible; ClaudeBot/1.0; +claudebot@anthropic.com) X-Middleton/1"
54.209.250.19 - - [23/Feb/2025:07:43:48 -0500] "GET /m233000328?ynzmini=%2Fhome%2Fguitarlisty%2Fpublic_html%2Fas%2F HTTP/1.1" 200 7123 "-" "Mozilla/5.0 AppleWebKit/537.36 (KHTML, like Gecko; compatible; ClaudeBot/1.0; +claudebot@anthropic.com) X-Middleton/1"
184.72.213.252 - - [23/Feb/2025:07:43:50 -0500] "GET /next/x122?pid=22588 HTTP/1.1" 500 45920 "-" "Mozilla/5.0 (Linux; Android 8.0; Pixel 2 Build/OPD3.170816.012) AppleWebKit/537.36 (KHTML, like Gecko) Chrome/72.0.3626.121 Mobile Safari/537.36 (compatible; EzoicBot-Nicheiq; +http://www.ezoic.com/bot) X-Middleton/1"
54.164.180.114 - - [23/Feb/2025:07:43:50 -0500] "GET /miracle/k149?pid=10191 HTTP/1.1" 200 146476 "-" "Mozilla/5.0 (Linux; Android 6.0.1; Nexus 5X Build/MMB29P) AppleWebKit/537.36 (KHTML, like Gecko) Chrome/133.0.6943.53 Mobile Safari/537.36 (compatible; GoogleOther) X-Middleton/1"
50.17.142.168 - - [23/Feb/2025:07:43:51 -0500] "GET /yamaha-f310-acoustic-guitar-review-2020/?rmfolder=//var/yp HTTP/1.1" 200 43285 "-" "Mozilla/5.0 AppleWebKit/537.36 (KHTML, like Gecko; compatible; Amazonbot/0.1; +https://developer.amazon.com/support/amazonbot) Chrome/119.0.6045.214 Safari/537.36 X-Middleton/1"
54.158.15.14 - - [23/Feb/2025:07:43:52 -0500] "GET /avoid/m259?ynzmini=%2F%2Fboot HTTP/1.1" 200 11038 "-" "Mozilla/5.0 AppleWebKit/537.36 (KHTML, like Gecko; compatible; ClaudeBot/1.0; +claudebot@anthropic.com) X-Middleton/1"
35.173.180.132 - - [23/Feb/2025:07:43:53 -0500] "GET /key/f125?ynzmini=%2Fhome%2Fguitarlisty%2Fpublic_html%2F123%2F. HTTP/1.1" 200 8483 "-" "Mozilla/5.0 AppleWebKit/537.36 (KHTML, like Gecko; compatible; ClaudeBot/1.0; +claudebot@anthropic.com) X-Middleton/1"
98.83.220.235 - - [23/Feb/2025:07:43:53 -0500] "GET /three/r20?pid=17320/help/help_04_2.html/86699help/help_04_2.html HTTP/1.1" 200 158462 "-" "Mozilla/5.0 (Linux; Android 6.0.1; Nexus 5X Build/MMB29P) AppleWebKit/537.36 (KHTML, like Gecko) Chrome/133.0.6943.53 Mobile Safari/537.36 (compatible; GoogleOther) X-Middleton/1"
3.82.56.176 - - [23/Feb/2025:07:43:54 -0500] "GET /pages.php?5izzzy2972.html HTTP/1.1" 500 45913 "-" "Mozilla/5.0 AppleWebKit/537.36 (KHTML, like Gecko; compatible; GPTBot/1.2; +https://openai.com/gptbot) X-Middleton/1"
3.81.58.205 - - [23/Feb/2025:07:43:55 -0500] "GET /m027012878?file=/home/guitarlisty/public_html/wp-signup.php HTTP/1.1" 200 44271 "-" "Mozilla/5.0 (X11; U; Linux i686; en-US; rv:1.9.1.16) Gecko/20120421 Firefox/11.0 X-Middleton/1"
35.173.180.132 - - [23/Feb/2025:07:43:55 -0500] "GET /yamaha-f310-acoustic-guitar-review-2020/?ynzmini=//var/yp/ HTTP/1.1" 200 6466 "-" "Mozilla/5.0 AppleWebKit/537.36 (KHTML, like Gecko; compatible; Amazonbot/0.1; +https://developer.amazon.com/support/amazonbot) Chrome/119.0.6045.214 Safari/537.36 X-Middleton/1"
34.229.105.159 - - [23/Feb/2025:07:43:57 -0500] "GET /conceive/r20?pid=17320 HTTP/1.1" 200 151478 "-" "Mozilla/5.0 (Linux; Android 6.0.1; Nexus 5X Build/MMB29P) AppleWebKit/537.36 (KHTML, like Gecko) Chrome/133.0.6943.53 Mobile Safari/537.36 (compatible; GoogleOther) X-Middleton/1"
23.22.111.12 - - [23/Feb/2025:07:43:58 -0500] "GET /m058035675?srsltid=AfmBOohByrdqXYDziVwjxW_dWgU4UUJr5_2rtEttjK-S-iPiiou45X HTTP/1.1" 200 43284 "-" "Mozilla/5.0 (Linux; Android 8.0; Pixel 2 Build/OPD3.170816.012) AppleWebKit/537.36 (KHTML, like Gecko) Chrome/72.0.3626.121 Mobile Safari/537.36 (compatible; EzoicBot-Nicheiq; +http://www.ezoic.com/bot) X-Middleton/1"
3.90.39.225 - - [23/Feb/2025:07:43:58 -0500] "GET /sell/z129?rmfolder=%2Fhome%2Fguitarlisty%2Fpublic_html%2Fplugins HTTP/1.1" 200 43279 "-" "Mozilla/5.0 AppleWebKit/537.36 (KHTML, like Gecko; compatible; ClaudeBot/1.0; +claudebot@anthropic.com) X-Middleton/1"
3.90.112.236 - - [23/Feb/2025:07:43:59 -0500] "GET /yamaha-f310-acoustic-guitar-review-2020/?file=/usr//tmpDSK HTTP/1.1" 200 6291 "-" "Mozilla/5.0 AppleWebKit/537.36 (KHTML, like Gecko; compatible; Amazonbot/0.1; +https://developer.amazon.com/support/amazonbot) Chrome/119.0.6045.214 Safari/537.36 X-Middleton/1"
54.157.220.176 - - [23/Feb/2025:07:44:00 -0500] "GET /act/r20?pid=17320/shop/detail?shop_id=1/help/help_04_2.html HTTP/1.1" 200 455989 "-" "Mozilla/5.0 (Linux; Android 6.0.1; Nexus 5X Build/MMB29P) AppleWebKit/537.36 (KHTML, like Gecko) Chrome/133.0.6943.53 Mobile Safari/537.36 (compatible; GoogleOther) X-Middleton/1"
107.20.82.18 - - [23/Feb/2025:07:44:03 -0500] "GET /me/e12?edit=true&file=%2Fhome%2Fguitarlisty%2Fpublic_html%2Fmah.php HTTP/1.1" 404 9827 "-" "Mozilla/5.0 AppleWebKit/537.36 (KHTML, like Gecko; compatible; ClaudeBot/1.0; +claudebot@anthropic.com) X-Middleton/1"
54.162.136.253 - - [23/Feb/2025:07:44:03 -0500] "GET /yamaha-f310-acoustic-guitar-review-2020/?ynzmini=/usr//.. HTTP/1.1" 200 10376 "-" "Mozilla/5.0 AppleWebKit/537.36 (KHTML, like Gecko; compatible; Amazonbot/0.1; +https://developer.amazon.com/support/amazonbot) Chrome/119.0.6045.214 Safari/537.36 X-Middleton/1"
3.81.214.139 - - [23/Feb/2025:07:43:50 -0500] "GET /m248026027?file=%2Fhome%2Fguitarlisty%2Fpublic_html%2Fwp-content%2Ferror_log HTTP/1.1" 200 38461896 "-" "Mozilla/5.0 AppleWebKit/537.36 (KHTML, like Gecko; compatible; ClaudeBot/1.0; +claudebot@anthropic.com) X-Middleton/1"
35.171.189.120 - - [23/Feb/2025:07:44:05 -0500] "GET /agree/r20?pid=17320/shop/detail?shop_id=1/help/help_04_2.html HTTP/1.1" 200 164703 "-" "Mozilla/5.0 (Linux; Android 6.0.1; Nexus 5X Build/MMB29P) AppleWebKit/537.36 (KHTML, like Gecko) Chrome/133.0.6943.53 Mobile Safari/537.36 (compatible; GoogleOther) X-Middleton/1"
54.198.124.77 - - [23/Feb/2025:07:44:05 -0500] "GET /core/k82?file=%2Fhome%2Fguitarlisty%2Fpublic_html%2Fwp-includes%2Fclass-feed.php HTTP/1.1" 200 6955 "-" "Mozilla/5.0 AppleWebKit/537.36 (KHTML, like Gecko; compatible; ClaudeBot/1.0; +claudebot@anthropic.com) X-Middleton/1"
54.144.101.254 - - [23/Feb/2025:07:44:05 -0500] "GET /pages.php?22gbk21125.html HTTP/1.1" 200 43286 "-" "Mozilla/5.0 AppleWebKit/537.36 (KHTML, like Gecko; compatible; GPTBot/1.2; +https://openai.com/gptbot) X-Middleton/1"
18.232.117.100 - - [23/Feb/2025:07:44:06 -0500] "GET /beard/f169?pid=42847 HTTP/1.1" 200 43286 "-" "Mozilla/5.0 (Linux; Android 8.0; Pixel 2 Build/OPD3.170816.012) AppleWebKit/537.36 (KHTML, like Gecko) Chrome/72.0.3626.121 Mobile Safari/537.36 (compatible; EzoicBot-Nicheiq; +http://www.ezoic.com/bot) X-Middleton/1"
18.209.166.209 - - [23/Feb/2025:07:44:07 -0500] "GET /yamaha-f310-acoustic-guitar-review-2020/?file=/usr//../.mp HTTP/1.1" 200 6293 "-" "Mozilla/5.0 AppleWebKit/537.36 (KHTML, like Gecko; compatible; Amazonbot/0.1; +https://developer.amazon.com/support/amazonbot) Chrome/119.0.6045.214 Safari/537.36 X-Middleton/1"
54.156.59.106 - - [23/Feb/2025:07:44:08 -0500] "GET /helmet/k149?pid=10191/help/help_04_2.html/shop/detail?shop_id=1 HTTP/1.1" 200 150804 "-" "Mozilla/5.0 (Linux; Android 6.0.1; Nexus 5X Build/MMB29P) AppleWebKit/537.36 (KHTML, like Gecko) Chrome/133.0.6943.53 Mobile Safari/537.36 (compatible; GoogleOther) X-Middleton/1"
66.249.79.100 - - [23/Feb/2025:07:44:10 -0500] "GET /m046026865?srsltid=AfmBOowzzQggtLArE5kXVQ_MGSXQW9zMo_oQZxvaJC-D-gmq14cIlG HTTP/1.1" 200 25764 "-" "Mozilla/5.0 (Linux; Android 6.0.1; Nexus 5X Build/MMB29P) AppleWebKit/537.36 (KHTML, like Gecko) Chrome/133.0.6943.126 Mobile Safari/537.36 (compatible; Googlebot/2.1; +http://www.google.com/bot.html)"
23.22.111.12 - - [23/Feb/2025:07:44:10 -0500] "GET /m235026178?file=%2Fhome%2Fguitarlisty%2Fpublic_html%2Fwp-content%2Fwp-configs.php HTTP/1.1" 200 8347 "-" "Mozilla/5.0 AppleWebKit/537.36 (KHTML, like Gecko; compatible; ClaudeBot/1.0; +claudebot@anthropic.com) X-Middleton/1"
23.22.111.12 - - [23/Feb/2025:07:44:11 -0500] "GET /m027012878?ynzmini=/home/guitarlisty/public_html/private HTTP/1.1" 200 7352 "-" "Mozilla/5.0 (Windows; U; Windows NT 6.1; cs; rv:1.9.2.4) Gecko/20100513 Firefox/3.6.4 (.NET CLR 3.5.30729) X-Middleton/1"
18.209.166.209 - - [23/Feb/2025:07:44:11 -0500] "GET /yamaha-f310-acoustic-guitar-review-2020/?rmfolder=/usr//.. HTTP/1.1" 200 43286 "-" "Mozilla/5.0 AppleWebKit/537.36 (KHTML, like Gecko; compatible; Amazonbot/0.1; +https://developer.amazon.com/support/amazonbot) Chrome/119.0.6045.214 Safari/537.36 X-Middleton/1"
52.207.162.105 - - [23/Feb/2025:07:44:12 -0500] "GET /internal/r20?pid=17320/help/help_04_2.html/shop/detail?shop_id=1/86699help/help_04_2.html HTTP/1.1" 200 149340 "-" "Mozilla/5.0 (Linux; Android 6.0.1; Nexus 5X Build/MMB29P) AppleWebKit/537.36 (KHTML, like Gecko) Chrome/133.0.6943.53 Mobile Safari/537.36 (compatible; GoogleOther) X-Middleton/1"
52.205.171.15 - - [23/Feb/2025:07:44:14 -0500] "GET /kit/e287?pid=42273 HTTP/1.1" 200 43285 "-" "Mozilla/5.0 (Linux; Android 8.0; Pixel 2 Build/OPD3.170816.012) AppleWebKit/537.36 (KHTML, like Gecko) Chrome/72.0.3626.121 Mobile Safari/537.36 (compatible; EzoicBot-Nicheiq; +http://www.ezoic.com/bot) X-Middleton/1"
66.249.79.168 - - [23/Feb/2025:07:44:14 -0500] "GET /detail/poor21004865.shtml?s=fSm8mlF4Y HTTP/1.1" 200 24719 "-" "Mozilla/5.0 (Linux; Android 6.0.1; Nexus 5X Build/MMB29P) AppleWebKit/537.36 (KHTML, like Gecko) Chrome/133.0.6943.53 Mobile Safari/537.36 (compatible; Googlebot/2.1; +http://www.google.com/bot.html)"
