54.157.220.176 - - [23/Feb/2025:07:49:44 -0500] "GET /pages.php?129uzef47906.html/help/help_04_2.html HTTP/1.1" 200 466214 "-" "Mozilla/5.0 (Linux; Android 6.0.1; Nexus 5X Build/MMB29P) AppleWebKit/537.36 (KHTML, like Gecko) Chrome/133.0.6943.53 Mobile Safari/537.36 (compatible; GoogleOther) X-Middleton/1"
52.205.171.15 - - [23/Feb/2025:07:49:46 -0500] "GET /m130009431?ynzmini=%2F%2Frun HTTP/1.1" 404 24821 "-" "Mozilla/5.0 AppleWebKit/537.36 (KHTML, like Gecko; compatible; ClaudeBot/1.0; +claudebot@anthropic.com) X-Middleton/1"
3.90.112.236 - - [23/Feb/2025:07:49:46 -0500] "GET /sock/k62?file=%2Fhome%2Fguitarlisty%2Fpublic_html%2Fwp-includes%2Fe3cec962 HTTP/1.1" 200 14253 "-" "Mozilla/5.0 AppleWebKit/537.36 (KHTML, like Gecko; compatible; ClaudeBot/1.0; +claudebot@anthropic.com) X-Middleton/1"
184.72.213.252 - - [23/Feb/2025:07:49:46 -0500] "GET /product01 HTTP/1.1" 200 466362 "https://guitarlisty.com/product01" "Mozilla/5.0 (compatible; Googlebot/2.1; +http://www.google.com/bot.html) X-Middleton/1"
3.81.110.12 - - [23/Feb/2025:07:49:47 -0500] "GET /yamaha-f310-acoustic-guitar-review-2020/?file=/usr/bin/sql HTTP/1.1" 200 49325 "-" "Mozilla/5.0 AppleWebKit/537.36 (KHTML, like Gecko; compatible; Amazonbot/0.1; +https://developer.amazon.com/support/amazonbot) Chrome/119.0.6045.214 Safari/537.36 X-Middleton/1"
98.83.149.163 - - [23/Feb/2025:07:49:47 -0500] "GET /m044022963?ynzmini=/home/guitarlisty/public_html/about HTTP/1.1" 200 6975 "-" "Mozilla/5.0 (Macintosh; Intel Mac OS X 10_6_8) AppleWebKit/535.7 (KHTML, like Gecko) Chrome/16.0.912.36 Safari/535.7 X-Middleton/1"
3.90.39.225 - - [23/Feb/2025:07:49:48 -0500] "GET /spring/r20?pid=17320 HTTP/1.1" 200 143692 "-" "Mozilla/5.0 (Linux; Android 6.0.1; Nexus 5X Build/MMB29P) AppleWebKit/537.36 (KHTML, like Gecko) Chrome/133.0.6943.53 Mobile Safari/537.36 (compatible; GoogleOther) X-Middleton/1"
54.209.250.19 - - [23/Feb/2025:07:49:48 -0500] "GET /m147011420?file=%2Fhome%2Fguitarlisty%2Fpublic_html%2F%2Fadminer.php HTTP/1.1" 200 6381 "-" "Mozilla/5.0 AppleWebKit/537.36 (KHTML, like Gecko; compatible; ClaudeBot/1.0; +claudebot@anthropic.com) X-Middleton/1"
54.242.51.163 - - [23/Feb/2025:07:49:48 -0500] "GET /wp-includes/install.php HTTP/1.1" 200 6 "https://guitarlisty.com/wp-includes/install.php" "Mozilla/5.0 (Windows NT 10.0; Win64; x64) AppleWebKit/537.36 (KHTML, like Gecko) Chrome/58.0.3029.110 Safari/537.3 X-Middleton/1"
35.173.219.106 - - [23/Feb/2025:07:49:48 -0500] "GET /subsidy/y194?file=%2Fhome%2Fguitarlisty%2Fpublic_html%2Fadminer.php&rename=true HTTP/1.1" 200 6568 "-" "Mozilla/5.0 AppleWebKit/537.36 (KHTML, like Gecko; compatible; ClaudeBot/1.0; +claudebot@anthropic.com) X-Middleton/1"
54.198.124.77 - - [23/Feb/2025:07:49:49 -0500] "GET /index.php?route=index&path=c10_11 HTTP/1.1" 200 142371 "https://guitarlisty.com/index.php?route=index&path=c10_11" "Mozilla/5.0 (compatible; Googlebot/2.1; +http://www.google.com/bot.html) X-Middleton/1"
52.205.171.15 - - [23/Feb/2025:07:49:50 -0500] "GET /m085041174?srsltid=AfmBOoJtiTCrgLxiK5SKIF_kxGz6Ee8aU_kU3C7zMp-Z-CkymTuNDZ HTTP/1.1" 500 45919 "-" "Mozilla/5.0 (Linux; Android 8.0; Pixel 2 Build/OPD3.170816.012) AppleWebKit/537.36 (KHTML, like Gecko) Chrome/72.0.3626.121 Mobile Safari/537.36 (compatible; EzoicBot-Nicheiq; +http://www.ezoic.com/bot) X-Middleton/1"
54.164.180.114 - - [23/Feb/2025:07:49:50 -0500] "GET /pages.php?67buxg4676.html HTTP/1.1" 200 43282 "-" "Mozilla/5.0 AppleWebKit/537.36 (KHTML, like Gecko; compatible; GPTBot/1.2; +https://openai.com/gptbot) X-Middleton/1"
54.234.205.77 - - [23/Feb/2025:07:49:51 -0500] "GET /yamaha-f310-acoustic-guitar-review-2020/?file=/usr/bin/ssh HTTP/1.1" 200 6291 "-" "Mozilla/5.0 AppleWebKit/537.36 (KHTML, like Gecko; compatible; Amazonbot/0.1; +https://developer.amazon.com/support/amazonbot) Chrome/119.0.6045.214 Safari/537.36 X-Middleton/1"
3.90.112.236 - - [23/Feb/2025:07:49:51 -0500] "GET /aid/e285?ynzmini=%2Fhome%2F%2Fwecanrec HTTP/1.1" 200 6213 "-" "Mozilla/5.0 AppleWebKit/537.36 (KHTML, like Gecko; compatible; ClaudeBot/1.0; +claudebot@anthropic.com) X-Middleton/1"
54.198.7.139 - - [23/Feb/2025:07:49:51 -0500] "GET /highlight/r20?pid=17320/shop/detail?shop_id=1 HTTP/1.1" 200 151492 "-" "Mozilla/5.0 (Linux; Android 6.0.1; Nexus 5X Build/MMB29P) AppleWebKit/537.36 (KHTML, like Gecko) Chrome/133.0.6943.53 Mobile Safari/537.36 (compatible; GoogleOther) X-Middleton/1"
3.81.58.205 - - [23/Feb/2025:07:49:52 -0500] "GET /one/u95?ynzmini=%2Fhome%2Fguitarlisty%2Fpublic_html%2F.%2Fhome HTTP/1.1" 200 8236 "-" "Mozilla/5.0 AppleWebKit/537.36 (KHTML, like Gecko; compatible; ClaudeBot/1.0; +claudebot@anthropic.com) X-Middleton/1"
3.81.58.205 - - [23/Feb/2025:07:49:52 -0500] "GET /touch/n14?pid=29034 HTTP/1.1" 200 459064 "-" "Mozilla/5.0 (Linux; Android 6.0.1; Nexus 5X Build/MMB29P) AppleWebKit/537.36 (KHTML, like Gecko) Chrome/133.0.6943.53 Mobile Safari/537.36 (compatible; Googlebot/2.1; +http://www.google.com/bot.html) X-Middleton/1"
3.80.165.4 - - [23/Feb/2025:07:49:53 -0500] "GET /spring/p59?ynzmini=%2Fhome%2Fguitarlisty%2Fpublic_html%2Fsym404%2Fmailman-OpenCart.txt404 HTTP/1.1" 404 7039 "-" "Mozilla/5.0 AppleWebKit/537.36 (KHTML, like Gecko; compatible; ClaudeBot/1.0; +claudebot@anthropic.com) X-Middleton/1"
3.81.133.169 - - [23/Feb/2025:07:49:53 -0500] "GET /?_g=18919324 HTTP/1.1" 200 462922 "-" "Mozilla/5.0 (Linux; Android 6.0.1; Nexus 5X Build/MMB29P) AppleWebKit/537.36 (KHTML, like Gecko) Chrome/133.0.6943.53 Mobile Safari/537.36 (compatible; Googlebot/2.1; +http://www.google.com/bot.html) X-Middleton/1"
35.171.189.120 - - [23/Feb/2025:07:49:54 -0500] "GET /m277036610?srsltid=AfmBOoucEnpKfwrJcD13jv_rZVzIHnem3_HPTDWplj-Z-vE2VyWBhJ HTTP/1.1" 200 147060 "-" "Mozilla/5.0 (Linux; Android 6.0.1; Nexus 5X Build/MMB29P) AppleWebKit/537.36 (KHTML, like Gecko) Chrome/133.0.6943.53 Mobile Safari/537.36 (compatible; Googlebot/2.1; +http://www.google.com/bot.html) X-Middleton/1"
35.171.189.120 - - [23/Feb/2025:07:49:55 -0500] "GET /yamaha-f310-acoustic-guitar-review-2020/?file=/usr/bin/su HTTP/1.1" 200 6288 "-" "Mozilla/5.0 AppleWebKit/537.36 (KHTML, like Gecko; compatible; Amazonbot/0.1; +https://developer.amazon.com/support/amazonbot) Chrome/119.0.6045.214 Safari/537.36 X-Middleton/1"
3.81.214.139 - - [23/Feb/2025:07:49:56 -0500] "GET /very/s192?ynzmini=%2Fhome%2Fguitarlisty%2Fpublic_html%2F..%2Fetc HTTP/1.1" 200 7425 "-" "Mozilla/5.0 AppleWebKit/537.36 (KHTML, like Gecko; compatible; ClaudeBot/1.0; +claudebot@anthropic.com) X-Middleton/1"
54.196.44.86 - - [23/Feb/2025:07:49:56 -0500] "GET /choose/r20?pid=17320/shop/detail?shop_id=1 HTTP/1.1" 200 142707 "-" "Mozilla/5.0 (Linux; Android 6.0.1; Nexus 5X Build/MMB29P) AppleWebKit/537.36 (KHTML, like Gecko) Chrome/133.0.6943.53 Mobile Safari/537.36 (compatible; GoogleOther) X-Middleton/1"
3.80.165.4 - - [23/Feb/2025:07:49:56 -0500] "GET /aid/e285?ynzmini=%2Fhome%2F%2FcPanelInstall HTTP/1.1" 200 6535 "-" "Mozilla/5.0 AppleWebKit/537.36 (KHTML, like Gecko; compatible; ClaudeBot/1.0; +claudebot@anthropic.com) X-Middleton/1"
18.232.117.100 - - [23/Feb/2025:07:49:56 -0500] "GET /one/u95?file=%2Fhome%2Fguitarlisty%2Fpublic_html%2F.%2Fwp-load.php HTTP/1.1" 200 10494 "-" "Mozilla/5.0 AppleWebKit/537.36 (KHTML, like Gecko; compatible; ClaudeBot/1.0; +claudebot@anthropic.com) X-Middleton/1"
18.209.166.209 - - [23/Feb/2025:07:49:57 -0500] "GET /home/000~ROOT~000/sys/module/crc32_pclmul/sections/?C=N%3BO=D HTTP/1.1" 200 912 "-" "Mozilla/5.0 (Linux; Android 5.0) AppleWebKit/537.36 (KHTML, like Gecko) Mobile Safari/537.36 (compatible; Bytespider; spider-feedback@bytedance.com) X-Middleton/1"
35.171.189.120 - - [23/Feb/2025:07:49:58 -0500] "GET /m205013824?srsltid=AfmBOoQpedjytROxd9I1Fd_lpagThTK7J_XWrTcT9M-C-cn4nH7DMO HTTP/1.1" 500 45920 "-" "Mozilla/5.0 (Linux; Android 8.0; Pixel 2 Build/OPD3.170816.012) AppleWebKit/537.36 (KHTML, like Gecko) Chrome/72.0.3626.121 Mobile Safari/537.36 (compatible; EzoicBot-Nicheiq; +http://www.ezoic.com/bot) X-Middleton/1"
54.144.101.254 - - [23/Feb/2025:07:49:58 -0500] "GET /spring/p59?ynzmini=%2Fhome%2Fguitarlisty%2Fpublic_html%2Fsym404%2Fgvillages-Hostbills.txt404 HTTP/1.1" 200 7057 "-" "Mozilla/5.0 AppleWebKit/537.36 (KHTML, like Gecko; compatible; ClaudeBot/1.0; +claudebot@anthropic.com) X-Middleton/1"
3.81.133.169 - - [23/Feb/2025:07:49:59 -0500] "GET /m/prosp20170241.html?s=fTI9kcX7o HTTP/1.1" 500 43718 "-" "Mozilla/5.0 (compatible; SemrushBot/7~bl; +http://www.semrush.com/bot.html) X-Middleton/1"
54.226.129.235 - - [23/Feb/2025:07:49:59 -0500] "GET /yamaha-f310-acoustic-guitar-review-2020/?file=/usr/bin/sum HTTP/1.1" 200 6291 "-" "Mozilla/5.0 AppleWebKit/537.36 (KHTML, like Gecko; compatible; Amazonbot/0.1; +https://developer.amazon.com/support/amazonbot) Chrome/119.0.6045.214 Safari/537.36 X-Middleton/1"
18.232.117.100 - - [23/Feb/2025:07:49:59 -0500] "GET /curiosity/r20?pid=17320/shop/detail?shop_id=1 HTTP/1.1" 200 144850 "-" "Mozilla/5.0 (Linux; Android 6.0.1; Nexus 5X Build/MMB29P) AppleWebKit/537.36 (KHTML, like Gecko) Chrome/133.0.6943.53 Mobile Safari/537.36 (compatible; GoogleOther) X-Middleton/1"
54.196.44.86 - - [23/Feb/2025:07:50:00 -0500] "GET /?_g=8056257/86699help/help_04_2.html/shop/detail?shop_id=1 HTTP/1.1" 200 147647 "-" "Mozilla/5.0 (Linux; Android 6.0.1; Nexus 5X Build/MMB29P) AppleWebKit/537.36 (KHTML, like Gecko) Chrome/133.0.6943.126 Mobile Safari/537.36 (compatible; Googlebot/2.1; +http://www.google.com/bot.html) X-Middleton/1"
3.92.71.7 - - [23/Feb/2025:07:50:00 -0500] "GET /size/e96?file=%2Fhome%2Fguitarlisty%2Fpublic_html%2F%2Fnetworks.php HTTP/1.1" 200 8742 "-" "Mozilla/5.0 AppleWebKit/537.36 (KHTML, like Gecko; compatible; ClaudeBot/1.0; +claudebot@anthropic.com) X-Middleton/1"
3.80.165.4 - - [23/Feb/2025:07:50:01 -0500] "GET /ago/b291?rmfolder=%2Fhome%2Fguitarlisty%2Fpublic_html%2F123 HTTP/1.1" 200 43278 "-" "Mozilla/5.0 AppleWebKit/537.36 (KHTML, like Gecko; compatible; ClaudeBot/1.0; +claudebot@anthropic.com) X-Middleton/1"
34.229.105.159 - - [23/Feb/2025:07:50:01 -0500] "GET /m221012096?file=%2Fhome%2Fguitarlisty%2Fpublic_html%2F%2Fdefaults.php HTTP/1.1" 200 8740 "-" "Mozilla/5.0 AppleWebKit/537.36 (KHTML, like Gecko; compatible; ClaudeBot/1.0; +claudebot@anthropic.com) X-Middleton/1"
52.205.171.15 - - [23/Feb/2025:07:50:03 -0500] "GET /m044022963?ynzmini=/home/guitarlisty/public_html/private HTTP/1.1" 404 7352 "-" "Mozilla/5.0 (X11; U; Linux i686; en-US) AppleWebKit/532.1 (KHTML, like Gecko) Chrome/4.0.212.0 Safari/532.1 X-Middleton/1"
54.158.15.14 - - [23/Feb/2025:07:50:03 -0500] "GET /yamaha-f310-acoustic-guitar-review-2020/?file=/usr/bin/tac HTTP/1.1" 200 6291 "-" "Mozilla/5.0 AppleWebKit/537.36 (KHTML, like Gecko; compatible; Amazonbot/0.1; +https://developer.amazon.com/support/amazonbot) Chrome/119.0.6045.214 Safari/537.36 X-Middleton/1"
54.242.51.163 - - [23/Feb/2025:07:50:03 -0500] "GET /swallow/j16?ynzmini=%2F%2F.. HTTP/1.1" 200 10184 "-" "Mozilla/5.0 AppleWebKit/537.36 (KHTML, like Gecko; compatible; ClaudeBot/1.0; +claudebot@anthropic.com) X-Middleton/1"
52.207.162.105 - - [23/Feb/2025:07:50:03 -0500] "GET /anymore/e247?ynzmini=%2Fhome%2Fguitarlisty%2Fpublic_html%2Fsym404%2Fsaslauth-OsCommerce.txt404 HTTP/1.1" 200 7057 "-" "Mozilla/5.0 AppleWebKit/537.36 (KHTML, like Gecko; compatible; ClaudeBot/1.0; +claudebot@anthropic.com) X-Middleton/1"
3.94.247.247 - - [23/Feb/2025:07:50:03 -0500] "GET /among/k149?pid=24831/shop/detail?shop_id=1 HTTP/1.1" 200 462706 "-" "Mozilla/5.0 (Linux; Android 6.0.1; Nexus 5X Build/MMB29P) AppleWebKit/537.36 (KHTML, like Gecko) Chrome/133.0.6943.53 Mobile Safari/537.36 (compatible; GoogleOther) X-Middleton/1"
54.198.7.139 - - [23/Feb/2025:07:50:06 -0500] "GET /m087012098?ynzmini=%2Fhome%2F%2Fgvillages HTTP/1.1" 200 6217 "-" "Mozilla/5.0 AppleWebKit/537.36 (KHTML, like Gecko; compatible; ClaudeBot/1.0; +claudebot@anthropic.com) X-Middleton/1"
54.242.51.163 - - [23/Feb/2025:07:50:06 -0500] "GET /m084004933?srsltid=AfmBOoSvXFkEncgXPaCGIL_mwUYAf1Hzr_tdekjy7G-C-I2rN3kbfd HTTP/1.1" 200 43285 "-" "Mozilla/5.0 (Linux; Android 8.0; Pixel 2 Build/OPD3.170816.012) AppleWebKit/537.36 (KHTML, like Gecko) Chrome/72.0.3626.121 Mobile Safari/537.36 (compatible; EzoicBot-Nicheiq; +http://www.ezoic.com/bot) X-Middleton/1"
3.80.165.4 - - [23/Feb/2025:07:50:06 -0500] "GET /wide/l187?ynzmini=%2Fhome%2Fguitarlisty%2Fpublic_html%2F.tmb%2F.. HTTP/1.1" 200 16175 "-" "Mozilla/5.0 AppleWebKit/537.36 (KHTML, like Gecko; compatible; ClaudeBot/1.0; +claudebot@anthropic.com) X-Middleton/1"
3.94.247.247 - - [23/Feb/2025:07:50:06 -0500] "GET /eleven/q233?file=%2Fhome%2Fguitarlisty%2Fpublic_html%2Fwp-admin%2Foptions.php HTTP/1.1" 200 8473 "-" "Mozilla/5.0 AppleWebKit/537.36 (KHTML, like Gecko; compatible; ClaudeBot/1.0; +claudebot@anthropic.com) X-Middleton/1"
3.81.133.169 - - [23/Feb/2025:07:50:07 -0500] "GET /yamaha-f310-acoustic-guitar-review-2020/?file=/usr/bin/tar HTTP/1.1" 404 6291 "-" "Mozilla/5.0 AppleWebKit/537.36 (KHTML, like Gecko; compatible; Amazonbot/0.1; +https://developer.amazon.com/support/amazonbot) Chrome/119.0.6045.214 Safari/537.36 X-Middleton/1"
98.83.149.163 - - [23/Feb/2025:07:50:08 -0500] "GET /pages.php?221mqh9626.html HTTP/1.1" 200 43285 "-" "Mozilla/5.0 AppleWebKit/537.36 (KHTML, like Gecko; compatible; GPTBot/1.2; +https://openai.com/gptbot) X-Middleton/1"
35.173.180.132 - - [23/Feb/2025:07:49:38 -0500] "GET /wp-includes/admin.php HTTP/1.1" 200 9 "https://guitarlisty.com/wp-includes/admin.php" "Mozilla/5.0 (compatible; MSIE 10.0; Windows NT 6.2; Trident/6.0) X-Middleton/1"
54.234.205.77 - - [23/Feb/2025:07:50:08 -0500] "GET /assemble/m297?rmfolder=%2Fhome%2Fguitarlisty%2F HTTP/1.1" 200 43281 "-" "Mozilla/5.0 AppleWebKit/537.36 (KHTML, like Gecko; compatible; ClaudeBot/1.0; +claudebot@anthropic.com) X-Middleton/1"
35.171.189.120 - - [23/Feb/2025:07:50:08 -0500] "GET /violent/r20?pid=17320 HTTP/1.1" 200 146661 "-" "Mozilla/5.0 (Linux; Android 6.0.1; Nexus 5X Build/MMB29P) AppleWebKit/537.36 (KHTML, like Gecko) Chrome/133.0.6943.53 Mobile Safari/537.36 (compatible; GoogleOther) X-Middleton/1"
66.249.79.32 - - [23/Feb/2025:07:50:08 -0500] "GET /?_gl=1*vh58hmr*_ga*EXToAlFJwRYpgVTeJsWplujaYQPc*_ga_WOFYXAAEN*cWLVfT2HeciVwNlziEl6SGfLs2OnGCvHxPtjfCNQnQHqA4vyq0oe840.*_gcl_au=1.1.194640782.172577845*_gcl_aw=THN.179752491.hnZMORCn00MjXvwovv36SeIPgFvoABtNbX9FlansOvRm3oQJbsSkj0zGJzOV1o0Om00exiQXfZlbJuvRNZgGHy86It..&_gz=2.190250077.195087644.175979387-868069975.165188223&_bdsid=e87uh2.n~WLYCM.179843946.179343862&_bd_prev_page=https://www.host.interactivevillages.com/cart.htm?item/u177/28727/ HTTP/1.1" 200 27112 "-" "Mozilla/5.0 (Linux; Android 6.0.1; Nexus 5X Build/MMB29P) AppleWebKit/537.36 (KHTML, like Gecko) Chrome/133.0.6943.53 Mobile Safari/537.36 (compatible; Googlebot/2.1; +http://www.google.com/bot.html)"
54.158.15.14 - - [23/Feb/2025:07:50:08 -0500] "GET /m278024611?ynzmini=%2Fhome%2Fguitarlisty%2Fpublic_html%2Fsym404%2Fcpanelanalytics-Wordpress.txt404 HTTP/1.1" 200 7093 "-" "Mozilla/5.0 AppleWebKit/537.36 (KHTML, like Gecko; compatible; ClaudeBot/1.0; +claudebot@anthropic.com) X-Middleton/1"
107.20.82.18 - - [23/Feb/2025:07:50:10 -0500] "GET /silly/b50?ynzmini=%2Fhome%2Fguitarlisty%2Fpublic_html%2F.%2Fc4485 HTTP/1.1" 200 7072 "-" "Mozilla/5.0 AppleWebKit/537.36 (KHTML, like Gecko; compatible; ClaudeBot/1.0; +claudebot@anthropic.com) X-Middleton/1"
54.226.129.235 - - [23/Feb/2025:07:50:11 -0500] "GET /tale/i24?file=%2Fhome%2Fguitarlisty%2Fpublic_html%2Fwp-content%2F4d0ede HTTP/1.1" 200 14244 "-" "Mozilla/5.0 AppleWebKit/537.36 (KHTML, like Gecko; compatible; ClaudeBot/1.0; +claudebot@anthropic.com) X-Middleton/1"
54.198.85.7 - - [23/Feb/2025:07:50:11 -0500] "GET /yamaha-f310-acoustic-guitar-review-2020/?file=/usr/bin/tbl HTTP/1.1" 200 6291 "-" "Mozilla/5.0 AppleWebKit/537.36 (KHTML, like Gecko; compatible; Amazonbot/0.1; +https://developer.amazon.com/support/amazonbot) Chrome/119.0.6045.214 Safari/537.36 X-Middleton/1"
54.242.51.163 - - [23/Feb/2025:07:50:11 -0500] "GET /not/z214?ynzmini=%2Fhome%2Fguitarlisty%2Fpublic_html%2Fsym404%2Fivillag-IPB.txt404 HTTP/1.1" 200 7009 "-" "Mozilla/5.0 AppleWebKit/537.36 (KHTML, like Gecko; compatible; ClaudeBot/1.0; +claudebot@anthropic.com) X-Middleton/1"
34.229.105.159 - - [23/Feb/2025:07:50:12 -0500] "GET /involved/l77?ynzmini=%2Fhome%2Fguitarlisty%2Fpublic_html%2Fplugins%2F. HTTP/1.1" 200 7098 "-" "Mozilla/5.0 AppleWebKit/537.36 (KHTML, like Gecko; compatible; ClaudeBot/1.0; +claudebot@anthropic.com) X-Middleton/1"
52.71.251.0 - - [23/Feb/2025:07:50:13 -0500] "GET /portion/a65?ynzmini=%2Fhome%2Fguitarlisty%2F%2Fmail HTTP/1.1" 404 10456 "-" "Mozilla/5.0 AppleWebKit/537.36 (KHTML, like Gecko; compatible; ClaudeBot/1.0; +claudebot@anthropic.com) X-Middleton/1"
98.83.220.235 - - [23/Feb/2025:07:50:13 -0500] "GET /cancel/r20?pid=17320/help/help_04_2.html/shop/detail?shop_id=1 HTTP/1.1" 200 141827 "-" "Mozilla/5.0 (Linux; Android 6.0.1; Nexus 5X Build/MMB29P) AppleWebKit/537.36 (KHTML, like Gecko) Chrome/133.0.6943.53 Mobile Safari/537.36 (compatible; GoogleOther) X-Middleton/1"
54.198.85.7 - - [23/Feb/2025:07:50:14 -0500] "GET /pleased/x16?pid=3758 HTTP/1.1" 200 43283 "-" "Mozilla/5.0 (Linux; Android 8.0; Pixel 2 Build/OPD3.170816.012) AppleWebKit/537.36 (KHTML, like Gecko) Chrome/72.0.3626.121 Mobile Safari/537.36 (compatible; EzoicBot-Nicheiq; +http://www.ezoic.com/bot) X-Middleton/1"
52.205.171.15 - - [23/Feb/2025:07:49:58 -0500] "GET /wp-includes/admin.php HTTP/1.1" 200 9 "https://guitarlisty.com/wp-includes/admin.php" "Opera/9.80 (Windows NT 6.1; U; ja) Presto/2.9.168 Version/11.50 X-Middleton/1"
98.83.220.235 - - [23/Feb/2025:07:50:15 -0500] "GET /yamaha-f310-acoustic-guitar-review-2020/?file=/usr/bin/tee HTTP/1.1" 200 6291 "-" "Mozilla/5.0 AppleWebKit/537.36 (KHTML, like Gecko; compatible; Amazonbot/0.1; +https://developer.amazon.com/support/amazonbot) Chrome/119.0.6045.214 Safari/537.36 X-Middleton/1"
18.209.166.209 - - [23/Feb/2025:07:50:15 -0500] "GET /affair/v114?file=%2Fhome%2Fguitarlisty%2Fpublic_html%2F.well-known%2F.htaccess HTTP/1.1" 200 6547 "-" "Mozilla/5.0 AppleWebKit/537.36 (KHTML, like Gecko; compatible; ClaudeBot/1.0; +claudebot@anthropic.com) X-Middleton/1"
54.242.51.163 - - [23/Feb/2025:07:50:16 -0500] "GET /not/z214?ynzmini=%2Fhome%2Fguitarlisty%2Fpublic_html%2Fsym404%2Froot-Magento.txt404 HTTP/1.1" 200 7015 "-" "Mozilla/5.0 AppleWebKit/537.36 (KHTML, like Gecko; compatible; ClaudeBot/1.0; +claudebot@anthropic.com) X-Middleton/1"
3.90.39.225 - - [23/Feb/2025:07:50:16 -0500] "GET /m/lace41371315.html?ynzmini=%2Fhome%2Fguitarlisty%2Fpublic_html%2Fplugins HTTP/1.1" 200 6989 "-" "Mozilla/5.0 AppleWebKit/537.36 (KHTML, like Gecko; compatible; ClaudeBot/1.0; +claudebot@anthropic.com) X-Middleton/1"
34.226.215.117 - - [23/Feb/2025:07:50:18 -0500] "GET /m044033481?file=/home/guitarlisty/public_html/adminer.php HTTP/1.1" 404 6378 "-" "Mozilla/5.0 (X11; U; FreeBSD x86_64; en-US) AppleWebKit/534.16 (KHTML, like Gecko) Chrome/10.0.648.204 Safari/534.16 X-Middleton/1"
3.81.58.205 - - [23/Feb/2025:07:50:18 -0500] "GET /retirement/k149?pid=10191/shop/detail?shop_id=1/help/help_04_2.html HTTP/1.1" 200 145573 "-" "Mozilla/5.0 (Linux; Android 6.0.1; Nexus 5X Build/MMB29P) AppleWebKit/537.36 (KHTML, like Gecko) Chrome/133.0.6943.53 Mobile Safari/537.36 (compatible; GoogleOther) X-Middleton/1"
54.198.248.107 - - [23/Feb/2025:07:50:18 -0500] "GET /sun/y216?ynzmini=%2Fhome%2Fguitarlisty%2Fpublic_html%2F%2Fwp-content HTTP/1.1" 200 20164 "-" "Mozilla/5.0 AppleWebKit/537.36 (KHTML, like Gecko; compatible; ClaudeBot/1.0; +claudebot@anthropic.com) X-Middleton/1"
54.162.136.253 - - [23/Feb/2025:07:50:19 -0500] "GET /yamaha-f310-acoustic-guitar-review-2020/?file=/usr/bin/tic HTTP/1.1" 200 6291 "-" "Mozilla/5.0 AppleWebKit/537.36 (KHTML, like Gecko; compatible; Amazonbot/0.1; +https://developer.amazon.com/support/amazonbot) Chrome/119.0.6045.214 Safari/537.36 X-Middleton/1"
18.209.166.209 - - [23/Feb/2025:07:50:20 -0500] "GET /m273025242?ynzmini=%2Fhome%2Fguitarlisty%2Fpublic_html%2Fsym404%2Fflamingo-IPB.txt404 HTTP/1.1" 200 7015 "-" "Mozilla/5.0 AppleWebKit/537.36 (KHTML, like Gecko; compatible; ClaudeBot/1.0; +claudebot@anthropic.com) X-Middleton/1"
3.92.71.7 - - [23/Feb/2025:07:50:21 -0500] "GET /m/lace41371315.html?file=%2Fhome%2Fguitarlisty%2Fpublic_html%2Finputs.php HTTP/1.1" 200 11246 "-" "Mozilla/5.0 AppleWebKit/537.36 (KHTML, like Gecko; compatible; ClaudeBot/1.0; +claudebot@anthropic.com) X-Middleton/1"
35.173.180.132 - - [23/Feb/2025:07:50:22 -0500] "GET /m023006092?srsltid=AfmBOoDAcwQsBMrzE84w87_fZPf35eSfk_wUZL9V4Z-K-BhXe9BmfS HTTP/1.1" 200 43286 "-" "Mozilla/5.0 (Linux; Android 8.0; Pixel 2 Build/OPD3.170816.012) AppleWebKit/537.36 (KHTML, like Gecko) Chrome/72.0.3626.121 Mobile Safari/537.36 (compatible; EzoicBot-Nicheiq; +http://www.ezoic.com/bot) X-Middleton/1"
54.208.214.128 - - [23/Feb/2025:07:50:22 -0500] "GET /wage/k149?pid=10191 HTTP/1.1" 200 467544 "-" "Mozilla/5.0 (Linux; Android 6.0.1; Nexus 5X Build/MMB29P) AppleWebKit/537.36 (KHTML, like Gecko) Chrome/133.0.6943.53 Mobile Safari/537.36 (compatible; GoogleOther) X-Middleton/1"
107.20.82.18 - - [23/Feb/2025:07:50:23 -0500] "GET /yamaha-f310-acoustic-guitar-review-2020/?file=/usr/bin/toe HTTP/1.1" 404 6291 "-" "Mozilla/5.0 AppleWebKit/537.36 (KHTML, like Gecko; compatible; Amazonbot/0.1; +https://developer.amazon.com/support/amazonbot) Chrome/119.0.6045.214 Safari/537.36 X-Middleton/1"
3.92.71.7 - - [23/Feb/2025:07:50:23 -0500] "GET /some/v192?file=%2Fhome%2Fguitarlisty%2Fpublic_html%2Fhome%2FguitarlistyWORDPRESS.txt HTTP/1.1" 200 9843 "-" "Mozilla/5.0 AppleWebKit/537.36 (KHTML, like Gecko; compatible; ClaudeBot/1.0; +claudebot@anthropic.com) X-Middleton/1"
54.164.180.114 - - [23/Feb/2025:07:50:25 -0500] "GET /m184026813?ynzmini=%2Fhome%2Fguitarlisty%2Fpublic_html%2Fsym404%2Ftss-Wordpress.txt404 HTTP/1.1" 200 7021 "-" "Mozilla/5.0 AppleWebKit/537.36 (KHTML, like Gecko; compatible; ClaudeBot/1.0; +claudebot@anthropic.com) X-Middleton/1"
3.90.39.225 - - [23/Feb/2025:07:50:25 -0500] "GET /?_gl=1*k4hwph1*_ga*XbtaWdlkXcWXyqYHwaOMkrxhNoyX*_ga_XUEIPLSWA*Z4PrqnUi7jcGKahAeLywvECCuG6VQymYcdpF5aQEi46EFrZRcNGFSJt.*_gcl_au=1.1.199309670.171246508*_gcl_aw=HRA.172207154.T113vndvw5VGRUESwnCjcyTvzk3lBi7x1gHVcmamlA1MQ6v9cJ4xl8C6KQS1Yed91qEApoxMihzn18TJKDPw2hGaoW..&_gz=2.195859657.196897876.176586697-868404552.160047340&_bdsid=a6hjla.n~RQUDK.171599289.173208778&_bd_prev_page=https://www.guitarlisty.com/get.aspx?item/u113/6699/ HTTP/1.1" 200 162166 "-" "Mozilla/5.0 (Linux; Android 6.0.1; Nexus 5X Build/MMB29P) AppleWebKit/537.36 (KHTML, like Gecko) Chrome/133.0.6943.126 Mobile Safari/537.36 (compatible; Googlebot/2.1; +http://www.google.com/bot.html) X-Middleton/1"
98.83.149.163 - - [23/Feb/2025:07:50:27 -0500] "GET /rich/i176?file=%2Fhome%2Fguitarlisty%2Fpublic_html%2Fcookie.txt&rename=true HTTP/1.1" 200 6564 "-" "Mozilla/5.0 AppleWebKit/537.36 (KHTML, like Gecko; compatible; ClaudeBot/1.0; +claudebot@anthropic.com) X-Middleton/1"
54.144.101.254 - - [23/Feb/2025:07:50:27 -0500] "GET /yamaha-f310-acoustic-guitar-review-2020/?file=/usr/bin/top HTTP/1.1" 200 6291 "-" "Mozilla/5.0 AppleWebKit/537.36 (KHTML, like Gecko; compatible; Amazonbot/0.1; +https://developer.amazon.com/support/amazonbot) Chrome/119.0.6045.214 Safari/537.36 X-Middleton/1"
54.242.51.163 - - [23/Feb/2025:07:50:27 -0500] "GET /ring/k149?pid=10191/shop/detail?shop_id=1/help/help_04_2.html HTTP/1.1" 200 138575 "-" "Mozilla/5.0 (Linux; Android 6.0.1; Nexus 5X Build/MMB29P) AppleWebKit/537.36 (KHTML, like Gecko) Chrome/133.0.6943.53 Mobile Safari/537.36 (compatible; GoogleOther) X-Middleton/1"
98.83.149.163 - - [23/Feb/2025:07:50:28 -0500] "GET /bitter/f10?ynzmini=%2Fhome%2Fguitarlisty%2Fpublic_html%2Fsym404%2Fmemcached-Joomla.txt404 HTTP/1.1" 404 7039 "-" "Mozilla/5.0 AppleWebKit/537.36 (KHTML, like Gecko; compatible; ClaudeBot/1.0; +claudebot@anthropic.com) X-Middleton/1"
18.209.166.209 - - [23/Feb/2025:07:50:30 -0500] "GET /m298041623?srsltid=AfmBOoepYpIYIeLHKVeZCj_UGofxaLFW3_9DOqgKRp-E-kjn2aG6Uz HTTP/1.1" 200 43286 "-" "Mozilla/5.0 (Linux; Android 8.0; Pixel 2 Build/OPD3.170816.012) AppleWebKit/537.36 (KHTML, like Gecko) Chrome/72.0.3626.121 Mobile Safari/537.36 (compatible; EzoicBot-Nicheiq; +http://www.ezoic.com/bot) X-Middleton/1"
54.242.51.163 - - [23/Feb/2025:07:50:30 -0500] "GET /m273025242?ynzmini=%2Fhome%2Fguitarlisty%2Fpublic_html%2Fsym404%2Fhomestay-MyBB.txt404 HTTP/1.1" 200 7021 "-" "Mozilla/5.0 AppleWebKit/537.36 (KHTML, like Gecko; compatible; ClaudeBot/1.0; +claudebot@anthropic.com) X-Middleton/1"
3.94.247.247 - - [23/Feb/2025:07:50:31 -0500] "GET /yamaha-f310-acoustic-guitar-review-2020/?file=/usr/bin/tr HTTP/1.1" 200 6288 "-" "Mozilla/5.0 AppleWebKit/537.36 (KHTML, like Gecko; compatible; Amazonbot/0.1; +https://developer.amazon.com/support/amazonbot) Chrome/119.0.6045.214 Safari/537.36 X-Middleton/1"
54.196.44.86 - - [23/Feb/2025:07:50:31 -0500] "GET /beneath/r20?pid=17320 HTTP/1.1" 200 143822 "-" "Mozilla/5.0 (Linux; Android 6.0.1; Nexus 5X Build/MMB29P) AppleWebKit/537.36 (KHTML, like Gecko) Chrome/133.0.6943.53 Mobile Safari/537.36 (compatible; GoogleOther) X-Middleton/1"
3.90.42.123 - - [23/Feb/2025:07:50:31 -0500] "GET /m/milli31929346.html?file=%2Fhome%2Fguitarlisty%2Fpublic_html%2Fnetworks.php HTTP/1.1" 200 8739 "-" "Mozilla/5.0 AppleWebKit/537.36 (KHTML, like Gecko; compatible; ClaudeBot/1.0; +claudebot@anthropic.com) X-Middleton/1"
3.80.165.4 - - [23/Feb/2025:07:50:34 -0500] "GET /m044033481?file=/home/guitarlisty/public_html/google0a881b34d3ea1dfb.html HTTP/1.1" 404 6479 "-" "Mozilla/5.0 (X11; Linux x86_64) AppleWebKit/534.24 (KHTML, like Gecko) Ubuntu/10.04 Chromium/11.0.696.0 Chrome/11.0.696.0 Safari/534.24 X-Middleton/1"
35.173.180.132 - - [23/Feb/2025:07:50:34 -0500] "GET /pages.php?160arg1121.html HTTP/1.1" 200 43286 "-" "Mozilla/5.0 AppleWebKit/537.36 (KHTML, like Gecko; compatible; GPTBot/1.2; +https://openai.com/gptbot) X-Middleton/1"
18.212.120.70 - - [23/Feb/2025:07:50:35 -0500] "GET /yamaha-f310-acoustic-guitar-review-2020/?file=/usr/bin/tty HTTP/1.1" 200 6291 "-" "Mozilla/5.0 AppleWebKit/537.36 (KHTML, like Gecko; compatible; Amazonbot/0.1; +https://developer.amazon.com/support/amazonbot) Chrome/119.0.6045.214 Safari/537.36 X-Middleton/1"
18.209.166.209 - - [23/Feb/2025:07:50:35 -0500] "GET /known/k149?pid=10191/shop/detail?shop_id=1/86699help/help_04_2.html/help/help_04_2.html HTTP/1.1" 200 144714 "-" "Mozilla/5.0 (Linux; Android 6.0.1; Nexus 5X Build/MMB29P) AppleWebKit/537.36 (KHTML, like Gecko) Chrome/133.0.6943.53 Mobile Safari/537.36 (compatible; GoogleOther) X-Middleton/1"
54.144.101.254 - - [23/Feb/2025:07:50:37 -0500] "GET /core/k82?ynzmini=%2Fhome%2Fguitarlisty%2Fpublic_html%2Fsym404%2Frpc-WHMCS.txt404 HTTP/1.1" 200 6997 "-" "Mozilla/5.0 AppleWebKit/537.36 (KHTML, like Gecko; compatible; ClaudeBot/1.0; +claudebot@anthropic.com) X-Middleton/1"
35.173.219.106 - - [23/Feb/2025:07:50:38 -0500] "GET /m234021903?srsltid=AfmBOoBDFmcfmJbn12UvOg_VypTHo3CiN_27WkwNYg-I-oFDLIRemO HTTP/1.1" 500 45920 "-" "Mozilla/5.0 (Linux; Android 8.0; Pixel 2 Build/OPD3.170816.012) AppleWebKit/537.36 (KHTML, like Gecko) Chrome/72.0.3626.121 Mobile Safari/537.36 (compatible; EzoicBot-Nicheiq; +http://www.ezoic.com/bot) X-Middleton/1"
54.156.59.106 - - [23/Feb/2025:07:50:39 -0500] "GET /yamaha-f310-acoustic-guitar-review-2020/?file=/usr/bin/ul HTTP/1.1" 200 6288 "-" "Mozilla/5.0 AppleWebKit/537.36 (KHTML, like Gecko; compatible; Amazonbot/0.1; +https://developer.amazon.com/support/amazonbot) Chrome/119.0.6045.214 Safari/537.36 X-Middleton/1"
54.242.51.163 - - [23/Feb/2025:07:50:39 -0500] "GET /soar/k149?pid=10191/shop/detail?shop_id=1 HTTP/1.1" 200 141654 "-" "Mozilla/5.0 (Linux; Android 6.0.1; Nexus 5X Build/MMB29P) AppleWebKit/537.36 (KHTML, like Gecko) Chrome/133.0.6943.53 Mobile Safari/537.36 (compatible; GoogleOther) X-Middleton/1"
54.157.220.176 - - [23/Feb/2025:07:50:42 -0500] "GET /core/k82?ynzmini=%2Fhome%2Fguitarlisty%2Fpublic_html%2Fsym404%2Fcpses-WHMCS.txt404 HTTP/1.1" 200 7009 "-" "Mozilla/5.0 AppleWebKit/537.36 (KHTML, like Gecko; compatible; ClaudeBot/1.0; +claudebot@anthropic.com) X-Middleton/1"
52.71.251.0 - - [23/Feb/2025:07:50:43 -0500] "GET /yamaha-f310-acoustic-guitar-review-2020/?file=/usr/bin/vi HTTP/1.1" 404 6288 "-" "Mozilla/5.0 AppleWebKit/537.36 (KHTML, like Gecko; compatible; Amazonbot/0.1; +https://developer.amazon.com/support/amazonbot) Chrome/119.0.6045.214 Safari/537.36 X-Middleton/1"
54.198.124.77 - - [23/Feb/2025:07:50:43 -0500] "GET /pile/r20?pid=17320/86699help/help_04_2.html HTTP/1.1" 200 145534 "-" "Mozilla/5.0 (Linux; Android 6.0.1; Nexus 5X Build/MMB29P) AppleWebKit/537.36 (KHTML, like Gecko) Chrome/133.0.6943.53 Mobile Safari/537.36 (compatible; GoogleOther) X-Middleton/1"
54.198.85.7 - - [23/Feb/2025:07:50:46 -0500] "GET /m076047213?srsltid=AfmBOolfbrLeIEzPBwXBsB_Vhyuy5m5oE_PcscBRBr-T-vSoGogeUw HTTP/1.1" 200 43283 "-" "Mozilla/5.0 (Linux; Android 8.0; Pixel 2 Build/OPD3.170816.012) AppleWebKit/537.36 (KHTML, like Gecko) Chrome/72.0.3626.121 Mobile Safari/537.36 (compatible; EzoicBot-Nicheiq; +http://www.ezoic.com/bot) X-Middleton/1"
54.196.44.86 - - [23/Feb/2025:07:50:47 -0500] "GET /core/k82?ynzmini=%2Fhome%2Fguitarlisty%2Fpublic_html%2Fsym404%2Fchrony-MyBB.txt404 HTTP/1.1" 200 7009 "-" "Mozilla/5.0 AppleWebKit/537.36 (KHTML, like Gecko; compatible; ClaudeBot/1.0; +claudebot@anthropic.com) X-Middleton/1"
35.173.219.106 - - [23/Feb/2025:07:50:47 -0500] "GET /yamaha-f310-acoustic-guitar-review-2020/?file=/usr/bin/vim HTTP/1.1" 200 6291 "-" "Mozilla/5.0 AppleWebKit/537.36 (KHTML, like Gecko; compatible; Amazonbot/0.1; +https://developer.amazon.com/support/amazonbot) Chrome/119.0.6045.214 Safari/537.36 X-Middleton/1"
18.209.166.209 - - [23/Feb/2025:07:50:47 -0500] "GET /fleet/k149?pid=10191/shop/detail?shop_id=1/help/help_04_2.html HTTP/1.1" 200 149112 "-" "Mozilla/5.0 (Linux; Android 6.0.1; Nexus 5X Build/MMB29P) AppleWebKit/537.36 (KHTML, like Gecko) Chrome/133.0.6943.53 Mobile Safari/537.36 (compatible; GoogleOther) X-Middleton/1"
54.158.139.140 - - [23/Feb/2025:07:50:50 -0500] "GET /m044033481?page=newfolder HTTP/1.1" 404 6242 "-" "Mozilla/5.0 (Macintosh; U; Intel Mac OS X; en-US) AppleWebKit/533.4 (KHTML, like Gecko) Chrome/5.0.375.86 Safari/533.4 X-Middleton/1"
52.205.171.15 - - [23/Feb/2025:07:50:51 -0500] "GET /slide/r20?pid=17320/help/help_04_2.html/86699help/help_04_2.html HTTP/1.1" 200 153379 "-" "Mozilla/5.0 (Linux; Android 6.0.1; Nexus 5X Build/MMB29P) AppleWebKit/537.36 (KHTML, like Gecko) Chrome/133.0.6943.53 Mobile Safari/537.36 (compatible; GoogleOther) X-Middleton/1"
3.90.42.123 - - [23/Feb/2025:07:50:51 -0500] "GET /yamaha-f310-acoustic-guitar-review-2020/?file=/usr/bin/wc HTTP/1.1" 200 6288 "-" "Mozilla/5.0 AppleWebKit/537.36 (KHTML, like Gecko; compatible; Amazonbot/0.1; +https://developer.amazon.com/support/amazonbot) Chrome/119.0.6045.214 Safari/537.36 X-Middleton/1"
52.207.162.105 - - [23/Feb/2025:07:50:52 -0500] "GET /bitter/f10?ynzmini=%2Fhome%2Fguitarlisty%2Fpublic_html%2Fsym404%2Ftcpdump-IPB.txt404 HTTP/1.1" 200 7009 "-" "Mozilla/5.0 AppleWebKit/537.36 (KHTML, like Gecko; compatible; ClaudeBot/1.0; +claudebot@anthropic.com) X-Middleton/1"
35.171.189.120 - - [23/Feb/2025:07:50:54 -0500] "GET /m086046353?srsltid=AfmBOoTRzngNttTjza3mni_Ey5OGaqcMH_mMlpgeHB-D-TUWmNzInz HTTP/1.1" 200 43286 "-" "Mozilla/5.0 (Linux; Android 8.0; Pixel 2 Build/OPD3.170816.012) AppleWebKit/537.36 (KHTML, like Gecko) Chrome/72.0.3626.121 Mobile Safari/537.36 (compatible; EzoicBot-Nicheiq; +http://www.ezoic.com/bot) X-Middleton/1"
54.198.124.77 - - [23/Feb/2025:07:50:55 -0500] "GET /underlying/r20?pid=17320/help/help_04_2.html/86699help/help_04_2.html HTTP/1.1" 200 457877 "-" "Mozilla/5.0 (Linux; Android 6.0.1; Nexus 5X Build/MMB29P) AppleWebKit/537.36 (KHTML, like Gecko) Chrome/133.0.6943.53 Mobile Safari/537.36 (compatible; GoogleOther) X-Middleton/1"
54.156.59.106 - - [23/Feb/2025:07:50:55 -0500] "GET /yamaha-f310-acoustic-guitar-review-2020/?file=/usr/bin/who HTTP/1.1" 404 6291 "-" "Mozilla/5.0 AppleWebKit/537.36 (KHTML, like Gecko; compatible; Amazonbot/0.1; +https://developer.amazon.com/support/amazonbot) Chrome/119.0.6045.214 Safari/537.36 X-Middleton/1"
54.158.15.14 - - [23/Feb/2025:07:50:55 -0500] "GET /pages.php?205vblm320.html HTTP/1.1" 200 43280 "-" "Mozilla/5.0 AppleWebKit/537.36 (KHTML, like Gecko; compatible; GPTBot/1.2; +https://openai.com/gptbot) X-Middleton/1"
54.226.129.235 - - [23/Feb/2025:07:50:57 -0500] "GET /core/k82?ynzmini=%2Fhome%2Fguitarlisty%2Fpublic_html%2Fsym404%2F_imunify-phpBB.txt404 HTTP/1.1" 200 7027 "-" "Mozilla/5.0 AppleWebKit/537.36 (KHTML, like Gecko; compatible; ClaudeBot/1.0; +claudebot@anthropic.com) X-Middleton/1"
3.90.112.236 - - [23/Feb/2025:07:50:59 -0500] "GET /yamaha-f310-acoustic-guitar-review-2020/?file=/usr/bin/xxd HTTP/1.1" 200 6291 "-" "Mozilla/5.0 AppleWebKit/537.36 (KHTML, like Gecko; compatible; Amazonbot/0.1; +https://developer.amazon.com/support/amazonbot) Chrome/119.0.6045.214 Safari/537.36 X-Middleton/1"
3.80.165.4 - - [23/Feb/2025:07:50:59 -0500] "GET /pages.php?24ghq47977.html HTTP/1.1" 200 43282 "-" "Mozilla/5.0 AppleWebKit/537.36 (KHTML, like Gecko; compatible; GPTBot/1.2; +https://openai.com/gptbot) X-Middleton/1"
34.229.105.159 - - [23/Feb/2025:07:50:59 -0500] "GET /party/k149?pid=10191 HTTP/1.1" 200 149022 "-" "Mozilla/5.0 (Linux; Android 6.0.1; Nexus 5X Build/MMB29P) AppleWebKit/537.36 (KHTML, like Gecko) Chrome/133.0.6943.53 Mobile Safari/537.36 (compatible; GoogleOther) X-Middleton/1"
34.226.215.117 - - [23/Feb/2025:07:51:02 -0500] "GET /core/k82?ynzmini=%2Fhome%2Fguitarlisty%2Fpublic_html%2Fsym404%2Ftss-BoxBilling.txt404 HTTP/1.1" 404 7027 "-" "Mozilla/5.0 AppleWebKit/537.36 (KHTML, like Gecko; compatible; ClaudeBot/1.0; +claudebot@anthropic.com) X-Middleton/1"
35.175.240.220 - - [23/Feb/2025:07:51:02 -0500] "GET /abroad/t121?pid=7777 HTTP/1.1" 200 43286 "-" "Mozilla/5.0 (Linux; Android 8.0; Pixel 2 Build/OPD3.170816.012) AppleWebKit/537.36 (KHTML, like Gecko) Chrome/72.0.3626.121 Mobile Safari/537.36 (compatible; EzoicBot-Nicheiq; +http://www.ezoic.com/bot) X-Middleton/1"
3.87.139.20 - - [23/Feb/2025:07:51:03 -0500] "GET /formula/r20?pid=17320/shop/detail?shop_id=1/help/help_04_2.html HTTP/1.1" 200 455622 "-" "Mozilla/5.0 (Linux; Android 6.0.1; Nexus 5X Build/MMB29P) AppleWebKit/537.36 (KHTML, like Gecko) Chrome/133.0.6943.53 Mobile Safari/537.36 (compatible; GoogleOther) X-Middleton/1"
54.198.7.139 - - [23/Feb/2025:07:51:04 -0500] "GET /yamaha-f310-acoustic-guitar-review-2020/?file=/usr/bin/xz HTTP/1.1" 404 6288 "-" "Mozilla/5.0 AppleWebKit/537.36 (KHTML, like Gecko; compatible; Amazonbot/0.1; +https://developer.amazon.com/support/amazonbot) Chrome/119.0.6045.214 Safari/537.36 X-Middleton/1"
34.226.215.117 - - [23/Feb/2025:07:51:07 -0500] "GET /m205037448?ynzmini=%2Fhome%2Fguitarlisty%2Fpublic_html%2Fsym404%2Fmailman-MyBB.txt404 HTTP/1.1" 200 7015 "-" "Mozilla/5.0 AppleWebKit/537.36 (KHTML, like Gecko; compatible; ClaudeBot/1.0; +claudebot@anthropic.com) X-Middleton/1"
35.175.240.220 - - [23/Feb/2025:07:51:07 -0500] "GET /m044033481?ynzmini=/home/guitarlisty/public_html/.. HTTP/1.1" 200 11403 "-" "Mozilla/5.0 (Windows; U; Windows NT 6.0; en-US; rv:1.9.2.4) Gecko/20100523 Firefox/3.6.4 ( .NET CLR 3.5.30729) X-Middleton/1"
54.156.59.106 - - [23/Feb/2025:07:51:07 -0500] "GET /risk/r20?pid=17320/help/help_04_2.html HTTP/1.1" 200 144224 "-" "Mozilla/5.0 (Linux; Android 6.0.1; Nexus 5X Build/MMB29P) AppleWebKit/537.36 (KHTML, like Gecko) Chrome/133.0.6943.53 Mobile Safari/537.36 (compatible; GoogleOther) X-Middleton/1"
3.81.214.139 - - [23/Feb/2025:07:51:07 -0500] "GET /yamaha-f310-acoustic-guitar-review-2020/?file=/usr/bin/yes HTTP/1.1" 200 6291 "-" "Mozilla/5.0 AppleWebKit/537.36 (KHTML, like Gecko; compatible; Amazonbot/0.1; +https://developer.amazon.com/support/amazonbot) Chrome/119.0.6045.214 Safari/537.36 X-Middleton/1"
52.207.162.105 - - [23/Feb/2025:07:51:10 -0500] "GET /?callback=product/review/738545/help/help_04_2.html HTTP/1.1" 200 459916 "-" "Mozilla/5.0 (Linux; Android 6.0.1; Nexus 5X Build/MMB29P) AppleWebKit/537.36 (KHTML, like Gecko) Chrome/133.0.6943.126 Mobile Safari/537.36 (compatible; Googlebot/2.1; +http://www.google.com/bot.html) X-Middleton/1"
52.205.171.15 - - [23/Feb/2025:07:51:11 -0500] "GET /yamaha-f310-acoustic-guitar-review-2020/?file=/usr/bin/yum HTTP/1.1" 404 8435 "-" "Mozilla/5.0 AppleWebKit/537.36 (KHTML, like Gecko; compatible; Amazonbot/0.1; +https://developer.amazon.com/support/amazonbot) Chrome/119.0.6045.214 Safari/537.36 X-Middleton/1"
18.209.166.209 - - [23/Feb/2025:07:51:11 -0500] "GET /natural/k149?pid=10191 HTTP/1.1" 200 142315 "-" "Mozilla/5.0 (Linux; Android 6.0.1; Nexus 5X Build/MMB29P) AppleWebKit/537.36 (KHTML, like Gecko) Chrome/133.0.6943.53 Mobile Safari/537.36 (compatible; GoogleOther) X-Middleton/1"
35.173.219.106 - - [23/Feb/2025:07:51:12 -0500] "GET /m205037448?ynzmini=%2Fhome%2Fguitarlisty%2Fpublic_html%2Fsym404%2Ftelegraf-WHMCS.txt404 HTTP/1.1" 200 7027 "-" "Mozilla/5.0 AppleWebKit/537.36 (KHTML, like Gecko; compatible; ClaudeBot/1.0; +claudebot@anthropic.com) X-Middleton/1"
54.196.44.86 - - [23/Feb/2025:07:51:15 -0500] "GET /doctor/r20?pid=17320/shop/detail?shop_id=1/help/help_04_2.html HTTP/1.1" 200 455466 "-" "Mozilla/5.0 (Linux; Android 6.0.1; Nexus 5X Build/MMB29P) AppleWebKit/537.36 (KHTML, like Gecko) Chrome/133.0.6943.53 Mobile Safari/537.36 (compatible; GoogleOther) X-Middleton/1"
18.212.120.70 - - [23/Feb/2025:07:51:16 -0500] "GET /yamaha-f310-acoustic-guitar-review-2020/?file=/usr/bin/zip HTTP/1.1" 404 6291 "-" "Mozilla/5.0 AppleWebKit/537.36 (KHTML, like Gecko; compatible; Amazonbot/0.1; +https://developer.amazon.com/support/amazonbot) Chrome/119.0.6045.214 Safari/537.36 X-Middleton/1"
54.144.101.254 - - [23/Feb/2025:07:51:17 -0500] "GET /core/k82?ynzmini=%2Fhome%2Fguitarlisty%2Fpublic_html%2Fsym404%2Fsystuser-OpenCart.txt404 HTTP/1.1" 404 7045 "-" "Mozilla/5.0 AppleWebKit/537.36 (KHTML, like Gecko; compatible; ClaudeBot/1.0; +claudebot@anthropic.com) X-Middleton/1"
66.249.79.36 - - [23/Feb/2025:07:51:17 -0500] "GET /m197021826?srsltid=AfmBOouUssPkkTxrSvqjKC_DiR9v8qsGR_413Dgbtl-I-ASY0kO9JE HTTP/1.1" 200 25428 "-" "Mozilla/5.0 (Linux; Android 6.0.1; Nexus 5X Build/MMB29P) AppleWebKit/537.36 (KHTML, like Gecko) Chrome/133.0.6943.126 Mobile Safari/537.36 (compatible; Googlebot/2.1; +http://www.google.com/bot.html)"
3.94.247.247 - - [23/Feb/2025:07:51:17 -0500] "GET /home/000~ROOT~000/usr/share/groff/1.22.3/font/devps/symbolsl.pfa_ HTTP/1.1" 404 43280 "-" "Mozilla/5.0 (Linux; Android 5.0) AppleWebKit/537.36 (KHTML, like Gecko) Mobile Safari/537.36 (compatible; Bytespider; spider-feedback@bytedance.com) X-Middleton/1"
54.198.248.107 - - [23/Feb/2025:07:51:19 -0500] "GET /yamaha-f310-acoustic-guitar-review-2020/?file=/usr/bin/c89 HTTP/1.1" 200 6572 "-" "Mozilla/5.0 AppleWebKit/537.36 (KHTML, like Gecko; compatible; Amazonbot/0.1; +https://developer.amazon.com/support/amazonbot) Chrome/119.0.6045.214 Safari/537.36 X-Middleton/1"
3.82.56.176 - - [23/Feb/2025:07:51:19 -0500] "GET /shore/k149?pid=10191/help/help_04_2.html/86699help/help_04_2.html HTTP/1.1" 200 150373 "-" "Mozilla/5.0 (Linux; Android 6.0.1; Nexus 5X Build/MMB29P) AppleWebKit/537.36 (KHTML, like Gecko) Chrome/133.0.6943.53 Mobile Safari/537.36 (compatible; GoogleOther) X-Middleton/1"
54.226.129.235 - - [23/Feb/2025:07:51:22 -0500] "GET /core/k82?ynzmini=%2Fhome%2Fguitarlisty%2Fpublic_html%2Fsym404%2Fmpercy-OsCommerce.txt404 HTTP/1.1" 404 7045 "-" "Mozilla/5.0 AppleWebKit/537.36 (KHTML, like Gecko; compatible; ClaudeBot/1.0; +claudebot@anthropic.com) X-Middleton/1"
184.72.213.252 - - [23/Feb/2025:07:51:22 -0500] "GET /pages.php?43hnh48184.html HTTP/1.1" 200 43286 "-" "Mozilla/5.0 AppleWebKit/537.36 (KHTML, like Gecko; compatible; GPTBot/1.2; +https://openai.com/gptbot) X-Middleton/1"
3.81.214.139 - - [23/Feb/2025:07:51:23 -0500] "GET /m050003213?file=/home/guitarlisty/public_html/wp-comments-post.php HTTP/1.1" 200 8799 "-" "Mozilla/5.0 (Macintosh; U; PPC Mac OS X; it-it) AppleWebKit/124 (KHTML, like Gecko) Safari/125.1 X-Middleton/1"
54.196.44.86 - - [23/Feb/2025:07:51:23 -0500] "GET /yamaha-f310-acoustic-guitar-review-2020/?file=/usr/bin/c99 HTTP/1.1" 200 6563 "-" "Mozilla/5.0 AppleWebKit/537.36 (KHTML, like Gecko; compatible; Amazonbot/0.1; +https://developer.amazon.com/support/amazonbot) Chrome/119.0.6045.214 Safari/537.36 X-Middleton/1"
107.20.82.18 - - [23/Feb/2025:07:51:23 -0500] "GET /available/r20?pid=17320 HTTP/1.1" 200 150122 "-" "Mozilla/5.0 (Linux; Android 6.0.1; Nexus 5X Build/MMB29P) AppleWebKit/537.36 (KHTML, like Gecko) Chrome/133.0.6943.53 Mobile Safari/537.36 (compatible; GoogleOther) X-Middleton/1"
3.90.39.225 - - [23/Feb/2025:07:51:27 -0500] "GET /core/k82?ynzmini=%2Fhome%2Fguitarlisty%2Fpublic_html%2Fsym404%2Fivillag-Wordpress.txt404 HTTP/1.1" 404 7045 "-" "Mozilla/5.0 AppleWebKit/537.36 (KHTML, like Gecko; compatible; ClaudeBot/1.0; +claudebot@anthropic.com) X-Middleton/1"
3.81.133.169 - - [23/Feb/2025:07:51:27 -0500] "GET /yamaha-f310-acoustic-guitar-review-2020/?file=/usr/bin/cal HTTP/1.1" 200 6291 "-" "Mozilla/5.0 AppleWebKit/537.36 (KHTML, like Gecko; compatible; Amazonbot/0.1; +https://developer.amazon.com/support/amazonbot) Chrome/119.0.6045.214 Safari/537.36 X-Middleton/1"
3.81.214.139 - - [23/Feb/2025:07:51:27 -0500] "GET /reluctant/r20?pid=17320 HTTP/1.1" 200 147109 "-" "Mozilla/5.0 (Linux; Android 6.0.1; Nexus 5X Build/MMB29P) AppleWebKit/537.36 (KHTML, like Gecko) Chrome/133.0.6943.53 Mobile Safari/537.36 (compatible; GoogleOther) X-Middleton/1"
107.20.115.131 - - [23/Feb/2025:07:51:28 -0500] "GET /pages.php?products/261lc26518 HTTP/1.1" 200 143445 "-" "Mozilla/5.0 (Linux; Android 6.0.1; Nexus 5X Build/MMB29P) AppleWebKit/537.36 (KHTML, like Gecko) Chrome/133.0.6943.53 Mobile Safari/537.36 (compatible; Googlebot/2.1; +http://www.google.com/bot.html) X-Middleton/1"
66.249.68.33 - - [23/Feb/2025:07:51:26 -0500] "GET /?_gl=1*vh58hmr*_ga*EXToAlFJwRYpgVTeJsWplujaYQPc*_ga_WOFYXAAEN*cWLVfT2HeciVwNlziEl6SGfLs2OnGCvHxPtjfCNQnQHqA4vyq0oe840.*_gcl_au=1.1.194640782.172577845*_gcl_aw=THN.179752491.hnZMORCn00MjXvwovv36SeIPgFvoABtNbX9FlansOvRm3oQJbsSkj0zGJzOV1o0Om00exiQXfZlbJuvRNZgGHy86It..&_gz=2.190250077.195087644.175979387-868069975.165188223&_bdsid=e87uh2.n~WLYCM.179843946.179343862&_bd_prev_page=https://www.host.interactivevillages.com/cart.htm?item/u1/43991/ HTTP/1.1" 200 73686 "-" "Mozilla/5.0 (Linux; Android 6.0.1; Nexus 5X Build/MMB29P) AppleWebKit/537.36 (KHTML, like Gecko) Chrome/133.0.6943.53 Mobile Safari/537.36 (compatible; Googlebot/2.1; +http://www.google.com/bot.html)"
66.249.79.169 - - [23/Feb/2025:07:51:28 -0500] "GET /detail/fierc10762680.shtml?s=fkTBdp0-- HTTP/1.1" 200 73963 "-" "Mozilla/5.0 (Linux; Android 6.0.1; Nexus 5X Build/MMB29P) AppleWebKit/537.36 (KHTML, like Gecko) Chrome/133.0.6943.53 Mobile Safari/537.36 (compatible; Googlebot/2.1; +http://www.google.com/bot.html)"
34.226.215.117 - - [23/Feb/2025:07:51:28 -0500] "GET /m/crop21891305.html?s=fhmOi30DI/86699help/help_04_2.html/86699help/help_04_2.html HTTP/1.1" 200 468848 "-" "Mozilla/5.0 (Linux; Android 6.0.1; Nexus 5X Build/MMB29P) AppleWebKit/537.36 (KHTML, like Gecko) Chrome/133.0.6943.53 Mobile Safari/537.36 (compatible; Googlebot/2.1; +http://www.google.com/bot.html) X-Middleton/1"
107.20.115.131 - - [23/Feb/2025:07:51:31 -0500] "GET /yamaha-f310-acoustic-guitar-review-2020/?file=/usr/bin/cat HTTP/1.1" 404 6291 "-" "Mozilla/5.0 AppleWebKit/537.36 (KHTML, like Gecko; compatible; Amazonbot/0.1; +https://developer.amazon.com/support/amazonbot) Chrome/119.0.6045.214 Safari/537.36 X-Middleton/1"
3.82.56.176 - - [23/Feb/2025:07:51:32 -0500] "GET /bitter/f10?ynzmini=%2Fhome%2Fguitarlisty%2Fpublic_html%2Fsym404%2F_imunify-Ellislab.txt404 HTTP/1.1" 200 7045 "-" "Mozilla/5.0 AppleWebKit/537.36 (KHTML, like Gecko; compatible; ClaudeBot/1.0; +claudebot@anthropic.com) X-Middleton/1"
54.158.139.140 - - [23/Feb/2025:07:51:31 -0500] "GET /painter/r20?pid=17320 HTTP/1.1" 200 457300 "-" "Mozilla/5.0 (Linux; Android 6.0.1; Nexus 5X Build/MMB29P) AppleWebKit/537.36 (KHTML, like Gecko) Chrome/133.0.6943.53 Mobile Safari/537.36 (compatible; GoogleOther) X-Middleton/1"
66.249.79.163 - - [23/Feb/2025:07:51:31 -0500] "GET /product/corre20456841.htm?s=flidEz_K_ HTTP/1.1" 200 73166 "-" "Mozilla/5.0 (Linux; Android 6.0.1; Nexus 5X Build/MMB29P) AppleWebKit/537.36 (KHTML, like Gecko) Chrome/133.0.6943.53 Mobile Safari/537.36 (compatible; Googlebot/2.1; +http://www.google.com/bot.html)"
52.205.171.15 - - [23/Feb/2025:07:51:35 -0500] "GET /yamaha-f310-acoustic-guitar-review-2020/?file=/usr/bin/cc HTTP/1.1" 404 6288 "-" "Mozilla/5.0 AppleWebKit/537.36 (KHTML, like Gecko; compatible; Amazonbot/0.1; +https://developer.amazon.com/support/amazonbot) Chrome/119.0.6045.214 Safari/537.36 X-Middleton/1"
107.20.115.131 - - [23/Feb/2025:07:51:35 -0500] "GET /half/k149?pid=10191 HTTP/1.1" 200 142760 "-" "Mozilla/5.0 (Linux; Android 6.0.1; Nexus 5X Build/MMB29P) AppleWebKit/537.36 (KHTML, like Gecko) Chrome/133.0.6943.53 Mobile Safari/537.36 (compatible; GoogleOther) X-Middleton/1"
18.232.117.100 - - [23/Feb/2025:07:51:37 -0500] "GET /bitter/f10?ynzmini=%2Fhome%2Fguitarlisty%2Fpublic_html%2Fsym404%2Fguitarlisty-Drupal.txt404 HTTP/1.1" 200 7051 "-" "Mozilla/5.0 AppleWebKit/537.36 (KHTML, like Gecko; compatible; ClaudeBot/1.0; +claudebot@anthropic.com) X-Middleton/1"
3.92.71.7 - - [23/Feb/2025:07:51:38 -0500] "GET /m/sessi82165855.html?s=fHr_ouSKY HTTP/1.1" 200 43281 "-" "Mozilla/5.0 (compatible; SemrushBot/7~bl; +http://www.semrush.com/bot.html) X-Middleton/1"
52.205.171.15 - - [23/Feb/2025:07:51:39 -0500] "GET /m050003213?ynzmini=/home/guitarlisty/public_html/images HTTP/1.1" 404 8011 "-" "Mozilla/5.0 (X11; U; NetBSD i386; en-US; rv:1.9.2.12) Gecko/20101030 Firefox/3.6.12 X-Middleton/1"
35.171.189.120 - - [23/Feb/2025:07:51:39 -0500] "GET /yamaha-f310-acoustic-guitar-review-2020/?file=/usr/bin/cd HTTP/1.1" 200 6324 "-" "Mozilla/5.0 AppleWebKit/537.36 (KHTML, like Gecko; compatible; Amazonbot/0.1; +https://developer.amazon.com/support/amazonbot) Chrome/119.0.6045.214 Safari/537.36 X-Middleton/1"
54.196.44.86 - - [23/Feb/2025:07:51:39 -0500] "GET /weather/k149?pid=10191/help/help_04_2.html/shop/detail?shop_id=1 HTTP/1.1" 200 468657 "-" "Mozilla/5.0 (Linux; Android 6.0.1; Nexus 5X Build/MMB29P) AppleWebKit/537.36 (KHTML, like Gecko) Chrome/133.0.6943.53 Mobile Safari/537.36 (compatible; GoogleOther) X-Middleton/1"
52.205.171.15 - - [23/Feb/2025:07:51:41 -0500] "GET /pages.php?80gim10181.html HTTP/1.1" 500 45919 "-" "Mozilla/5.0 AppleWebKit/537.36 (KHTML, like Gecko; compatible; GPTBot/1.2; +https://openai.com/gptbot) X-Middleton/1"
54.208.214.128 - - [23/Feb/2025:07:51:42 -0500] "GET /m205037448?ynzmini=%2Fhome%2Fguitarlisty%2Fpublic_html%2Fsym404%2Fcpaneleximfilter-WHMCS.txt404 HTTP/1.1" 200 7075 "-" "Mozilla/5.0 AppleWebKit/537.36 (KHTML, like Gecko; compatible; ClaudeBot/1.0; +claudebot@anthropic.com) X-Middleton/1"
52.71.251.0 - - [23/Feb/2025:07:51:43 -0500] "GET /elegant/r20?pid=17320/shop/detail?shop_id=1/help/help_04_2.html/86699help/help_04_2.html HTTP/1.1" 200 155971 "-" "Mozilla/5.0 (Linux; Android 6.0.1; Nexus 5X Build/MMB29P) AppleWebKit/537.36 (KHTML, like Gecko) Chrome/133.0.6943.53 Mobile Safari/537.36 (compatible; GoogleOther) X-Middleton/1"
54.234.205.77 - - [23/Feb/2025:07:51:43 -0500] "GET /yamaha-f310-acoustic-guitar-review-2020/?file=/usr/bin/cmp HTTP/1.1" 200 6291 "-" "Mozilla/5.0 AppleWebKit/537.36 (KHTML, like Gecko; compatible; Amazonbot/0.1; +https://developer.amazon.com/support/amazonbot) Chrome/119.0.6045.214 Safari/537.36 X-Middleton/1"
107.20.115.131 - - [23/Feb/2025:07:51:47 -0500] "GET /m205037448?ynzmini=%2Fhome%2Fguitarlisty%2Fpublic_html%2Fsym404%2Fcpanelroundcube-Drupal.txt404 HTTP/1.1" 404 7075 "-" "Mozilla/5.0 AppleWebKit/537.36 (KHTML, like Gecko; compatible; ClaudeBot/1.0; +claudebot@anthropic.com) X-Middleton/1"
54.198.85.7 - - [23/Feb/2025:07:51:47 -0500] "GET /yamaha-f310-acoustic-guitar-review-2020/?file=/usr/bin/col HTTP/1.1" 404 6291 "-" "Mozilla/5.0 AppleWebKit/537.36 (KHTML, like Gecko; compatible; Amazonbot/0.1; +https://developer.amazon.com/support/amazonbot) Chrome/119.0.6045.214 Safari/537.36 X-Middleton/1"
54.156.59.106 - - [23/Feb/2025:07:51:47 -0500] "GET /performer/k149?pid=30883/help/help_04_2.html/shop/detail?shop_id=1 HTTP/1.1" 200 155791 "-" "Mozilla/5.0 (Linux; Android 6.0.1; Nexus 5X Build/MMB29P) AppleWebKit/537.36 (KHTML, like Gecko) Chrome/133.0.6943.53 Mobile Safari/537.36 (compatible; GoogleOther) X-Middleton/1"
66.249.79.193 - - [23/Feb/2025:07:51:48 -0500] "GET /?_gl=1*vh58hmr*_ga*EXToAlFJwRYpgVTeJsWplujaYQPc*_ga_WOFYXAAEN*cWLVfT2HeciVwNlziEl6SGfLs2OnGCvHxPtjfCNQnQHqA4vyq0oe840.*_gcl_au=1.1.194640782.172577845*_gcl_aw=THN.179752491.hnZMORCn00MjXvwovv36SeIPgFvoABtNbX9FlansOvRm3oQJbsSkj0zGJzOV1o0Om00exiQXfZlbJuvRNZgGHy86It..&_gz=2.190250077.195087644.175979387-868069975.165188223&_bdsid=e87uh2.n~WLYCM.179843946.179343862&_bd_prev_page=https://www.host.interactivevillages.com/cart.htm?item/u159/26389/ HTTP/1.1" 200 73188 "-" "Mozilla/5.0 (Linux; Android 6.0.1; Nexus 5X Build/MMB29P) AppleWebKit/537.36 (KHTML, like Gecko) Chrome/133.0.6943.53 Mobile Safari/537.36 (compatible; Googlebot/2.1; +http://www.google.com/bot.html)"
35.175.240.220 - - [23/Feb/2025:07:51:51 -0500] "GET /yamaha-f310-acoustic-guitar-review-2020/?file=/usr/bin/cp HTTP/1.1" 404 6288 "-" "Mozilla/5.0 AppleWebKit/537.36 (KHTML, like Gecko; compatible; Amazonbot/0.1; +https://developer.amazon.com/support/amazonbot) Chrome/119.0.6045.214 Safari/537.36 X-Middleton/1"
3.81.110.12 - - [23/Feb/2025:07:51:51 -0500] "GET /less/r20?pid=17320/shop/detail?shop_id=1 HTTP/1.1" 200 458926 "-" "Mozilla/5.0 (Linux; Android 6.0.1; Nexus 5X Build/MMB29P) AppleWebKit/537.36 (KHTML, like Gecko) Chrome/133.0.6943.53 Mobile Safari/537.36 (compatible; GoogleOther) X-Middleton/1"
