52.205.171.15 - - [23/Feb/2025:07:46:19 -0500] "GET /yamaha-f310-acoustic-guitar-review-2020/?file=/usr//bin/nl HTTP/1.1" 200 6291 "-" "Mozilla/5.0 AppleWebKit/537.36 (KHTML, like Gecko; compatible; Amazonbot/0.1; +https://developer.amazon.com/support/amazonbot) Chrome/119.0.6045.214 Safari/537.36 X-Middleton/1"
54.144.101.254 - - [23/Feb/2025:07:46:20 -0500] "GET /music/j280?file=%2Fhome%2Fguitarlisty%2Fpublic_html%2F123%2Ffunction.php HTTP/1.1" 200 13994 "-" "Mozilla/5.0 AppleWebKit/537.36 (KHTML, like Gecko; compatible; ClaudeBot/1.0; +claudebot@anthropic.com) X-Middleton/1"
3.90.42.123 - - [23/Feb/2025:07:46:20 -0500] "GET /m262045395?ynzmini=%2F%2Fbackup HTTP/1.1" 404 6120 "-" "Mozilla/5.0 AppleWebKit/537.36 (KHTML, like Gecko; compatible; ClaudeBot/1.0; +claudebot@anthropic.com) X-Middleton/1"
34.226.215.117 - - [23/Feb/2025:07:46:21 -0500] "GET /identification/k149?pid=3285 HTTP/1.1" 200 144265 "-" "Mozilla/5.0 (Linux; Android 6.0.1; Nexus 5X Build/MMB29P) AppleWebKit/537.36 (KHTML, like Gecko) Chrome/133.0.6943.53 Mobile Safari/537.36 (compatible; GoogleOther) X-Middleton/1"
3.87.139.20 - - [23/Feb/2025:07:46:21 -0500] "GET /m277011114?ynzmini=%2F%2Froot HTTP/1.1" 200 6136 "-" "Mozilla/5.0 AppleWebKit/537.36 (KHTML, like Gecko; compatible; ClaudeBot/1.0; +claudebot@anthropic.com) X-Middleton/1"
3.81.214.139 - - [23/Feb/2025:07:46:22 -0500] "GET /m212017435?srsltid=AfmBOoIWmqGdNZUjGDiYE4_M1uFalg9vJ_taXVCcml-C-KUko3MpAS HTTP/1.1" 200 43284 "-" "Mozilla/5.0 (Linux; Android 8.0; Pixel 2 Build/OPD3.170816.012) AppleWebKit/537.36 (KHTML, like Gecko) Chrome/72.0.3626.121 Mobile Safari/537.36 (compatible; EzoicBot-Nicheiq; +http://www.ezoic.com/bot) X-Middleton/1"
3.89.44.170 - - [23/Feb/2025:07:46:23 -0500] "GET /yamaha-f310-acoustic-guitar-review-2020/?file=/usr//bin/nm HTTP/1.1" 200 6291 "-" "Mozilla/5.0 AppleWebKit/537.36 (KHTML, like Gecko; compatible; Amazonbot/0.1; +https://developer.amazon.com/support/amazonbot) Chrome/119.0.6045.214 Safari/537.36 X-Middleton/1"
54.156.59.106 - - [23/Feb/2025:07:46:23 -0500] "GET /popularity/y281?pid=33817 HTTP/1.1" 200 43281 "-" "Mozilla/5.0 AppleWebKit/537.36 (KHTML, like Gecko; compatible; ClaudeBot/1.0; +claudebot@anthropic.com) X-Middleton/1"
54.209.250.19 - - [23/Feb/2025:07:46:24 -0500] "GET /m193004612?file=%2Fhome%2Fguitarlisty%2Fpublic_html%2Fwp-admin%2Fwp-log1n.php HTTP/1.1" 404 8898 "-" "Mozilla/5.0 AppleWebKit/537.36 (KHTML, like Gecko; compatible; ClaudeBot/1.0; +claudebot@anthropic.com) X-Middleton/1"
52.207.162.105 - - [23/Feb/2025:07:46:24 -0500] "GET /chain/r20?pid=17320/help/help_04_2.html/shop/detail?shop_id=1 HTTP/1.1" 200 145629 "-" "Mozilla/5.0 (Linux; Android 6.0.1; Nexus 5X Build/MMB29P) AppleWebKit/537.36 (KHTML, like Gecko) Chrome/133.0.6943.53 Mobile Safari/537.36 (compatible; GoogleOther) X-Middleton/1"
3.82.56.176 - - [23/Feb/2025:07:46:25 -0500] "GET /m/chees41852931.html?file=%2Fhome%2Fguitarlisty%2Fpublic_html%2Frobots.txt HTTP/1.1" 200 6708 "-" "Mozilla/5.0 AppleWebKit/537.36 (KHTML, like Gecko; compatible; ClaudeBot/1.0; +claudebot@anthropic.com) X-Middleton/1"
107.20.82.18 - - [23/Feb/2025:07:46:25 -0500] "GET /m103048766?edit=true&file=%2Fetc%2Fshadow HTTP/1.1" 200 6464 "-" "Mozilla/5.0 AppleWebKit/537.36 (KHTML, like Gecko; compatible; ClaudeBot/1.0; +claudebot@anthropic.com) X-Middleton/1"
18.212.120.70 - - [23/Feb/2025:07:46:26 -0500] "GET /shortage/r172?ynzmini=%2F%2Ftmp HTTP/1.1" 200 6818 "-" "Mozilla/5.0 AppleWebKit/537.36 (KHTML, like Gecko; compatible; ClaudeBot/1.0; +claudebot@anthropic.com) X-Middleton/1"
3.82.56.176 - - [23/Feb/2025:07:46:27 -0500] "GET /yamaha-f310-acoustic-guitar-review-2020/?file=/usr//bin/od HTTP/1.1" 200 6291 "-" "Mozilla/5.0 AppleWebKit/537.36 (KHTML, like Gecko; compatible; Amazonbot/0.1; +https://developer.amazon.com/support/amazonbot) Chrome/119.0.6045.214 Safari/537.36 X-Middleton/1"
107.20.115.131 - - [23/Feb/2025:07:46:28 -0500] "GET /appeal/r20?pid=17320/shop/detail?shop_id=1/help/help_04_2.html HTTP/1.1" 200 159731 "-" "Mozilla/5.0 (Linux; Android 6.0.1; Nexus 5X Build/MMB29P) AppleWebKit/537.36 (KHTML, like Gecko) Chrome/133.0.6943.53 Mobile Safari/537.36 (compatible; GoogleOther) X-Middleton/1"
35.173.219.106 - - [23/Feb/2025:07:46:29 -0500] "GET /m193004612?file=%2Fhome%2Fguitarlisty%2Fpublic_html%2Fwp-admin%2Fuser-edit.php HTTP/1.1" 404 54029 "-" "Mozilla/5.0 AppleWebKit/537.36 (KHTML, like Gecko; compatible; ClaudeBot/1.0; +claudebot@anthropic.com) X-Middleton/1"
54.198.85.7 - - [23/Feb/2025:07:46:29 -0500] "GET /civil/u225?rmfolder=%2Ftmp HTTP/1.1" 200 43279 "-" "Mozilla/5.0 AppleWebKit/537.36 (KHTML, like Gecko; compatible; ClaudeBot/1.0; +claudebot@anthropic.com) X-Middleton/1"
50.17.142.168 - - [23/Feb/2025:07:46:30 -0500] "GET /m185043656?file=%2Fhome%2Fguitarlisty%2Fpublic_html%2Fwp-content%2Fd3c5d064 HTTP/1.1" 200 14250 "-" "Mozilla/5.0 AppleWebKit/537.36 (KHTML, like Gecko; compatible; ClaudeBot/1.0; +claudebot@anthropic.com) X-Middleton/1"
107.20.82.18 - - [23/Feb/2025:07:46:30 -0500] "GET /m179047120?srsltid=AfmBOoPgzHSVkoeUyPazgi_scCV9F98BR_Z59ouoc2-A-HITI7kwpq HTTP/1.1" 200 43284 "-" "Mozilla/5.0 (Linux; Android 8.0; Pixel 2 Build/OPD3.170816.012) AppleWebKit/537.36 (KHTML, like Gecko) Chrome/72.0.3626.121 Mobile Safari/537.36 (compatible; EzoicBot-Nicheiq; +http://www.ezoic.com/bot) X-Middleton/1"
3.89.44.170 - - [23/Feb/2025:07:46:30 -0500] "GET /thrive/p195?ynzmini=%2Fhome%2Fguitarlisty%2Fpublic_html%2Fhome%2F.. HTTP/1.1" 200 16175 "-" "Mozilla/5.0 AppleWebKit/537.36 (KHTML, like Gecko; compatible; ClaudeBot/1.0; +claudebot@anthropic.com) X-Middleton/1"
98.83.220.235 - - [23/Feb/2025:07:46:31 -0500] "GET /observation/c84?ynzmini=%2Fhome%2Fguitarlisty%2F%2Flogs HTTP/1.1" 200 7579 "-" "Mozilla/5.0 AppleWebKit/537.36 (KHTML, like Gecko; compatible; ClaudeBot/1.0; +claudebot@anthropic.com) X-Middleton/1"
18.212.120.70 - - [23/Feb/2025:07:46:31 -0500] "GET /yamaha-f310-acoustic-guitar-review-2020/?file=/usr//bin/pr HTTP/1.1" 200 6291 "-" "Mozilla/5.0 AppleWebKit/537.36 (KHTML, like Gecko; compatible; Amazonbot/0.1; +https://developer.amazon.com/support/amazonbot) Chrome/119.0.6045.214 Safari/537.36 X-Middleton/1"
54.196.44.86 - - [23/Feb/2025:07:46:32 -0500] "GET /jaw/r20?pid=17320 HTTP/1.1" 200 150639 "-" "Mozilla/5.0 (Linux; Android 6.0.1; Nexus 5X Build/MMB29P) AppleWebKit/537.36 (KHTML, like Gecko) Chrome/133.0.6943.53 Mobile Safari/537.36 (compatible; GoogleOther) X-Middleton/1"
35.171.189.120 - - [23/Feb/2025:07:46:34 -0500] "GET /upstairs/z86?ynzmini=%2Fhome%2Fguitarlisty%2Fpublic_html%2Fsym404%2Froot-MyBB.txt404 HTTP/1.1" 404 6997 "-" "Mozilla/5.0 AppleWebKit/537.36 (KHTML, like Gecko; compatible; ClaudeBot/1.0; +claudebot@anthropic.com) X-Middleton/1"
54.198.7.139 - - [23/Feb/2025:07:46:34 -0500] "GET /m/aloud12317264.html?page=upload HTTP/1.1" 404 6252 "-" "Mozilla/5.0 AppleWebKit/537.36 (KHTML, like Gecko; compatible; ClaudeBot/1.0; +claudebot@anthropic.com) X-Middleton/1"
3.81.133.169 - - [23/Feb/2025:07:46:35 -0500] "GET /m267018068?ynzmini=%2Fhome%2Fguitarlisty%2Fpublic_html%2Fsym404%2Ftss-IPB.txt404 HTTP/1.1" 200 6985 "-" "Mozilla/5.0 AppleWebKit/537.36 (KHTML, like Gecko; compatible; ClaudeBot/1.0; +claudebot@anthropic.com) X-Middleton/1"
3.81.133.169 - - [23/Feb/2025:07:46:35 -0500] "GET /m040022819?ynzmini=/home/guitarlisty/public_html/sym404 HTTP/1.1" 200 264536 "-" "Mozilla/5.0 (Windows NT 6.1) AppleWebKit/537.36 (KHTML, like Gecko) Chrome/27.0.1453.93 Safari/537.36 X-Middleton/1"
3.81.214.139 - - [23/Feb/2025:07:46:35 -0500] "GET /yamaha-f310-acoustic-guitar-review-2020/?file=/usr//bin/ps HTTP/1.1" 200 6291 "-" "Mozilla/5.0 AppleWebKit/537.36 (KHTML, like Gecko; compatible; Amazonbot/0.1; +https://developer.amazon.com/support/amazonbot) Chrome/119.0.6045.214 Safari/537.36 X-Middleton/1"
3.81.214.139 - - [23/Feb/2025:07:46:35 -0500] "GET /structure/c53?ynzmini=%2Fhome%2Fguitarlisty%2Fpublic_html%2F..%2Ftmp HTTP/1.1" 200 7955 "-" "Mozilla/5.0 AppleWebKit/537.36 (KHTML, like Gecko; compatible; ClaudeBot/1.0; +claudebot@anthropic.com) X-Middleton/1"
3.90.39.225 - - [23/Feb/2025:07:46:36 -0500] "GET /anyway/r20?pid=17320/help/help_04_2.html/86699help/help_04_2.html HTTP/1.1" 200 145332 "-" "Mozilla/5.0 (Linux; Android 6.0.1; Nexus 5X Build/MMB29P) AppleWebKit/537.36 (KHTML, like Gecko) Chrome/133.0.6943.53 Mobile Safari/537.36 (compatible; GoogleOther) X-Middleton/1"
3.81.214.139 - - [23/Feb/2025:07:46:36 -0500] "GET /pattern/o65?ynzmini=%2F%2Ftmp HTTP/1.1" 200 6818 "-" "Mozilla/5.0 AppleWebKit/537.36 (KHTML, like Gecko; compatible; ClaudeBot/1.0; +claudebot@anthropic.com) X-Middleton/1"
3.90.112.236 - - [23/Feb/2025:07:46:36 -0500] "GET /m234046095?ynzmini=%2Fhome%2Fguitarlisty%2F%2Fpublic_html HTTP/1.1" 200 15599 "-" "Mozilla/5.0 AppleWebKit/537.36 (KHTML, like Gecko; compatible; ClaudeBot/1.0; +claudebot@anthropic.com) X-Middleton/1"
54.198.85.7 - - [23/Feb/2025:07:46:38 -0500] "GET /m243045246?srsltid=AfmBOohSyIlhNTUpiCvn1r_cBfoLbHzBv_fFjKk8Rf-N-J75ECjQIe HTTP/1.1" 200 43283 "-" "Mozilla/5.0 (Linux; Android 8.0; Pixel 2 Build/OPD3.170816.012) AppleWebKit/537.36 (KHTML, like Gecko) Chrome/72.0.3626.121 Mobile Safari/537.36 (compatible; EzoicBot-Nicheiq; +http://www.ezoic.com/bot) X-Middleton/1"
52.71.251.0 - - [23/Feb/2025:07:46:39 -0500] "GET /threat/x53?ynzmini=%2Fhome%2F%2F.. HTTP/1.1" 404 10409 "-" "Mozilla/5.0 AppleWebKit/537.36 (KHTML, like Gecko; compatible; ClaudeBot/1.0; +claudebot@anthropic.com) X-Middleton/1"
3.87.139.20 - - [23/Feb/2025:07:46:39 -0500] "GET /yamaha-f310-acoustic-guitar-review-2020/?file=/usr//bin/ri HTTP/1.1" 200 6478 "-" "Mozilla/5.0 AppleWebKit/537.36 (KHTML, like Gecko; compatible; Amazonbot/0.1; +https://developer.amazon.com/support/amazonbot) Chrome/119.0.6045.214 Safari/537.36 X-Middleton/1"
54.158.15.14 - - [23/Feb/2025:07:46:39 -0500] "GET /sym404/amp.php?274yazis43172.html HTTP/1.1" 200 284515 "-" "Mozilla/5.0 (Linux; Android 6.0.1; Nexus 5X Build/MMB29P) AppleWebKit/537.36 (KHTML, like Gecko) Chrome/133.0.6943.53 Mobile Safari/537.36 (compatible; Googlebot/2.1; +http://www.google.com/bot.html) X-Middleton/1"
54.157.220.176 - - [23/Feb/2025:07:46:40 -0500] "GET /traffic/q74?ynzmini=%2Fhome%2Fguitarlisty%2Fpublic_html%2Fsym404%2Froot-IPB.txt404 HTTP/1.1" 200 6991 "-" "Mozilla/5.0 AppleWebKit/537.36 (KHTML, like Gecko; compatible; ClaudeBot/1.0; +claudebot@anthropic.com) X-Middleton/1"
54.158.139.140 - - [23/Feb/2025:07:46:40 -0500] "GET /manner/e65?file=%2Fhome%2Fguitarlisty%2Fpublic_html%2F%2Fproduct.php HTTP/1.1" 404 8666 "-" "Mozilla/5.0 AppleWebKit/537.36 (KHTML, like Gecko; compatible; ClaudeBot/1.0; +claudebot@anthropic.com) X-Middleton/1"
54.198.248.107 - - [23/Feb/2025:07:46:40 -0500] "GET /resolution/k161?ynzmini=%2Fhome%2Fguitarlisty%2F%2F.. HTTP/1.1" 200 9955 "-" "Mozilla/5.0 AppleWebKit/537.36 (KHTML, like Gecko; compatible; ClaudeBot/1.0; +claudebot@anthropic.com) X-Middleton/1"
52.71.251.0 - - [23/Feb/2025:07:46:40 -0500] "GET /?_gl=1*k4hwph1*_ga*XbtaWdlkXcWXyqYHwaOMkrxhNoyX*_ga_XUEIPLSWA*Z4PrqnUi7jcGKahAeLywvECCuG6VQymYcdpF5aQEi46EFrZRcNGFSJt.*_gcl_au=1.1.199309670.171246508*_gcl_aw=HRA.172207154.T113vndvw5VGRUESwnCjcyTvzk3lBi7x1gHVcmamlA1MQ6v9cJ4xl8C6KQS1Yed91qEApoxMihzn18TJKDPw2hGaoW..&_gz=2.195859657.196897876.176586697-868404552.160047340&_bdsid=a6hjla.n~RQUDK.171599289.173208778&_bd_prev_page=https://www.guitarlisty.com/get.aspx?item/u81/129/ HTTP/1.1" 200 474253 "-" "Mozilla/5.0 (Linux; Android 6.0.1; Nexus 5X Build/MMB29P) AppleWebKit/537.36 (KHTML, like Gecko) Chrome/133.0.6943.53 Mobile Safari/537.36 (compatible; Googlebot/2.1; +http://www.google.com/bot.html) X-Middleton/1"
52.207.162.105 - - [23/Feb/2025:07:46:41 -0500] "GET /raise/t219?ynzmini=%2Fhome%2F%2Fguitarlisty HTTP/1.1" 200 10802 "-" "Mozilla/5.0 AppleWebKit/537.36 (KHTML, like Gecko; compatible; ClaudeBot/1.0; +claudebot@anthropic.com) X-Middleton/1"
52.205.171.15 - - [23/Feb/2025:07:46:41 -0500] "GET /sector/x17?file=%2Fhome%2Fguitarlisty%2Fpublic_html%2F.%2Fre.php HTTP/1.1" 200 130366 "-" "Mozilla/5.0 AppleWebKit/537.36 (KHTML, like Gecko; compatible; ClaudeBot/1.0; +claudebot@anthropic.com) X-Middleton/1"
54.158.15.14 - - [23/Feb/2025:07:46:41 -0500] "GET /arrangement/r20?pid=17320/shop/detail?shop_id=1 HTTP/1.1" 200 149310 "-" "Mozilla/5.0 (Linux; Android 6.0.1; Nexus 5X Build/MMB29P) AppleWebKit/537.36 (KHTML, like Gecko) Chrome/133.0.6943.53 Mobile Safari/537.36 (compatible; GoogleOther) X-Middleton/1"
54.208.214.128 - - [23/Feb/2025:07:46:43 -0500] "GET /pace/o46?pid=7284 HTTP/1.1" 200 43282 "-" "Mozilla/5.0 AppleWebKit/537.36 (KHTML, like Gecko; compatible; ClaudeBot/1.0; +claudebot@anthropic.com) X-Middleton/1"
52.205.171.15 - - [23/Feb/2025:07:46:44 -0500] "GET /waist/g96?edit=true&file=%2Fetc%2Fresolv.conf HTTP/1.1" 200 6543 "-" "Mozilla/5.0 AppleWebKit/537.36 (KHTML, like Gecko; compatible; ClaudeBot/1.0; +claudebot@anthropic.com) X-Middleton/1"
3.90.39.225 - - [23/Feb/2025:07:46:44 -0500] "GET /yamaha-f310-acoustic-guitar-review-2020/?file=/usr//bin/rm HTTP/1.1" 200 6291 "-" "Mozilla/5.0 AppleWebKit/537.36 (KHTML, like Gecko; compatible; Amazonbot/0.1; +https://developer.amazon.com/support/amazonbot) Chrome/119.0.6045.214 Safari/537.36 X-Middleton/1"
54.158.139.140 - - [23/Feb/2025:07:46:45 -0500] "GET /placement/r20?pid=17320/shop/detail?shop_id=1 HTTP/1.1" 200 159550 "-" "Mozilla/5.0 (Linux; Android 6.0.1; Nexus 5X Build/MMB29P) AppleWebKit/537.36 (KHTML, like Gecko) Chrome/133.0.6943.53 Mobile Safari/537.36 (compatible; GoogleOther) X-Middleton/1"
98.83.220.235 - - [23/Feb/2025:07:46:45 -0500] "GET /m168009505?file=%2Fhome%2Fguitarlisty%2Fpublic_html%2F%2Finisim.php HTTP/1.1" 404 159615 "-" "Mozilla/5.0 AppleWebKit/537.36 (KHTML, like Gecko; compatible; ClaudeBot/1.0; +claudebot@anthropic.com) X-Middleton/1"
3.90.42.123 - - [23/Feb/2025:07:46:45 -0500] "GET /gang/m278?pid=26034 HTTP/1.1" 200 43279 "-" "Mozilla/5.0 AppleWebKit/537.36 (KHTML, like Gecko; compatible; ClaudeBot/1.0; +claudebot@anthropic.com) X-Middleton/1"
54.162.136.253 - - [23/Feb/2025:07:46:46 -0500] "GET /less/q135?pid=12325 HTTP/1.1" 200 43286 "-" "Mozilla/5.0 (Linux; Android 8.0; Pixel 2 Build/OPD3.170816.012) AppleWebKit/537.36 (KHTML, like Gecko) Chrome/72.0.3626.121 Mobile Safari/537.36 (compatible; EzoicBot-Nicheiq; +http://www.ezoic.com/bot) X-Middleton/1"
52.205.171.15 - - [23/Feb/2025:07:46:46 -0500] "GET /weak/m252?ynzmini=%2Fhome%2Fguitarlisty%2Fpublic_html%2F%2F. HTTP/1.1" 200 15800 "-" "Mozilla/5.0 AppleWebKit/537.36 (KHTML, like Gecko; compatible; ClaudeBot/1.0; +claudebot@anthropic.com) X-Middleton/1"
3.94.247.247 - - [23/Feb/2025:07:46:46 -0500] "GET /Olympic/f29?file=%2Fhome%2Fguitarlisty%2Fpublic_html%2F%2Fnetworks.php HTTP/1.1" 200 8742 "-" "Mozilla/5.0 AppleWebKit/537.36 (KHTML, like Gecko; compatible; ClaudeBot/1.0; +claudebot@anthropic.com) X-Middleton/1"
98.83.149.163 - - [23/Feb/2025:07:46:47 -0500] "GET /yamaha-f310-acoustic-guitar-review-2020/?file=/usr//bin/sg HTTP/1.1" 200 6291 "-" "Mozilla/5.0 AppleWebKit/537.36 (KHTML, like Gecko; compatible; Amazonbot/0.1; +https://developer.amazon.com/support/amazonbot) Chrome/119.0.6045.214 Safari/537.36 X-Middleton/1"
107.20.82.18 - - [23/Feb/2025:07:46:48 -0500] "GET /correspondent/r20?pid=17320/help/help_04_2.html/help/help_04_2.html HTTP/1.1" 200 147044 "-" "Mozilla/5.0 (Linux; Android 6.0.1; Nexus 5X Build/MMB29P) AppleWebKit/537.36 (KHTML, like Gecko) Chrome/133.0.6943.53 Mobile Safari/537.36 (compatible; GoogleOther) X-Middleton/1"
54.198.85.7 - - [23/Feb/2025:07:46:48 -0500] "GET /army/u160?pid=2760 HTTP/1.1" 200 43279 "-" "Mozilla/5.0 AppleWebKit/537.36 (KHTML, like Gecko; compatible; ClaudeBot/1.0; +claudebot@anthropic.com) X-Middleton/1"
54.198.7.139 - - [23/Feb/2025:07:46:49 -0500] "GET /him/e164?file=%2Fhome%2Fguitarlisty%2Fpublic_html%2Fwp-admin%2Fplugin-install.php HTTP/1.1" 200 14132 "-" "Mozilla/5.0 AppleWebKit/537.36 (KHTML, like Gecko; compatible; ClaudeBot/1.0; +claudebot@anthropic.com) X-Middleton/1"
54.198.85.7 - - [23/Feb/2025:07:46:50 -0500] "GET /m041000490?file=/home/guitarlisty/public_html/adminer.php HTTP/1.1" 404 6378 "-" "Mozilla/5.0 (Windows NT 6.1) AppleWebKit/534.24 (KHTML, like Gecko) Chrome/11.0.696.68 Safari/534.24 X-Middleton/1"
54.164.180.114 - - [23/Feb/2025:07:46:50 -0500] "GET /store/q55?ynzmini=%2Fhome%2Fguitarlisty%2Fpublic_html%2Fsym404%2Froot-Zencart.txt404 HTTP/1.1" 200 7015 "-" "Mozilla/5.0 AppleWebKit/537.36 (KHTML, like Gecko; compatible; ClaudeBot/1.0; +claudebot@anthropic.com) X-Middleton/1"
54.198.124.77 - - [23/Feb/2025:07:46:50 -0500] "GET /pretend/q91?pid=23171 HTTP/1.1" 200 43281 "-" "Mozilla/5.0 AppleWebKit/537.36 (KHTML, like Gecko; compatible; ClaudeBot/1.0; +claudebot@anthropic.com) X-Middleton/1"
3.81.58.205 - - [23/Feb/2025:07:46:51 -0500] "GET /yamaha-f310-acoustic-guitar-review-2020/?file=/usr//bin/sh HTTP/1.1" 200 6291 "-" "Mozilla/5.0 AppleWebKit/537.36 (KHTML, like Gecko; compatible; Amazonbot/0.1; +https://developer.amazon.com/support/amazonbot) Chrome/119.0.6045.214 Safari/537.36 X-Middleton/1"
18.232.117.100 - - [23/Feb/2025:07:46:51 -0500] "GET /stair/w179?ynzmini=%2Fhome%2Fguitarlisty%2Fpublic_html%2Fwp-admin%2Fuser HTTP/1.1" 200 8992 "-" "Mozilla/5.0 AppleWebKit/537.36 (KHTML, like Gecko; compatible; ClaudeBot/1.0; +claudebot@anthropic.com) X-Middleton/1"
35.173.180.132 - - [23/Feb/2025:07:46:52 -0500] "GET /row/k149?pid=10191/help/help_04_2.html/shop/detail?shop_id=1 HTTP/1.1" 200 153919 "-" "Mozilla/5.0 (Linux; Android 6.0.1; Nexus 5X Build/MMB29P) AppleWebKit/537.36 (KHTML, like Gecko) Chrome/133.0.6943.53 Mobile Safari/537.36 (compatible; GoogleOther) X-Middleton/1"
54.234.205.77 - - [23/Feb/2025:07:46:53 -0500] "GET /sexually/f272?pid=9608 HTTP/1.1" 200 43281 "-" "Mozilla/5.0 AppleWebKit/537.36 (KHTML, like Gecko; compatible; ClaudeBot/1.0; +claudebot@anthropic.com) X-Middleton/1"
54.158.15.14 - - [23/Feb/2025:07:46:54 -0500] "GET /m097011878?ynzmini=%2Fhome%2Fguitarlisty%2Fpublic_html%2Fsym404%2Fcpses-MyBB.txt404 HTTP/1.1" 200 7003 "-" "Mozilla/5.0 AppleWebKit/537.36 (KHTML, like Gecko; compatible; ClaudeBot/1.0; +claudebot@anthropic.com) X-Middleton/1"
52.207.162.105 - - [23/Feb/2025:07:46:54 -0500] "GET /feedback/w38?pid=30566 HTTP/1.1" 200 43286 "-" "Mozilla/5.0 (Linux; Android 8.0; Pixel 2 Build/OPD3.170816.012) AppleWebKit/537.36 (KHTML, like Gecko) Chrome/72.0.3626.121 Mobile Safari/537.36 (compatible; EzoicBot-Nicheiq; +http://www.ezoic.com/bot) X-Middleton/1"
54.158.139.140 - - [23/Feb/2025:07:46:55 -0500] "GET /yamaha-f310-acoustic-guitar-review-2020/?file=/usr//bin/su HTTP/1.1" 404 6291 "-" "Mozilla/5.0 AppleWebKit/537.36 (KHTML, like Gecko; compatible; Amazonbot/0.1; +https://developer.amazon.com/support/amazonbot) Chrome/119.0.6045.214 Safari/537.36 X-Middleton/1"
52.205.171.15 - - [23/Feb/2025:07:46:55 -0500] "GET /upstairs/z86?ynzmini=%2Fhome%2Fguitarlisty%2Fpublic_html%2Fsym404%2Fivillag-Zencart.txt404 HTTP/1.1" 200 7033 "-" "Mozilla/5.0 AppleWebKit/537.36 (KHTML, like Gecko; compatible; ClaudeBot/1.0; +claudebot@anthropic.com) X-Middleton/1"
3.90.42.123 - - [23/Feb/2025:07:46:55 -0500] "GET /pressure/k149?pid=10191/shop/detail?shop_id=1 HTTP/1.1" 200 148991 "-" "Mozilla/5.0 (Linux; Android 6.0.1; Nexus 5X Build/MMB29P) AppleWebKit/537.36 (KHTML, like Gecko) Chrome/133.0.6943.53 Mobile Safari/537.36 (compatible; GoogleOther) X-Middleton/1"
18.232.117.100 - - [23/Feb/2025:07:46:55 -0500] "GET /slightly/l206?pid=13334 HTTP/1.1" 200 43282 "-" "Mozilla/5.0 AppleWebKit/537.36 (KHTML, like Gecko; compatible; ClaudeBot/1.0; +claudebot@anthropic.com) X-Middleton/1"
66.249.79.102 - - [23/Feb/2025:07:46:55 -0500] "GET /?_gl=1*vh58hmr*_ga*EXToAlFJwRYpgVTeJsWplujaYQPc*_ga_WOFYXAAEN*cWLVfT2HeciVwNlziEl6SGfLs2OnGCvHxPtjfCNQnQHqA4vyq0oe840.*_gcl_au=1.1.194640782.172577845*_gcl_aw=THN.179752491.hnZMORCn00MjXvwovv36SeIPgFvoABtNbX9FlansOvRm3oQJbsSkj0zGJzOV1o0Om00exiQXfZlbJuvRNZgGHy86It..&_gz=2.190250077.195087644.175979387-868069975.165188223&_bdsid=e87uh2.n~WLYCM.179843946.179343862&_bd_prev_page=https://www.host.interactivevillages.com/cart.htm?item/u4/34314/ HTTP/1.1" 200 26936 "-" "Mozilla/5.0 (Linux; Android 6.0.1; Nexus 5X Build/MMB29P) AppleWebKit/537.36 (KHTML, like Gecko) Chrome/133.0.6943.53 Mobile Safari/537.36 (compatible; Googlebot/2.1; +http://www.google.com/bot.html)"
3.81.214.139 - - [23/Feb/2025:07:46:56 -0500] "GET /m045014310?file=%2Fhome%2Fguitarlisty%2Fpublic_html%2Fitem.php&rename=true HTTP/1.1" 200 6556 "-" "Mozilla/5.0 AppleWebKit/537.36 (KHTML, like Gecko; compatible; ClaudeBot/1.0; +claudebot@anthropic.com) X-Middleton/1"
54.209.250.19 - - [23/Feb/2025:07:46:56 -0500] "GET /pages.php?65rchp7736.html HTTP/1.1" 200 43281 "-" "Mozilla/5.0 AppleWebKit/537.36 (KHTML, like Gecko; compatible; GPTBot/1.2; +https://openai.com/gptbot) X-Middleton/1"
52.207.162.105 - - [23/Feb/2025:07:46:57 -0500] "GET /pages.php?114whz5515.html HTTP/1.1" 200 43286 "-" "Mozilla/5.0 AppleWebKit/537.36 (KHTML, like Gecko; compatible; GPTBot/1.2; +https://openai.com/gptbot) X-Middleton/1"
18.232.117.100 - - [23/Feb/2025:07:46:58 -0500] "GET /key/f125?ynzmini=%2Fhome%2F%2Fbainbrid HTTP/1.1" 200 6213 "-" "Mozilla/5.0 AppleWebKit/537.36 (KHTML, like Gecko; compatible; ClaudeBot/1.0; +claudebot@anthropic.com) X-Middleton/1"
54.158.139.140 - - [23/Feb/2025:07:46:59 -0500] "GET /yamaha-f310-acoustic-guitar-review-2020/?file=/usr//bin/tr HTTP/1.1" 200 6291 "-" "Mozilla/5.0 AppleWebKit/537.36 (KHTML, like Gecko; compatible; Amazonbot/0.1; +https://developer.amazon.com/support/amazonbot) Chrome/119.0.6045.214 Safari/537.36 X-Middleton/1"
54.198.85.7 - - [23/Feb/2025:07:47:00 -0500] "GET /document/f30?pid=16042 HTTP/1.1" 200 144647 "-" "Mozilla/5.0 (Linux; Android 6.0.1; Nexus 5X Build/MMB29P) AppleWebKit/537.36 (KHTML, like Gecko) Chrome/133.0.6943.53 Mobile Safari/537.36 (compatible; GoogleOther) X-Middleton/1"
54.158.15.14 - - [23/Feb/2025:07:47:00 -0500] "GET /core/k82?ynzmini=%2F%2Fdev HTTP/1.1" 404 9054 "-" "Mozilla/5.0 AppleWebKit/537.36 (KHTML, like Gecko; compatible; ClaudeBot/1.0; +claudebot@anthropic.com) X-Middleton/1"
54.157.220.176 - - [23/Feb/2025:07:47:00 -0500] "GET /store/q55?ynzmini=%2Fhome%2Fguitarlisty%2Fpublic_html%2Fsym404%2Fflamingo-Vbulletin.txt404 HTTP/1.1" 200 7051 "-" "Mozilla/5.0 AppleWebKit/537.36 (KHTML, like Gecko; compatible; ClaudeBot/1.0; +claudebot@anthropic.com) X-Middleton/1"
50.17.142.168 - - [23/Feb/2025:07:47:01 -0500] "GET /m173041014?file=%2Fhome%2Fguitarlisty%2Fpublic_html%2Fwp-includes%2Fupdate.php HTTP/1.1" 200 44184 "-" "Mozilla/5.0 AppleWebKit/537.36 (KHTML, like Gecko; compatible; ClaudeBot/1.0; +claudebot@anthropic.com) X-Middleton/1"
52.205.171.15 - - [23/Feb/2025:07:47:02 -0500] "GET /m104044567?srsltid=AfmBOoDiAsryIHUxEh29zH_tfpIh8MZnh_FamBKDSv-G-NZeamFZLx HTTP/1.1" 200 43285 "-" "Mozilla/5.0 (Linux; Android 8.0; Pixel 2 Build/OPD3.170816.012) AppleWebKit/537.36 (KHTML, like Gecko) Chrome/72.0.3626.121 Mobile Safari/537.36 (compatible; EzoicBot-Nicheiq; +http://www.ezoic.com/bot) X-Middleton/1"
54.144.101.254 - - [23/Feb/2025:07:47:03 -0500] "GET /reminder/r20?pid=17320/shop/detail?shop_id=1/help/help_04_2.html HTTP/1.1" 200 153885 "-" "Mozilla/5.0 (Linux; Android 6.0.1; Nexus 5X Build/MMB29P) AppleWebKit/537.36 (KHTML, like Gecko) Chrome/133.0.6943.53 Mobile Safari/537.36 (compatible; GoogleOther) X-Middleton/1"
54.196.44.86 - - [23/Feb/2025:07:47:03 -0500] "GET /m049001384?file=%2Fhome%2Fguitarlisty%2Fpublic_html%2F%2Fclick.php HTTP/1.1" 200 8655 "-" "Mozilla/5.0 AppleWebKit/537.36 (KHTML, like Gecko; compatible; ClaudeBot/1.0; +claudebot@anthropic.com) X-Middleton/1"
54.196.44.86 - - [23/Feb/2025:07:47:03 -0500] "GET /yamaha-f310-acoustic-guitar-review-2020/?file=/usr//bin/ul HTTP/1.1" 200 6291 "-" "Mozilla/5.0 AppleWebKit/537.36 (KHTML, like Gecko; compatible; Amazonbot/0.1; +https://developer.amazon.com/support/amazonbot) Chrome/119.0.6045.214 Safari/537.36 X-Middleton/1"
3.80.165.4 - - [23/Feb/2025:07:47:05 -0500] "GET /store/q55?ynzmini=%2Fhome%2Fguitarlisty%2Fpublic_html%2Fsym404%2Fcpanelanalytics-Magento.txt404 HTTP/1.1" 200 7081 "-" "Mozilla/5.0 AppleWebKit/537.36 (KHTML, like Gecko; compatible; ClaudeBot/1.0; +claudebot@anthropic.com) X-Middleton/1"
107.20.115.131 - - [23/Feb/2025:07:47:05 -0500] "GET /tear/z120?edit=true&file=%2Fetc%2Fresolv.conf HTTP/1.1" 404 6327 "-" "Mozilla/5.0 AppleWebKit/537.36 (KHTML, like Gecko; compatible; ClaudeBot/1.0; +claudebot@anthropic.com) X-Middleton/1"
3.92.71.7 - - [23/Feb/2025:07:47:05 -0500] "GET /m005013240?ynzmini=%2Fhome%2Fguitarlisty%2Fpublic_html%2F%2Fc4485 HTTP/1.1" 200 6974 "-" "Mozilla/5.0 AppleWebKit/537.36 (KHTML, like Gecko; compatible; ClaudeBot/1.0; +claudebot@anthropic.com) X-Middleton/1"
3.90.112.236 - - [23/Feb/2025:07:47:06 -0500] "GET /annually/k149?pid=10191/86699help/help_04_2.html/help/help_04_2.html HTTP/1.1" 200 144646 "-" "Mozilla/5.0 (Linux; Android 6.0.1; Nexus 5X Build/MMB29P) AppleWebKit/537.36 (KHTML, like Gecko) Chrome/133.0.6943.53 Mobile Safari/537.36 (compatible; GoogleOther) X-Middleton/1"
50.17.142.168 - - [23/Feb/2025:07:47:07 -0500] "GET /yamaha-f310-acoustic-guitar-review-2020/?file=/usr//bin/vi HTTP/1.1" 200 6291 "-" "Mozilla/5.0 AppleWebKit/537.36 (KHTML, like Gecko; compatible; Amazonbot/0.1; +https://developer.amazon.com/support/amazonbot) Chrome/119.0.6045.214 Safari/537.36 X-Middleton/1"
35.173.180.132 - - [23/Feb/2025:07:47:07 -0500] "GET /m/reply61088661.html?file=%2Fhome%2Fguitarlisty%2Fpublic_html%2Fclick.php HTTP/1.1" 200 8652 "-" "Mozilla/5.0 AppleWebKit/537.36 (KHTML, like Gecko; compatible; ClaudeBot/1.0; +claudebot@anthropic.com) X-Middleton/1"
18.232.117.100 - - [23/Feb/2025:07:47:08 -0500] "GET /us/t269?file=%2Fhome%2Fguitarlisty%2Fpublic_html%2Fwp-content%2F1427904 HTTP/1.1" 404 14247 "-" "Mozilla/5.0 AppleWebKit/537.36 (KHTML, like Gecko; compatible; ClaudeBot/1.0; +claudebot@anthropic.com) X-Middleton/1"
54.198.124.77 - - [23/Feb/2025:07:47:08 -0500] "GET /m130009431?ynzmini=%2F%2Fopt HTTP/1.1" 200 7586 "-" "Mozilla/5.0 AppleWebKit/537.36 (KHTML, like Gecko; compatible; ClaudeBot/1.0; +claudebot@anthropic.com) X-Middleton/1"
54.198.248.107 - - [23/Feb/2025:07:47:08 -0500] "GET /m041000490?file=/home/guitarlisty/public_html/wp-blog-header.php HTTP/1.1" 200 6753 "-" "Mozilla/5.0 (X11; NetBSD) AppleWebKit/537.36 (KHTML, like Gecko) Chrome/27.0.1453.116 Safari/537.36 X-Middleton/1"
3.82.56.176 - - [23/Feb/2025:07:47:10 -0500] "GET /m253010496?srsltid=AfmBOoXXrglgcGFIdGrHlp_EOzmRFP0ir_cUPNbH8O-S-XjHf1kgxA HTTP/1.1" 200 43283 "-" "Mozilla/5.0 (Linux; Android 8.0; Pixel 2 Build/OPD3.170816.012) AppleWebKit/537.36 (KHTML, like Gecko) Chrome/72.0.3626.121 Mobile Safari/537.36 (compatible; EzoicBot-Nicheiq; +http://www.ezoic.com/bot) X-Middleton/1"
35.173.219.106 - - [23/Feb/2025:07:47:10 -0500] "GET /flat/k149?pid=10191 HTTP/1.1" 200 142288 "-" "Mozilla/5.0 (Linux; Android 6.0.1; Nexus 5X Build/MMB29P) AppleWebKit/537.36 (KHTML, like Gecko) Chrome/133.0.6943.53 Mobile Safari/537.36 (compatible; GoogleOther) X-Middleton/1"
54.209.250.19 - - [23/Feb/2025:07:47:10 -0500] "GET /m152033275?file=%2Fhome%2Fguitarlisty%2F%2F.myimunify_id HTTP/1.1" 200 6453 "-" "Mozilla/5.0 AppleWebKit/537.36 (KHTML, like Gecko; compatible; ClaudeBot/1.0; +claudebot@anthropic.com) X-Middleton/1"
18.232.117.100 - - [23/Feb/2025:07:47:10 -0500] "GET /m105015008?ynzmini=%2Fhome%2Fguitarlisty%2Fpublic_html%2F.well-known%2F HTTP/1.1" 200 7411 "-" "Mozilla/5.0 AppleWebKit/537.36 (KHTML, like Gecko; compatible; ClaudeBot/1.0; +claudebot@anthropic.com) X-Middleton/1"
98.83.149.163 - - [23/Feb/2025:07:47:11 -0500] "GET /yamaha-f310-acoustic-guitar-review-2020/?file=/usr//bin/w HTTP/1.1" 200 6288 "-" "Mozilla/5.0 AppleWebKit/537.36 (KHTML, like Gecko; compatible; Amazonbot/0.1; +https://developer.amazon.com/support/amazonbot) Chrome/119.0.6045.214 Safari/537.36 X-Middleton/1"
3.81.214.139 - - [23/Feb/2025:07:47:12 -0500] "GET /march/l8?ynzmini=%2Fhome%2Fguitarlisty%2Fpublic_html%2Fwp-includes%2Fhtml-api HTTP/1.1" 200 11826 "-" "Mozilla/5.0 AppleWebKit/537.36 (KHTML, like Gecko; compatible; ClaudeBot/1.0; +claudebot@anthropic.com) X-Middleton/1"
35.173.180.132 - - [23/Feb/2025:07:47:13 -0500] "GET /m146005535?file=%2Fhome%2Fguitarlisty%2Fpublic_html%2Fwp-admin%2Fmenu.php HTTP/1.1" 404 23995 "-" "Mozilla/5.0 AppleWebKit/537.36 (KHTML, like Gecko; compatible; ClaudeBot/1.0; +claudebot@anthropic.com) X-Middleton/1"
54.157.220.176 - - [23/Feb/2025:07:47:13 -0500] "GET /subtle/m182?file=%2Ftmp%2FphpyTXbSu HTTP/1.1" 404 177661 "-" "Mozilla/5.0 AppleWebKit/537.36 (KHTML, like Gecko; compatible; ClaudeBot/1.0; +claudebot@anthropic.com) X-Middleton/1"
3.90.42.123 - - [23/Feb/2025:07:47:13 -0500] "GET /private/r20?pid=17320/help/help_04_2.html/shop/detail?shop_id=1 HTTP/1.1" 200 456078 "-" "Mozilla/5.0 (Linux; Android 6.0.1; Nexus 5X Build/MMB29P) AppleWebKit/537.36 (KHTML, like Gecko) Chrome/133.0.6943.53 Mobile Safari/537.36 (compatible; GoogleOther) X-Middleton/1"
54.208.214.128 - - [23/Feb/2025:07:47:15 -0500] "GET /yamaha-f310-acoustic-guitar-review-2020/?file=/usr//bin/wc HTTP/1.1" 404 6291 "-" "Mozilla/5.0 AppleWebKit/537.36 (KHTML, like Gecko; compatible; Amazonbot/0.1; +https://developer.amazon.com/support/amazonbot) Chrome/119.0.6045.214 Safari/537.36 X-Middleton/1"
3.90.112.236 - - [23/Feb/2025:07:47:15 -0500] "GET /scale/h69?file=%2Fhome%2Fguitarlisty%2Fpublic_html%2Fwp-admin%2Fcredits.php HTTP/1.1" 200 11103 "-" "Mozilla/5.0 AppleWebKit/537.36 (KHTML, like Gecko; compatible; ClaudeBot/1.0; +claudebot@anthropic.com) X-Middleton/1"
54.196.44.86 - - [23/Feb/2025:07:47:16 -0500] "GET /m271042416?rmfolder=%2Fhome%2Fguitarlisty%2Fpublic_html%2Fabout HTTP/1.1" 500 45914 "-" "Mozilla/5.0 AppleWebKit/537.36 (KHTML, like Gecko; compatible; ClaudeBot/1.0; +claudebot@anthropic.com) X-Middleton/1"
3.81.133.169 - - [23/Feb/2025:07:47:17 -0500] "GET /sneak/r20?pid=17320/help/help_04_2.html/86699help/help_04_2.html HTTP/1.1" 200 155834 "-" "Mozilla/5.0 (Linux; Android 6.0.1; Nexus 5X Build/MMB29P) AppleWebKit/537.36 (KHTML, like Gecko) Chrome/133.0.6943.53 Mobile Safari/537.36 (compatible; GoogleOther) X-Middleton/1"
54.196.44.86 - - [23/Feb/2025:07:47:17 -0500] "GET /hesitate/r245?rmfolder=%2Ftmp HTTP/1.1" 200 43280 "-" "Mozilla/5.0 AppleWebKit/537.36 (KHTML, like Gecko; compatible; ClaudeBot/1.0; +claudebot@anthropic.com) X-Middleton/1"
54.208.214.128 - - [23/Feb/2025:07:47:18 -0500] "GET /pill/h93?pid=31253 HTTP/1.1" 200 43286 "-" "Mozilla/5.0 (Linux; Android 8.0; Pixel 2 Build/OPD3.170816.012) AppleWebKit/537.36 (KHTML, like Gecko) Chrome/72.0.3626.121 Mobile Safari/537.36 (compatible; EzoicBot-Nicheiq; +http://www.ezoic.com/bot) X-Middleton/1"
184.72.213.252 - - [23/Feb/2025:07:47:18 -0500] "GET /home/000~ROOT~000/proc/thread-self/root/lib64/perl5/Config.pod HTTP/1.1" 404 43282 "-" "Mozilla/5.0 (Linux; Android 5.0) AppleWebKit/537.36 (KHTML, like Gecko) Mobile Safari/537.36 (compatible; Bytespider; spider-feedback@bytedance.com) X-Middleton/1"
18.209.166.209 - - [23/Feb/2025:07:47:18 -0500] "GET /thereby/b61?ynzmini=%2Fhome%2Fguitarlisty%2Fpublic_html%2F.%2Fwp-includes HTTP/1.1" 200 78375 "-" "Mozilla/5.0 AppleWebKit/537.36 (KHTML, like Gecko; compatible; ClaudeBot/1.0; +claudebot@anthropic.com) X-Middleton/1"
3.90.42.123 - - [23/Feb/2025:07:47:18 -0500] "GET /tear/d43?edit=true&file=%2Fetc%2Fpasswd HTTP/1.1" 200 10423 "-" "Mozilla/5.0 AppleWebKit/537.36 (KHTML, like Gecko; compatible; ClaudeBot/1.0; +claudebot@anthropic.com) X-Middleton/1"
3.80.165.4 - - [23/Feb/2025:07:47:19 -0500] "GET /yamaha-f310-acoustic-guitar-review-2020/?file=/usr//bin/xz HTTP/1.1" 404 6291 "-" "Mozilla/5.0 AppleWebKit/537.36 (KHTML, like Gecko; compatible; Amazonbot/0.1; +https://developer.amazon.com/support/amazonbot) Chrome/119.0.6045.214 Safari/537.36 X-Middleton/1"
3.81.58.205 - - [23/Feb/2025:07:47:20 -0500] "GET /inspire/p49?pid=48743 HTTP/1.1" 500 45913 "-" "Mozilla/5.0 AppleWebKit/537.36 (KHTML, like Gecko; compatible; ClaudeBot/1.0; +claudebot@anthropic.com) X-Middleton/1"
184.72.213.252 - - [23/Feb/2025:07:47:20 -0500] "GET /rub/r20?pid=17320/help/help_04_2.html/shop/detail?shop_id=1 HTTP/1.1" 200 151769 "-" "Mozilla/5.0 (Linux; Android 6.0.1; Nexus 5X Build/MMB29P) AppleWebKit/537.36 (KHTML, like Gecko) Chrome/133.0.6943.53 Mobile Safari/537.36 (compatible; GoogleOther) X-Middleton/1"
3.81.214.139 - - [23/Feb/2025:07:47:20 -0500] "GET /childhood/k285?file=%2Fhome%2Fguitarlisty%2Fpublic_html%2F%2Fwp-comments-post.php HTTP/1.1" 200 8802 "-" "Mozilla/5.0 AppleWebKit/537.36 (KHTML, like Gecko; compatible; ClaudeBot/1.0; +claudebot@anthropic.com) X-Middleton/1"
54.158.139.140 - - [23/Feb/2025:07:47:21 -0500] "GET /for/l230?file=%2Fhome%2Fguitarlisty%2Fpublic_html%2F.%2Ferror_log HTTP/1.1" 200 144078 "-" "Mozilla/5.0 AppleWebKit/537.36 (KHTML, like Gecko; compatible; ClaudeBot/1.0; +claudebot@anthropic.com) X-Middleton/1"
3.80.165.4 - - [23/Feb/2025:07:47:22 -0500] "GET /m043018490?file=/home/guitarlisty/public_html/wp-mail.php HTTP/1.1" 200 15188 "-" "Mozilla/5.0 (Windows NT 5.1; rv:21.0) Gecko/20130401 Firefox/21.0 X-Middleton/1"
3.94.247.247 - - [23/Feb/2025:07:47:22 -0500] "GET /m259011732?ynzmini=%2Fhome%2F%2F.rapid-scan-db HTTP/1.1" 200 6246 "-" "Mozilla/5.0 AppleWebKit/537.36 (KHTML, like Gecko; compatible; ClaudeBot/1.0; +claudebot@anthropic.com) X-Middleton/1"
54.162.136.253 - - [23/Feb/2025:07:47:23 -0500] "GET /yamaha-f310-acoustic-guitar-review-2020/?ynzmini=/usr//src HTTP/1.1" 200 7438 "-" "Mozilla/5.0 AppleWebKit/537.36 (KHTML, like Gecko; compatible; Amazonbot/0.1; +https://developer.amazon.com/support/amazonbot) Chrome/119.0.6045.214 Safari/537.36 X-Middleton/1"
54.198.248.107 - - [23/Feb/2025:07:47:23 -0500] "GET /m193004612?file=%2Fhome%2Fguitarlisty%2Fpublic_html%2Fwp-admin%2Foptions.php HTTP/1.1" 200 8473 "-" "Mozilla/5.0 AppleWebKit/537.36 (KHTML, like Gecko; compatible; ClaudeBot/1.0; +claudebot@anthropic.com) X-Middleton/1"
3.90.42.123 - - [23/Feb/2025:07:47:23 -0500] "GET /m125042012?file=%2Fhome%2Fguitarlisty%2Fpublic_html%2Fre.php&rename=true HTTP/1.1" 200 6548 "-" "Mozilla/5.0 AppleWebKit/537.36 (KHTML, like Gecko; compatible; ClaudeBot/1.0; +claudebot@anthropic.com) X-Middleton/1"
98.83.149.163 - - [23/Feb/2025:07:47:24 -0500] "GET /m/reass12006408.html?s=fTkD31n7k/help/help_04_2.html HTTP/1.1" 200 143446 "-" "Mozilla/5.0 (Linux; Android 6.0.1; Nexus 5X Build/MMB29P) AppleWebKit/537.36 (KHTML, like Gecko) Chrome/133.0.6943.53 Mobile Safari/537.36 (compatible; GoogleOther) X-Middleton/1"
54.226.129.235 - - [23/Feb/2025:07:47:24 -0500] "GET /conflict/v108?pid=26804 HTTP/1.1" 200 43282 "-" "Mozilla/5.0 AppleWebKit/537.36 (KHTML, like Gecko; compatible; ClaudeBot/1.0; +claudebot@anthropic.com) X-Middleton/1"
34.229.105.159 - - [23/Feb/2025:07:47:25 -0500] "GET /m275025088?ynzmini=%2Fhome%2Fguitarlisty%2Fpublic_html%2Fsym404%2Fmailnull-WHM-accesshash.txt404 HTTP/1.1" 404 7081 "-" "Mozilla/5.0 AppleWebKit/537.36 (KHTML, like Gecko; compatible; ClaudeBot/1.0; +claudebot@anthropic.com) X-Middleton/1"
3.90.39.225 - - [23/Feb/2025:07:47:26 -0500] "GET /m207018676?srsltid=AfmBOoJVJDdNsKnCmZgrDm_DV06oVNJJq_LcsnLg00-Z-p3f0eeme0 HTTP/1.1" 200 43283 "-" "Mozilla/5.0 (Linux; Android 8.0; Pixel 2 Build/OPD3.170816.012) AppleWebKit/537.36 (KHTML, like Gecko) Chrome/72.0.3626.121 Mobile Safari/537.36 (compatible; EzoicBot-Nicheiq; +http://www.ezoic.com/bot) X-Middleton/1"
54.158.15.14 - - [23/Feb/2025:07:47:26 -0500] "GET /m200025517?srsltid=AfmBOoPBMuQoLMEZcaFQwF_TNsgNgGwCq_EYGEGmby-F-FaFbchtNO HTTP/1.1" 500 45914 "-" "Mozilla/5.0 AppleWebKit/537.36 (KHTML, like Gecko; compatible; ClaudeBot/1.0; +claudebot@anthropic.com) X-Middleton/1"
54.144.101.254 - - [23/Feb/2025:07:47:27 -0500] "GET /yamaha-f310-acoustic-guitar-review-2020/?ynzmini=/usr//tmp HTTP/1.1" 200 6468 "-" "Mozilla/5.0 AppleWebKit/537.36 (KHTML, like Gecko; compatible; Amazonbot/0.1; +https://developer.amazon.com/support/amazonbot) Chrome/119.0.6045.214 Safari/537.36 X-Middleton/1"
54.196.44.86 - - [23/Feb/2025:07:47:27 -0500] "GET /respect/k149?pid=10191/help/help_04_2.html/shop/detail?shop_id=1/86699help/help_04_2.html HTTP/1.1" 200 147077 "-" "Mozilla/5.0 (Linux; Android 6.0.1; Nexus 5X Build/MMB29P) AppleWebKit/537.36 (KHTML, like Gecko) Chrome/133.0.6943.53 Mobile Safari/537.36 (compatible; GoogleOther) X-Middleton/1"
54.209.250.19 - - [23/Feb/2025:07:47:27 -0500] "GET /exploration/v75?ynzmini=%2Fhome%2Fguitarlisty%2Fpublic_html%2F.%2F HTTP/1.1" 404 15799 "-" "Mozilla/5.0 AppleWebKit/537.36 (KHTML, like Gecko; compatible; ClaudeBot/1.0; +claudebot@anthropic.com) X-Middleton/1"
54.242.51.163 - - [23/Feb/2025:07:47:28 -0500] "GET /alive/p153?file=%2Fhome%2Fguitarlisty%2Fpublic_html%2Fwp-includes%2F37c0 HTTP/1.1" 200 14241 "-" "Mozilla/5.0 AppleWebKit/537.36 (KHTML, like Gecko; compatible; ClaudeBot/1.0; +claudebot@anthropic.com) X-Middleton/1"
3.80.165.4 - - [23/Feb/2025:07:47:29 -0500] "GET /climb/i99?ynzmini=%2F%2Ftmp HTTP/1.1" 200 6818 "-" "Mozilla/5.0 AppleWebKit/537.36 (KHTML, like Gecko; compatible; ClaudeBot/1.0; +claudebot@anthropic.com) X-Middleton/1"
3.92.71.7 - - [23/Feb/2025:07:47:30 -0500] "GET /hi/r20?pid=17320 HTTP/1.1" 200 157238 "-" "Mozilla/5.0 (Linux; Android 6.0.1; Nexus 5X Build/MMB29P) AppleWebKit/537.36 (KHTML, like Gecko) Chrome/133.0.6943.53 Mobile Safari/537.36 (compatible; GoogleOther) X-Middleton/1"
34.229.105.159 - - [23/Feb/2025:07:47:30 -0500] "GET /m/mouth82392991.html?ynzmini=%2F HTTP/1.1" 200 10027 "-" "Mozilla/5.0 AppleWebKit/537.36 (KHTML, like Gecko; compatible; ClaudeBot/1.0; +claudebot@anthropic.com) X-Middleton/1"
184.72.213.252 - - [23/Feb/2025:07:47:31 -0500] "GET /yamaha-f310-acoustic-guitar-review-2020/?file=/usr/tmpDSK HTTP/1.1" 200 6288 "-" "Mozilla/5.0 AppleWebKit/537.36 (KHTML, like Gecko; compatible; Amazonbot/0.1; +https://developer.amazon.com/support/amazonbot) Chrome/119.0.6045.214 Safari/537.36 X-Middleton/1"
107.20.82.18 - - [23/Feb/2025:07:47:31 -0500] "GET /m165040540?srsltid=AfmBOocUGiHUzKSllGoAxI_yhFl5A71dI_fDlc8RHt-M-pgla8frxb HTTP/1.1" 200 43280 "-" "Mozilla/5.0 AppleWebKit/537.36 (KHTML, like Gecko; compatible; ClaudeBot/1.0; +claudebot@anthropic.com) X-Middleton/1"
35.173.219.106 - - [23/Feb/2025:07:47:32 -0500] "GET /murder/a298?file=%2Fhome%2Fguitarlisty%2Fpublic_html%2Fwp-includes%2F01c893 HTTP/1.1" 404 14340 "-" "Mozilla/5.0 AppleWebKit/537.36 (KHTML, like Gecko; compatible; ClaudeBot/1.0; +claudebot@anthropic.com) X-Middleton/1"
54.158.15.14 - - [23/Feb/2025:07:47:33 -0500] "GET /m243040174?file=%2Fhome%2Fguitarlisty%2Fpublic_html%2Fwp-content%2F1a956929 HTTP/1.1" 200 14250 "-" "Mozilla/5.0 AppleWebKit/537.36 (KHTML, like Gecko; compatible; ClaudeBot/1.0; +claudebot@anthropic.com) X-Middleton/1"
34.226.215.117 - - [23/Feb/2025:07:47:34 -0500] "GET /m238008223?srsltid=AfmBOosmdqCKeCIUSsICuc_pGRY5dIgmJ_jfP3CZtN-P-XAPfDz9O8 HTTP/1.1" 500 45920 "-" "Mozilla/5.0 (Linux; Android 8.0; Pixel 2 Build/OPD3.170816.012) AppleWebKit/537.36 (KHTML, like Gecko) Chrome/72.0.3626.121 Mobile Safari/537.36 (compatible; EzoicBot-Nicheiq; +http://www.ezoic.com/bot) X-Middleton/1"
34.226.215.117 - - [23/Feb/2025:07:47:34 -0500] "GET /lightning/r20?pid=17320 HTTP/1.1" 200 458372 "-" "Mozilla/5.0 (Linux; Android 6.0.1; Nexus 5X Build/MMB29P) AppleWebKit/537.36 (KHTML, like Gecko) Chrome/133.0.6943.53 Mobile Safari/537.36 (compatible; GoogleOther) X-Middleton/1"
18.209.166.209 - - [23/Feb/2025:07:47:34 -0500] "GET /helpful/u188?ynzmini=%2F%2Fmnt HTTP/1.1" 404 6380 "-" "Mozilla/5.0 AppleWebKit/537.36 (KHTML, like Gecko; compatible; ClaudeBot/1.0; +claudebot@anthropic.com) X-Middleton/1"
3.90.112.236 - - [23/Feb/2025:07:47:35 -0500] "GET /relax/f40?file=%2F%2Fscripts%2Fcheck_cpanel_pkgs HTTP/1.1" 404 17831 "-" "Mozilla/5.0 AppleWebKit/537.36 (KHTML, like Gecko; compatible; ClaudeBot/1.0; +claudebot@anthropic.com) X-Middleton/1"
54.198.85.7 - - [23/Feb/2025:07:47:36 -0500] "GET /yamaha-f310-acoustic-guitar-review-2020/?ynzmini=/usr/bin HTTP/1.1" 200 212255 "-" "Mozilla/5.0 AppleWebKit/537.36 (KHTML, like Gecko; compatible; Amazonbot/0.1; +https://developer.amazon.com/support/amazonbot) Chrome/119.0.6045.214 Safari/537.36 X-Middleton/1"
54.234.205.77 - - [23/Feb/2025:07:47:36 -0500] "GET /nearby/l191?pid=9677 HTTP/1.1" 200 43281 "-" "Mozilla/5.0 AppleWebKit/537.36 (KHTML, like Gecko; compatible; ClaudeBot/1.0; +claudebot@anthropic.com) X-Middleton/1"
54.198.124.77 - - [23/Feb/2025:07:47:37 -0500] "GET /invite/r20?pid=17320/shop/detail?shop_id=1 HTTP/1.1" 200 145828 "-" "Mozilla/5.0 (Linux; Android 6.0.1; Nexus 5X Build/MMB29P) AppleWebKit/537.36 (KHTML, like Gecko) Chrome/133.0.6943.53 Mobile Safari/537.36 (compatible; GoogleOther) X-Middleton/1"
3.80.165.4 - - [23/Feb/2025:07:47:37 -0500] "GET /tiny/g258?delete=true&file=%2Fhome%2Fguitarlisty%2Fpublic_html%2Finisim.php HTTP/1.1" 200 6459 "-" "Mozilla/5.0 AppleWebKit/537.36 (KHTML, like Gecko; compatible; ClaudeBot/1.0; +claudebot@anthropic.com) X-Middleton/1"
54.198.85.7 - - [23/Feb/2025:07:47:38 -0500] "GET /m043018490?file=/home/guitarlisty/public_html/wp-signup.php HTTP/1.1" 200 44271 "-" "Mozilla/5.0 (Windows; U; Windows NT 5.1; en-US) AppleWebKit/532.2 (KHTML, like Gecko) Chrome/4.0.223.4 Safari/532.2 X-Middleton/1"
54.196.44.86 - - [23/Feb/2025:07:47:39 -0500] "GET /yamaha-f310-acoustic-guitar-review-2020/?ynzmini=/usr/sbin HTTP/1.1" 200 79060 "-" "Mozilla/5.0 AppleWebKit/537.36 (KHTML, like Gecko; compatible; Amazonbot/0.1; +https://developer.amazon.com/support/amazonbot) Chrome/119.0.6045.214 Safari/537.36 X-Middleton/1"
18.212.120.70 - - [23/Feb/2025:07:47:39 -0500] "GET /excited/e165?file=%2Ftmp%2FphpCmnk4g HTTP/1.1" 200 6297 "-" "Mozilla/5.0 AppleWebKit/537.36 (KHTML, like Gecko; compatible; ClaudeBot/1.0; +claudebot@anthropic.com) X-Middleton/1"
54.198.85.7 - - [23/Feb/2025:07:47:40 -0500] "GET /unit/y242?ynzmini=%2Fhome%2Fguitarlisty%2Fpublic_html%2F.%2Fabout HTTP/1.1" 404 7078 "-" "Mozilla/5.0 AppleWebKit/537.36 (KHTML, like Gecko; compatible; ClaudeBot/1.0; +claudebot@anthropic.com) X-Middleton/1"
3.82.56.176 - - [23/Feb/2025:07:47:41 -0500] "GET /anxiety/r20?pid=17320 HTTP/1.1" 200 456178 "-" "Mozilla/5.0 (Linux; Android 6.0.1; Nexus 5X Build/MMB29P) AppleWebKit/537.36 (KHTML, like Gecko) Chrome/133.0.6943.53 Mobile Safari/537.36 (compatible; GoogleOther) X-Middleton/1"
50.17.142.168 - - [23/Feb/2025:07:47:41 -0500] "GET /exhibit/a84?pid=9844 HTTP/1.1" 500 45915 "-" "Mozilla/5.0 AppleWebKit/537.36 (KHTML, like Gecko; compatible; ClaudeBot/1.0; +claudebot@anthropic.com) X-Middleton/1"
3.81.58.205 - - [23/Feb/2025:07:47:42 -0500] "GET /m063029182?srsltid=AfmBOoGgdtdvUvsOIORFDk_BWIX6KZniT_s9Nm2F5H-X-HIKuJnWlv HTTP/1.1" 200 43283 "-" "Mozilla/5.0 (Linux; Android 8.0; Pixel 2 Build/OPD3.170816.012) AppleWebKit/537.36 (KHTML, like Gecko) Chrome/72.0.3626.121 Mobile Safari/537.36 (compatible; EzoicBot-Nicheiq; +http://www.ezoic.com/bot) X-Middleton/1"
50.17.142.168 - - [23/Feb/2025:07:47:43 -0500] "GET /m041005110?file=%2Fhome%2Fguitarlisty%2Fpublic_html%2F%2Finputs.php HTTP/1.1" 404 11249 "-" "Mozilla/5.0 AppleWebKit/537.36 (KHTML, like Gecko; compatible; ClaudeBot/1.0; +claudebot@anthropic.com) X-Middleton/1"
54.198.7.139 - - [23/Feb/2025:07:47:43 -0500] "GET /yamaha-f310-acoustic-guitar-review-2020/?ynzmini=/usr/src HTTP/1.1" 200 7428 "-" "Mozilla/5.0 AppleWebKit/537.36 (KHTML, like Gecko; compatible; Amazonbot/0.1; +https://developer.amazon.com/support/amazonbot) Chrome/119.0.6045.214 Safari/537.36 X-Middleton/1"
3.90.112.236 - - [23/Feb/2025:07:47:43 -0500] "GET /count/p127?ynzmini=%2F%2F.. HTTP/1.1" 200 10184 "-" "Mozilla/5.0 AppleWebKit/537.36 (KHTML, like Gecko; compatible; ClaudeBot/1.0; +claudebot@anthropic.com) X-Middleton/1"
54.157.220.176 - - [23/Feb/2025:07:47:44 -0500] "GET /m222029579?file=%2Fhome%2Fguitarlisty%2Fpublic_html%2F%2Fre.php HTTP/1.1" 200 130363 "-" "Mozilla/5.0 AppleWebKit/537.36 (KHTML, like Gecko; compatible; ClaudeBot/1.0; +claudebot@anthropic.com) X-Middleton/1"
35.173.219.106 - - [23/Feb/2025:07:47:45 -0500] "GET /exception/y30?pid=36048/help/help_04_2.html/86699help/help_04_2.html HTTP/1.1" 200 143879 "-" "Mozilla/5.0 (Linux; Android 6.0.1; Nexus 5X Build/MMB29P) AppleWebKit/537.36 (KHTML, like Gecko) Chrome/133.0.6943.53 Mobile Safari/537.36 (compatible; GoogleOther) X-Middleton/1"
54.156.59.106 - - [23/Feb/2025:07:47:45 -0500] "GET /pages.php?161pke9110.html HTTP/1.1" 200 43285 "-" "Mozilla/5.0 AppleWebKit/537.36 (KHTML, like Gecko; compatible; GPTBot/1.2; +https://openai.com/gptbot) X-Middleton/1"
50.17.142.168 - - [23/Feb/2025:07:47:45 -0500] "GET /m224042033?file=%2Fhome%2Fguitarlisty%2Fpublic_html%2F.%2Fwp-log1n.php HTTP/1.1" 200 8746 "-" "Mozilla/5.0 AppleWebKit/537.36 (KHTML, like Gecko; compatible; ClaudeBot/1.0; +claudebot@anthropic.com) X-Middleton/1"
54.162.136.253 - - [23/Feb/2025:07:47:46 -0500] "GET /compose/e24?pid=25322 HTTP/1.1" 200 43282 "-" "Mozilla/5.0 AppleWebKit/537.36 (KHTML, like Gecko; compatible; ClaudeBot/1.0; +claudebot@anthropic.com) X-Middleton/1"
54.198.248.107 - - [23/Feb/2025:07:47:47 -0500] "GET /crowded/v265?file=%2Fhome%2Fguitarlisty%2Fpublic_html%2Fwp-links-opml.php&rename=true HTTP/1.1" 404 6592 "-" "Mozilla/5.0 AppleWebKit/537.36 (KHTML, like Gecko; compatible; ClaudeBot/1.0; +claudebot@anthropic.com) X-Middleton/1"
54.158.139.140 - - [23/Feb/2025:07:47:48 -0500] "GET /yamaha-f310-acoustic-guitar-review-2020/?file=/usr/bin/[ HTTP/1.1" 200 6285 "-" "Mozilla/5.0 AppleWebKit/537.36 (KHTML, like Gecko; compatible; Amazonbot/0.1; +https://developer.amazon.com/support/amazonbot) Chrome/119.0.6045.214 Safari/537.36 X-Middleton/1"
107.20.115.131 - - [23/Feb/2025:07:47:48 -0500] "GET /m283039104?file=%2Fhome%2Fguitarlisty%2F%2F.spamassassinenable HTTP/1.1" 200 6369 "-" "Mozilla/5.0 AppleWebKit/537.36 (KHTML, like Gecko; compatible; ClaudeBot/1.0; +claudebot@anthropic.com) X-Middleton/1"
54.198.7.139 - - [23/Feb/2025:07:47:49 -0500] "GET /deny/r20?pid=17320/shop/detail?shop_id=1/help/help_04_2.html HTTP/1.1" 200 147031 "-" "Mozilla/5.0 (Linux; Android 6.0.1; Nexus 5X Build/MMB29P) AppleWebKit/537.36 (KHTML, like Gecko) Chrome/133.0.6943.53 Mobile Safari/537.36 (compatible; GoogleOther) X-Middleton/1"
107.20.115.131 - - [23/Feb/2025:07:47:50 -0500] "GET /those/w102?pid=36124 HTTP/1.1" 200 43286 "-" "Mozilla/5.0 (Linux; Android 8.0; Pixel 2 Build/OPD3.170816.012) AppleWebKit/537.36 (KHTML, like Gecko) Chrome/72.0.3626.121 Mobile Safari/537.36 (compatible; EzoicBot-Nicheiq; +http://www.ezoic.com/bot) X-Middleton/1"
52.71.251.0 - - [23/Feb/2025:07:47:50 -0500] "GET /m128014369?ynzmini=%2Fhome%2Fguitarlisty%2Fpublic_html%2F.well-known%2F.. HTTP/1.1" 404 16574 "-" "Mozilla/5.0 AppleWebKit/537.36 (KHTML, like Gecko; compatible; ClaudeBot/1.0; +claudebot@anthropic.com) X-Middleton/1"
50.17.142.168 - - [23/Feb/2025:07:47:51 -0500] "GET /yamaha-f310-acoustic-guitar-review-2020/?file=/usr/bin/w HTTP/1.1" 200 6285 "-" "Mozilla/5.0 AppleWebKit/537.36 (KHTML, like Gecko; compatible; Amazonbot/0.1; +https://developer.amazon.com/support/amazonbot) Chrome/119.0.6045.214 Safari/537.36 X-Middleton/1"
54.234.205.77 - - [23/Feb/2025:07:47:51 -0500] "GET /stupid/v18?ynzmini=%2Fhome%2Fguitarlisty%2Fpublic_html%2Fc4485%2F HTTP/1.1" 200 6973 "-" "Mozilla/5.0 AppleWebKit/537.36 (KHTML, like Gecko; compatible; ClaudeBot/1.0; +claudebot@anthropic.com) X-Middleton/1"
54.242.51.163 - - [23/Feb/2025:07:47:53 -0500] "GET /offense/p209?ynzmini=%2F%2Fmedia HTTP/1.1" 200 6392 "-" "Mozilla/5.0 AppleWebKit/537.36 (KHTML, like Gecko; compatible; ClaudeBot/1.0; +claudebot@anthropic.com) X-Middleton/1"
52.205.171.15 - - [23/Feb/2025:07:47:53 -0500] "GET /comprehensive/r20?pid=17320/help/help_04_2.html/shop/detail?shop_id=1 HTTP/1.1" 200 149045 "-" "Mozilla/5.0 (Linux; Android 6.0.1; Nexus 5X Build/MMB29P) AppleWebKit/537.36 (KHTML, like Gecko) Chrome/133.0.6943.53 Mobile Safari/537.36 (compatible; GoogleOther) X-Middleton/1"
35.173.219.106 - - [23/Feb/2025:07:47:53 -0500] "GET /m215002432?file=%2Fhome%2Fguitarlisty%2F%2F.spamassassinboxenable HTTP/1.1" 200 6378 "-" "Mozilla/5.0 AppleWebKit/537.36 (KHTML, like Gecko; compatible; ClaudeBot/1.0; +claudebot@anthropic.com) X-Middleton/1"
52.207.162.105 - - [23/Feb/2025:07:47:55 -0500] "GET /m043018490?page=scripting HTTP/1.1" 404 6361 "-" "Mozilla/5.0 (Macintosh; U; PPC Mac OS X; de-de) AppleWebKit/416.12 (KHTML, like Gecko) Safari/416.13 X-Middleton/1"
54.234.205.77 - - [23/Feb/2025:07:47:55 -0500] "GET /yamaha-f310-acoustic-guitar-review-2020/?rmfolder=/usr/src HTTP/1.1" 500 45919 "-" "Mozilla/5.0 AppleWebKit/537.36 (KHTML, like Gecko; compatible; Amazonbot/0.1; +https://developer.amazon.com/support/amazonbot) Chrome/119.0.6045.214 Safari/537.36 X-Middleton/1"
54.208.214.128 - - [23/Feb/2025:07:47:55 -0500] "GET /rent/k292?file=%2Fhome%2Fguitarlisty%2Fpublic_html%2Fwp-admin%2Fcredits.php HTTP/1.1" 200 11103 "-" "Mozilla/5.0 AppleWebKit/537.36 (KHTML, like Gecko; compatible; ClaudeBot/1.0; +claudebot@anthropic.com) X-Middleton/1"
18.232.117.100 - - [23/Feb/2025:07:47:56 -0500] "GET /pan/j157?file=%2Fhome%2Fguitarlisty%2Fpublic_html%2Fsym404%2Famp.php HTTP/1.1" 200 7528 "-" "Mozilla/5.0 AppleWebKit/537.36 (KHTML, like Gecko; compatible; ClaudeBot/1.0; +claudebot@anthropic.com) X-Middleton/1"
35.175.240.220 - - [23/Feb/2025:07:47:56 -0500] "GET /refuge/f30?pid=16042/help/help_04_2.html/help/help_04_2.html HTTP/1.1" 200 153712 "-" "Mozilla/5.0 (Linux; Android 6.0.1; Nexus 5X Build/MMB29P) AppleWebKit/537.36 (KHTML, like Gecko) Chrome/133.0.6943.53 Mobile Safari/537.36 (compatible; GoogleOther) X-Middleton/1"
54.226.129.235 - - [23/Feb/2025:07:47:57 -0500] "GET /m/tende30831082.html?page=scripting HTTP/1.1" 200 6361 "-" "Mozilla/5.0 AppleWebKit/537.36 (KHTML, like Gecko; compatible; ClaudeBot/1.0; +claudebot@anthropic.com) X-Middleton/1"
