52.207.162.105 - - [23/Feb/2025:07:19:59 -0500] "GET /divorce/r111?file=%2Fhome%2Fguitarlisty%2Fpublic_html%2F..%2F.wp-toolkit-identifier HTTP/1.1" 200 7104 "-" "Mozilla/5.0 AppleWebKit/537.36 (KHTML, like Gecko; compatible; ClaudeBot/1.0; +claudebot@anthropic.com) X-Middleton/1"
35.171.189.120 - - [23/Feb/2025:07:19:59 -0500] "GET /yamaha-f310-acoustic-guitar-review-2020/?file=/proc/44//io HTTP/1.1" 404 6291 "-" "Mozilla/5.0 AppleWebKit/537.36 (KHTML, like Gecko; compatible; Amazonbot/0.1; +https://developer.amazon.com/support/amazonbot) Chrome/119.0.6045.214 Safari/537.36 X-Middleton/1"
3.82.56.176 - - [23/Feb/2025:07:19:59 -0500] "GET /enforce/x266?file=%2Fhome%2Fguitarlisty%2Fpublic_html%2F.%2Fwp-mail.php HTTP/1.1" 404 15213 "-" "Mozilla/5.0 AppleWebKit/537.36 (KHTML, like Gecko; compatible; ClaudeBot/1.0; +claudebot@anthropic.com) X-Middleton/1"
54.156.59.106 - - [23/Feb/2025:07:20:01 -0500] "GET /do/k149?pid=10191/shop/detail?shop_id=1 HTTP/1.1" 200 467569 "-" "Mozilla/5.0 (Linux; Android 6.0.1; Nexus 5X Build/MMB29P) AppleWebKit/537.36 (KHTML, like Gecko) Chrome/133.0.6943.53 Mobile Safari/537.36 (compatible; GoogleOther) X-Middleton/1"
54.198.85.7 - - [23/Feb/2025:07:20:01 -0500] "GET /m117043708?file=%2Fhome%2Fguitarlisty%2Fpublic_html%2Fwp-content%2Fe31347 HTTP/1.1" 404 14244 "-" "Mozilla/5.0 AppleWebKit/537.36 (KHTML, like Gecko; compatible; ClaudeBot/1.0; +claudebot@anthropic.com) X-Middleton/1"
3.81.214.139 - - [23/Feb/2025:07:20:02 -0500] "GET /m211040170?file=%2Fhome%2Fguitarlisty%2Fpublic_html%2Fwp-includes%2Fpaypal.gif HTTP/1.1" 200 6411 "-" "Mozilla/5.0 AppleWebKit/537.36 (KHTML, like Gecko; compatible; ClaudeBot/1.0; +claudebot@anthropic.com) X-Middleton/1"
34.229.105.159 - - [23/Feb/2025:07:20:02 -0500] "GET /m/arran31770130.html?s=fNo6Jr3VD HTTP/1.1" 200 145900 "-" "Mozilla/5.0 (Linux; Android 6.0.1; Nexus 5X Build/MMB29P) AppleWebKit/537.36 (KHTML, like Gecko) Chrome/133.0.6943.53 Mobile Safari/537.36 (compatible; Googlebot/2.1; +http://www.google.com/bot.html) X-Middleton/1"
3.81.110.12 - - [23/Feb/2025:07:20:02 -0500] "GET /life/k151?pid=13493 HTTP/1.1" 200 43279 "-" "Mozilla/5.0 AppleWebKit/537.36 (KHTML, like Gecko; compatible; ClaudeBot/1.0; +claudebot@anthropic.com) X-Middleton/1"
54.209.250.19 - - [23/Feb/2025:07:20:02 -0500] "GET /m126036073?file=%2Fhome%2Fguitarlisty%2Fpublic_html%2F.well-known%2F.htaccess HTTP/1.1" 200 6547 "-" "Mozilla/5.0 AppleWebKit/537.36 (KHTML, like Gecko; compatible; ClaudeBot/1.0; +claudebot@anthropic.com) X-Middleton/1"
3.80.165.4 - - [23/Feb/2025:07:20:02 -0500] "GET /mansion/c6?pid=37430 HTTP/1.1" 200 43278 "-" "Mozilla/5.0 AppleWebKit/537.36 (KHTML, like Gecko; compatible; ClaudeBot/1.0; +claudebot@anthropic.com) X-Middleton/1"
54.144.101.254 - - [23/Feb/2025:07:20:03 -0500] "GET /perceive/q111?pid=18669 HTTP/1.1" 500 45916 "-" "Mozilla/5.0 AppleWebKit/537.36 (KHTML, like Gecko; compatible; ClaudeBot/1.0; +claudebot@anthropic.com) X-Middleton/1"
107.20.82.18 - - [23/Feb/2025:07:20:03 -0500] "GET /yamaha-f310-acoustic-guitar-review-2020/?ynzmini=/proc/45 HTTP/1.1" 404 13788 "-" "Mozilla/5.0 AppleWebKit/537.36 (KHTML, like Gecko; compatible; Amazonbot/0.1; +https://developer.amazon.com/support/amazonbot) Chrome/119.0.6045.214 Safari/537.36 X-Middleton/1"
3.81.110.12 - - [23/Feb/2025:07:20:04 -0500] "GET /m205049462?ynzmini=%2Fhome%2Fguitarlisty%2Fpublic_html%2Fsym404%2Fsalmonca-Joomla.txt404 HTTP/1.1" 200 7033 "-" "Mozilla/5.0 AppleWebKit/537.36 (KHTML, like Gecko; compatible; ClaudeBot/1.0; +claudebot@anthropic.com) X-Middleton/1"
3.90.42.123 - - [23/Feb/2025:07:20:04 -0500] "GET /m021021612?file=%2Fhome%2Fguitarlisty%2Fpublic_html%2Fre.php&rename=true HTTP/1.1" 200 6548 "-" "Mozilla/5.0 AppleWebKit/537.36 (KHTML, like Gecko; compatible; ClaudeBot/1.0; +claudebot@anthropic.com) X-Middleton/1"
98.83.220.235 - - [23/Feb/2025:07:20:04 -0500] "GET /m123003834?srsltid=AfmBOoAZjNvMCUJmncDtrO_LoOZ8Fl02h_xbK52PcQ-G-dJokLw8OS HTTP/1.1" 200 43285 "-" "Mozilla/5.0 (Linux; Android 8.0; Pixel 2 Build/OPD3.170816.012) AppleWebKit/537.36 (KHTML, like Gecko) Chrome/72.0.3626.121 Mobile Safari/537.36 (compatible; EzoicBot-Nicheiq; +http://www.ezoic.com/bot) X-Middleton/1"
54.156.59.106 - - [23/Feb/2025:07:20:04 -0500] "GET /coal/k149?pid=10191 HTTP/1.1" 200 150942 "-" "Mozilla/5.0 (Linux; Android 6.0.1; Nexus 5X Build/MMB29P) AppleWebKit/537.36 (KHTML, like Gecko) Chrome/133.0.6943.53 Mobile Safari/537.36 (compatible; GoogleOther) X-Middleton/1"
3.89.44.170 - - [23/Feb/2025:07:20:05 -0500] "GET /who/o216?pid=5502 HTTP/1.1" 200 43279 "-" "Mozilla/5.0 AppleWebKit/537.36 (KHTML, like Gecko; compatible; ClaudeBot/1.0; +claudebot@anthropic.com) X-Middleton/1"
35.175.240.220 - - [23/Feb/2025:07:20:06 -0500] "GET /bitter/f10?file=%2Fhome%2Fguitarlisty%2Fpublic_html%2Fwp-content%2F2e3de2d8 HTTP/1.1" 404 14250 "-" "Mozilla/5.0 AppleWebKit/537.36 (KHTML, like Gecko; compatible; ClaudeBot/1.0; +claudebot@anthropic.com) X-Middleton/1"
54.198.7.139 - - [23/Feb/2025:07:20:07 -0500] "GET /m/gel70751934.html?file=%2Fhome%2Fguitarlisty%2Fpublic_html%2Fwp-comments-post.php HTTP/1.1" 200 8799 "-" "Mozilla/5.0 AppleWebKit/537.36 (KHTML, like Gecko; compatible; ClaudeBot/1.0; +claudebot@anthropic.com) X-Middleton/1"
18.232.117.100 - - [23/Feb/2025:07:20:07 -0500] "GET /hurricane/p294?pid=19646 HTTP/1.1" 200 43282 "-" "Mozilla/5.0 AppleWebKit/537.36 (KHTML, like Gecko; compatible; ClaudeBot/1.0; +claudebot@anthropic.com) X-Middleton/1"
23.22.111.12 - - [23/Feb/2025:07:20:07 -0500] "GET /yamaha-f310-acoustic-guitar-review-2020/?ynzmini=/proc/46 HTTP/1.1" 200 13788 "-" "Mozilla/5.0 AppleWebKit/537.36 (KHTML, like Gecko; compatible; Amazonbot/0.1; +https://developer.amazon.com/support/amazonbot) Chrome/119.0.6045.214 Safari/537.36 X-Middleton/1"
18.209.166.209 - - [23/Feb/2025:07:20:07 -0500] "GET /guide/f266?pid=37746 HTTP/1.1" 200 43282 "-" "Mozilla/5.0 AppleWebKit/537.36 (KHTML, like Gecko; compatible; ClaudeBot/1.0; +claudebot@anthropic.com) X-Middleton/1"
50.17.142.168 - - [23/Feb/2025:07:20:07 -0500] "GET /alien/p246?pid=22620 HTTP/1.1" 200 43281 "-" "Mozilla/5.0 AppleWebKit/537.36 (KHTML, like Gecko; compatible; ClaudeBot/1.0; +claudebot@anthropic.com) X-Middleton/1"
3.81.110.12 - - [23/Feb/2025:07:20:08 -0500] "GET /m165018128?srsltid=AfmBOoZluvZfuIGKC2YsJW_9DXFTgthfp_oP84yXi9-E-ui7jvkcfJ HTTP/1.1" 200 43279 "-" "Mozilla/5.0 AppleWebKit/537.36 (KHTML, like Gecko; compatible; ClaudeBot/1.0; +claudebot@anthropic.com) X-Middleton/1"
107.20.115.131 - - [23/Feb/2025:07:20:08 -0500] "GET /sunlight/k149?pid=10191/shop/detail?shop_id=1 HTTP/1.1" 200 155958 "-" "Mozilla/5.0 (Linux; Android 6.0.1; Nexus 5X Build/MMB29P) AppleWebKit/537.36 (KHTML, like Gecko) Chrome/133.0.6943.53 Mobile Safari/537.36 (compatible; GoogleOther) X-Middleton/1"
54.144.101.254 - - [23/Feb/2025:07:20:09 -0500] "GET /ecological/w223?ynzmini=%2F%2Fsys HTTP/1.1" 200 7963 "-" "Mozilla/5.0 AppleWebKit/537.36 (KHTML, like Gecko; compatible; ClaudeBot/1.0; +claudebot@anthropic.com) X-Middleton/1"
3.89.44.170 - - [23/Feb/2025:07:20:09 -0500] "GET /m159026420?ynzmini=%2Fhome%2Fguitarlisty%2Fpublic_html%2Fsym404%2Fwp-toolkit-MyBB.txt404 HTTP/1.1" 200 7033 "-" "Mozilla/5.0 AppleWebKit/537.36 (KHTML, like Gecko; compatible; ClaudeBot/1.0; +claudebot@anthropic.com) X-Middleton/1"
52.71.251.0 - - [23/Feb/2025:07:20:09 -0500] "GET /enforce/x266?file=%2Fhome%2Fguitarlisty%2Fpublic_html%2F.%2Fdefaults.php HTTP/1.1" 200 8743 "-" "Mozilla/5.0 AppleWebKit/537.36 (KHTML, like Gecko; compatible; ClaudeBot/1.0; +claudebot@anthropic.com) X-Middleton/1"
3.81.214.139 - - [23/Feb/2025:07:20:09 -0500] "GET /stand/v6?pid=46560 HTTP/1.1" 200 43280 "-" "Mozilla/5.0 AppleWebKit/537.36 (KHTML, like Gecko; compatible; ClaudeBot/1.0; +claudebot@anthropic.com) X-Middleton/1"
107.20.115.131 - - [23/Feb/2025:07:20:10 -0500] "GET /m/caref62300837.html?ynzmini=/home/ HTTP/1.1" 200 9437 "-" "Mozilla/5.0 (Windows; U; Windows NT 6.1; en-US; rv:1.9.2b5) Gecko/20091204 Firefox/3.6b5 X-Middleton/1"
66.249.79.32 - - [23/Feb/2025:07:20:11 -0500] "GET /m284019105?srsltid=AfmBOoxjeSRiYdfsH0O5tn_OQBKpb0uzD_bJ9gQAEc-Z-vOCZWnBsJ HTTP/1.1" 200 26156 "-" "Mozilla/5.0 (Linux; Android 6.0.1; Nexus 5X Build/MMB29P) AppleWebKit/537.36 (KHTML, like Gecko) Chrome/133.0.6943.126 Mobile Safari/537.36 (compatible; Googlebot/2.1; +http://www.google.com/bot.html)"
3.89.44.170 - - [23/Feb/2025:07:20:11 -0500] "GET /yamaha-f310-acoustic-guitar-review-2020/?file=/proc/46/io HTTP/1.1" 200 6288 "-" "Mozilla/5.0 AppleWebKit/537.36 (KHTML, like Gecko; compatible; Amazonbot/0.1; +https://developer.amazon.com/support/amazonbot) Chrome/119.0.6045.214 Safari/537.36 X-Middleton/1"
3.90.42.123 - - [23/Feb/2025:07:20:11 -0500] "GET /m021006214?file=%2Fhome%2Fguitarlisty%2Fpublic_html%2F..%2F.spamassassinenable HTTP/1.1" 404 6411 "-" "Mozilla/5.0 AppleWebKit/537.36 (KHTML, like Gecko; compatible; ClaudeBot/1.0; +claudebot@anthropic.com) X-Middleton/1"
3.81.110.12 - - [23/Feb/2025:07:20:12 -0500] "GET /m159026420?ynzmini=%2Fhome%2Fguitarlisty%2Fpublic_html%2Fsym404%2Fsssd-WHMCS.txt404 HTTP/1.1" 200 7003 "-" "Mozilla/5.0 AppleWebKit/537.36 (KHTML, like Gecko; compatible; ClaudeBot/1.0; +claudebot@anthropic.com) X-Middleton/1"
54.162.136.253 - - [23/Feb/2025:07:20:12 -0500] "GET /m103021334?srsltid=AfmBOozeOUgMiKMPcODka2_JLkP9vlTof_mBVqOHKF-N-VkUsHLGQi HTTP/1.1" 500 45916 "-" "Mozilla/5.0 AppleWebKit/537.36 (KHTML, like Gecko; compatible; ClaudeBot/1.0; +claudebot@anthropic.com) X-Middleton/1"
3.87.139.20 - - [23/Feb/2025:07:20:12 -0500] "GET /chain/r20?pid=17320/shop/detail?shop_id=1/help/help_04_2.html HTTP/1.1" 200 146140 "-" "Mozilla/5.0 (Linux; Android 6.0.1; Nexus 5X Build/MMB29P) AppleWebKit/537.36 (KHTML, like Gecko) Chrome/133.0.6943.53 Mobile Safari/537.36 (compatible; GoogleOther) X-Middleton/1"
54.156.59.106 - - [23/Feb/2025:07:20:12 -0500] "GET /cartoon/u255?pid=24217 HTTP/1.1" 200 43281 "-" "Mozilla/5.0 AppleWebKit/537.36 (KHTML, like Gecko; compatible; ClaudeBot/1.0; +claudebot@anthropic.com) X-Middleton/1"
18.212.120.70 - - [23/Feb/2025:07:20:12 -0500] "GET /m123004976?srsltid=AfmBOoAFLlZkHPPcTqjrim_w9y24To0l3_EBcPdTNU-K-BUySgQoAF HTTP/1.1" 200 43281 "-" "Mozilla/5.0 AppleWebKit/537.36 (KHTML, like Gecko; compatible; ClaudeBot/1.0; +claudebot@anthropic.com) X-Middleton/1"
3.82.56.176 - - [23/Feb/2025:07:20:12 -0500] "GET /m284015023?srsltid=AfmBOowLcwGiAGNU18LCCY_mrggykgklF_JyyN2y29-M-2Iz2zLorX HTTP/1.1" 200 43283 "-" "Mozilla/5.0 (Linux; Android 8.0; Pixel 2 Build/OPD3.170816.012) AppleWebKit/537.36 (KHTML, like Gecko) Chrome/72.0.3626.121 Mobile Safari/537.36 (compatible; EzoicBot-Nicheiq; +http://www.ezoic.com/bot) X-Middleton/1"
3.92.71.7 - - [23/Feb/2025:07:20:13 -0500] "GET /m053007758?srsltid=AfmBOoZYeLfZgRhdi98uej_lG47ILSWjp_fcElmIAi-O-qEeFA8m8w HTTP/1.1" 200 43277 "-" "Mozilla/5.0 AppleWebKit/537.36 (KHTML, like Gecko; compatible; ClaudeBot/1.0; +claudebot@anthropic.com) X-Middleton/1"
54.242.51.163 - - [23/Feb/2025:07:20:13 -0500] "GET /m056047147?srsltid=AfmBOocrkVjZXmaB3YMR1L_RqoSk3vQBh_oJMnzAIi-T-5VRpoGnnx HTTP/1.1" 200 43281 "-" "Mozilla/5.0 AppleWebKit/537.36 (KHTML, like Gecko; compatible; ClaudeBot/1.0; +claudebot@anthropic.com) X-Middleton/1"
35.173.219.106 - - [23/Feb/2025:07:20:13 -0500] "GET /m147036968?ynzmini=%2Fhome%2Fguitarlisty%2Fpublic_html%2F.%2Fimages HTTP/1.1" 200 8124 "-" "Mozilla/5.0 AppleWebKit/537.36 (KHTML, like Gecko; compatible; ClaudeBot/1.0; +claudebot@anthropic.com) X-Middleton/1"
3.81.58.205 - - [23/Feb/2025:07:20:14 -0500] "GET /m188027149?srsltid=AfmBOoFxbJIGueWKDm4fwf_9u2G21n4qL_qZyZ64of-N-hSkWiZ7bK HTTP/1.1" 200 43279 "-" "Mozilla/5.0 (Windows NT 6.1; rv:6.0) Gecko/20110814 Firefox/6.0 X-Middleton/1"
98.83.149.163 - - [23/Feb/2025:07:20:15 -0500] "GET /young/o148?pid=32462 HTTP/1.1" 200 43281 "-" "Mozilla/5.0 AppleWebKit/537.36 (KHTML, like Gecko; compatible; ClaudeBot/1.0; +claudebot@anthropic.com) X-Middleton/1"
3.92.71.7 - - [23/Feb/2025:07:20:15 -0500] "GET /yamaha-f310-acoustic-guitar-review-2020/?file=/proc/46/mem HTTP/1.1" 200 6291 "-" "Mozilla/5.0 AppleWebKit/537.36 (KHTML, like Gecko; compatible; Amazonbot/0.1; +https://developer.amazon.com/support/amazonbot) Chrome/119.0.6045.214 Safari/537.36 X-Middleton/1"
54.196.44.86 - - [23/Feb/2025:07:20:15 -0500] "GET /anyway/r20?pid=17320/shop/detail?shop_id=1/help/help_04_2.html HTTP/1.1" 200 143641 "-" "Mozilla/5.0 (Linux; Android 6.0.1; Nexus 5X Build/MMB29P) AppleWebKit/537.36 (KHTML, like Gecko) Chrome/133.0.6943.53 Mobile Safari/537.36 (compatible; GoogleOther) X-Middleton/1"
3.81.110.12 - - [23/Feb/2025:07:20:16 -0500] "GET /m021016164?ynzmini=%2Fhome%2Fguitarlisty%2Fpublic_html%2Fsym404%2Fsssd-IPB.txt404 HTTP/1.1" 200 6991 "-" "Mozilla/5.0 AppleWebKit/537.36 (KHTML, like Gecko; compatible; ClaudeBot/1.0; +claudebot@anthropic.com) X-Middleton/1"
3.81.133.169 - - [23/Feb/2025:07:20:17 -0500] "GET /m159026420?ynzmini=%2Fhome%2Fguitarlisty%2Fpublic_html%2Fsym404%2Frpc-Magento.txt404 HTTP/1.1" 200 7009 "-" "Mozilla/5.0 AppleWebKit/537.36 (KHTML, like Gecko; compatible; ClaudeBot/1.0; +claudebot@anthropic.com) X-Middleton/1"
3.92.71.7 - - [23/Feb/2025:07:20:17 -0500] "GET /m042037013?srsltid=AfmBOoNwTVapmwkmNjX9Wc_dQZeirweKj_8HY7hfYB-V-otlzo9EgN HTTP/1.1" 500 45911 "-" "Mozilla/5.0 AppleWebKit/537.36 (KHTML, like Gecko; compatible; ClaudeBot/1.0; +claudebot@anthropic.com) X-Middleton/1"
54.242.51.163 - - [23/Feb/2025:07:20:17 -0500] "GET /items/btqzr259/32470?key=white HTTP/1.1" 200 145817 "-" "Mozilla/5.0 (Linux; Android 6.0.1; Nexus 5X Build/MMB29P) AppleWebKit/537.36 (KHTML, like Gecko) Chrome/133.0.6943.126 Mobile Safari/537.36 (compatible; Googlebot/2.1; +http://www.google.com/bot.html) X-Middleton/1"
3.81.133.169 - - [23/Feb/2025:07:20:17 -0500] "GET /m169032988?srsltid=AfmBOoBflOdKFRtuJutoby_RwSPh5m92R_eQY1TAUn-L-pESNuOvng HTTP/1.1" 200 43282 "-" "Mozilla/5.0 AppleWebKit/537.36 (KHTML, like Gecko; compatible; ClaudeBot/1.0; +claudebot@anthropic.com) X-Middleton/1"
54.209.250.19 - - [23/Feb/2025:07:20:17 -0500] "GET /m053022434?srsltid=AfmBOoZHJRabPiRbt4xfx6_Z2q2nlIe31_TmTixscM-N-2n3Qjzce3 HTTP/1.1" 200 43283 "-" "Mozilla/5.0 AppleWebKit/537.36 (KHTML, like Gecko; compatible; ClaudeBot/1.0; +claudebot@anthropic.com) X-Middleton/1"
3.82.56.176 - - [23/Feb/2025:07:20:18 -0500] "GET /m183042760?file=%2Fhome%2Fguitarlisty%2Fpublic_html%2F%2Fnetworks.php HTTP/1.1" 200 8742 "-" "Mozilla/5.0 AppleWebKit/537.36 (KHTML, like Gecko; compatible; ClaudeBot/1.0; +claudebot@anthropic.com) X-Middleton/1"
54.234.205.77 - - [23/Feb/2025:07:20:18 -0500] "GET /pattern/o65?file=%2Fhome%2Fguitarlisty%2Fpublic_html%2Fwp-admin%2Fdefaults.php HTTP/1.1" 200 8727 "-" "Mozilla/5.0 AppleWebKit/537.36 (KHTML, like Gecko; compatible; ClaudeBot/1.0; +claudebot@anthropic.com) X-Middleton/1"
54.162.136.253 - - [23/Feb/2025:07:20:19 -0500] "GET /yamaha-f310-acoustic-guitar-review-2020/?rmfolder=/proc/46 HTTP/1.1" 500 45920 "-" "Mozilla/5.0 AppleWebKit/537.36 (KHTML, like Gecko; compatible; Amazonbot/0.1; +https://developer.amazon.com/support/amazonbot) Chrome/119.0.6045.214 Safari/537.36 X-Middleton/1"
3.89.44.170 - - [23/Feb/2025:07:20:19 -0500] "GET /chance/r20?pid=17320/help/help_04_2.html/86699help/help_04_2.html HTTP/1.1" 200 457422 "-" "Mozilla/5.0 (Linux; Android 6.0.1; Nexus 5X Build/MMB29P) AppleWebKit/537.36 (KHTML, like Gecko) Chrome/133.0.6943.53 Mobile Safari/537.36 (compatible; GoogleOther) X-Middleton/1"
54.226.129.235 - - [23/Feb/2025:07:20:20 -0500] "GET /judge/d296?pid=32366 HTTP/1.1" 500 45916 "-" "Mozilla/5.0 AppleWebKit/537.36 (KHTML, like Gecko; compatible; ClaudeBot/1.0; +claudebot@anthropic.com) X-Middleton/1"
54.209.250.19 - - [23/Feb/2025:07:20:20 -0500] "GET /mineral/h213?pid=20151 HTTP/1.1" 500 45919 "-" "Mozilla/5.0 (Linux; Android 8.0; Pixel 2 Build/OPD3.170816.012) AppleWebKit/537.36 (KHTML, like Gecko) Chrome/72.0.3626.121 Mobile Safari/537.36 (compatible; EzoicBot-Nicheiq; +http://www.ezoic.com/bot) X-Middleton/1"
52.207.162.105 - - [23/Feb/2025:07:20:21 -0500] "GET /m/god42325075.html HTTP/1.1" 500 45916 "-" "Mozilla/5.0 AppleWebKit/537.36 (KHTML, like Gecko; compatible; ClaudeBot/1.0; +claudebot@anthropic.com) X-Middleton/1"
184.72.213.252 - - [23/Feb/2025:07:20:22 -0500] "GET /m031019026?srsltid=AfmBOodYtAFDMwHoIWlo83_dFQDwoBihB_x2UnPThy-J-xy5FSKF8d HTTP/1.1" 500 45916 "-" "Mozilla/5.0 AppleWebKit/537.36 (KHTML, like Gecko; compatible; ClaudeBot/1.0; +claudebot@anthropic.com) X-Middleton/1"
3.90.39.225 - - [23/Feb/2025:07:20:22 -0500] "GET /carpet/k40?pid=18554 HTTP/1.1" 500 45913 "-" "Mozilla/5.0 AppleWebKit/537.36 (KHTML, like Gecko; compatible; ClaudeBot/1.0; +claudebot@anthropic.com) X-Middleton/1"
54.158.15.14 - - [23/Feb/2025:07:20:22 -0500] "GET /m077001458?srsltid=AfmBOowDTnXAHarzU6dhU1_zUkBZwtzor_NFImvRun-A-lKpgwJAb5 HTTP/1.1" 500 45914 "-" "Mozilla/5.0 AppleWebKit/537.36 (KHTML, like Gecko; compatible; ClaudeBot/1.0; +claudebot@anthropic.com) X-Middleton/1"
54.198.7.139 - - [23/Feb/2025:07:20:23 -0500] "GET /school/k218?ynzmini=%2Fhome%2Fguitarlisty%2Fpublic_html%2Fsym404%2Fhalt-WHMCS.txt404 HTTP/1.1" 404 7003 "-" "Mozilla/5.0 AppleWebKit/537.36 (KHTML, like Gecko; compatible; ClaudeBot/1.0; +claudebot@anthropic.com) X-Middleton/1"
35.173.219.106 - - [23/Feb/2025:07:20:23 -0500] "GET /examine/k149?pid=10191 HTTP/1.1" 200 468539 "-" "Mozilla/5.0 (Linux; Android 6.0.1; Nexus 5X Build/MMB29P) AppleWebKit/537.36 (KHTML, like Gecko) Chrome/133.0.6943.53 Mobile Safari/537.36 (compatible; GoogleOther) X-Middleton/1"
54.198.7.139 - - [23/Feb/2025:07:20:23 -0500] "GET /yamaha-f310-acoustic-guitar-review-2020/?ynzmini=/proc/46/ HTTP/1.1" 200 13841 "-" "Mozilla/5.0 AppleWebKit/537.36 (KHTML, like Gecko; compatible; Amazonbot/0.1; +https://developer.amazon.com/support/amazonbot) Chrome/119.0.6045.214 Safari/537.36 X-Middleton/1"
54.157.220.176 - - [23/Feb/2025:07:20:23 -0500] "GET /m/stamp42812019.html?file=%2Fhome%2Fguitarlisty%2Fpublic_html%2Fmah.php HTTP/1.1" 404 9778 "-" "Mozilla/5.0 AppleWebKit/537.36 (KHTML, like Gecko; compatible; ClaudeBot/1.0; +claudebot@anthropic.com) X-Middleton/1"
156.59.198.136 - - [23/Feb/2025:07:20:23 -0500] "GET /sites/default/files/styles/product_large/public/product_images/quadratec-engine-tranfer-case-skid-plate-kit-jl-12500%200280-oil-pan-access-opened.jpg HTTP/2.0" 500 45922 "-" "Mozilla/5.0 (Linux; Android 5.0) AppleWebKit/537.36 (KHTML, like Gecko) Mobile Safari/537.36 (compatible; Bytespider; spider-feedback@bytedance.com)"
3.82.56.176 - - [23/Feb/2025:07:20:25 -0500] "GET /portrait/z39?pid=22571 HTTP/1.1" 500 45913 "-" "Mozilla/5.0 AppleWebKit/537.36 (KHTML, like Gecko; compatible; ClaudeBot/1.0; +claudebot@anthropic.com) X-Middleton/1"
3.92.71.7 - - [23/Feb/2025:07:20:25 -0500] "GET /everyday/i150?file=%2Fhome%2Fguitarlisty%2Fpublic_html%2Fwp-includes%2F25d3b HTTP/1.1" 404 14244 "-" "Mozilla/5.0 AppleWebKit/537.36 (KHTML, like Gecko; compatible; ClaudeBot/1.0; +claudebot@anthropic.com) X-Middleton/1"
54.208.214.128 - - [23/Feb/2025:07:20:26 -0500] "GET /m/now12524856.html HTTP/1.1" 500 45916 "-" "Mozilla/5.0 AppleWebKit/537.36 (KHTML, like Gecko; compatible; ClaudeBot/1.0; +claudebot@anthropic.com) X-Middleton/1"
3.92.71.7 - - [23/Feb/2025:07:20:27 -0500] "GET /m209010808?srsltid=AfmBOoRyrOXmhMjWXpKqAI_gVQO6YrYXR_efxFvPvz-Q-ylJfJMd7i HTTP/1.1" 500 45911 "-" "Mozilla/5.0 AppleWebKit/537.36 (KHTML, like Gecko; compatible; ClaudeBot/1.0; +claudebot@anthropic.com) X-Middleton/1"
3.90.112.236 - - [23/Feb/2025:07:20:27 -0500] "GET /lovely/r124?file=%2Fhome%2Fguitarlisty%2Fpublic_html%2Fwp-includes%2Fcache.php HTTP/1.1" 404 19937 "-" "Mozilla/5.0 AppleWebKit/537.36 (KHTML, like Gecko; compatible; ClaudeBot/1.0; +claudebot@anthropic.com) X-Middleton/1"
23.22.111.12 - - [23/Feb/2025:07:20:27 -0500] "GET /pages.php?1ajr40140.html HTTP/1.1" 500 45914 "-" "Mozilla/5.0 AppleWebKit/537.36 (KHTML, like Gecko; compatible; GPTBot/1.2; +https://openai.com/gptbot) X-Middleton/1"
54.209.250.19 - - [23/Feb/2025:07:20:27 -0500] "GET /yamaha-f310-acoustic-guitar-review-2020/?file=/proc/46//io HTTP/1.1" 200 6291 "-" "Mozilla/5.0 AppleWebKit/537.36 (KHTML, like Gecko; compatible; Amazonbot/0.1; +https://developer.amazon.com/support/amazonbot) Chrome/119.0.6045.214 Safari/537.36 X-Middleton/1"
54.156.59.106 - - [23/Feb/2025:07:20:27 -0500] "GET /coalition/z122?pid=11234 HTTP/1.1" 500 45915 "-" "Mozilla/5.0 AppleWebKit/537.36 (KHTML, like Gecko; compatible; ClaudeBot/1.0; +claudebot@anthropic.com) X-Middleton/1"
18.212.120.70 - - [23/Feb/2025:07:20:27 -0500] "GET /evidence/k149?pid=10191/help/help_04_2.html/shop/detail?shop_id=1 HTTP/1.1" 200 467806 "-" "Mozilla/5.0 (Linux; Android 6.0.1; Nexus 5X Build/MMB29P) AppleWebKit/537.36 (KHTML, like Gecko) Chrome/133.0.6943.53 Mobile Safari/537.36 (compatible; GoogleOther) X-Middleton/1"
54.196.44.86 - - [23/Feb/2025:07:20:28 -0500] "GET /school/k218?ynzmini=%2Fhome%2Fguitarlisty%2Fpublic_html%2Fsym404%2Froot-OpenCart.txt404 HTTP/1.1" 404 7021 "-" "Mozilla/5.0 AppleWebKit/537.36 (KHTML, like Gecko; compatible; ClaudeBot/1.0; +claudebot@anthropic.com) X-Middleton/1"
3.89.44.170 - - [23/Feb/2025:07:20:28 -0500] "GET /m/denti20176465.html?file=/home/guitarlisty/public_html/mah.php HTTP/1.1" 404 9778 "-" "Mozilla/5.0 (Windows; U; Windows NT 6.0; en-US) AppleWebKit/535.1 (KHTML, like Gecko) Chrome/13.0.782.107 Safari/535.1 X-Middleton/1"
18.212.120.70 - - [23/Feb/2025:07:20:28 -0500] "GET /m/enlar70087502.html?file=%2Fhome%2Fguitarlisty%2Fpublic_html%2Fwp-blog-header.php HTTP/1.1" 404 6753 "-" "Mozilla/5.0 AppleWebKit/537.36 (KHTML, like Gecko; compatible; ClaudeBot/1.0; +claudebot@anthropic.com) X-Middleton/1"
107.20.115.131 - - [23/Feb/2025:07:20:29 -0500] "GET /wp-includes/admin.php HTTP/1.1" 200 6 "https://guitarlisty.com/wp-includes/admin.php" "Mozilla/4.0 (compatible; MSIE 6.0; X11; Linux i686; ja) Opera 10.10 X-Middleton/1"
35.173.180.132 - - [23/Feb/2025:07:20:30 -0500] "GET /consequence/j170?pid=12796 HTTP/1.1" 500 45916 "-" "Mozilla/5.0 AppleWebKit/537.36 (KHTML, like Gecko; compatible; ClaudeBot/1.0; +claudebot@anthropic.com) X-Middleton/1"
54.162.136.253 - - [23/Feb/2025:07:20:30 -0500] "GET /pattern/o65?file=%2Fhome%2Fguitarlisty%2Fpublic_html%2Fwp-admin%2Fexport.php HTTP/1.1" 404 20076 "-" "Mozilla/5.0 AppleWebKit/537.36 (KHTML, like Gecko; compatible; ClaudeBot/1.0; +claudebot@anthropic.com) X-Middleton/1"
98.83.220.235 - - [23/Feb/2025:07:20:31 -0500] "GET /yamaha-f310-acoustic-guitar-review-2020/?ynzmini=/proc/47 HTTP/1.1" 404 13788 "-" "Mozilla/5.0 AppleWebKit/537.36 (KHTML, like Gecko; compatible; Amazonbot/0.1; +https://developer.amazon.com/support/amazonbot) Chrome/119.0.6045.214 Safari/537.36 X-Middleton/1"
54.162.136.253 - - [23/Feb/2025:07:20:31 -0500] "GET /m/we30788058.html HTTP/1.1" 500 45916 "-" "Mozilla/5.0 AppleWebKit/537.36 (KHTML, like Gecko; compatible; ClaudeBot/1.0; +claudebot@anthropic.com) X-Middleton/1"
3.94.247.247 - - [23/Feb/2025:07:20:31 -0500] "GET /meanwhile/r20?pid=17320 HTTP/1.1" 200 456292 "-" "Mozilla/5.0 (Linux; Android 6.0.1; Nexus 5X Build/MMB29P) AppleWebKit/537.36 (KHTML, like Gecko) Chrome/133.0.6943.53 Mobile Safari/537.36 (compatible; GoogleOther) X-Middleton/1"
54.226.129.235 - - [23/Feb/2025:07:20:31 -0500] "GET /m/deep61624557.html HTTP/1.1" 500 45916 "-" "Mozilla/5.0 AppleWebKit/537.36 (KHTML, like Gecko; compatible; ClaudeBot/1.0; +claudebot@anthropic.com) X-Middleton/1"
23.22.111.12 - - [23/Feb/2025:07:20:32 -0500] "GET /full/w241?ynzmini=%2Fhome%2Fguitarlisty%2Fpublic_html%2Fsym404%2Fsssd-MyBB.txt404 HTTP/1.1" 404 6997 "-" "Mozilla/5.0 AppleWebKit/537.36 (KHTML, like Gecko; compatible; ClaudeBot/1.0; +claudebot@anthropic.com) X-Middleton/1"
54.157.220.176 - - [23/Feb/2025:07:20:32 -0500] "GET /m092004595?srsltid=AfmBOoHXzSdMmcSyKVORh9_8VQBNUNnvv_rdlIVI8Y-J-7sysk441c HTTP/1.1" 500 45916 "-" "Mozilla/5.0 AppleWebKit/537.36 (KHTML, like Gecko; compatible; ClaudeBot/1.0; +claudebot@anthropic.com) X-Middleton/1"
3.80.165.4 - - [23/Feb/2025:07:20:33 -0500] "GET /m262032929?ynzmini=%2Fhome%2Fguitarlisty%2Fpublic_html%2Fsym404%2Fnscd-OsCommerce.txt404 HTTP/1.1" 404 7033 "-" "Mozilla/5.0 AppleWebKit/537.36 (KHTML, like Gecko; compatible; ClaudeBot/1.0; +claudebot@anthropic.com) X-Middleton/1"
35.173.180.132 - - [23/Feb/2025:07:20:33 -0500] "GET /oven/l33?ynzmini=%2Fhome%2Fguitarlisty%2Fpublic_html%2Fsym404%2Fhalt-Magento.txt404 HTTP/1.1" 404 7015 "-" "Mozilla/5.0 AppleWebKit/537.36 (KHTML, like Gecko; compatible; ClaudeBot/1.0; +claudebot@anthropic.com) X-Middleton/1"
3.81.110.12 - - [23/Feb/2025:07:20:34 -0500] "GET /cream/y264?pid=25080 HTTP/1.1" 500 45913 "-" "Mozilla/5.0 AppleWebKit/537.36 (KHTML, like Gecko; compatible; ClaudeBot/1.0; +claudebot@anthropic.com) X-Middleton/1"
52.207.162.105 - - [23/Feb/2025:07:20:35 -0500] "GET /yamaha-f310-acoustic-guitar-review-2020/?ynzmini=/proc/48 HTTP/1.1" 404 13788 "-" "Mozilla/5.0 AppleWebKit/537.36 (KHTML, like Gecko; compatible; Amazonbot/0.1; +https://developer.amazon.com/support/amazonbot) Chrome/119.0.6045.214 Safari/537.36 X-Middleton/1"
52.207.162.105 - - [23/Feb/2025:07:20:35 -0500] "GET /everyday/i150?file=%2Fhome%2Fguitarlisty%2Fpublic_html%2Fwp-includes%2Ffeed.php HTTP/1.1" 404 30321 "-" "Mozilla/5.0 AppleWebKit/537.36 (KHTML, like Gecko; compatible; ClaudeBot/1.0; +claudebot@anthropic.com) X-Middleton/1"
54.198.85.7 - - [23/Feb/2025:07:20:35 -0500] "GET /movement/a235?pid=12333/help/help_04_2.html/help/help_04_2.html HTTP/1.1" 200 467513 "-" "Mozilla/5.0 (Linux; Android 6.0.1; Nexus 5X Build/MMB29P) AppleWebKit/537.36 (KHTML, like Gecko) Chrome/133.0.6943.53 Mobile Safari/537.36 (compatible; GoogleOther) X-Middleton/1"
3.90.112.236 - - [23/Feb/2025:07:20:36 -0500] "GET /m/jail21814913.html HTTP/1.1" 500 45914 "-" "Mozilla/5.0 AppleWebKit/537.36 (KHTML, like Gecko; compatible; ClaudeBot/1.0; +claudebot@anthropic.com) X-Middleton/1"
18.209.166.209 - - [23/Feb/2025:07:20:36 -0500] "GET /nt/z46?pid=45310 HTTP/1.1" 500 45916 "-" "Mozilla/5.0 AppleWebKit/537.36 (KHTML, like Gecko; compatible; ClaudeBot/1.0; +claudebot@anthropic.com) X-Middleton/1"
54.198.248.107 - - [23/Feb/2025:07:20:37 -0500] "GET /lovely/r124?file=%2Fhome%2Fguitarlisty%2Fpublic_html%2Fwp-includes%2Fclass-json.php HTTP/1.1" 404 51351 "-" "Mozilla/5.0 AppleWebKit/537.36 (KHTML, like Gecko; compatible; ClaudeBot/1.0; +claudebot@anthropic.com) X-Middleton/1"
18.232.117.100 - - [23/Feb/2025:07:20:37 -0500] "GET /m071034692?srsltid=AfmBOohRRJqqSpmnFHbsjy_6F2uH7K64m_8XkmvniQ-R-sKYbACikF HTTP/1.1" 200 43282 "-" "Mozilla/5.0 AppleWebKit/537.36 (KHTML, like Gecko; compatible; ClaudeBot/1.0; +claudebot@anthropic.com) X-Middleton/1"
34.226.215.117 - - [23/Feb/2025:07:20:38 -0500] "GET /involved/d89?ynzmini=%2Fhome%2Fguitarlisty%2Fpublic_html%2Fsym404%2Fgames-Hostbills.txt404 HTTP/1.1" 404 7033 "-" "Mozilla/5.0 AppleWebKit/537.36 (KHTML, like Gecko; compatible; ClaudeBot/1.0; +claudebot@anthropic.com) X-Middleton/1"
35.173.180.132 - - [23/Feb/2025:07:20:38 -0500] "GET /oven/l33?ynzmini=%2Fhome%2Fguitarlisty%2Fpublic_html%2Fsym404%2Froot-Wordpress.txt404 HTTP/1.1" 404 7027 "-" "Mozilla/5.0 AppleWebKit/537.36 (KHTML, like Gecko; compatible; ClaudeBot/1.0; +claudebot@anthropic.com) X-Middleton/1"
54.209.250.19 - - [23/Feb/2025:07:20:39 -0500] "GET /picture/c200?pid=1706 HTTP/1.1" 500 45915 "-" "Mozilla/5.0 AppleWebKit/537.36 (KHTML, like Gecko; compatible; ClaudeBot/1.0; +claudebot@anthropic.com) X-Middleton/1"
54.198.248.107 - - [23/Feb/2025:07:20:39 -0500] "GET /yamaha-f310-acoustic-guitar-review-2020/?ynzmini=/proc/49 HTTP/1.1" 404 13788 "-" "Mozilla/5.0 AppleWebKit/537.36 (KHTML, like Gecko; compatible; Amazonbot/0.1; +https://developer.amazon.com/support/amazonbot) Chrome/119.0.6045.214 Safari/537.36 X-Middleton/1"
18.232.117.100 - - [23/Feb/2025:07:20:39 -0500] "GET /written/k149?pid=19499 HTTP/1.1" 200 463950 "-" "Mozilla/5.0 (Linux; Android 6.0.1; Nexus 5X Build/MMB29P) AppleWebKit/537.36 (KHTML, like Gecko) Chrome/133.0.6943.53 Mobile Safari/537.36 (compatible; GoogleOther) X-Middleton/1"
54.234.205.77 - - [23/Feb/2025:07:20:40 -0500] "GET /m156027115?file=%2Fhome%2Fguitarlisty%2Fpublic_html%2Fhome%2FguitarlistyWORDPRESS.txt HTTP/1.1" 404 9843 "-" "Mozilla/5.0 AppleWebKit/537.36 (KHTML, like Gecko; compatible; ClaudeBot/1.0; +claudebot@anthropic.com) X-Middleton/1"
18.209.166.209 - - [23/Feb/2025:07:20:41 -0500] "GET /m/means21898161.html HTTP/1.1" 500 45916 "-" "Mozilla/5.0 AppleWebKit/537.36 (KHTML, like Gecko; compatible; ClaudeBot/1.0; +claudebot@anthropic.com) X-Middleton/1"
52.207.162.105 - - [23/Feb/2025:07:20:41 -0500] "GET /potato/p173?pid=155 HTTP/1.1" 500 45916 "-" "Mozilla/5.0 AppleWebKit/537.36 (KHTML, like Gecko; compatible; ClaudeBot/1.0; +claudebot@anthropic.com) X-Middleton/1"
52.71.251.0 - - [23/Feb/2025:07:20:42 -0500] "GET /full/w241?ynzmini=%2Fhome%2Fguitarlisty%2Fpublic_html%2Fsym404%2Fnscd-PrestaShop.txt404 HTTP/1.1" 404 7033 "-" "Mozilla/5.0 AppleWebKit/537.36 (KHTML, like Gecko; compatible; ClaudeBot/1.0; +claudebot@anthropic.com) X-Middleton/1"
54.198.85.7 - - [23/Feb/2025:07:20:42 -0500] "GET /m136009283?srsltid=AfmBOoVPdDtPNYgSDKFaRA_Jwt0OZfkvZ_R3g4qzn7-L-1imoaWm0o HTTP/1.1" 500 45913 "-" "Mozilla/5.0 AppleWebKit/537.36 (KHTML, like Gecko; compatible; ClaudeBot/1.0; +claudebot@anthropic.com) X-Middleton/1"
54.198.124.77 - - [23/Feb/2025:07:20:43 -0500] "GET /m/denti20176465.html?file=/home/guitarlisty/public_html/wp-comments-post.php HTTP/1.1" 404 8799 "-" "Mozilla/5.0 (compatible; MSIE 10.0; Windows NT 6.1; Trident/4.0; InfoPath.2; SV1; .NET CLR 2.0.50727; WOW64) X-Middleton/1"
18.212.120.70 - - [23/Feb/2025:07:20:43 -0500] "GET /school/k218?ynzmini=%2Fhome%2Fguitarlisty%2Fpublic_html%2Fsym404%2Fdanallen-OpenCart.txt404 HTTP/1.1" 404 7045 "-" "Mozilla/5.0 AppleWebKit/537.36 (KHTML, like Gecko; compatible; ClaudeBot/1.0; +claudebot@anthropic.com) X-Middleton/1"
54.158.139.140 - - [23/Feb/2025:07:20:43 -0500] "GET /home/000~ROOT~000/var/softaculous/laravel/notes.txt HTTP/1.1" 500 45916 "-" "Mozilla/5.0 (Linux; Android 5.0) AppleWebKit/537.36 (KHTML, like Gecko) Mobile Safari/537.36 (compatible; Bytespider; spider-feedback@bytedance.com) X-Middleton/1"
54.156.59.106 - - [23/Feb/2025:07:20:43 -0500] "GET /m053010526?ynzmini=%2Fhome%2Fguitarlisty%2Fpublic_html%2F.%2Fwp-admin HTTP/1.1" 404 28622 "-" "Mozilla/5.0 AppleWebKit/537.36 (KHTML, like Gecko; compatible; ClaudeBot/1.0; +claudebot@anthropic.com) X-Middleton/1"
3.90.112.236 - - [23/Feb/2025:07:20:43 -0500] "GET /oven/l33?ynzmini=%2Fhome%2Fguitarlisty%2Fpublic_html%2Fsym404%2Fchrony-%5EWHMCS.txt404 HTTP/1.1" 200 7021 "-" "Mozilla/5.0 AppleWebKit/537.36 (KHTML, like Gecko; compatible; ClaudeBot/1.0; +claudebot@anthropic.com) X-Middleton/1"
54.226.129.235 - - [23/Feb/2025:07:20:43 -0500] "GET /yamaha-f310-acoustic-guitar-review-2020/?ynzmini=/proc/50 HTTP/1.1" 404 13788 "-" "Mozilla/5.0 AppleWebKit/537.36 (KHTML, like Gecko; compatible; Amazonbot/0.1; +https://developer.amazon.com/support/amazonbot) Chrome/119.0.6045.214 Safari/537.36 X-Middleton/1"
66.249.79.36 - - [23/Feb/2025:07:20:43 -0500] "GET /toss/f64?pid=24292 HTTP/1.1" 200 73143 "-" "Mozilla/5.0 (Linux; Android 6.0.1; Nexus 5X Build/MMB29P) AppleWebKit/537.36 (KHTML, like Gecko) Chrome/133.0.6943.53 Mobile Safari/537.36 (compatible; Googlebot/2.1; +http://www.google.com/bot.html)"
54.158.15.14 - - [23/Feb/2025:07:20:44 -0500] "GET /himself/c79?pid=44135 HTTP/1.1" 500 45914 "-" "Mozilla/5.0 AppleWebKit/537.36 (KHTML, like Gecko; compatible; ClaudeBot/1.0; +claudebot@anthropic.com) X-Middleton/1"
3.90.42.123 - - [23/Feb/2025:07:20:44 -0500] "GET /anymore/r20?pid=17320/shop/detail?shop_id=1/help/help_04_2.html HTTP/1.1" 200 456967 "-" "Mozilla/5.0 (Linux; Android 6.0.1; Nexus 5X Build/MMB29P) AppleWebKit/537.36 (KHTML, like Gecko) Chrome/133.0.6943.53 Mobile Safari/537.36 (compatible; GoogleOther) X-Middleton/1"
66.249.79.163 - - [23/Feb/2025:07:20:45 -0500] "GET /product/clone20309273.htm?s=f_pG3AvMK HTTP/1.1" 200 73804 "-" "Mozilla/5.0 (Linux; Android 6.0.1; Nexus 5X Build/MMB29P) AppleWebKit/537.36 (KHTML, like Gecko) Chrome/133.0.6943.53 Mobile Safari/537.36 (compatible; Googlebot/2.1; +http://www.google.com/bot.html)"
54.209.250.19 - - [23/Feb/2025:07:20:45 -0500] "GET /ride/z14?pid=31050 HTTP/1.1" 500 45915 "-" "Mozilla/5.0 AppleWebKit/537.36 (KHTML, like Gecko; compatible; ClaudeBot/1.0; +claudebot@anthropic.com) X-Middleton/1"
50.17.142.168 - - [23/Feb/2025:07:20:46 -0500] "GET /m/prior30714370.html HTTP/1.1" 500 45915 "-" "Mozilla/5.0 AppleWebKit/537.36 (KHTML, like Gecko; compatible; ClaudeBot/1.0; +claudebot@anthropic.com) X-Middleton/1"
35.175.240.220 - - [23/Feb/2025:07:20:46 -0500] "GET /unity/s153?pid=48669 HTTP/1.1" 500 45916 "-" "Mozilla/5.0 AppleWebKit/537.36 (KHTML, like Gecko; compatible; ClaudeBot/1.0; +claudebot@anthropic.com) X-Middleton/1"
35.173.180.132 - - [23/Feb/2025:07:20:47 -0500] "GET /collaboration/r76?file=%2Fhome%2Fguitarlisty%2Fpublic_html%2Fwp-includes%2Ffeed-rdf.php HTTP/1.1" 404 9905 "-" "Mozilla/5.0 AppleWebKit/537.36 (KHTML, like Gecko; compatible; ClaudeBot/1.0; +claudebot@anthropic.com) X-Middleton/1"
18.212.120.70 - - [23/Feb/2025:07:20:47 -0500] "GET /yamaha-f310-acoustic-guitar-review-2020/?ynzmini=/proc/51 HTTP/1.1" 404 13788 "-" "Mozilla/5.0 AppleWebKit/537.36 (KHTML, like Gecko; compatible; Amazonbot/0.1; +https://developer.amazon.com/support/amazonbot) Chrome/119.0.6045.214 Safari/537.36 X-Middleton/1"
54.156.59.106 - - [23/Feb/2025:07:20:47 -0500] "GET /m241048528?srsltid=AfmBOouCXTHThYcCBUgf3p_qoKHS5HlWR_1DKJUKgX-X-i9uiWDOsP HTTP/1.1" 500 45915 "-" "Mozilla/5.0 AppleWebKit/537.36 (KHTML, like Gecko; compatible; ClaudeBot/1.0; +claudebot@anthropic.com) X-Middleton/1"
23.22.111.12 - - [23/Feb/2025:07:20:48 -0500] "GET /tear/z120?file=%2Fhome%2Fguitarlisty%2Fpublic_html%2Fwp-includes%2F2e9 HTTP/1.1" 404 14449 "-" "Mozilla/5.0 AppleWebKit/537.36 (KHTML, like Gecko; compatible; ClaudeBot/1.0; +claudebot@anthropic.com) X-Middleton/1"
35.175.240.220 - - [23/Feb/2025:07:20:48 -0500] "GET /blood/g197?file=%2Fhome%2Fguitarlisty%2Fpublic_html%2F%2Fre.php HTTP/1.1" 404 130363 "-" "Mozilla/5.0 AppleWebKit/537.36 (KHTML, like Gecko; compatible; ClaudeBot/1.0; +claudebot@anthropic.com) X-Middleton/1"
35.173.180.132 - - [23/Feb/2025:07:20:49 -0500] "GET /broker/z158?pid=39884 HTTP/1.1" 500 45916 "-" "Mozilla/5.0 AppleWebKit/537.36 (KHTML, like Gecko; compatible; ClaudeBot/1.0; +claudebot@anthropic.com) X-Middleton/1"
34.226.215.117 - - [23/Feb/2025:07:20:49 -0500] "GET /many/k149?pid=47499/shop/detail?shop_id=1 HTTP/1.1" 200 465676 "-" "Mozilla/5.0 (Linux; Android 6.0.1; Nexus 5X Build/MMB29P) AppleWebKit/537.36 (KHTML, like Gecko) Chrome/133.0.6943.53 Mobile Safari/537.36 (compatible; GoogleOther) X-Middleton/1"
52.207.162.105 - - [23/Feb/2025:07:20:50 -0500] "GET /say/n129?pid=31645 HTTP/1.1" 500 45916 "-" "Mozilla/5.0 AppleWebKit/537.36 (KHTML, like Gecko; compatible; ClaudeBot/1.0; +claudebot@anthropic.com) X-Middleton/1"
54.196.44.86 - - [23/Feb/2025:07:20:50 -0500] "GET /pages.php?68qfoiy555.html HTTP/1.1" 500 45918 "-" "Mozilla/5.0 AppleWebKit/537.36 (KHTML, like Gecko; compatible; GPTBot/1.2; +https://openai.com/gptbot) X-Middleton/1"
18.232.117.100 - - [23/Feb/2025:07:20:51 -0500] "GET /m/inhab42378531.html HTTP/1.1" 500 45916 "-" "Mozilla/5.0 AppleWebKit/537.36 (KHTML, like Gecko; compatible; ClaudeBot/1.0; +claudebot@anthropic.com) X-Middleton/1"
3.90.42.123 - - [23/Feb/2025:07:20:51 -0500] "GET /yamaha-f310-acoustic-guitar-review-2020/?ynzmini=/proc/52 HTTP/1.1" 404 13788 "-" "Mozilla/5.0 AppleWebKit/537.36 (KHTML, like Gecko; compatible; Amazonbot/0.1; +https://developer.amazon.com/support/amazonbot) Chrome/119.0.6045.214 Safari/537.36 X-Middleton/1"
3.87.139.20 - - [23/Feb/2025:07:20:51 -0500] "GET /grass/w217?pid=35229 HTTP/1.1" 500 45913 "-" "Mozilla/5.0 AppleWebKit/537.36 (KHTML, like Gecko; compatible; ClaudeBot/1.0; +claudebot@anthropic.com) X-Middleton/1"
3.81.133.169 - - [23/Feb/2025:07:20:52 -0500] "GET /exploration/v75?file=%2Fhome%2Fguitarlisty%2F%2F.bash_profile HTTP/1.1" 404 6492 "-" "Mozilla/5.0 AppleWebKit/537.36 (KHTML, like Gecko; compatible; ClaudeBot/1.0; +claudebot@anthropic.com) X-Middleton/1"
54.226.129.235 - - [23/Feb/2025:07:20:53 -0500] "GET /seldom/c191?file=%2Fhome%2Fguitarlisty%2Fpublic_html%2Fwp-includes%2F36e HTTP/1.1" 404 14449 "-" "Mozilla/5.0 AppleWebKit/537.36 (KHTML, like Gecko; compatible; ClaudeBot/1.0; +claudebot@anthropic.com) X-Middleton/1"
35.173.219.106 - - [23/Feb/2025:07:20:53 -0500] "GET /m259048524?file=%2Fhome%2Fguitarlisty%2Fpublic_html%2F289f6%2Findex.php HTTP/1.1" 404 7499 "-" "Mozilla/5.0 AppleWebKit/537.36 (KHTML, like Gecko; compatible; ClaudeBot/1.0; +claudebot@anthropic.com) X-Middleton/1"
23.22.111.12 - - [23/Feb/2025:07:20:54 -0500] "GET /genetic/g150?pid=15942 HTTP/1.1" 500 45914 "-" "Mozilla/5.0 AppleWebKit/537.36 (KHTML, like Gecko; compatible; ClaudeBot/1.0; +claudebot@anthropic.com) X-Middleton/1"
54.198.248.107 - - [23/Feb/2025:07:20:54 -0500] "GET /haul/k149?pid=10191/help/help_04_2.html/86699help/help_04_2.html HTTP/1.1" 200 467824 "-" "Mozilla/5.0 (Linux; Android 6.0.1; Nexus 5X Build/MMB29P) AppleWebKit/537.36 (KHTML, like Gecko) Chrome/133.0.6943.53 Mobile Safari/537.36 (compatible; GoogleOther) X-Middleton/1"
3.92.71.7 - - [23/Feb/2025:07:20:55 -0500] "GET /familiar/g178?ynzmini=%2F%2Fbackup HTTP/1.1" 404 6120 "-" "Mozilla/5.0 AppleWebKit/537.36 (KHTML, like Gecko; compatible; ClaudeBot/1.0; +claudebot@anthropic.com) X-Middleton/1"
35.173.219.106 - - [23/Feb/2025:07:20:55 -0500] "GET /yamaha-f310-acoustic-guitar-review-2020/?ynzmini=/proc/53 HTTP/1.1" 404 13788 "-" "Mozilla/5.0 AppleWebKit/537.36 (KHTML, like Gecko; compatible; Amazonbot/0.1; +https://developer.amazon.com/support/amazonbot) Chrome/119.0.6045.214 Safari/537.36 X-Middleton/1"
54.198.85.7 - - [23/Feb/2025:07:20:55 -0500] "GET /burden/r125?pid=38717 HTTP/1.1" 500 45913 "-" "Mozilla/5.0 AppleWebKit/537.36 (KHTML, like Gecko; compatible; ClaudeBot/1.0; +claudebot@anthropic.com) X-Middleton/1"
3.94.247.247 - - [23/Feb/2025:07:20:56 -0500] "GET /m/anywa51373244.html HTTP/1.1" 500 45914 "-" "Mozilla/5.0 AppleWebKit/537.36 (KHTML, like Gecko; compatible; ClaudeBot/1.0; +claudebot@anthropic.com) X-Middleton/1"
54.156.59.106 - - [23/Feb/2025:07:20:56 -0500] "GET /people/p60?pid=11304 HTTP/1.1" 500 45915 "-" "Mozilla/5.0 AppleWebKit/537.36 (KHTML, like Gecko; compatible; ClaudeBot/1.0; +claudebot@anthropic.com) X-Middleton/1"
35.175.240.220 - - [23/Feb/2025:07:20:57 -0500] "GET /walk/a126?pid=7766 HTTP/1.1" 500 45916 "-" "Mozilla/5.0 AppleWebKit/537.36 (KHTML, like Gecko; compatible; ClaudeBot/1.0; +claudebot@anthropic.com) X-Middleton/1"
3.81.214.139 - - [23/Feb/2025:07:20:57 -0500] "GET /m210024281?ynzmini=%2Fhome%2Fguitarlisty%2Fpublic_html%2F..%2F. HTTP/1.1" 404 11557 "-" "Mozilla/5.0 AppleWebKit/537.36 (KHTML, like Gecko; compatible; ClaudeBot/1.0; +claudebot@anthropic.com) X-Middleton/1"
184.72.213.252 - - [23/Feb/2025:07:20:58 -0500] "GET /m053010526?file=%2Fhome%2Fguitarlisty%2Fpublic_html%2F.%2Fwp-comments-post.php HTTP/1.1" 404 9016 "-" "Mozilla/5.0 AppleWebKit/537.36 (KHTML, like Gecko; compatible; ClaudeBot/1.0; +claudebot@anthropic.com) X-Middleton/1"
18.212.120.70 - - [23/Feb/2025:07:20:58 -0500] "GET /talent/f157?ynzmini=%2Fhome%2Fguitarlisty%2Fpublic_html%2Fwp-includes%2F. HTTP/1.1" 404 78385 "-" "Mozilla/5.0 AppleWebKit/537.36 (KHTML, like Gecko; compatible; ClaudeBot/1.0; +claudebot@anthropic.com) X-Middleton/1"
98.83.149.163 - - [23/Feb/2025:07:20:59 -0500] "GET /national/t189?pid=14079 HTTP/1.1" 500 45915 "-" "Mozilla/5.0 AppleWebKit/537.36 (KHTML, like Gecko; compatible; ClaudeBot/1.0; +claudebot@anthropic.com) X-Middleton/1"
54.162.136.253 - - [23/Feb/2025:07:20:59 -0500] "GET /yamaha-f310-acoustic-guitar-review-2020/?ynzmini=/proc/54 HTTP/1.1" 404 13788 "-" "Mozilla/5.0 AppleWebKit/537.36 (KHTML, like Gecko; compatible; Amazonbot/0.1; +https://developer.amazon.com/support/amazonbot) Chrome/119.0.6045.214 Safari/537.36 X-Middleton/1"
34.226.215.117 - - [23/Feb/2025:07:20:59 -0500] "GET /somewhere/k149?pid=10191/shop/detail?shop_id=1 HTTP/1.1" 200 468741 "-" "Mozilla/5.0 (Linux; Android 6.0.1; Nexus 5X Build/MMB29P) AppleWebKit/537.36 (KHTML, like Gecko) Chrome/133.0.6943.53 Mobile Safari/537.36 (compatible; GoogleOther) X-Middleton/1"
18.212.120.70 - - [23/Feb/2025:07:20:59 -0500] "GET /m/denti20176465.html?rmfolder=/home/guitarlisty/public_html HTTP/1.1" 500 45919 "-" "Mozilla/5.0 (X11; U; Linux x86_64; en-US) AppleWebKit/534.16 (KHTML, like Gecko) Chrome/10.0.648.11 Safari/534.16 X-Middleton/1"
54.198.248.107 - - [23/Feb/2025:07:21:00 -0500] "GET /bulk/m6?file=%2Fhome%2Fguitarlisty%2Fpublic_html%2Fwp-content%2Fproduct.php HTTP/1.1" 404 8272 "-" "Mozilla/5.0 AppleWebKit/537.36 (KHTML, like Gecko; compatible; ClaudeBot/1.0; +claudebot@anthropic.com) X-Middleton/1"
54.144.101.254 - - [23/Feb/2025:07:21:00 -0500] "GET /strategy/x57?pid=6381 HTTP/1.1" 500 45916 "-" "Mozilla/5.0 AppleWebKit/537.36 (KHTML, like Gecko; compatible; ClaudeBot/1.0; +claudebot@anthropic.com) X-Middleton/1"
3.94.247.247 - - [23/Feb/2025:07:21:01 -0500] "GET /protest/f78?pid=42514 HTTP/1.1" 500 45914 "-" "Mozilla/5.0 AppleWebKit/537.36 (KHTML, like Gecko; compatible; ClaudeBot/1.0; +claudebot@anthropic.com) X-Middleton/1"
3.81.58.205 - - [23/Feb/2025:07:21:01 -0500] "GET /civil/c248?pid=38720 HTTP/1.1" 500 45913 "-" "Mozilla/5.0 AppleWebKit/537.36 (KHTML, like Gecko; compatible; ClaudeBot/1.0; +claudebot@anthropic.com) X-Middleton/1"
54.158.139.140 - - [23/Feb/2025:07:21:02 -0500] "GET /mass/u278?pid=46546 HTTP/1.1" 500 45916 "-" "Mozilla/5.0 AppleWebKit/537.36 (KHTML, like Gecko; compatible; ClaudeBot/1.0; +claudebot@anthropic.com) X-Middleton/1"
3.82.56.176 - - [23/Feb/2025:07:21:02 -0500] "GET /golf/n210?file=%2Fhome%2Fguitarlisty%2Fpublic_html%2F%2Fxmlrpc.php HTTP/1.1" 404 10156 "-" "Mozilla/5.0 AppleWebKit/537.36 (KHTML, like Gecko; compatible; ClaudeBot/1.0; +claudebot@anthropic.com) X-Middleton/1"
54.198.124.77 - - [23/Feb/2025:07:21:03 -0500] "GET /yamaha-f310-acoustic-guitar-review-2020/?ynzmini=/proc/55 HTTP/1.1" 404 13788 "-" "Mozilla/5.0 AppleWebKit/537.36 (KHTML, like Gecko; compatible; Amazonbot/0.1; +https://developer.amazon.com/support/amazonbot) Chrome/119.0.6045.214 Safari/537.36 X-Middleton/1"
3.81.110.12 - - [23/Feb/2025:07:21:03 -0500] "GET /support/u87?ynzmini=%2Fhome%2Fguitarlisty%2Fpublic_html%2F.well-known.tmp%2F.. HTTP/1.1" 404 16802 "-" "Mozilla/5.0 AppleWebKit/537.36 (KHTML, like Gecko; compatible; ClaudeBot/1.0; +claudebot@anthropic.com) X-Middleton/1"
52.205.171.15 - - [23/Feb/2025:07:21:03 -0500] "GET /m/obtai50789876.html?ynzmini=%2Fhome%2Fguitarlisty%2F HTTP/1.1" 404 10801 "-" "Mozilla/5.0 AppleWebKit/537.36 (KHTML, like Gecko; compatible; ClaudeBot/1.0; +claudebot@anthropic.com) X-Middleton/1"
98.83.220.235 - - [23/Feb/2025:07:21:03 -0500] "GET /m136013305?file=%2Fhome%2Fguitarlisty%2Fpublic_html%2Fwp-content%2F626af6a4 HTTP/1.1" 404 14480 "-" "Mozilla/5.0 AppleWebKit/537.36 (KHTML, like Gecko; compatible; ClaudeBot/1.0; +claudebot@anthropic.com) X-Middleton/1"
3.81.133.169 - - [23/Feb/2025:07:21:04 -0500] "GET /evolution/r20?pid=17320/shop/detail?shop_id=1 HTTP/1.1" 200 456290 "-" "Mozilla/5.0 (Linux; Android 6.0.1; Nexus 5X Build/MMB29P) AppleWebKit/537.36 (KHTML, like Gecko) Chrome/133.0.6943.53 Mobile Safari/537.36 (compatible; GoogleOther) X-Middleton/1"
98.83.220.235 - - [23/Feb/2025:07:21:05 -0500] "GET /basically/m162?file=%2Fhome%2Fguitarlisty%2Fpublic_html%2F.%2Fwp-links-opml.php HTTP/1.1" 404 8998 "-" "Mozilla/5.0 AppleWebKit/537.36 (KHTML, like Gecko; compatible; ClaudeBot/1.0; +claudebot@anthropic.com) X-Middleton/1"
18.209.166.209 - - [23/Feb/2025:07:21:05 -0500] "GET /situation/w13?pid=21511 HTTP/1.1" 500 45916 "-" "Mozilla/5.0 AppleWebKit/537.36 (KHTML, like Gecko; compatible; ClaudeBot/1.0; +claudebot@anthropic.com) X-Middleton/1"
107.20.115.131 - - [23/Feb/2025:07:21:05 -0500] "GET /halfway/x249?pid=38259 HTTP/1.1" 500 45916 "-" "Mozilla/5.0 AppleWebKit/537.36 (KHTML, like Gecko; compatible; ClaudeBot/1.0; +claudebot@anthropic.com) X-Middleton/1"
54.198.124.77 - - [23/Feb/2025:07:21:06 -0500] "GET /norm/y186?pid=25038 HTTP/1.1" 500 45915 "-" "Mozilla/5.0 AppleWebKit/537.36 (KHTML, like Gecko; compatible; ClaudeBot/1.0; +claudebot@anthropic.com) X-Middleton/1"
50.17.142.168 - - [23/Feb/2025:07:21:07 -0500] "GET /yamaha-f310-acoustic-guitar-review-2020/?ynzmini=/proc/56 HTTP/1.1" 404 13788 "-" "Mozilla/5.0 AppleWebKit/537.36 (KHTML, like Gecko; compatible; Amazonbot/0.1; +https://developer.amazon.com/support/amazonbot) Chrome/119.0.6045.214 Safari/537.36 X-Middleton/1"
98.83.149.163 - - [23/Feb/2025:07:21:07 -0500] "GET /m147036968?file=%2Fhome%2Fguitarlisty%2Fpublic_html%2F.%2Fdefaults.php HTTP/1.1" 404 8922 "-" "Mozilla/5.0 AppleWebKit/537.36 (KHTML, like Gecko; compatible; ClaudeBot/1.0; +claudebot@anthropic.com) X-Middleton/1"
52.71.251.0 - - [23/Feb/2025:07:21:08 -0500] "GET /continent/h217?ynzmini=%2Fhome%2Fguitarlisty%2Fpublic_html%2F.%2F. HTTP/1.1" 404 15948 "-" "Mozilla/5.0 AppleWebKit/537.36 (KHTML, like Gecko; compatible; ClaudeBot/1.0; +claudebot@anthropic.com) X-Middleton/1"
54.196.44.86 - - [23/Feb/2025:07:21:08 -0500] "GET /faint/v209?edit=true&file=%2Fhome%2Fguitarlisty%2Fpublic_html%2Fwp-settings.php HTTP/1.1" 404 35637 "-" "Mozilla/5.0 AppleWebKit/537.36 (KHTML, like Gecko; compatible; ClaudeBot/1.0; +claudebot@anthropic.com) X-Middleton/1"
54.242.51.163 - - [23/Feb/2025:07:21:08 -0500] "GET /expand/f110?rmfolder=%2Fhome%2Fguitarlisty%2Fpublic_html%2F123 HTTP/1.1" 500 45915 "-" "Mozilla/5.0 AppleWebKit/537.36 (KHTML, like Gecko; compatible; ClaudeBot/1.0; +claudebot@anthropic.com) X-Middleton/1"
54.158.139.140 - - [23/Feb/2025:07:21:08 -0500] "GET /talent/f157?file=%2Fhome%2Fguitarlisty%2Fpublic_html%2Fwp-includes%2Fdefaults.php HTTP/1.1" 404 10059 "-" "Mozilla/5.0 AppleWebKit/537.36 (KHTML, like Gecko; compatible; ClaudeBot/1.0; +claudebot@anthropic.com) X-Middleton/1"
23.22.111.12 - - [23/Feb/2025:07:20:09 -0500] "GET /wp-includes/admin.php HTTP/1.1" 504 466643 "https://guitarlisty.com/wp-includes/admin.php" "Mozilla/4.0 (compatible; GoogleToolbar 5.0.2124.2070; Windows 6.0; MSIE 8.0.6001.18241) X-Middleton/1"
54.198.85.7 - - [23/Feb/2025:07:21:10 -0500] "GET /bug/u178?file=%2Fhome%2Fguitarlisty%2Fpublic_html%2Fwp-includes%2Fclass-wp-list-util.php HTTP/1.1" 404 13863 "-" "Mozilla/5.0 AppleWebKit/537.36 (KHTML, like Gecko; compatible; ClaudeBot/1.0; +claudebot@anthropic.com) X-Middleton/1"
3.90.112.236 - - [23/Feb/2025:07:21:10 -0500] "GET /economist/f92?pid=25188 HTTP/1.1" 500 45914 "-" "Mozilla/5.0 AppleWebKit/537.36 (KHTML, like Gecko; compatible; ClaudeBot/1.0; +claudebot@anthropic.com) X-Middleton/1"
54.157.220.176 - - [23/Feb/2025:07:21:10 -0500] "GET /Congress/x105?pid=46671 HTTP/1.1" 500 45916 "-" "Mozilla/5.0 AppleWebKit/537.36 (KHTML, like Gecko; compatible; ClaudeBot/1.0; +claudebot@anthropic.com) X-Middleton/1"
54.156.59.106 - - [23/Feb/2025:07:21:09 -0500] "GET /compound/k149?pid=46027/shop/detail?shop_id=1 HTTP/1.1" 200 461241 "-" "Mozilla/5.0 (Linux; Android 6.0.1; Nexus 5X Build/MMB29P) AppleWebKit/537.36 (KHTML, like Gecko) Chrome/133.0.6943.53 Mobile Safari/537.36 (compatible; GoogleOther) X-Middleton/1"
54.226.129.235 - - [23/Feb/2025:07:21:10 -0500] "GET /Olympics/z28?pid=49908 HTTP/1.1" 500 45916 "-" "Mozilla/5.0 AppleWebKit/537.36 (KHTML, like Gecko; compatible; ClaudeBot/1.0; +claudebot@anthropic.com) X-Middleton/1"
54.162.136.253 - - [23/Feb/2025:07:21:11 -0500] "GET /yamaha-f310-acoustic-guitar-review-2020/?ynzmini=/proc/57 HTTP/1.1" 404 13788 "-" "Mozilla/5.0 AppleWebKit/537.36 (KHTML, like Gecko; compatible; Amazonbot/0.1; +https://developer.amazon.com/support/amazonbot) Chrome/119.0.6045.214 Safari/537.36 X-Middleton/1"
54.158.15.14 - - [23/Feb/2025:07:21:12 -0500] "GET /basket/j147?pid=31727 HTTP/1.1" 500 45914 "-" "Mozilla/5.0 AppleWebKit/537.36 (KHTML, like Gecko; compatible; ClaudeBot/1.0; +claudebot@anthropic.com) X-Middleton/1"
3.92.71.7 - - [23/Feb/2025:07:21:12 -0500] "GET /plane/p68?ynzmini=%2Fhome%2Fguitarlisty%2Fpublic_html%2Fsym404%2Froot-MyBB.txt404 HTTP/1.1" 404 6997 "-" "Mozilla/5.0 AppleWebKit/537.36 (KHTML, like Gecko; compatible; ClaudeBot/1.0; +claudebot@anthropic.com) X-Middleton/1"
52.207.162.105 - - [23/Feb/2025:07:21:13 -0500] "GET /graduate/o14?file=%2Fhome%2Fguitarlisty%2Fpublic_html%2F.%2F.htaccess HTTP/1.1" 404 7319 "-" "Mozilla/5.0 AppleWebKit/537.36 (KHTML, like Gecko; compatible; ClaudeBot/1.0; +claudebot@anthropic.com) X-Middleton/1"
54.234.205.77 - - [23/Feb/2025:07:21:13 -0500] "GET /golf/n210?file=%2Fhome%2Fguitarlisty%2Fpublic_html%2F%2Finisim.php HTTP/1.1" 404 159502 "-" "Mozilla/5.0 AppleWebKit/537.36 (KHTML, like Gecko; compatible; ClaudeBot/1.0; +claudebot@anthropic.com) X-Middleton/1"
3.81.133.169 - - [23/Feb/2025:07:21:13 -0500] "GET /m011048698?ynzmini=%2Fhome%2Fguitarlisty%2Fpublic_html%2Fsym404%2Fsshd-IPB.txt404 HTTP/1.1" 404 6991 "-" "Mozilla/5.0 AppleWebKit/537.36 (KHTML, like Gecko; compatible; ClaudeBot/1.0; +claudebot@anthropic.com) X-Middleton/1"
18.232.117.100 - - [23/Feb/2025:07:21:14 -0500] "GET /m/denti20176465.html?ynzmini=/home/guitarlisty/public_html/.. HTTP/1.1" 404 11403 "-" "Mozilla/5.0 (X11; U; Linux i686; de; rv:1.9.2.18) Gecko/20110615 Ubuntu/10.10 (maverick) Firefox/3.6.18 X-Middleton/1"
3.90.112.236 - - [23/Feb/2025:07:21:15 -0500] "GET /yamaha-f310-acoustic-guitar-review-2020/?ynzmini=/proc/576 HTTP/1.1" 404 13844 "-" "Mozilla/5.0 AppleWebKit/537.36 (KHTML, like Gecko; compatible; Amazonbot/0.1; +https://developer.amazon.com/support/amazonbot) Chrome/119.0.6045.214 Safari/537.36 X-Middleton/1"
52.71.251.0 - - [23/Feb/2025:07:21:15 -0500] "GET /m073038916?ynzmini=%2Ftmp%2F HTTP/1.1" 404 6817 "-" "Mozilla/5.0 AppleWebKit/537.36 (KHTML, like Gecko; compatible; ClaudeBot/1.0; +claudebot@anthropic.com) X-Middleton/1"
